-- Data for Name: questionnaire_sections; Type: TABLE DATA; Schema: public; Owner: pma
--

COPY public.questionnaire_sections (id, questionnaire_id, name, created_at, updated_at, deleted_at, identification, sort, hidden_from) FROM stdin;
6	7	Basic	2025-03-29 12:40:39.528018	2025-03-29 12:40:39.528018	2025-04-30 12:46:16.243219	1048	0	\N
8	7	Custom	2025-03-29 12:40:39.546889	2025-03-29 12:40:39.546889	2025-04-30 12:46:16.243219	1050	2	\N
7	7	Work	2025-03-29 12:40:39.541516	2025-03-29 12:40:39.541516	2025-04-30 12:46:16.243219	1049	1	\N
1	1	Basic	2025-03-19 09:07:40.703209	2025-03-19 09:07:40.703209	2025-04-30 12:46:22.720014	1029	0	\N
3	1	Custom	2025-03-19 09:07:40.739027	2025-03-19 09:07:40.739027	2025-04-30 12:46:22.720014	1031	2	\N
2	1	Work	2025-03-19 09:07:40.731965	2025-03-19 09:07:40.731965	2025-04-30 12:46:22.720014	1030	1	\N
25	21	 CES Finalizing the Communication	2025-05-16 15:28:22.926885	2025-05-16 15:28:22.926885	\N	1506	0	\N
15	9	Basic	2025-04-30 12:47:59.723106	2025-04-30 12:47:59.723106	\N	1251	0	\N
16	9	Work	2025-04-30 12:47:59.739945	2025-04-30 12:47:59.739945	\N	1252	1	\N
13	2	Work	2025-04-30 12:47:53.794905	2025-04-30 12:47:53.794905	\N	1032	0	\N
14	2	Custom	2025-04-30 12:47:53.809924	2025-04-30 12:47:53.809924	\N	1253	1	\N
9	8	Basic	2025-03-29 12:44:24.115819	2025-03-29 12:44:24.115819	\N	1051	0	\N
11	8	Custom	2025-03-29 12:44:24.144179	2025-03-29 12:44:24.144179	\N	1053	2	\N
10	8	Work	2025-03-29 12:44:24.135232	2025-03-29 12:44:24.135232	\N	1052	1	\N
17	10	Basic	2025-04-30 12:54:26.200368	2025-04-30 12:54:26.200368	\N	1254	0	\N
19	10	Work	2025-04-30 12:54:26.217974	2025-04-30 12:54:26.217974	\N	1255	1	\N
4	6	Custom	2025-03-26 14:46:23.454164	2025-03-26 14:46:23.454164	2025-03-26 14:55:29.690535	1041	0	\N
5	6	Custom 2	2025-03-26 14:46:23.469031	2025-03-26 14:46:23.469031	2025-03-26 14:55:29.690535	1042	1	\N
18	10	Custom	2025-04-30 12:54:26.217448	2025-04-30 12:54:26.217448	\N	1256	2	\N
20	17	 terterterterte	2025-05-16 13:16:11.861112	2025-05-16 13:16:11.861112	2025-05-16 13:18:47.08267	1500	0	\N
26	22	 Entrance and Greeting	2025-05-19 14:11:03.754165	2025-05-19 14:11:03.754165	\N	1530	0	\N
30	22	Contact and Needs Identification	2025-05-19 14:11:03.778485	2025-05-19 14:11:03.778485	\N	1533	1	\N
31	22	 Product/Service Presentation	2025-05-19 14:11:03.779112	2025-05-19 14:11:03.779112	\N	1536	2	\N
29	22	 Handling Objections	2025-05-19 14:11:03.778052	2025-05-19 14:11:03.778052	\N	1537	3	\N
21	18	 NPS	2025-05-16 14:06:17.56769	2025-05-16 14:06:17.56769	\N	1503	0	\N
22	19	 NPS Product Presentation	2025-05-16 14:30:11.357969	2025-05-16 14:30:11.357969	\N	1504	0	\N
32	22	 Purchase Process	2025-05-19 14:11:03.77953	2025-05-19 14:11:03.77953	\N	1540	4	\N
27	22	 Overall Impression	2025-05-19 14:11:03.769843	2025-05-19 14:11:03.769843	\N	1547	7	\N
33	22	 Appearance and Behavior	2025-05-19 14:11:03.779809	2025-05-19 14:11:03.779809	\N	1544	6	\N
28	22	 Product Return	2025-05-19 14:11:03.770524	2025-05-19 14:11:03.770524	\N	1541	5	\N
43	22	 NPS	2025-05-20 16:52:01.006386	2025-05-20 16:52:01.006386	\N	1587	8	\N
12	2	ц йуйцуйцуцй	2025-04-18 10:37:35.612539	2025-04-18 10:37:35.612539	\N	1032	0	\N
46	24		2025-06-03 13:53:39.796691	2025-06-03 13:53:39.796691	\N	1829	0	\N
34	23	 Entrance and Greeting	2025-05-20 16:51:39.427749	2025-05-20 16:51:39.427749	\N	1575	0	\N
35	23	Contact and Needs Identification	2025-05-20 16:51:39.454397	2025-05-20 16:51:39.454397	\N	1576	1	\N
36	23	 Product/Service Presentation	2025-05-20 16:51:39.455134	2025-05-20 16:51:39.455134	\N	1577	2	\N
37	23	 Handling Objections	2025-05-20 16:51:39.465872	2025-05-20 16:51:39.465872	\N	1578	3	\N
41	23	 Product Return	2025-05-20 16:51:39.467477	2025-05-20 16:51:39.467477	\N	1580	5	\N
38	23	 Purchase Process	2025-05-20 16:51:39.466741	2025-05-20 16:51:39.466741	\N	1579	4	\N
40	23	 NPS	2025-05-20 16:51:39.476134	2025-05-20 16:51:39.476134	\N	1586	8	\N
39	23	 Overall Impression	2025-05-20 16:51:39.474966	2025-05-20 16:51:39.474966	\N	1582	7	\N
42	23	 Appearance and Behavior	2025-05-20 16:51:39.477357	2025-05-20 16:51:39.477357	\N	1581	6	\N
24	20	 NPS Product Presentation	2025-05-16 14:56:54.669469	2025-05-16 14:56:54.669469	\N	1505	0	\N
23	19	 CSI  Needs Identification \r\n	2025-05-16 14:55:02.933833	2025-05-16 14:55:02.933833	\N	1504	0	\N
45	24		2025-06-03 13:53:39.792562	2025-06-03 13:53:39.792562	\N	1829	0	\N
44	24		2025-06-03 13:53:39.793691	2025-06-03 13:53:39.793691	\N	1829	0	\N
\.


--
-- Data for Name: questionnaires; Type: TABLE DATA; Schema: public; Owner: pma
--

COPY public.questionnaires (id, name, type, client_id, user_id, identification, created_at, updated_at, deleted_at, delete_at, status, add_files_to_survey, use_standard_contact_form, add_website_link_at_end, enable_question_numbering, enable_random_question_order, enable_hidden_answer_display, save_unfinished_survey, allow_same_ip_retake, enable_survey_payment, forced_completion_text, completion_text, customization, hide_company, nps_index, feedback, task, feedback_question, options, code, csi_index, ces_index, system_attachment_min, system_attachment_max) FROM stdin;
18	NPS Greeting	qr	6	2	937	2025-05-16 13:44:22.539911	2025-05-16 13:44:22.539911	\N	\N	\N	f	f	f	f	f	f	f	f	f	\N	\N	{"textColor": "#000000", "headerColor": "#000000", "sectionColor": "#000000", "backgroundColor": "#000000", "headerBackground": "#000000", "sectionBackground": "#000000"}	f	60	f	f		[]	Oq1NqM	0	0	\N	\N
20	NPS Product Presentation	qr	6	2	939	2025-05-16 14:55:13.739151	2025-05-16 14:55:13.739151	\N	\N	\N	f	f	f	f	f	f	f	f	f	\N	\N	{"textColor": "#000000", "headerColor": "#000000", "sectionColor": "#000000", "backgroundColor": "#000000", "headerBackground": "#000000", "sectionBackground": "#000000"}	f	68	f	f		[]	ZXeFKc	0	0	\N	\N
21	CES Finalizing the Communication	qr	6	2	940	2025-05-16 15:26:03.846271	2025-05-16 15:26:03.846271	\N	\N	\N	f	f	f	f	f	f	f	f	f	\N	\N	{"textColor": "#000000", "headerColor": "#000000", "sectionColor": "#000000", "backgroundColor": "#000000", "headerBackground": "#000000", "sectionBackground": "#000000"}	f	0	f	f		[]	47YFhB	0	71	\N	\N
19	CSI  Needs Identification 	qr	6	2	938	2025-05-16 14:26:25.249545	2025-05-16 14:26:25.249545	\N	\N	\N	f	f	f	f	f	f	f	f	f	\N	\N	{"textColor": "#000000", "headerColor": "#000000", "sectionColor": "#000000", "backgroundColor": "#000000", "headerBackground": "#000000", "sectionBackground": "#000000"}	f	0	f	f		[]	YnwO46	63	0	\N	\N
6	Test google project	sboridea	6	2		2025-03-26 14:44:25.798453	2025-03-26 14:44:25.798453	2025-03-26 14:55:29.681384	\N	\N	f	f	f	f	f	f	f	f	f	\N	\N	{}	f	0	f	f		[]	isfeZZ	0	\N	\N	\N
3	qweqw	sboridea	12	4	788	2025-03-21 07:41:32.252639	2025-03-21 07:41:32.252639	2025-03-21 07:48:29.357587	\N	\N	f	f	f	f	f	f	f	f	f	\N	\N	{}	f	0	t	t		[]	dDQL9A	0	\N	\N	\N
5	qweqwq	sboridea	12	4	789	2025-03-21 07:47:20.767839	2025-03-21 07:47:20.767839	2025-03-21 07:48:32.312936	\N	\N	f	f	f	f	f	f	f	f	f	\N	\N	{}	f	0	t	t		[]	sjHWh6	0	\N	\N	\N
4	eqwe	qr	12	4	0	2025-03-21 07:46:43.338602	2025-03-21 07:46:43.338602	2025-03-21 07:48:40.396389	\N	\N	f	f	f	f	f	f	f	f	f	\N	\N	{}	f	0	t	t		[]	hiiqzU	0	\N	\N	\N
11	New 0505	qr	6	4	889	2025-05-05 10:55:10.299578	2025-05-05 10:55:10.299578	2025-05-16 13:19:06.645284	\N	\N	f	f	f	f	f	f	f	f	f	\N	\N	{"textColor": "#000000", "headerColor": "#000000", "sectionColor": "#000000", "backgroundColor": "#000000", "headerBackground": "#000000", "sectionBackground": "#000000"}	f	0	t	t		[]	D2UrZc	0	\N	\N	\N
8	New dep 3	sboridea	6	4	803	2025-03-29 12:43:08.681375	2025-03-29 12:43:08.681375	\N	\N	\N	f	f	f	f	f	f	f	f	f	\N	\N	{"textColor": "#000000", "headerColor": "#000000", "sectionColor": "#000000", "backgroundColor": "#000000", "headerBackground": "#000000", "sectionBackground": "#000000"}	f	0	t	t	Test qq	[{"name":"option 1","point":2},{"name":"Option 2","point":4}]	ixnV2s3	34	\N	\N	\N
23	Consultation with purchase_new	qr	6	4	968	2025-05-20 10:43:21.189624	2025-05-20 10:43:21.189624	\N	\N	\N	f	f	f	f	f	f	f	f	f	\N	\N	{}	f	0	f	f		[]	w4cAdt	0	0	\N	\N
22	Consultation with purchase	qr	6	4	947	2025-05-19 12:06:52.70269	2025-05-19 12:06:52.70269	\N	\N	\N	f	f	f	f	f	f	f	f	f	\N	\N	{}	f	0	f	f		[]	EjXLE0	0	0	\N	\N
2	test project	sboridea	12	2	787	2025-03-21 07:33:35.31839	2025-03-21 07:33:35.31839	\N	\N	\N	f	f	f	f	f	f	f	f	f	\N	\N	{}	f	0	t	t	Question feedback 2?	[{"name":"opt 1","point":1},{"name":"opt 2","point":2}]	7JsH1k	0	\N	\N	\N
24	FloorWalk Demo Project	qr	19	4	1016	2025-06-03 13:40:37.719376	2025-06-03 13:40:37.719376	\N	\N	\N	f	f	f	f	f	f	f	f	f	\N	\N	{}	f	0	f	f		[]	8ZsWDo	0	0	\N	\N
9	12	sboridea	6	4	867	2025-04-29 20:12:35.980386	2025-04-29 20:12:35.980386	\N	\N	\N	f	f	f	f	f	f	f	f	f	\N	\N	{}	f	0	t	t		[]	civyt3	0	\N	\N	\N
10	New servey 30.04	qr	6	2	871	2025-04-30 12:50:49.029295	2025-04-30 12:50:49.029295	\N	\N	\N	f	f	f	f	f	f	f	f	f	\N	\N	{"textColor": "#000000", "headerColor": "#000000", "sectionColor": "#000000", "backgroundColor": "#000000", "headerBackground": "#000000", "sectionBackground": "#000000"}	f	52	f	f		[]	wqeqwe32	52	52	\N	\N
7	New google survey	qr	6	2	802	2025-03-26 14:56:56.904851	2025-03-26 14:56:56.904851	2025-04-30 12:46:16.189914	\N	\N	f	f	f	f	f	f	f	f	f	\N	\N	{"textColor": "#000000", "headerColor": "#000000", "sectionColor": "#000000", "backgroundColor": "#000000", "headerBackground": "#000000", "sectionBackground": "#000000"}	f	0	t	f	Tesk ques	[{"name":"11","point":2},{"name":"22","point":3}]	ixnV2s2	0	\N	\N	\N
1	Survey name	sboridea	6	2	786	2025-03-19 08:57:04.440537	2025-03-19 08:57:04.440537	2025-04-30 12:46:22.717304	\N	\N	f	f	f	f	f	f	f	f	f	\N	\N	{}	f	0	t	t	Question feedback 2?	[{"name":"opt 1","point":1},{"name":"opt 2","point":2}]	ixnV2s	0	\N	\N	\N
17	aasdasd	qr	6	2	933	2025-05-16 13:11:54.70486	2025-05-16 13:11:54.70486	2025-05-16 13:18:47.080202	\N	\N	f	f	f	f	f	f	f	f	f	\N	\N	{}	f	0	t	t		[]	7cSN6t	0	0	\N	\N
16	NPS Product Presentation	qr	6	4	932	2025-05-16 11:59:15.246448	2025-05-16 11:59:15.246448	2025-05-16 13:18:51.087963	\N	\N	f	f	f	f	f	f	f	f	f	\N	\N	{}	t	0	t	t		[]	whjIiE	0	0	\N	\N
15	test project	qr	6	4	931	2025-05-16 10:50:16.162716	2025-05-16 10:50:16.162716	2025-05-16 13:18:53.565032	\N	\N	f	f	f	f	f	f	f	f	f	\N	\N	{}	f	0	t	t		[]	DSeT7U	0	0	\N	\N
14	DEDD	qr	6	4	911	2025-05-16 10:46:07.892439	2025-05-16 10:46:07.892439	2025-05-16 13:18:55.476772	\N	\N	f	f	f	f	f	f	f	f	f	\N	\N	{}	f	0	t	t		[]	xh1JVw	0	0	\N	\N
13	ewe	qr	6	2	910	2025-05-16 10:32:50.02803	2025-05-16 10:32:50.02803	2025-05-16 13:18:57.545128	\N	\N	f	f	f	f	f	f	f	f	f	\N	\N	{}	f	0	t	t		[]	qWRfxu	0	0	\N	\N
12	NPS Greeting	qr	6	4	909	2025-05-16 10:12:26.609608	2025-05-16 10:12:26.609608	2025-05-16 13:19:04.089222	\N	\N	f	f	f	f	f	f	f	f	f	\N	\N	{"textColor": "#000000", "headerColor": "#000000", "sectionColor": "#000000", "backgroundColor": "#000000", "headerBackground": "#000000", "sectionBackground": "#000000"}	f	0	t	t		[]	vpBpbO	0	0	\N	\N
\.


--
-- Data for Name: regions; Type: TABLE DATA; Schema: public; Owner: pma
--

COPY public.regions (id, country, region, region_en, region_ru, region_uk, region_aliases) FROM stdin;
1	AD	AD-02	Canillo	Canillo	Canillo	\N
2	AD	AD-03	Encamp	Encamp	Encamp	\N
3	AD	AD-04	La Massana	La Massana	La Massana	\N
4	AD	AD-05	Ordino	Ordino	Ordino	\N
5	AD	AD-06	Sant Julia de Loria	Sant Julia de Loria	Sant Julia de Loria	\N
6	AD	AD-07	Andorra la Vella	Andorra la Vella	Andorra la Vella	\N
7	AD	AD-08	Escaldes-Engordany	Escaldes-Engordany	Escaldes-Engordany	\N
8	AE	AE-01	Abu Dhabi	Abu Dhabi	Abu Dhabi	\N
9	AE	AE-02	Ajman	Ajman	Ajman	\N
10	AE	AE-03	Dubai	Dubai	Dubai	\N
11	AE	AE-04	Fujairah	Fujairah	Fujairah	\N
12	AE	AE-05	Ras Al Khaimah	Ras Al Khaimah	Ras Al Khaimah	\N
13	AE	AE-06	Sharjah	Sharjah	Sharjah	\N
14	AE	AE-07	Umm Al Quwain	Umm Al Quwain	Umm Al Quwain	\N
15	AF	AF-01	Badakhshan	Badakhshan	Badakhshan	\N
16	AF	AF-02	Badghis	Badghis	Badghis	\N
17	AF	AF-03	Baghlan	Baghlan	Baghlan	\N
18	AF	AF-05	Bamian	Bamian	Bamian	\N
19	AF	AF-06	Farah	Farah	Farah	\N
20	AF	AF-07	Faryab	Faryab	Faryab	\N
21	AF	AF-08	Ghazni	Ghazni	Ghazni	\N
22	AF	AF-09	Ghowr	Ghowr	Ghowr	\N
23	AF	AF-10	Helmand	Helmand	Helmand	\N
24	AF	AF-11	Herat	Herat	Herat	\N
25	AF	AF-13	Kabol	Kabol	Kabol	\N
26	AF	AF-14	Kapisa	Kapisa	Kapisa	\N
27	AF	AF-17	Lowgar	Lowgar	Lowgar	\N
28	AF	AF-18	Nangarhar	Nangarhar	Nangarhar	\N
29	AF	AF-19	Nimruz	Nimruz	Nimruz	\N
30	AF	AF-23	Kandahar	Kandahar	Kandahar	\N
31	AF	AF-24	Kondoz	Kondoz	Kondoz	\N
32	AF	AF-26	Takhar	Takhar	Takhar	\N
33	AF	AF-27	Vardak	Vardak	Vardak	\N
34	AF	AF-28	Zabol	Zabol	Zabol	\N
35	AF	AF-29	Paktika	Paktika	Paktika	\N
36	AF	AF-30	Balkh	Balkh	Balkh	\N
37	AF	AF-31	Jowzjan	Jowzjan	Jowzjan	\N
38	AF	AF-32	Samangan	Samangan	Samangan	\N
39	AF	AF-33	Sar-e Pol	Sar-e Pol	Sar-e Pol	\N
40	AF	AF-34	Konar	Konar	Konar	\N
41	AF	AF-35	Laghman	Laghman	Laghman	\N
42	AF	AF-36	Paktia	Paktia	Paktia	\N
43	AF	AF-37	Khowst	Khowst	Khowst	\N
44	AF	AF-38	Nurestan	Nurestan	Nurestan	\N
45	AF	AF-39	Oruzgan	Oruzgan	Oruzgan	\N
46	AF	AF-40	Parvan	Parvan	Parvan	\N
47	AF	AF-41	Daykondi	Daykondi	Daykondi	\N
48	AF	AF-42	Panjshir	Panjshir	Panjshir	\N
49	AG	AG-01	Barbuda	Barbuda	Barbuda	\N
50	AG	AG-03	Saint George	Saint George	Saint George	\N
51	AG	AG-04	Saint John	Saint John	Saint John	\N
52	AG	AG-05	Saint Mary	Saint Mary	Saint Mary	\N
53	AG	AG-06	Saint Paul	Saint Paul	Saint Paul	\N
54	AG	AG-07	Saint Peter	Saint Peter	Saint Peter	\N
55	AG	AG-08	Saint Philip	Saint Philip	Saint Philip	\N
56	AG	AG-09	Redonda	Redonda	Redonda	\N
57	AL	AL-40	Berat	Berat	Berat	\N
58	AL	AL-41	Diber	Diber	Diber	\N
59	AL	AL-42	Durres	Durres	Durres	\N
60	AL	AL-43	Elbasan	Elbasan	Elbasan	\N
61	AL	AL-44	Fier	Fier	Fier	\N
62	AL	AL-45	Gjirokaster	Gjirokaster	Gjirokaster	\N
63	AL	AL-46	Korce	Korce	Korce	\N
64	AL	AL-47	Kukes	Kukes	Kukes	\N
65	AL	AL-48	Lezhe	Lezhe	Lezhe	\N
66	AL	AL-49	Shkoder	Shkoder	Shkoder	\N
67	AL	AL-50	Tirane	Tirane	Tirane	\N
68	AL	AL-51	Vlore	Vlore	Vlore	\N
69	AM	AM-01	Aragatsotn	Aragatsotn	Aragatsotn	\N
70	AM	AM-02	Ararat	Ararat	Ararat	\N
71	AM	AM-03	Armavir	Armavir	Armavir	\N
72	AM	AM-04	Geghark 	Geghark 	Geghark 	\N
73	AM	AM-05	Kotayk	Kotayk	Kotayk	\N
74	AM	AM-06	Lorri	Lorri	Lorri	\N
75	AM	AM-07	Shirak	Shirak	Shirak	\N
76	AM	AM-08	Syunik	Syunik	Syunik	\N
77	AM	AM-09	Tavush	Tavush	Tavush	\N
78	AM	AM-10	Vayots Dzor	Vayots Dzor	Vayots Dzor	\N
79	AM	AM-11	Yerevan	Yerevan	Yerevan	\N
80	AO	AO-01	Benguela	Benguela	Benguela	\N
81	AO	AO-02	Bie	Bie	Bie	\N
82	AO	AO-03	Cabinda	Cabinda	Cabinda	\N
83	AO	AO-04	Cuando Cubango	Cuando Cubango	Cuando Cubango	\N
84	AO	AO-05	Cuanza Norte	Cuanza Norte	Cuanza Norte	\N
85	AO	AO-06	Cuanza Sul	Cuanza Sul	Cuanza Sul	\N
86	AO	AO-07	Cunene	Cunene	Cunene	\N
87	AO	AO-08	Huambo	Huambo	Huambo	\N
88	AO	AO-09	Huila	Huila	Huila	\N
89	AO	AO-12	Malanje	Malanje	Malanje	\N
90	AO	AO-13	Namibe	Namibe	Namibe	\N
91	AO	AO-14	Moxico	Moxico	Moxico	\N
92	AO	AO-15	Uige	Uige	Uige	\N
93	AO	AO-16	Zaire	Zaire	Zaire	\N
94	AO	AO-17	Lunda Norte	Lunda Norte	Lunda Norte	\N
95	AO	AO-18	Lunda Sul	Lunda Sul	Lunda Sul	\N
96	AO	AO-19	Bengo	Bengo	Bengo	\N
97	AO	AO-20	Luanda	Luanda	Luanda	\N
98	AR	AR-01	Buenos Aires	Buenos Aires	Buenos Aires	\N
99	AR	AR-02	Catamarca	Catamarca	Catamarca	\N
100	AR	AR-03	Chaco	Chaco	Chaco	\N
101	AR	AR-04	Chubut	Chubut	Chubut	\N
102	AR	AR-05	Cordoba	Cordoba	Cordoba	\N
103	AR	AR-06	Corrientes	Corrientes	Corrientes	\N
104	AR	AR-07	Distrito Federal	Distrito Federal	Distrito Federal	\N
105	AR	AR-08	Entre Rios	Entre Rios	Entre Rios	\N
106	AR	AR-09	Formosa	Formosa	Formosa	\N
107	AR	AR-10	Jujuy	Jujuy	Jujuy	\N
108	AR	AR-11	La Pampa	La Pampa	La Pampa	\N
109	AR	AR-12	La Rioja	La Rioja	La Rioja	\N
110	AR	AR-13	Mendoza	Mendoza	Mendoza	\N
111	AR	AR-14	Misiones	Misiones	Misiones	\N
112	AR	AR-15	Neuquen	Neuquen	Neuquen	\N
113	AR	AR-16	Rio Negro	Rio Negro	Rio Negro	\N
114	AR	AR-17	Salta	Salta	Salta	\N
115	AR	AR-18	San Juan	San Juan	San Juan	\N
116	AR	AR-19	San Luis	San Luis	San Luis	\N
117	AR	AR-20	Santa Cruz	Santa Cruz	Santa Cruz	\N
118	AR	AR-21	Santa Fe	Santa Fe	Santa Fe	\N
119	AR	AR-22	Santiago del Estero	Santiago del Estero	Santiago del Estero	\N
120	AR	AR-23	Tierra del Fuego	Tierra del Fuego	Tierra del Fuego	\N
121	AR	AR-24	Tucuman	Tucuman	Tucuman	\N
122	AT	AT-01	Burgenland	Burgenland	Burgenland	\N
123	AT	AT-02	Karnten	Karnten	Karnten	\N
124	AT	AT-03	Niederosterreich	Niederosterreich	Niederosterreich	\N
125	AT	AT-04	Oberosterreich	Oberosterreich	Oberosterreich	\N
126	AT	AT-05	Salzburg	Salzburg	Salzburg	\N
127	AT	AT-06	Steiermark	Steiermark	Steiermark	\N
128	AT	AT-07	Tirol	Tirol	Tirol	\N
129	AT	AT-08	Vorarlberg	Vorarlberg	Vorarlberg	\N
130	AT	AT-09	Wien	Wien	Wien	\N
131	AU	AU-01	Australian Capital Territory	Australian Capital Territory	Australian Capital Territory	\N
132	AU	AU-02	New South Wales	New South Wales	New South Wales	\N
133	AU	AU-03	Northern Territory	Northern Territory	Northern Territory	\N
134	AU	AU-04	Queensland	Queensland	Queensland	\N
135	AU	AU-05	South Australia	South Australia	South Australia	\N
136	AU	AU-06	Tasmania	Tasmania	Tasmania	\N
137	AU	AU-07	Victoria	Victoria	Victoria	\N
138	AU	AU-08	Western Australia	Western Australia	Western Australia	\N
139	AZ	AZ-01	Abseron	Abseron	Abseron	\N
140	AZ	AZ-02	Agcabadi	Agcabadi	Agcabadi	\N
141	AZ	AZ-03	Agdam	Agdam	Agdam	\N
142	AZ	AZ-04	Agdas	Agdas	Agdas	\N
143	AZ	AZ-05	Agstafa	Agstafa	Agstafa	\N
144	AZ	AZ-06	Agsu	Agsu	Agsu	\N
145	AZ	AZ-07	Ali Bayramli	Ali Bayramli	Ali Bayramli	\N
146	AZ	AZ-08	Astara	Astara	Astara	\N
147	AZ	AZ-09	Baki	Baki	Baki	\N
148	AZ	AZ-10	Balakan	Balakan	Balakan	\N
149	AZ	AZ-11	Barda	Barda	Barda	\N
150	AZ	AZ-12	Beylaqan	Beylaqan	Beylaqan	\N
151	AZ	AZ-13	Bilasuvar	Bilasuvar	Bilasuvar	\N
152	AZ	AZ-14	Cabrayil	Cabrayil	Cabrayil	\N
153	AZ	AZ-15	Calilabad	Calilabad	Calilabad	\N
154	AZ	AZ-16	Daskasan	Daskasan	Daskasan	\N
155	AZ	AZ-17	Davaci	Davaci	Davaci	\N
156	AZ	AZ-18	Fuzuli	Fuzuli	Fuzuli	\N
157	AZ	AZ-19	Gadabay	Gadabay	Gadabay	\N
158	AZ	AZ-20	Ganca	Ganca	Ganca	\N
159	AZ	AZ-21	Goranboy	Goranboy	Goranboy	\N
160	AZ	AZ-22	Goycay	Goycay	Goycay	\N
161	AZ	AZ-23	Haciqabul	Haciqabul	Haciqabul	\N
162	AZ	AZ-24	Imisli	Imisli	Imisli	\N
163	AZ	AZ-25	Ismayilli	Ismayilli	Ismayilli	\N
164	AZ	AZ-26	Kalbacar	Kalbacar	Kalbacar	\N
165	AZ	AZ-27	Kurdamir	Kurdamir	Kurdamir	\N
166	AZ	AZ-28	Lacin	Lacin	Lacin	\N
167	AZ	AZ-29	Lankaran	Lankaran	Lankaran	\N
168	AZ	AZ-30	Lankaran	Lankaran	Lankaran	\N
169	AZ	AZ-31	Lerik	Lerik	Lerik	\N
170	AZ	AZ-32	Masalli	Masalli	Masalli	\N
171	AZ	AZ-33	Mingacevir	Mingacevir	Mingacevir	\N
172	AZ	AZ-34	Naftalan	Naftalan	Naftalan	\N
173	AZ	AZ-35	Naxcivan	Naxcivan	Naxcivan	\N
174	AZ	AZ-36	Neftcala	Neftcala	Neftcala	\N
175	AZ	AZ-37	Oguz	Oguz	Oguz	\N
176	AZ	AZ-38	Qabala	Qabala	Qabala	\N
177	AZ	AZ-39	Qax	Qax	Qax	\N
178	AZ	AZ-40	Qazax	Qazax	Qazax	\N
179	AZ	AZ-41	Qobustan	Qobustan	Qobustan	\N
180	AZ	AZ-42	Quba	Quba	Quba	\N
181	AZ	AZ-43	Qubadli	Qubadli	Qubadli	\N
182	AZ	AZ-44	Qusar	Qusar	Qusar	\N
183	AZ	AZ-45	Saatli	Saatli	Saatli	\N
184	AZ	AZ-46	Sabirabad	Sabirabad	Sabirabad	\N
185	AZ	AZ-47	Saki	Saki	Saki	\N
186	AZ	AZ-48	Saki	Saki	Saki	\N
187	AZ	AZ-49	Salyan	Salyan	Salyan	\N
188	AZ	AZ-50	Samaxi	Samaxi	Samaxi	\N
189	AZ	AZ-51	Samkir	Samkir	Samkir	\N
190	AZ	AZ-52	Samux	Samux	Samux	\N
191	AZ	AZ-53	Siyazan	Siyazan	Siyazan	\N
192	AZ	AZ-54	Sumqayit	Sumqayit	Sumqayit	\N
193	AZ	AZ-55	Susa	Susa	Susa	\N
194	AZ	AZ-56	Susa	Susa	Susa	\N
195	AZ	AZ-57	Tartar	Tartar	Tartar	\N
196	AZ	AZ-58	Tovuz	Tovuz	Tovuz	\N
197	AZ	AZ-59	Ucar	Ucar	Ucar	\N
198	AZ	AZ-60	Xacmaz	Xacmaz	Xacmaz	\N
199	AZ	AZ-61	Xankandi	Xankandi	Xankandi	\N
200	AZ	AZ-62	Xanlar	Xanlar	Xanlar	\N
201	AZ	AZ-63	Xizi	Xizi	Xizi	\N
202	AZ	AZ-64	Xocali	Xocali	Xocali	\N
203	AZ	AZ-65	Xocavand	Xocavand	Xocavand	\N
204	AZ	AZ-66	Yardimli	Yardimli	Yardimli	\N
205	AZ	AZ-67	Yevlax	Yevlax	Yevlax	\N
206	AZ	AZ-68	Yevlax	Yevlax	Yevlax	\N
207	AZ	AZ-69	Zangilan	Zangilan	Zangilan	\N
208	AZ	AZ-70	Zaqatala	Zaqatala	Zaqatala	\N
209	AZ	AZ-71	Zardab	Zardab	Zardab	\N
210	BA	BA-01	Federation of Bosnia and Herzegovina	Federation of Bosnia and Herzegovina	Federation of Bosnia and Herzegovina	\N
211	BA	BA-03	Brcko District	Brcko District	Brcko District	\N
212	BA	BA-02	Republika Srpska	Republika Srpska	Republika Srpska	\N
213	BB	BB-01	Christ Church	Christ Church	Christ Church	\N
214	BB	BB-02	Saint Andrew	Saint Andrew	Saint Andrew	\N
215	BB	BB-03	Saint George	Saint George	Saint George	\N
216	BB	BB-04	Saint James	Saint James	Saint James	\N
217	BB	BB-05	Saint John	Saint John	Saint John	\N
218	BB	BB-06	Saint Joseph	Saint Joseph	Saint Joseph	\N
219	BB	BB-07	Saint Lucy	Saint Lucy	Saint Lucy	\N
220	BB	BB-08	Saint Michael	Saint Michael	Saint Michael	\N
221	BB	BB-09	Saint Peter	Saint Peter	Saint Peter	\N
222	BB	BB-10	Saint Philip	Saint Philip	Saint Philip	\N
223	BB	BB-11	Saint Thomas	Saint Thomas	Saint Thomas	\N
224	BD	BD-81	Dhaka	Dhaka	Dhaka	\N
225	BD	BD-82	Khulna	Khulna	Khulna	\N
226	BD	BD-83	Rajshahi	Rajshahi	Rajshahi	\N
227	BD	BD-84	Chittagong	Chittagong	Chittagong	\N
228	BD	BD-85	Barisal	Barisal	Barisal	\N
229	BD	BD-86	Sylhet	Sylhet	Sylhet	\N
230	BD	BD-87	Rangpur	Rangpur	Rangpur	\N
231	BE	BE-01	Antwerpen	Antwerpen	Antwerpen	\N
232	BE	BE-03	Hainaut	Hainaut	Hainaut	\N
233	BE	BE-04	Liege	Liege	Liege	\N
234	BE	BE-05	Limburg	Limburg	Limburg	\N
235	BE	BE-06	Luxembourg	Luxembourg	Luxembourg	\N
236	BE	BE-07	Namur	Namur	Namur	\N
237	BE	BE-08	Oost-Vlaanderen	Oost-Vlaanderen	Oost-Vlaanderen	\N
238	BE	BE-09	West-Vlaanderen	West-Vlaanderen	West-Vlaanderen	\N
239	BE	BE-10	Brabant Wallon	Brabant Wallon	Brabant Wallon	\N
240	BE	BE-11	Brussels Hoofdstedelijk Gewest	Brussels Hoofdstedelijk Gewest	Brussels Hoofdstedelijk Gewest	\N
241	BE	BE-12	Vlaams-Brabant	Vlaams-Brabant	Vlaams-Brabant	\N
242	BE	BE-13	Flanders	Flanders	Flanders	\N
243	BE	BE-14	Wallonia	Wallonia	Wallonia	\N
244	BF	BF-15	Bam	Bam	Bam	\N
245	BF	BF-19	Boulkiemde	Boulkiemde	Boulkiemde	\N
246	BF	BF-20	Ganzourgou	Ganzourgou	Ganzourgou	\N
247	BF	BF-21	Gnagna	Gnagna	Gnagna	\N
248	BF	BF-28	Kouritenga	Kouritenga	Kouritenga	\N
249	BF	BF-33	Oudalan	Oudalan	Oudalan	\N
250	BF	BF-34	Passore	Passore	Passore	\N
251	BF	BF-36	Sanguie	Sanguie	Sanguie	\N
252	BF	BF-40	Soum	Soum	Soum	\N
253	BF	BF-42	Tapoa	Tapoa	Tapoa	\N
254	BF	BF-44	Zoundweogo	Zoundweogo	Zoundweogo	\N
255	BF	BF-45	Bale	Bale	Bale	\N
256	BF	BF-46	Banwa	Banwa	Banwa	\N
257	BF	BF-47	Bazega	Bazega	Bazega	\N
258	BF	BF-48	Bougouriba	Bougouriba	Bougouriba	\N
259	BF	BF-49	Boulgou	Boulgou	Boulgou	\N
260	BF	BF-50	Gourma	Gourma	Gourma	\N
261	BF	BF-51	Houet	Houet	Houet	\N
262	BF	BF-52	Ioba	Ioba	Ioba	\N
263	BF	BF-53	Kadiogo	Kadiogo	Kadiogo	\N
264	BF	BF-54	Kenedougou	Kenedougou	Kenedougou	\N
265	BF	BF-55	Komoe	Komoe	Komoe	\N
266	BF	BF-56	Komondjari	Komondjari	Komondjari	\N
267	BF	BF-57	Kompienga	Kompienga	Kompienga	\N
268	BF	BF-58	Kossi	Kossi	Kossi	\N
269	BF	BF-59	Koulpelogo	Koulpelogo	Koulpelogo	\N
270	BF	BF-60	Kourweogo	Kourweogo	Kourweogo	\N
271	BF	BF-61	Leraba	Leraba	Leraba	\N
272	BF	BF-62	Loroum	Loroum	Loroum	\N
273	BF	BF-63	Mouhoun	Mouhoun	Mouhoun	\N
274	BF	BF-64	Namentenga	Namentenga	Namentenga	\N
275	BF	BF-65	Naouri	Naouri	Naouri	\N
276	BF	BF-66	Nayala	Nayala	Nayala	\N
277	BF	BF-67	Noumbiel	Noumbiel	Noumbiel	\N
278	BF	BF-68	Oubritenga	Oubritenga	Oubritenga	\N
279	BF	BF-69	Poni	Poni	Poni	\N
280	BF	BF-70	Sanmatenga	Sanmatenga	Sanmatenga	\N
281	BF	BF-71	Seno	Seno	Seno	\N
282	BF	BF-72	Sissili	Sissili	Sissili	\N
283	BF	BF-73	Sourou	Sourou	Sourou	\N
284	BF	BF-74	Tuy	Tuy	Tuy	\N
285	BF	BF-75	Yagha	Yagha	Yagha	\N
286	BF	BF-76	Yatenga	Yatenga	Yatenga	\N
287	BF	BF-77	Ziro	Ziro	Ziro	\N
288	BF	BF-78	Zondoma	Zondoma	Zondoma	\N
289	BG	BG-33	Mikhaylovgrad	Mikhaylovgrad	Mikhaylovgrad	\N
290	BG	BG-38	Blagoevgrad	Blagoevgrad	Blagoevgrad	\N
291	BG	BG-39	Burgas	Burgas	Burgas	\N
292	BG	BG-40	Dobrich	Dobrich	Dobrich	\N
293	BG	BG-41	Gabrovo	Gabrovo	Gabrovo	\N
294	BG	BG-42	Grad Sofiya	Grad Sofiya	Grad Sofiya	\N
295	BG	BG-43	Khaskovo	Khaskovo	Khaskovo	\N
296	BG	BG-44	Kurdzhali	Kurdzhali	Kurdzhali	\N
297	BG	BG-45	Kyustendil	Kyustendil	Kyustendil	\N
298	BG	BG-46	Lovech	Lovech	Lovech	\N
299	BG	BG-47	Montana	Montana	Montana	\N
300	BG	BG-48	Pazardzhik	Pazardzhik	Pazardzhik	\N
301	BG	BG-49	Pernik	Pernik	Pernik	\N
302	BG	BG-50	Pleven	Pleven	Pleven	\N
303	BG	BG-51	Plovdiv	Plovdiv	Plovdiv	\N
304	BG	BG-52	Razgrad	Razgrad	Razgrad	\N
305	BG	BG-53	Ruse	Ruse	Ruse	\N
306	BG	BG-54	Shumen	Shumen	Shumen	\N
307	BG	BG-55	Silistra	Silistra	Silistra	\N
308	BG	BG-56	Sliven	Sliven	Sliven	\N
309	BG	BG-57	Smolyan	Smolyan	Smolyan	\N
310	BG	BG-58	Sofiya	Sofiya	Sofiya	\N
311	BG	BG-59	Stara Zagora	Stara Zagora	Stara Zagora	\N
312	BG	BG-60	Turgovishte	Turgovishte	Turgovishte	\N
313	BG	BG-61	Varna	Varna	Varna	\N
314	BG	BG-62	Veliko Turnovo	Veliko Turnovo	Veliko Turnovo	\N
315	BG	BG-63	Vidin	Vidin	Vidin	\N
316	BG	BG-64	Vratsa	Vratsa	Vratsa	\N
317	BG	BG-65	Yambol	Yambol	Yambol	\N
318	BH	BH-01	Al Hadd	Al Hadd	Al Hadd	\N
319	BH	BH-02	Al Manamah	Al Manamah	Al Manamah	\N
320	BH	BH-05	Jidd Hafs	Jidd Hafs	Jidd Hafs	\N
321	BH	BH-06	Sitrah	Sitrah	Sitrah	\N
322	BH	BH-08	Al Mintaqah al Gharbiyah	Al Mintaqah al Gharbiyah	Al Mintaqah al Gharbiyah	\N
323	BH	BH-09	Mintaqat Juzur Hawar	Mintaqat Juzur Hawar	Mintaqat Juzur Hawar	\N
324	BH	BH-10	Al Mintaqah ash Shamaliyah	Al Mintaqah ash Shamaliyah	Al Mintaqah ash Shamaliyah	\N
325	BH	BH-11	Al Mintaqah al Wusta	Al Mintaqah al Wusta	Al Mintaqah al Wusta	\N
326	BH	BH-12	Madinat	Madinat	Madinat	\N
327	BH	BH-13	Ar Rifa	Ar Rifa	Ar Rifa	\N
328	BH	BH-14	Madinat Hamad	Madinat Hamad	Madinat Hamad	\N
329	BH	BH-15	Al Muharraq	Al Muharraq	Al Muharraq	\N
330	BH	BH-16	Al Asimah	Al Asimah	Al Asimah	\N
331	BH	BH-17	Al Janubiyah	Al Janubiyah	Al Janubiyah	\N
332	BH	BH-18	Ash Shamaliyah	Ash Shamaliyah	Ash Shamaliyah	\N
333	BH	BH-19	Al Wusta	Al Wusta	Al Wusta	\N
334	BI	BI-02	Bujumbura	Bujumbura	Bujumbura	\N
335	BI	BI-09	Bubanza	Bubanza	Bubanza	\N
336	BI	BI-10	Bururi	Bururi	Bururi	\N
337	BI	BI-11	Cankuzo	Cankuzo	Cankuzo	\N
338	BI	BI-12	Cibitoke	Cibitoke	Cibitoke	\N
339	BI	BI-13	Gitega	Gitega	Gitega	\N
340	BI	BI-14	Karuzi	Karuzi	Karuzi	\N
341	BI	BI-15	Kayanza	Kayanza	Kayanza	\N
342	BI	BI-16	Kirundo	Kirundo	Kirundo	\N
343	BI	BI-17	Makamba	Makamba	Makamba	\N
344	BI	BI-18	Muyinga	Muyinga	Muyinga	\N
345	BI	BI-19	Ngozi	Ngozi	Ngozi	\N
346	BI	BI-20	Rutana	Rutana	Rutana	\N
347	BI	BI-21	Ruyigi	Ruyigi	Ruyigi	\N
348	BI	BI-22	Muramvya	Muramvya	Muramvya	\N
349	BI	BI-23	Mwaro	Mwaro	Mwaro	\N
350	BJ	BJ-07	Alibori	Alibori	Alibori	\N
351	BJ	BJ-08	Atakora	Atakora	Atakora	\N
352	BJ	BJ-09	Atlanyique	Atlanyique	Atlanyique	\N
353	BJ	BJ-10	Borgou	Borgou	Borgou	\N
354	BJ	BJ-11	Collines	Collines	Collines	\N
355	BJ	BJ-12	Kouffo	Kouffo	Kouffo	\N
356	BJ	BJ-13	Donga	Donga	Donga	\N
357	BJ	BJ-14	Littoral	Littoral	Littoral	\N
358	BJ	BJ-15	Mono	Mono	Mono	\N
359	BJ	BJ-16	Oueme	Oueme	Oueme	\N
360	BJ	BJ-17	Plateau	Plateau	Plateau	\N
361	BJ	BJ-18	Zou	Zou	Zou	\N
362	BM	BM-01	Devonshire	Devonshire	Devonshire	\N
363	BM	BM-02	Hamilton	Hamilton	Hamilton	\N
364	BM	BM-03	Hamilton	Hamilton	Hamilton	\N
365	BM	BM-04	Paget	Paget	Paget	\N
366	BM	BM-05	Pembroke	Pembroke	Pembroke	\N
367	BM	BM-06	Saint George	Saint George	Saint George	\N
368	BM	BM-07	Saint Georges	Saint Georges	Saint Georges	\N
369	BM	BM-08	Sandys	Sandys	Sandys	\N
370	BM	BM-09	Smiths	Smiths	Smiths	\N
371	BM	BM-10	Southampton	Southampton	Southampton	\N
372	BM	BM-11	Warwick	Warwick	Warwick	\N
373	BN	BN-07	Alibori	Alibori	Alibori	\N
374	BN	BN-08	Belait	Belait	Belait	\N
375	BN	BN-09	Brunei and Muara	Brunei and Muara	Brunei and Muara	\N
376	BN	BN-10	Temburong	Temburong	Temburong	\N
377	BN	BN-11	Collines	Collines	Collines	\N
378	BN	BN-12	Kouffo	Kouffo	Kouffo	\N
379	BN	BN-13	Donga	Donga	Donga	\N
380	BN	BN-14	Littoral	Littoral	Littoral	\N
381	BN	BN-15	Tutong	Tutong	Tutong	\N
382	BN	BN-16	Oueme	Oueme	Oueme	\N
383	BN	BN-17	Plateau	Plateau	Plateau	\N
384	BN	BN-18	Zou	Zou	Zou	\N
385	BO	BO-01	Chuquisaca	Chuquisaca	Chuquisaca	\N
386	BO	BO-02	Cochabamba	Cochabamba	Cochabamba	\N
387	BO	BO-03	El Beni	El Beni	El Beni	\N
388	BO	BO-04	La Paz	La Paz	La Paz	\N
389	BO	BO-05	Oruro	Oruro	Oruro	\N
390	BO	BO-06	Pando	Pando	Pando	\N
391	BO	BO-07	Potosi	Potosi	Potosi	\N
392	BO	BO-08	Santa Cruz	Santa Cruz	Santa Cruz	\N
393	BO	BO-09	Tarija	Tarija	Tarija	\N
394	BR	BR-01	Acre	Acre	Acre	\N
395	BR	BR-02	Alagoas	Alagoas	Alagoas	\N
396	BR	BR-03	Amapa	Amapa	Amapa	\N
397	BR	BR-04	Amazonas	Amazonas	Amazonas	\N
398	BR	BR-05	Bahia	Bahia	Bahia	\N
399	BR	BR-06	Ceara	Ceara	Ceara	\N
400	BR	BR-07	Distrito Federal	Distrito Federal	Distrito Federal	\N
401	BR	BR-08	Espirito Santo	Espirito Santo	Espirito Santo	\N
402	BR	BR-11	Mato Grosso do Sul	Mato Grosso do Sul	Mato Grosso do Sul	\N
403	BR	BR-13	Maranhao	Maranhao	Maranhao	\N
404	BR	BR-14	Mato Grosso	Mato Grosso	Mato Grosso	\N
405	BR	BR-15	Minas Gerais	Minas Gerais	Minas Gerais	\N
406	BR	BR-16	Para	Para	Para	\N
407	BR	BR-17	Paraiba	Paraiba	Paraiba	\N
408	BR	BR-18	Parana	Parana	Parana	\N
409	BR	BR-20	Piaui	Piaui	Piaui	\N
410	BR	BR-21	Rio de Janeiro	Rio de Janeiro	Rio de Janeiro	\N
411	BR	BR-22	Rio Grande do Norte	Rio Grande do Norte	Rio Grande do Norte	\N
412	BR	BR-23	Rio Grande do Sul	Rio Grande do Sul	Rio Grande do Sul	\N
413	BR	BR-24	Rondonia	Rondonia	Rondonia	\N
414	BR	BR-25	Roraima	Roraima	Roraima	\N
415	BR	BR-26	Santa Catarina	Santa Catarina	Santa Catarina	\N
416	BR	BR-27	Sao Paulo	Sao Paulo	Sao Paulo	\N
417	BR	BR-28	Sergipe	Sergipe	Sergipe	\N
418	BR	BR-29	Goias	Goias	Goias	\N
419	BR	BR-30	Pernambuco	Pernambuco	Pernambuco	\N
420	BR	BR-31	Tocantins	Tocantins	Tocantins	\N
421	BS	BS-05	Bimini	Bimini	Bimini	\N
422	BS	BS-06	Cat Island	Cat Island	Cat Island	\N
423	BS	BS-10	Exuma	Exuma	Exuma	\N
424	BS	BS-13	Inagua	Inagua	Inagua	\N
425	BS	BS-15	Long Island	Long Island	Long Island	\N
426	BS	BS-16	Mayaguana	Mayaguana	Mayaguana	\N
427	BS	BS-18	Ragged Island	Ragged Island	Ragged Island	\N
428	BS	BS-22	Harbour Island	Harbour Island	Harbour Island	\N
429	BS	BS-23	New Providence	New Providence	New Providence	\N
430	BS	BS-24	Acklins and Crooked Islands	Acklins and Crooked Islands	Acklins and Crooked Islands	\N
431	BS	BS-25	Freeport	Freeport	Freeport	\N
432	BS	BS-26	Fresh Creek	Fresh Creek	Fresh Creek	\N
433	BS	BS-27	Governors Harbour	Governors Harbour	Governors Harbour	\N
434	BS	BS-28	Green Turtle Cay	Green Turtle Cay	Green Turtle Cay	\N
435	BS	BS-29	High Rock	High Rock	High Rock	\N
436	BS	BS-30	Kemps Bay	Kemps Bay	Kemps Bay	\N
437	BS	BS-31	Marsh Harbour	Marsh Harbour	Marsh Harbour	\N
438	BS	BS-32	Nichollstown and Berry Islands	Nichollstown and Berry Islands	Nichollstown and Berry Islands	\N
439	BS	BS-33	Rock Sound	Rock Sound	Rock Sound	\N
440	BS	BS-34	Sandy Point	Sandy Point	Sandy Point	\N
441	BS	BS-35	San Salvador and Rum Cay	San Salvador and Rum Cay	San Salvador and Rum Cay	\N
442	BT	BT-05	Bumthang	Bumthang	Bumthang	\N
443	BT	BT-06	Chhukha	Chhukha	Chhukha	\N
444	BT	BT-07	Chirang	Chirang	Chirang	\N
445	BT	BT-08	Daga	Daga	Daga	\N
446	BT	BT-09	Geylegphug	Geylegphug	Geylegphug	\N
447	BT	BT-10	Ha	Ha	Ha	\N
448	BT	BT-11	Lhuntshi	Lhuntshi	Lhuntshi	\N
449	BT	BT-12	Mongar	Mongar	Mongar	\N
450	BT	BT-13	Paro	Paro	Paro	\N
451	BT	BT-14	Pemagatsel	Pemagatsel	Pemagatsel	\N
452	BT	BT-15	Punakha	Punakha	Punakha	\N
453	BT	BT-16	Samchi	Samchi	Samchi	\N
454	BT	BT-17	Samdrup	Samdrup	Samdrup	\N
455	BT	BT-18	Shemgang	Shemgang	Shemgang	\N
456	BT	BT-19	Tashigang	Tashigang	Tashigang	\N
457	BT	BT-20	Thimphu	Thimphu	Thimphu	\N
458	BT	BT-21	Tongsa	Tongsa	Tongsa	\N
459	BT	BT-22	Wangdi Phodrang	Wangdi Phodrang	Wangdi Phodrang	\N
460	BW	BW-01	Central	Central	Central	\N
461	BW	BW-03	Ghanzi	Ghanzi	Ghanzi	\N
462	BW	BW-04	Kgalagadi	Kgalagadi	Kgalagadi	\N
463	BW	BW-05	Kgatleng	Kgatleng	Kgatleng	\N
464	BW	BW-06	Kweneng	Kweneng	Kweneng	\N
465	BW	BW-08	North-East	North-East	North-East	\N
466	BW	BW-09	South-East	South-East	South-East	\N
467	BW	BW-10	Southern	Southern	Southern	\N
468	BW	BW-11	North-West	North-West	North-West	\N
476	BZ	BZ-01	Belize	Belize	Belize	\N
477	BZ	BZ-02	Cayo	Cayo	Cayo	\N
478	BZ	BZ-03	Corozal	Corozal	Corozal	\N
479	BZ	BZ-04	Orange Walk	Orange Walk	Orange Walk	\N
480	BZ	BZ-05	Stann Creek	Stann Creek	Stann Creek	\N
481	BZ	BZ-06	Toledo	Toledo	Toledo	\N
482	CA	CA-AB	Alberta	Alberta	Alberta	\N
483	CA	CA-BC	British Columbia	British Columbia	British Columbia	\N
484	CA	CA-MB	Manitoba	Manitoba	Manitoba	\N
485	CA	CA-NB	New Brunswick	New Brunswick	New Brunswick	\N
486	CA	CA-NL	Newfoundland	Newfoundland	Newfoundland	\N
487	CA	CA-NS	Nova Scotia	Nova Scotia	Nova Scotia	\N
488	CA	CA-NT	Northwest Territories	Northwest Territories	Northwest Territories	\N
489	CA	CA-NU	Nunavut	Nunavut	Nunavut	\N
490	CA	CA-ON	Ontario	Ontario	Ontario	\N
491	CA	CA-PE	Prince Edward Island	Prince Edward Island	Prince Edward Island	\N
492	CA	CA-QC	Quebec	Quebec	Quebec	\N
493	CA	CA-SK	Saskatchewan	Saskatchewan	Saskatchewan	\N
494	CA	CA-YT	Yukon Territory	Yukon Territory	Yukon Territory	\N
495	CD	CD-01	Bandundu	Bandundu	Bandundu	\N
496	CD	CD-02	Equateur	Equateur	Equateur	\N
497	CD	CD-04	Kasai-Oriental	Kasai-Oriental	Kasai-Oriental	\N
498	CD	CD-05	Katanga	Katanga	Katanga	\N
499	CD	CD-06	Kinshasa	Kinshasa	Kinshasa	\N
500	CD	CD-08	Bas-Congo	Bas-Congo	Bas-Congo	\N
501	CD	CD-09	Orientale	Orientale	Orientale	\N
502	CD	CD-10	Maniema	Maniema	Maniema	\N
503	CD	CD-11	Nord-Kivu	Nord-Kivu	Nord-Kivu	\N
504	CD	CD-12	Sud-Kivu	Sud-Kivu	Sud-Kivu	\N
505	CF	CF-01	Bamingui-Bangoran	Bamingui-Bangoran	Bamingui-Bangoran	\N
506	CF	CF-02	Basse-Kotto	Basse-Kotto	Basse-Kotto	\N
507	CF	CF-03	Haute-Kotto	Haute-Kotto	Haute-Kotto	\N
508	CF	CF-04	Mambere-Kadei	Mambere-Kadei	Mambere-Kadei	\N
509	CF	CF-05	Haut-Mbomou	Haut-Mbomou	Haut-Mbomou	\N
510	CF	CF-06	Kemo	Kemo	Kemo	\N
511	CF	CF-07	Lobaye	Lobaye	Lobaye	\N
512	CF	CF-08	Mbomou	Mbomou	Mbomou	\N
513	CF	CF-09	Nana-Mambere	Nana-Mambere	Nana-Mambere	\N
514	CF	CF-11	Ouaka	Ouaka	Ouaka	\N
515	CF	CF-12	Ouham	Ouham	Ouham	\N
516	CF	CF-13	Ouham-Pende	Ouham-Pende	Ouham-Pende	\N
517	CF	CF-14	Cuvette-Ouest	Cuvette-Ouest	Cuvette-Ouest	\N
518	CF	CF-15	Nana-Grebizi	Nana-Grebizi	Nana-Grebizi	\N
519	CF	CF-16	Sangha-Mbaere	Sangha-Mbaere	Sangha-Mbaere	\N
520	CF	CF-17	Ombella-Mpoko	Ombella-Mpoko	Ombella-Mpoko	\N
521	CF	CF-18	Bangui	Bangui	Bangui	\N
522	CG	CG-01	Bouenza	Bouenza	Bouenza	\N
523	CG	CG-04	Kouilou	Kouilou	Kouilou	\N
524	CG	CG-05	Lekoumou	Lekoumou	Lekoumou	\N
525	CG	CG-06	Likouala	Likouala	Likouala	\N
526	CG	CG-07	Niari	Niari	Niari	\N
527	CG	CG-08	Plateaux	Plateaux	Plateaux	\N
528	CG	CG-10	Sangha	Sangha	Sangha	\N
529	CG	CG-11	Pool	Pool	Pool	\N
530	CG	CG-12	Brazzaville	Brazzaville	Brazzaville	\N
531	CG	CG-13	Cuvette	Cuvette	Cuvette	\N
532	CG	CG-14	Cuvette-Ouest	Cuvette-Ouest	Cuvette-Ouest	\N
533	CH	CH-01	Aargau	Aargau	Aargau	\N
534	CH	CH-02	Ausser-Rhoden	Ausser-Rhoden	Ausser-Rhoden	\N
535	CH	CH-03	Basel-Landschaft	Basel-Landschaft	Basel-Landschaft	\N
536	CH	CH-04	Basel-Stadt	Basel-Stadt	Basel-Stadt	\N
537	CH	CH-05	Bern	Bern	Bern	\N
538	CH	CH-06	Fribourg	Fribourg	Fribourg	\N
539	CH	CH-07	Geneve	Geneve	Geneve	\N
540	CH	CH-08	Glarus	Glarus	Glarus	\N
541	CH	CH-09	Graubunden	Graubunden	Graubunden	\N
542	CH	CH-10	Inner-Rhoden	Inner-Rhoden	Inner-Rhoden	\N
543	CH	CH-11	Luzern	Luzern	Luzern	\N
544	CH	CH-12	Neuchatel	Neuchatel	Neuchatel	\N
545	CH	CH-13	Nidwalden	Nidwalden	Nidwalden	\N
546	CH	CH-14	Obwalden	Obwalden	Obwalden	\N
547	CH	CH-15	Sankt Gallen	Sankt Gallen	Sankt Gallen	\N
548	CH	CH-16	Schaffhausen	Schaffhausen	Schaffhausen	\N
549	CH	CH-17	Schwyz	Schwyz	Schwyz	\N
550	CH	CH-18	Solothurn	Solothurn	Solothurn	\N
551	CH	CH-19	Thurgau	Thurgau	Thurgau	\N
552	CH	CH-20	Ticino	Ticino	Ticino	\N
553	CH	CH-21	Uri	Uri	Uri	\N
554	CH	CH-22	Valais	Valais	Valais	\N
555	CH	CH-23	Vaud	Vaud	Vaud	\N
556	CH	CH-24	Zug	Zug	Zug	\N
557	CH	CH-25	Zurich	Zurich	Zurich	\N
558	CH	CH-26	Jura	Jura	Jura	\N
559	CI	CI-74	Agneby	Agneby	Agneby	\N
560	CI	CI-75	Bafing	Bafing	Bafing	\N
561	CI	CI-76	Bas-Sassandra	Bas-Sassandra	Bas-Sassandra	\N
562	CI	CI-77	Denguele	Denguele	Denguele	\N
563	CI	CI-78	Dix-Huit Montagnes	Dix-Huit Montagnes	Dix-Huit Montagnes	\N
564	CI	CI-79	Fromager	Fromager	Fromager	\N
565	CI	CI-80	Haut-Sassandra	Haut-Sassandra	Haut-Sassandra	\N
566	CI	CI-81	Lacs	Lacs	Lacs	\N
567	CI	CI-82	Lagunes	Lagunes	Lagunes	\N
568	CI	CI-83	Marahoue	Marahoue	Marahoue	\N
569	CI	CI-84	Moyen-Cavally	Moyen-Cavally	Moyen-Cavally	\N
570	CI	CI-85	Moyen-Comoe	Moyen-Comoe	Moyen-Comoe	\N
571	CI	CI-86	Nzi-Comoe	Nzi-Comoe	Nzi-Comoe	\N
572	CI	CI-87	Savanes	Savanes	Savanes	\N
573	CI	CI-88	Sud-Bandama	Sud-Bandama	Sud-Bandama	\N
574	CI	CI-89	Sud-Comoe	Sud-Comoe	Sud-Comoe	\N
575	CI	CI-90	Vallee du Bandama	Vallee du Bandama	Vallee du Bandama	\N
576	CI	CI-91	Worodougou	Worodougou	Worodougou	\N
577	CI	CI-92	Zanzan	Zanzan	Zanzan	\N
578	CL	CL-01	Valparaiso	Valparaiso	Valparaiso	\N
579	CL	CL-02	Aisen del General Carlos Ibanez del Campo	Aisen del General Carlos Ibanez del Campo	Aisen del General Carlos Ibanez del Campo	\N
580	CL	CL-03	Antofagasta	Antofagasta	Antofagasta	\N
581	CL	CL-04	Araucania	Araucania	Araucania	\N
582	CL	CL-05	Atacama	Atacama	Atacama	\N
583	CL	CL-06	Bio-Bio	Bio-Bio	Bio-Bio	\N
584	CL	CL-07	Coquimbo	Coquimbo	Coquimbo	\N
585	CL	CL-08	Libertador General Bernardo OHiggins	Libertador General Bernardo OHiggins	Libertador General Bernardo OHiggins	\N
586	CL	CL-09	Los Lagos	Los Lagos	Los Lagos	\N
587	CL	CL-10	Magallanes y de la Antartica Chilena	Magallanes y de la Antartica Chilena	Magallanes y de la Antartica Chilena	\N
588	CL	CL-11	Maule	Maule	Maule	\N
589	CL	CL-12	Region Metropolitana	Region Metropolitana	Region Metropolitana	\N
590	CL	CL-13	Tarapaca	Tarapaca	Tarapaca	\N
591	CL	CL-14	Los Lagos	Los Lagos	Los Lagos	\N
592	CL	CL-15	Tarapaca	Tarapaca	Tarapaca	\N
593	CL	CL-16	Arica y Parinacota	Arica y Parinacota	Arica y Parinacota	\N
594	CL	CL-17	Los Rios	Los Rios	Los Rios	\N
595	CM	CM-04	Est	Est	Est	\N
596	CM	CM-05	Littoral	Littoral	Littoral	\N
597	CM	CM-07	Nord-Ouest	Nord-Ouest	Nord-Ouest	\N
598	CM	CM-08	Ouest	Ouest	Ouest	\N
599	CM	CM-09	Sud-Ouest	Sud-Ouest	Sud-Ouest	\N
600	CM	CM-10	Adamaoua	Adamaoua	Adamaoua	\N
601	CM	CM-11	Centre	Centre	Centre	\N
602	CM	CM-12	Extreme-Nord	Extreme-Nord	Extreme-Nord	\N
603	CM	CM-13	Nord	Nord	Nord	\N
604	CM	CM-14	Sud	Sud	Sud	\N
605	CN	CN-01	Anhui	Anhui	Anhui	\N
606	CN	CN-02	Zhejiang	Zhejiang	Zhejiang	\N
607	CN	CN-03	Jiangxi	Jiangxi	Jiangxi	\N
608	CN	CN-04	Jiangsu	Jiangsu	Jiangsu	\N
609	CN	CN-05	Jilin	Jilin	Jilin	\N
610	CN	CN-06	Qinghai	Qinghai	Qinghai	\N
611	CN	CN-07	Fujian	Fujian	Fujian	\N
612	CN	CN-08	Heilongjiang	Heilongjiang	Heilongjiang	\N
613	CN	CN-09	Henan	Henan	Henan	\N
614	CN	CN-10	Hebei	Hebei	Hebei	\N
615	CN	CN-11	Hunan	Hunan	Hunan	\N
616	CN	CN-12	Hubei	Hubei	Hubei	\N
617	CN	CN-13	Xinjiang	Xinjiang	Xinjiang	\N
618	CN	CN-14	Xizang	Xizang	Xizang	\N
619	CN	CN-15	Gansu	Gansu	Gansu	\N
620	CN	CN-16	Guangxi	Guangxi	Guangxi	\N
621	CN	CN-18	Guizhou	Guizhou	Guizhou	\N
622	CN	CN-19	Liaoning	Liaoning	Liaoning	\N
623	CN	CN-20	Nei Mongol	Nei Mongol	Nei Mongol	\N
624	CN	CN-21	Ningxia	Ningxia	Ningxia	\N
625	CN	CN-22	Beijing	Beijing	Beijing	\N
626	CN	CN-23	Shanghai	Shanghai	Shanghai	\N
627	CN	CN-24	Shanxi	Shanxi	Shanxi	\N
628	CN	CN-25	Shandong	Shandong	Shandong	\N
629	CN	CN-26	Shaanxi	Shaanxi	Shaanxi	\N
630	CN	CN-28	Tianjin	Tianjin	Tianjin	\N
631	CN	CN-29	Yunnan	Yunnan	Yunnan	\N
632	CN	CN-30	Guangdong	Guangdong	Guangdong	\N
633	CN	CN-31	Hainan	Hainan	Hainan	\N
634	CN	CN-32	Sichuan	Sichuan	Sichuan	\N
635	CN	CN-33	Chongqing	Chongqing	Chongqing	\N
636	CO	CO-01	Amazonas	Amazonas	Amazonas	\N
637	CO	CO-02	Antioquia	Antioquia	Antioquia	\N
638	CO	CO-03	Arauca	Arauca	Arauca	\N
639	CO	CO-04	Atlantico	Atlantico	Atlantico	\N
640	CO	CO-08	Caqueta	Caqueta	Caqueta	\N
641	CO	CO-09	Cauca	Cauca	Cauca	\N
642	CO	CO-10	Cesar	Cesar	Cesar	\N
643	CO	CO-11	Choco	Choco	Choco	\N
644	CO	CO-12	Cordoba	Cordoba	Cordoba	\N
645	CO	CO-14	Guaviare	Guaviare	Guaviare	\N
646	CO	CO-15	Guainia	Guainia	Guainia	\N
647	CO	CO-16	Huila	Huila	Huila	\N
648	CO	CO-17	La Guajira	La Guajira	La Guajira	\N
649	CO	CO-19	Meta	Meta	Meta	\N
650	CO	CO-20	Narino	Narino	Narino	\N
651	CO	CO-21	Norte de Santander	Norte de Santander	Norte de Santander	\N
652	CO	CO-22	Putumayo	Putumayo	Putumayo	\N
653	CO	CO-23	Quindio	Quindio	Quindio	\N
654	CO	CO-24	Risaralda	Risaralda	Risaralda	\N
655	CO	CO-25	San Andres y Providencia	San Andres y Providencia	San Andres y Providencia	\N
656	CO	CO-26	Santander	Santander	Santander	\N
657	CO	CO-27	Sucre	Sucre	Sucre	\N
658	CO	CO-28	Tolima	Tolima	Tolima	\N
659	CO	CO-29	Valle del Cauca	Valle del Cauca	Valle del Cauca	\N
660	CO	CO-30	Vaupes	Vaupes	Vaupes	\N
661	CO	CO-31	Vichada	Vichada	Vichada	\N
662	CO	CO-32	Casanare	Casanare	Casanare	\N
663	CO	CO-33	Cundinamarca	Cundinamarca	Cundinamarca	\N
664	CO	CO-34	Distrito Especial	Distrito Especial	Distrito Especial	\N
665	CO	CO-35	Bolivar	Bolivar	Bolivar	\N
666	CO	CO-36	Boyaca	Boyaca	Boyaca	\N
667	CO	CO-37	Caldas	Caldas	Caldas	\N
668	CO	CO-38	Magdalena	Magdalena	Magdalena	\N
669	CR	CR-01	Alajuela	Alajuela	Alajuela	\N
670	CR	CR-02	Cartago	Cartago	Cartago	\N
671	CR	CR-03	Guanacaste	Guanacaste	Guanacaste	\N
672	CR	CR-04	Heredia	Heredia	Heredia	\N
673	CR	CR-06	Limon	Limon	Limon	\N
674	CR	CR-07	Puntarenas	Puntarenas	Puntarenas	\N
675	CR	CR-08	San Jose	San Jose	San Jose	\N
676	CU	CU-01	Pinar del Rio	Pinar del Rio	Pinar del Rio	\N
677	CU	CU-02	Ciudad de la Habana	Ciudad de la Habana	Ciudad de la Habana	\N
678	CU	CU-03	Matanzas	Matanzas	Matanzas	\N
679	CU	CU-04	Isla de la Juventud	Isla de la Juventud	Isla de la Juventud	\N
680	CU	CU-05	Camaguey	Camaguey	Camaguey	\N
681	CU	CU-07	Ciego de Avila	Ciego de Avila	Ciego de Avila	\N
682	CU	CU-08	Cienfuegos	Cienfuegos	Cienfuegos	\N
683	CU	CU-09	Granma	Granma	Granma	\N
684	CU	CU-10	Guantanamo	Guantanamo	Guantanamo	\N
685	CU	CU-11	La Habana	La Habana	La Habana	\N
686	CU	CU-12	Holguin	Holguin	Holguin	\N
687	CU	CU-13	Las Tunas	Las Tunas	Las Tunas	\N
688	CU	CU-14	Sancti Spiritus	Sancti Spiritus	Sancti Spiritus	\N
689	CU	CU-15	Santiago de Cuba	Santiago de Cuba	Santiago de Cuba	\N
690	CU	CU-16	Villa Clara	Villa Clara	Villa Clara	\N
691	CV	CV-01	Boa Vista	Boa Vista	Boa Vista	\N
692	CV	CV-02	Brava	Brava	Brava	\N
693	CV	CV-04	Maio	Maio	Maio	\N
694	CV	CV-05	Paul	Paul	Paul	\N
695	CV	CV-07	Ribeira Grande	Ribeira Grande	Ribeira Grande	\N
696	CV	CV-08	Sal	Sal	Sal	\N
697	CV	CV-10	Sao Nicolau	Sao Nicolau	Sao Nicolau	\N
698	CV	CV-11	Sao Vicente	Sao Vicente	Sao Vicente	\N
699	CV	CV-13	Mosteiros	Mosteiros	Mosteiros	\N
700	CV	CV-14	Praia	Praia	Praia	\N
701	CV	CV-15	Santa Catarina	Santa Catarina	Santa Catarina	\N
702	CV	CV-16	Santa Cruz	Santa Cruz	Santa Cruz	\N
703	CV	CV-17	Sao Domingos	Sao Domingos	Sao Domingos	\N
704	CV	CV-18	Sao Filipe	Sao Filipe	Sao Filipe	\N
705	CV	CV-19	Sao Miguel	Sao Miguel	Sao Miguel	\N
706	CV	CV-20	Tarrafal	Tarrafal	Tarrafal	\N
707	CY	CY-01	Famagusta	Famagusta	Famagusta	\N
708	CY	CY-02	Kyrenia	Kyrenia	Kyrenia	\N
709	CY	CY-03	Larnaca	Larnaca	Larnaca	\N
710	CY	CY-04	Nicosia	Nicosia	Nicosia	\N
711	CY	CY-05	Limassol	Limassol	Limassol	\N
712	CY	CY-06	Paphos	Paphos	Paphos	\N
713	CZ	CZ-52	Hlavni mesto Praha	Hlavni mesto Praha	Hlavni mesto Praha	\N
714	CZ	CZ-78	Jihomoravsky kraj	Jihomoravsky kraj	Jihomoravsky kraj	\N
715	CZ	CZ-79	Jihocesky kraj	Jihocesky kraj	Jihocesky kraj	\N
716	CZ	CZ-80	Vysocina	Vysocina	Vysocina	\N
717	CZ	CZ-81	Karlovarsky kraj	Karlovarsky kraj	Karlovarsky kraj	\N
718	CZ	CZ-82	Kralovehradecky kraj	Kralovehradecky kraj	Kralovehradecky kraj	\N
719	CZ	CZ-83	Liberecky kraj	Liberecky kraj	Liberecky kraj	\N
720	CZ	CZ-84	Olomoucky kraj	Olomoucky kraj	Olomoucky kraj	\N
721	CZ	CZ-85	Moravskoslezsky kraj	Moravskoslezsky kraj	Moravskoslezsky kraj	\N
722	CZ	CZ-86	Pardubicky kraj	Pardubicky kraj	Pardubicky kraj	\N
723	CZ	CZ-87	Plzensky kraj	Plzensky kraj	Plzensky kraj	\N
724	CZ	CZ-88	Stredocesky kraj	Stredocesky kraj	Stredocesky kraj	\N
725	CZ	CZ-89	Ustecky kraj	Ustecky kraj	Ustecky kraj	\N
726	CZ	CZ-90	Zlinsky kraj	Zlinsky kraj	Zlinsky kraj	\N
727	DE	DE-01	Baden-Wurttemberg	Baden-Wurttemberg	Baden-Wurttemberg	\N
728	DE	DE-02	Bayern	Bayern	Bayern	\N
729	DE	DE-03	Bremen	Bremen	Bremen	\N
730	DE	DE-04	Hamburg	Hamburg	Hamburg	\N
731	DE	DE-05	Hessen	Hessen	Hessen	\N
732	DE	DE-06	Niedersachsen	Niedersachsen	Niedersachsen	\N
733	DE	DE-07	Nordrhein-Westfalen	Nordrhein-Westfalen	Nordrhein-Westfalen	\N
734	DE	DE-08	Rheinland-Pfalz	Rheinland-Pfalz	Rheinland-Pfalz	\N
735	DE	DE-09	Saarland	Saarland	Saarland	\N
736	DE	DE-10	Schleswig-Holstein	Schleswig-Holstein	Schleswig-Holstein	\N
737	DE	DE-11	Brandenburg	Brandenburg	Brandenburg	\N
738	DE	DE-12	Mecklenburg-Vorpommern	Mecklenburg-Vorpommern	Mecklenburg-Vorpommern	\N
739	DE	DE-13	Sachsen	Sachsen	Sachsen	\N
740	DE	DE-14	Sachsen-Anhalt	Sachsen-Anhalt	Sachsen-Anhalt	\N
741	DE	DE-15	Thuringen	Thuringen	Thuringen	\N
742	DE	DE-16	Berlin	Berlin	Berlin	\N
743	DJ	DJ-01	Ali Sabieh	Ali Sabieh	Ali Sabieh	\N
744	DJ	DJ-04	Obock	Obock	Obock	\N
745	DJ	DJ-05	Tadjoura	Tadjoura	Tadjoura	\N
746	DJ	DJ-06	Dikhil	Dikhil	Dikhil	\N
747	DJ	DJ-07	Djibouti	Djibouti	Djibouti	\N
748	DJ	DJ-08	Arta	Arta	Arta	\N
749	DK	DK-17	Hovedstaden	Hovedstaden	Hovedstaden	\N
750	DK	DK-18	Midtjylland	Midtjylland	Midtjylland	\N
751	DK	DK-19	Nordjylland	Nordjylland	Nordjylland	\N
752	DK	DK-20	Sjelland	Sjelland	Sjelland	\N
753	DK	DK-21	Syddanmark	Syddanmark	Syddanmark	\N
754	DM	DM-02	Saint Andrew	Saint Andrew	Saint Andrew	\N
755	DM	DM-03	Saint David	Saint David	Saint David	\N
756	DM	DM-04	Saint George	Saint George	Saint George	\N
757	DM	DM-05	Saint John	Saint John	Saint John	\N
758	DM	DM-06	Saint Joseph	Saint Joseph	Saint Joseph	\N
759	DM	DM-07	Saint Luke	Saint Luke	Saint Luke	\N
760	DM	DM-08	Saint Mark	Saint Mark	Saint Mark	\N
761	DM	DM-09	Saint Patrick	Saint Patrick	Saint Patrick	\N
762	DM	DM-10	Saint Paul	Saint Paul	Saint Paul	\N
763	DM	DM-11	Saint Peter	Saint Peter	Saint Peter	\N
764	DO	DO-01	Azua	Azua	Azua	\N
765	DO	DO-02	Baoruco	Baoruco	Baoruco	\N
766	DO	DO-03	Barahona	Barahona	Barahona	\N
767	DO	DO-04	Dajabon	Dajabon	Dajabon	\N
768	DO	DO-05	Distrito Nacional	Distrito Nacional	Distrito Nacional	\N
769	DO	DO-06	Duarte	Duarte	Duarte	\N
770	DO	DO-08	Espaillat	Espaillat	Espaillat	\N
771	DO	DO-09	Independencia	Independencia	Independencia	\N
772	DO	DO-10	La Altagracia	La Altagracia	La Altagracia	\N
773	DO	DO-11	Elias Pina	Elias Pina	Elias Pina	\N
774	DO	DO-12	La Romana	La Romana	La Romana	\N
775	DO	DO-14	Maria Trinidad Sanchez	Maria Trinidad Sanchez	Maria Trinidad Sanchez	\N
776	DO	DO-15	Monte Cristi	Monte Cristi	Monte Cristi	\N
777	DO	DO-16	Pedernales	Pedernales	Pedernales	\N
778	DO	DO-17	Peravia	Peravia	Peravia	\N
779	DO	DO-18	Puerto Plata	Puerto Plata	Puerto Plata	\N
780	DO	DO-19	Salcedo	Salcedo	Salcedo	\N
781	DO	DO-20	Samana	Samana	Samana	\N
782	DO	DO-21	Sanchez Ramirez	Sanchez Ramirez	Sanchez Ramirez	\N
783	DO	DO-23	San Juan	San Juan	San Juan	\N
784	DO	DO-24	San Pedro De Macoris	San Pedro De Macoris	San Pedro De Macoris	\N
785	DO	DO-25	Santiago	Santiago	Santiago	\N
786	DO	DO-26	Santiago Rodriguez	Santiago Rodriguez	Santiago Rodriguez	\N
787	DO	DO-27	Valverde	Valverde	Valverde	\N
788	DO	DO-28	El Seibo	El Seibo	El Seibo	\N
789	DO	DO-29	Hato Mayor	Hato Mayor	Hato Mayor	\N
790	DO	DO-30	La Vega	La Vega	La Vega	\N
791	DO	DO-31	Monsenor Nouel	Monsenor Nouel	Monsenor Nouel	\N
792	DO	DO-32	Monte Plata	Monte Plata	Monte Plata	\N
793	DO	DO-33	San Cristobal	San Cristobal	San Cristobal	\N
794	DO	DO-34	Distrito Nacional	Distrito Nacional	Distrito Nacional	\N
795	DO	DO-35	Peravia	Peravia	Peravia	\N
796	DO	DO-36	San Jose de Ocoa	San Jose de Ocoa	San Jose de Ocoa	\N
797	DO	DO-37	Santo Domingo	Santo Domingo	Santo Domingo	\N
798	DZ	DZ-01	Alger	Alger	Alger	\N
799	DZ	DZ-03	Batna	Batna	Batna	\N
800	DZ	DZ-04	Constantine	Constantine	Constantine	\N
801	DZ	DZ-06	Medea	Medea	Medea	\N
802	DZ	DZ-07	Mostaganem	Mostaganem	Mostaganem	\N
803	DZ	DZ-09	Oran	Oran	Oran	\N
804	DZ	DZ-10	Saida	Saida	Saida	\N
805	DZ	DZ-12	Setif	Setif	Setif	\N
806	DZ	DZ-13	Tiaret	Tiaret	Tiaret	\N
807	DZ	DZ-14	Tizi Ouzou	Tizi Ouzou	Tizi Ouzou	\N
808	DZ	DZ-15	Tlemcen	Tlemcen	Tlemcen	\N
809	DZ	DZ-18	Bejaia	Bejaia	Bejaia	\N
810	DZ	DZ-19	Biskra	Biskra	Biskra	\N
811	DZ	DZ-20	Blida	Blida	Blida	\N
812	DZ	DZ-21	Bouira	Bouira	Bouira	\N
813	DZ	DZ-22	Djelfa	Djelfa	Djelfa	\N
814	DZ	DZ-23	Guelma	Guelma	Guelma	\N
815	DZ	DZ-24	Jijel	Jijel	Jijel	\N
816	DZ	DZ-25	Laghouat	Laghouat	Laghouat	\N
817	DZ	DZ-26	Mascara	Mascara	Mascara	\N
818	DZ	DZ-27	Msila	Msila	Msila	\N
819	DZ	DZ-29	Oum el Bouaghi	Oum el Bouaghi	Oum el Bouaghi	\N
820	DZ	DZ-30	Sidi Bel Abbes	Sidi Bel Abbes	Sidi Bel Abbes	\N
821	DZ	DZ-31	Skikda	Skikda	Skikda	\N
822	DZ	DZ-33	Tebessa	Tebessa	Tebessa	\N
823	DZ	DZ-34	Adrar	Adrar	Adrar	\N
824	DZ	DZ-35	Ain Defla	Ain Defla	Ain Defla	\N
825	DZ	DZ-36	Ain Temouchent	Ain Temouchent	Ain Temouchent	\N
826	DZ	DZ-37	Annaba	Annaba	Annaba	\N
827	DZ	DZ-38	Bechar	Bechar	Bechar	\N
828	DZ	DZ-39	Bordj Bou Arreridj	Bordj Bou Arreridj	Bordj Bou Arreridj	\N
829	DZ	DZ-40	Boumerdes	Boumerdes	Boumerdes	\N
830	DZ	DZ-41	Chlef	Chlef	Chlef	\N
831	DZ	DZ-42	El Bayadh	El Bayadh	El Bayadh	\N
832	DZ	DZ-43	El Oued	El Oued	El Oued	\N
833	DZ	DZ-44	El Tarf	El Tarf	El Tarf	\N
834	DZ	DZ-45	Ghardaia	Ghardaia	Ghardaia	\N
835	DZ	DZ-46	Illizi	Illizi	Illizi	\N
836	DZ	DZ-47	Khenchela	Khenchela	Khenchela	\N
837	DZ	DZ-48	Mila	Mila	Mila	\N
838	DZ	DZ-49	Naama	Naama	Naama	\N
839	DZ	DZ-50	Ouargla	Ouargla	Ouargla	\N
840	DZ	DZ-51	Relizane	Relizane	Relizane	\N
841	DZ	DZ-52	Souk Ahras	Souk Ahras	Souk Ahras	\N
842	DZ	DZ-53	Tamanghasset	Tamanghasset	Tamanghasset	\N
843	DZ	DZ-54	Tindouf	Tindouf	Tindouf	\N
844	DZ	DZ-55	Tipaza	Tipaza	Tipaza	\N
845	DZ	DZ-56	Tissemsilt	Tissemsilt	Tissemsilt	\N
846	EC	EC-01	Galapagos	Galapagos	Galapagos	\N
847	EC	EC-02	Azuay	Azuay	Azuay	\N
848	EC	EC-03	Bolivar	Bolivar	Bolivar	\N
849	EC	EC-04	Canar	Canar	Canar	\N
850	EC	EC-05	Carchi	Carchi	Carchi	\N
851	EC	EC-06	Chimborazo	Chimborazo	Chimborazo	\N
852	EC	EC-07	Cotopaxi	Cotopaxi	Cotopaxi	\N
853	EC	EC-08	El Oro	El Oro	El Oro	\N
854	EC	EC-09	Esmeraldas	Esmeraldas	Esmeraldas	\N
855	EC	EC-10	Guayas	Guayas	Guayas	\N
856	EC	EC-11	Imbabura	Imbabura	Imbabura	\N
857	EC	EC-12	Loja	Loja	Loja	\N
858	EC	EC-13	Los Rios	Los Rios	Los Rios	\N
859	EC	EC-14	Manabi	Manabi	Manabi	\N
860	EC	EC-15	Morona-Santiago	Morona-Santiago	Morona-Santiago	\N
861	EC	EC-17	Pastaza	Pastaza	Pastaza	\N
862	EC	EC-18	Pichincha	Pichincha	Pichincha	\N
863	EC	EC-19	Tungurahua	Tungurahua	Tungurahua	\N
864	EC	EC-20	Zamora-Chinchipe	Zamora-Chinchipe	Zamora-Chinchipe	\N
865	EC	EC-22	Sucumbios	Sucumbios	Sucumbios	\N
866	EC	EC-23	Napo	Napo	Napo	\N
867	EC	EC-24	Orellana	Orellana	Orellana	\N
868	EE	EE-01	Harjumaa	Harjumaa	Harjumaa	\N
869	EE	EE-02	Hiiumaa	Hiiumaa	Hiiumaa	\N
870	EE	EE-03	Ida-Virumaa	Ida-Virumaa	Ida-Virumaa	\N
871	EE	EE-04	Jarvamaa	Jarvamaa	Jarvamaa	\N
872	EE	EE-05	Jogevamaa	Jogevamaa	Jogevamaa	\N
873	EE	EE-06	Kohtla-Jarve	Kohtla-Jarve	Kohtla-Jarve	\N
874	EE	EE-07	Laanemaa	Laanemaa	Laanemaa	\N
875	EE	EE-08	Laane-Virumaa	Laane-Virumaa	Laane-Virumaa	\N
876	EE	EE-09	Narva	Narva	Narva	\N
877	EE	EE-10	Parnu	Parnu	Parnu	\N
878	EE	EE-11	Parnumaa	Parnumaa	Parnumaa	\N
879	EE	EE-12	Polvamaa	Polvamaa	Polvamaa	\N
880	EE	EE-13	Raplamaa	Raplamaa	Raplamaa	\N
881	EE	EE-14	Saaremaa	Saaremaa	Saaremaa	\N
882	EE	EE-15	Sillamae	Sillamae	Sillamae	\N
883	EE	EE-16	Tallinn	Tallinn	Tallinn	\N
884	EE	EE-17	Tartu	Tartu	Tartu	\N
885	EE	EE-18	Tartumaa	Tartumaa	Tartumaa	\N
886	EE	EE-19	Valgamaa	Valgamaa	Valgamaa	\N
887	EE	EE-20	Viljandimaa	Viljandimaa	Viljandimaa	\N
888	EE	EE-21	Vorumaa	Vorumaa	Vorumaa	\N
889	EG	EG-01	Ad Daqahliyah	Ad Daqahliyah	Ad Daqahliyah	\N
890	EG	EG-02	Al Bahr al Ahmar	Al Bahr al Ahmar	Al Bahr al Ahmar	\N
891	EG	EG-03	Al Buhayrah	Al Buhayrah	Al Buhayrah	\N
892	EG	EG-04	Al Fayyum	Al Fayyum	Al Fayyum	\N
893	EG	EG-05	Al Gharbiyah	Al Gharbiyah	Al Gharbiyah	\N
894	EG	EG-06	Al Iskandariyah	Al Iskandariyah	Al Iskandariyah	\N
895	EG	EG-07	Al Ismailiyah	Al Ismailiyah	Al Ismailiyah	\N
896	EG	EG-08	Al Jizah	Al Jizah	Al Jizah	\N
897	EG	EG-09	Al Minufiyah	Al Minufiyah	Al Minufiyah	\N
898	EG	EG-10	Al Minya	Al Minya	Al Minya	\N
899	EG	EG-11	Al Qahirah	Al Qahirah	Al Qahirah	\N
900	EG	EG-12	Al Qalyubiyah	Al Qalyubiyah	Al Qalyubiyah	\N
901	EG	EG-13	Al Wadi al Jadid	Al Wadi al Jadid	Al Wadi al Jadid	\N
902	EG	EG-14	Ash Sharqiyah	Ash Sharqiyah	Ash Sharqiyah	\N
903	EG	EG-15	As Suways	As Suways	As Suways	\N
904	EG	EG-16	Aswan	Aswan	Aswan	\N
905	EG	EG-17	Asyut	Asyut	Asyut	\N
906	EG	EG-18	Bani Suwayf	Bani Suwayf	Bani Suwayf	\N
907	EG	EG-19	Bur Said	Bur Said	Bur Said	\N
908	EG	EG-20	Dumyat	Dumyat	Dumyat	\N
909	EG	EG-21	Kafr ash Shaykh	Kafr ash Shaykh	Kafr ash Shaykh	\N
910	EG	EG-22	Matruh	Matruh	Matruh	\N
911	EG	EG-23	Qina	Qina	Qina	\N
912	EG	EG-24	Suhaj	Suhaj	Suhaj	\N
913	EG	EG-26	Janub Sina	Janub Sina	Janub Sina	\N
914	EG	EG-27	Shamal Sina	Shamal Sina	Shamal Sina	\N
915	EG	EG-28	Al Uqsur	Al Uqsur	Al Uqsur	\N
916	ER	ER-01	Anseba	Anseba	Anseba	\N
917	ER	ER-02	Debub	Debub	Debub	\N
918	ER	ER-03	Debubawi Keyih Bahri	Debubawi Keyih Bahri	Debubawi Keyih Bahri	\N
919	ER	ER-04	Gash Barka	Gash Barka	Gash Barka	\N
920	ER	ER-05	Maakel	Maakel	Maakel	\N
921	ER	ER-06	Semenawi Keyih Bahri	Semenawi Keyih Bahri	Semenawi Keyih Bahri	\N
922	ES	ES-07	Islas Baleares	Islas Baleares	Islas Baleares	\N
923	ES	ES-27	La Rioja	La Rioja	La Rioja	\N
924	ES	ES-29	Madrid	Madrid	Madrid	\N
925	ES	ES-31	Murcia	Murcia	Murcia	\N
926	ES	ES-32	Navarra	Navarra	Navarra	\N
927	ES	ES-34	Asturias	Asturias	Asturias	\N
928	ES	ES-39	Cantabria	Cantabria	Cantabria	\N
929	ES	ES-51	Andalucia	Andalucia	Andalucia	\N
930	ES	ES-52	Aragon	Aragon	Aragon	\N
931	ES	ES-53	Canarias	Canarias	Canarias	\N
932	ES	ES-54	Castilla-La Mancha	Castilla-La Mancha	Castilla-La Mancha	\N
933	ES	ES-55	Castilla y Leon	Castilla y Leon	Castilla y Leon	\N
934	ES	ES-56	Catalonia	Catalonia	Catalonia	\N
935	ES	ES-57	Extremadura	Extremadura	Extremadura	\N
936	ES	ES-58	Galicia	Galicia	Galicia	\N
937	ES	ES-59	Pais Vasco	Pais Vasco	Pais Vasco	\N
938	ES	ES-60	Comunidad Valenciana	Comunidad Valenciana	Comunidad Valenciana	\N
939	ET	ET-44	Adis Abeba	Adis Abeba	Adis Abeba	\N
940	ET	ET-45	Afar	Afar	Afar	\N
941	ET	ET-46	Amara	Amara	Amara	\N
942	ET	ET-47	Binshangul Gumuz	Binshangul Gumuz	Binshangul Gumuz	\N
943	ET	ET-48	Dire Dawa	Dire Dawa	Dire Dawa	\N
944	ET	ET-49	Gambela Hizboch	Gambela Hizboch	Gambela Hizboch	\N
945	ET	ET-50	Hareri Hizb	Hareri Hizb	Hareri Hizb	\N
946	ET	ET-51	Oromiya	Oromiya	Oromiya	\N
947	ET	ET-52	Sumale	Sumale	Sumale	\N
948	ET	ET-53	Tigray	Tigray	Tigray	\N
949	ET	ET-54	YeDebub Biheroch Bihereseboch na Hizboch	YeDebub Biheroch Bihereseboch na Hizboch	YeDebub Biheroch Bihereseboch na Hizboch	\N
950	FI	FI-01	Aland	Aland	Aland	\N
951	FI	FI-06	Lapland	Lapland	Lapland	\N
952	FI	FI-08	Oulu	Oulu	Oulu	\N
953	FI	FI-13	Southern Finland	Southern Finland	Southern Finland	\N
954	FI	FI-14	Eastern Finland	Eastern Finland	Eastern Finland	\N
955	FI	FI-15	Western Finland	Western Finland	Western Finland	\N
956	FJ	FJ-01	Central	Central	Central	\N
957	FJ	FJ-02	Eastern	Eastern	Eastern	\N
958	FJ	FJ-03	Northern	Northern	Northern	\N
959	FJ	FJ-04	Rotuma	Rotuma	Rotuma	\N
960	FJ	FJ-05	Western	Western	Western	\N
961	FM	FM-01	Kosrae	Kosrae	Kosrae	\N
962	FM	FM-02	Pohnpei	Pohnpei	Pohnpei	\N
963	FM	FM-03	Chuuk	Chuuk	Chuuk	\N
964	FM	FM-04	Yap	Yap	Yap	\N
965	FR	FR-97	Aquitaine	Aquitaine	Aquitaine	\N
966	FR	FR-98	Auvergne	Auvergne	Auvergne	\N
967	FR	FR-99	Basse-Normandie	Basse-Normandie	Basse-Normandie	\N
968	FR	FR-A1	Bourgogne	Bourgogne	Bourgogne	\N
969	FR	FR-A2	Bretagne	Bretagne	Bretagne	\N
970	FR	FR-A3	Centre	Centre	Centre	\N
971	FR	FR-A4	Champagne-Ardenne	Champagne-Ardenne	Champagne-Ardenne	\N
972	FR	FR-A5	Corse	Corse	Corse	\N
973	FR	FR-A6	Franche-Comte	Franche-Comte	Franche-Comte	\N
974	FR	FR-A7	Haute-Normandie	Haute-Normandie	Haute-Normandie	\N
975	FR	FR-A8	Ile-de-France	Ile-de-France	Ile-de-France	\N
976	FR	FR-A9	Languedoc-Roussillon	Languedoc-Roussillon	Languedoc-Roussillon	\N
977	FR	FR-B1	Limousin	Limousin	Limousin	\N
978	FR	FR-B2	Lorraine	Lorraine	Lorraine	\N
979	FR	FR-B3	Midi-Pyrenees	Midi-Pyrenees	Midi-Pyrenees	\N
980	FR	FR-B4	Nord-Pas-de-Calais	Nord-Pas-de-Calais	Nord-Pas-de-Calais	\N
981	FR	FR-B5	Pays de la Loire	Pays de la Loire	Pays de la Loire	\N
982	FR	FR-B6	Picardie	Picardie	Picardie	\N
983	FR	FR-B7	Poitou-Charentes	Poitou-Charentes	Poitou-Charentes	\N
984	FR	FR-B8	Provence-Alpes-Cote dAzur	Provence-Alpes-Cote dAzur	Provence-Alpes-Cote dAzur	\N
985	FR	FR-B9	Rhone-Alpes	Rhone-Alpes	Rhone-Alpes	\N
986	FR	FR-C1	Alsace	Alsace	Alsace	\N
987	GA	GA-01	Estuaire	Estuaire	Estuaire	\N
988	GA	GA-02	Haut-Ogooue	Haut-Ogooue	Haut-Ogooue	\N
989	GA	GA-03	Moyen-Ogooue	Moyen-Ogooue	Moyen-Ogooue	\N
990	GA	GA-04	Ngounie	Ngounie	Ngounie	\N
991	GA	GA-05	Nyanga	Nyanga	Nyanga	\N
992	GA	GA-06	Ogooue-Ivindo	Ogooue-Ivindo	Ogooue-Ivindo	\N
993	GA	GA-07	Ogooue-Lolo	Ogooue-Lolo	Ogooue-Lolo	\N
994	GA	GA-08	Ogooue-Maritime	Ogooue-Maritime	Ogooue-Maritime	\N
995	GA	GA-09	Woleu-Ntem	Woleu-Ntem	Woleu-Ntem	\N
996	GB	GB-A1	Barking and Dagenham	Barking and Dagenham	Barking and Dagenham	\N
997	GB	GB-A2	Barnet	Barnet	Barnet	\N
998	GB	GB-A3	Barnsley	Barnsley	Barnsley	\N
999	GB	GB-A4	Bath and North East Somerset	Bath and North East Somerset	Bath and North East Somerset	\N
1000	GB	GB-A5	Bedfordshire	Bedfordshire	Bedfordshire	\N
1001	GB	GB-A6	Bexley	Bexley	Bexley	\N
1002	GB	GB-A7	Birmingham	Birmingham	Birmingham	\N
1003	GB	GB-A8	Blackburn with Darwen	Blackburn with Darwen	Blackburn with Darwen	\N
1004	GB	GB-A9	Blackpool	Blackpool	Blackpool	\N
1005	GB	GB-B1	Bolton	Bolton	Bolton	\N
1006	GB	GB-B2	Bournemouth	Bournemouth	Bournemouth	\N
1007	GB	GB-B3	Bracknell Forest	Bracknell Forest	Bracknell Forest	\N
1008	GB	GB-B4	Bradford	Bradford	Bradford	\N
1009	GB	GB-B5	Brent	Brent	Brent	\N
1010	GB	GB-B6	Brighton and Hove	Brighton and Hove	Brighton and Hove	\N
1011	GB	GB-B7	Bristol, City of	Bristol, City of	Bristol, City of	\N
1012	GB	GB-B8	Bromley	Bromley	Bromley	\N
1013	GB	GB-B9	Buckinghamshire	Buckinghamshire	Buckinghamshire	\N
1014	GB	GB-C1	Bury	Bury	Bury	\N
1015	GB	GB-C2	Calderdale	Calderdale	Calderdale	\N
1016	GB	GB-C3	Cambridgeshire	Cambridgeshire	Cambridgeshire	\N
1017	GB	GB-C4	Camden	Camden	Camden	\N
1018	GB	GB-C5	Cheshire	Cheshire	Cheshire	\N
1019	GB	GB-C6	Cornwall	Cornwall	Cornwall	\N
1020	GB	GB-C7	Coventry	Coventry	Coventry	\N
1021	GB	GB-C8	Croydon	Croydon	Croydon	\N
1022	GB	GB-C9	Cumbria	Cumbria	Cumbria	\N
1023	GB	GB-D1	Darlington	Darlington	Darlington	\N
1024	GB	GB-D2	Derby	Derby	Derby	\N
1025	GB	GB-D3	Derbyshire	Derbyshire	Derbyshire	\N
1026	GB	GB-D4	Devon	Devon	Devon	\N
1027	GB	GB-D5	Doncaster	Doncaster	Doncaster	\N
1028	GB	GB-D6	Dorset	Dorset	Dorset	\N
1029	GB	GB-D7	Dudley	Dudley	Dudley	\N
1030	GB	GB-D8	Durham	Durham	Durham	\N
1031	GB	GB-D9	Ealing	Ealing	Ealing	\N
1032	GB	GB-E1	East Riding of Yorkshire	East Riding of Yorkshire	East Riding of Yorkshire	\N
1033	GB	GB-E2	East Sussex	East Sussex	East Sussex	\N
1034	GB	GB-E3	Enfield	Enfield	Enfield	\N
1035	GB	GB-E4	Essex	Essex	Essex	\N
1036	GB	GB-E5	Gateshead	Gateshead	Gateshead	\N
1037	GB	GB-E6	Gloucestershire	Gloucestershire	Gloucestershire	\N
1038	GB	GB-E7	Greenwich	Greenwich	Greenwich	\N
1039	GB	GB-E8	Hackney	Hackney	Hackney	\N
1040	GB	GB-E9	Halton	Halton	Halton	\N
1041	GB	GB-F1	Hammersmith and Fulham	Hammersmith and Fulham	Hammersmith and Fulham	\N
1042	GB	GB-F2	Hampshire	Hampshire	Hampshire	\N
1043	GB	GB-F3	Haringey	Haringey	Haringey	\N
1044	GB	GB-F4	Harrow	Harrow	Harrow	\N
1045	GB	GB-F5	Hartlepool	Hartlepool	Hartlepool	\N
1046	GB	GB-F6	Havering	Havering	Havering	\N
1047	GB	GB-F7	Herefordshire	Herefordshire	Herefordshire	\N
1048	GB	GB-F8	Hertford	Hertford	Hertford	\N
1049	GB	GB-F9	Hillingdon	Hillingdon	Hillingdon	\N
1050	GB	GB-G1	Hounslow	Hounslow	Hounslow	\N
1051	GB	GB-G2	Isle of Wight	Isle of Wight	Isle of Wight	\N
1052	GB	GB-G3	Islington	Islington	Islington	\N
1053	GB	GB-G4	Kensington and Chelsea	Kensington and Chelsea	Kensington and Chelsea	\N
1054	GB	GB-G5	Kent	Kent	Kent	\N
1055	GB	GB-G6	Kingston upon Hull, City of	Kingston upon Hull, City of	Kingston upon Hull, City of	\N
1056	GB	GB-G7	Kingston upon Thames	Kingston upon Thames	Kingston upon Thames	\N
1057	GB	GB-G8	Kirklees	Kirklees	Kirklees	\N
1058	GB	GB-G9	Knowsley	Knowsley	Knowsley	\N
1059	GB	GB-H1	Lambeth	Lambeth	Lambeth	\N
1060	GB	GB-H2	Lancashire	Lancashire	Lancashire	\N
1061	GB	GB-H3	Leeds	Leeds	Leeds	\N
1062	GB	GB-H4	Leicester	Leicester	Leicester	\N
1063	GB	GB-H5	Leicestershire	Leicestershire	Leicestershire	\N
1064	GB	GB-H6	Lewisham	Lewisham	Lewisham	\N
1065	GB	GB-H7	Lincolnshire	Lincolnshire	Lincolnshire	\N
1066	GB	GB-H8	Liverpool	Liverpool	Liverpool	\N
1067	GB	GB-H9	London, City of	London, City of	London, City of	\N
1068	GB	GB-I1	Luton	Luton	Luton	\N
1069	GB	GB-I2	Manchester	Manchester	Manchester	\N
1070	GB	GB-I3	Medway	Medway	Medway	\N
1071	GB	GB-I4	Merton	Merton	Merton	\N
1072	GB	GB-I5	Middlesbrough	Middlesbrough	Middlesbrough	\N
1073	GB	GB-I6	Milton Keynes	Milton Keynes	Milton Keynes	\N
1074	GB	GB-I7	Newcastle upon Tyne	Newcastle upon Tyne	Newcastle upon Tyne	\N
1075	GB	GB-I8	Newham	Newham	Newham	\N
1076	GB	GB-I9	Norfolk	Norfolk	Norfolk	\N
1077	GB	GB-J1	Northamptonshire	Northamptonshire	Northamptonshire	\N
1078	GB	GB-J2	North East Lincolnshire	North East Lincolnshire	North East Lincolnshire	\N
1079	GB	GB-J3	North Lincolnshire	North Lincolnshire	North Lincolnshire	\N
1080	GB	GB-J4	North Somerset	North Somerset	North Somerset	\N
1081	GB	GB-J5	North Tyneside	North Tyneside	North Tyneside	\N
1082	GB	GB-J6	Northumberland	Northumberland	Northumberland	\N
1083	GB	GB-J7	North Yorkshire	North Yorkshire	North Yorkshire	\N
1084	GB	GB-J8	Nottingham	Nottingham	Nottingham	\N
1085	GB	GB-J9	Nottinghamshire	Nottinghamshire	Nottinghamshire	\N
1086	GB	GB-K1	Oldham	Oldham	Oldham	\N
1087	GB	GB-K2	Oxfordshire	Oxfordshire	Oxfordshire	\N
1088	GB	GB-K3	Peterborough	Peterborough	Peterborough	\N
1089	GB	GB-K4	Plymouth	Plymouth	Plymouth	\N
1090	GB	GB-K5	Poole	Poole	Poole	\N
1091	GB	GB-K6	Portsmouth	Portsmouth	Portsmouth	\N
1092	GB	GB-K7	Reading	Reading	Reading	\N
1093	GB	GB-K8	Redbridge	Redbridge	Redbridge	\N
1094	GB	GB-K9	Redcar and Cleveland	Redcar and Cleveland	Redcar and Cleveland	\N
1095	GB	GB-L1	Richmond upon Thames	Richmond upon Thames	Richmond upon Thames	\N
1096	GB	GB-L2	Rochdale	Rochdale	Rochdale	\N
1097	GB	GB-L3	Rotherham	Rotherham	Rotherham	\N
1098	GB	GB-L4	Rutland	Rutland	Rutland	\N
1099	GB	GB-L5	Salford	Salford	Salford	\N
1100	GB	GB-L6	Shropshire	Shropshire	Shropshire	\N
1101	GB	GB-L7	Sandwell	Sandwell	Sandwell	\N
1102	GB	GB-L8	Sefton	Sefton	Sefton	\N
1103	GB	GB-L9	Sheffield	Sheffield	Sheffield	\N
1104	GB	GB-M1	Slough	Slough	Slough	\N
1105	GB	GB-M2	Solihull	Solihull	Solihull	\N
1106	GB	GB-M3	Somerset	Somerset	Somerset	\N
1107	GB	GB-M4	Southampton	Southampton	Southampton	\N
1108	GB	GB-M5	Southend-on-Sea	Southend-on-Sea	Southend-on-Sea	\N
1109	GB	GB-M6	South Gloucestershire	South Gloucestershire	South Gloucestershire	\N
1110	GB	GB-M7	South Tyneside	South Tyneside	South Tyneside	\N
1111	GB	GB-M8	Southwark	Southwark	Southwark	\N
1112	GB	GB-M9	Staffordshire	Staffordshire	Staffordshire	\N
1113	GB	GB-N1	St. Helens	St. Helens	St. Helens	\N
1114	GB	GB-N2	Stockport	Stockport	Stockport	\N
1115	GB	GB-N3	Stockton-on-Tees	Stockton-on-Tees	Stockton-on-Tees	\N
1116	GB	GB-N4	Stoke-on-Trent	Stoke-on-Trent	Stoke-on-Trent	\N
1117	GB	GB-N5	Suffolk	Suffolk	Suffolk	\N
1118	GB	GB-N6	Sunderland	Sunderland	Sunderland	\N
1119	GB	GB-N7	Surrey	Surrey	Surrey	\N
1120	GB	GB-N8	Sutton	Sutton	Sutton	\N
1121	GB	GB-N9	Swindon	Swindon	Swindon	\N
1122	GB	GB-O1	Tameside	Tameside	Tameside	\N
1123	GB	GB-O2	Telford and Wrekin	Telford and Wrekin	Telford and Wrekin	\N
1124	GB	GB-O3	Thurrock	Thurrock	Thurrock	\N
1125	GB	GB-O4	Torbay	Torbay	Torbay	\N
1126	GB	GB-O5	Tower Hamlets	Tower Hamlets	Tower Hamlets	\N
1127	GB	GB-O6	Trafford	Trafford	Trafford	\N
1128	GB	GB-O7	Wakefield	Wakefield	Wakefield	\N
1129	GB	GB-O8	Walsall	Walsall	Walsall	\N
1130	GB	GB-O9	Waltham Forest	Waltham Forest	Waltham Forest	\N
1131	GB	GB-P1	Wandsworth	Wandsworth	Wandsworth	\N
1132	GB	GB-P2	Warrington	Warrington	Warrington	\N
1133	GB	GB-P3	Warwickshire	Warwickshire	Warwickshire	\N
1134	GB	GB-P4	West Berkshire	West Berkshire	West Berkshire	\N
1135	GB	GB-P5	Westminster	Westminster	Westminster	\N
1136	GB	GB-P6	West Sussex	West Sussex	West Sussex	\N
1137	GB	GB-P7	Wigan	Wigan	Wigan	\N
1138	GB	GB-P8	Wiltshire	Wiltshire	Wiltshire	\N
1139	GB	GB-P9	Windsor and Maidenhead	Windsor and Maidenhead	Windsor and Maidenhead	\N
1140	GB	GB-Q1	Wirral	Wirral	Wirral	\N
1141	GB	GB-Q2	Wokingham	Wokingham	Wokingham	\N
1142	GB	GB-Q3	Wolverhampton	Wolverhampton	Wolverhampton	\N
1143	GB	GB-Q4	Worcestershire	Worcestershire	Worcestershire	\N
1144	GB	GB-Q5	York	York	York	\N
1145	GB	GB-Q6	Antrim	Antrim	Antrim	\N
1146	GB	GB-Q7	Ards	Ards	Ards	\N
1147	GB	GB-Q8	Armagh	Armagh	Armagh	\N
1148	GB	GB-Q9	Ballymena	Ballymena	Ballymena	\N
1149	GB	GB-R1	Ballymoney	Ballymoney	Ballymoney	\N
1150	GB	GB-R2	Banbridge	Banbridge	Banbridge	\N
1151	GB	GB-R3	Belfast	Belfast	Belfast	\N
1152	GB	GB-R4	Carrickfergus	Carrickfergus	Carrickfergus	\N
1153	GB	GB-R5	Castlereagh	Castlereagh	Castlereagh	\N
1154	GB	GB-R6	Coleraine	Coleraine	Coleraine	\N
1155	GB	GB-R7	Cookstown	Cookstown	Cookstown	\N
1156	GB	GB-R8	Craigavon	Craigavon	Craigavon	\N
1157	GB	GB-R9	Down	Down	Down	\N
1158	GB	GB-S1	Dungannon	Dungannon	Dungannon	\N
1159	GB	GB-S2	Fermanagh	Fermanagh	Fermanagh	\N
1160	GB	GB-S3	Larne	Larne	Larne	\N
1161	GB	GB-S4	Limavady	Limavady	Limavady	\N
1162	GB	GB-S5	Lisburn	Lisburn	Lisburn	\N
1163	GB	GB-S6	Derry	Derry	Derry	\N
1164	GB	GB-S7	Magherafelt	Magherafelt	Magherafelt	\N
1165	GB	GB-S8	Moyle	Moyle	Moyle	\N
1166	GB	GB-S9	Newry and Mourne	Newry and Mourne	Newry and Mourne	\N
1167	GB	GB-T1	Newtownabbey	Newtownabbey	Newtownabbey	\N
1168	GB	GB-T2	North Down	North Down	North Down	\N
1169	GB	GB-T3	Omagh	Omagh	Omagh	\N
1170	GB	GB-T4	Strabane	Strabane	Strabane	\N
1171	GB	GB-T5	Aberdeen City	Aberdeen City	Aberdeen City	\N
1172	GB	GB-T6	Aberdeenshire	Aberdeenshire	Aberdeenshire	\N
1173	GB	GB-T7	Angus	Angus	Angus	\N
1174	GB	GB-T8	Argyll and Bute	Argyll and Bute	Argyll and Bute	\N
1175	GB	GB-T9	Scottish Borders, The	Scottish Borders, The	Scottish Borders, The	\N
1176	GB	GB-U1	Clackmannanshire	Clackmannanshire	Clackmannanshire	\N
1177	GB	GB-U2	Dumfries and Galloway	Dumfries and Galloway	Dumfries and Galloway	\N
1178	GB	GB-U3	Dundee City	Dundee City	Dundee City	\N
1179	GB	GB-U4	East Ayrshire	East Ayrshire	East Ayrshire	\N
1180	GB	GB-U5	East Dunbartonshire	East Dunbartonshire	East Dunbartonshire	\N
1181	GB	GB-U6	East Lothian	East Lothian	East Lothian	\N
1182	GB	GB-U7	East Renfrewshire	East Renfrewshire	East Renfrewshire	\N
1183	GB	GB-U8	Edinburgh, City of	Edinburgh, City of	Edinburgh, City of	\N
1184	GB	GB-U9	Falkirk	Falkirk	Falkirk	\N
1185	GB	GB-V1	Fife	Fife	Fife	\N
1186	GB	GB-V2	Glasgow City	Glasgow City	Glasgow City	\N
1187	GB	GB-V3	Highland	Highland	Highland	\N
1188	GB	GB-V4	Inverclyde	Inverclyde	Inverclyde	\N
1189	GB	GB-V5	Midlothian	Midlothian	Midlothian	\N
1190	GB	GB-V6	Moray	Moray	Moray	\N
1191	GB	GB-V7	North Ayrshire	North Ayrshire	North Ayrshire	\N
1192	GB	GB-V8	North Lanarkshire	North Lanarkshire	North Lanarkshire	\N
1193	GB	GB-V9	Orkney	Orkney	Orkney	\N
1194	GB	GB-W1	Perth and Kinross	Perth and Kinross	Perth and Kinross	\N
1195	GB	GB-W2	Renfrewshire	Renfrewshire	Renfrewshire	\N
1196	GB	GB-W3	Shetland Islands	Shetland Islands	Shetland Islands	\N
1197	GB	GB-W4	South Ayrshire	South Ayrshire	South Ayrshire	\N
1198	GB	GB-W5	South Lanarkshire	South Lanarkshire	South Lanarkshire	\N
1199	GB	GB-W6	Stirling	Stirling	Stirling	\N
1200	GB	GB-W7	West Dunbartonshire	West Dunbartonshire	West Dunbartonshire	\N
1201	GB	GB-W8	Eilean Siar	Eilean Siar	Eilean Siar	\N
1202	GB	GB-W9	West Lothian	West Lothian	West Lothian	\N
1203	GB	GB-X1	Isle of Anglesey	Isle of Anglesey	Isle of Anglesey	\N
1204	GB	GB-X2	Blaenau Gwent	Blaenau Gwent	Blaenau Gwent	\N
1205	GB	GB-X3	Bridgend	Bridgend	Bridgend	\N
1206	GB	GB-X4	Caerphilly	Caerphilly	Caerphilly	\N
1207	GB	GB-X5	Cardiff	Cardiff	Cardiff	\N
1208	GB	GB-X6	Ceredigion	Ceredigion	Ceredigion	\N
1209	GB	GB-X7	Carmarthenshire	Carmarthenshire	Carmarthenshire	\N
1210	GB	GB-X8	Conwy	Conwy	Conwy	\N
1211	GB	GB-X9	Denbighshire	Denbighshire	Denbighshire	\N
1212	GB	GB-Y1	Flintshire	Flintshire	Flintshire	\N
1213	GB	GB-Y2	Gwynedd	Gwynedd	Gwynedd	\N
1214	GB	GB-Y3	Merthyr Tydfil	Merthyr Tydfil	Merthyr Tydfil	\N
1215	GB	GB-Y4	Monmouthshire	Monmouthshire	Monmouthshire	\N
1216	GB	GB-Y5	Neath Port Talbot	Neath Port Talbot	Neath Port Talbot	\N
1217	GB	GB-Y6	Newport	Newport	Newport	\N
1218	GB	GB-Y7	Pembrokeshire	Pembrokeshire	Pembrokeshire	\N
1219	GB	GB-Y8	Powys	Powys	Powys	\N
1220	GB	GB-Y9	Rhondda Cynon Taff	Rhondda Cynon Taff	Rhondda Cynon Taff	\N
1221	GB	GB-Z1	Swansea	Swansea	Swansea	\N
1222	GB	GB-Z2	Torfaen	Torfaen	Torfaen	\N
1223	GB	GB-Z3	Vale of Glamorgan, The	Vale of Glamorgan, The	Vale of Glamorgan, The	\N
1224	GB	GB-Z4	Wrexham	Wrexham	Wrexham	\N
1225	GB	GB-Z5	Bedfordshire	Bedfordshire	Bedfordshire	\N
1226	GB	GB-Z6	Central Bedfordshire	Central Bedfordshire	Central Bedfordshire	\N
1227	GB	GB-Z7	Cheshire East	Cheshire East	Cheshire East	\N
1228	GB	GB-Z8	Cheshire West and Chester	Cheshire West and Chester	Cheshire West and Chester	\N
1229	GB	GB-Z9	Isles of Scilly	Isles of Scilly	Isles of Scilly	\N
1230	GD	GD-01	Saint Andrew	Saint Andrew	Saint Andrew	\N
1231	GD	GD-02	Saint David	Saint David	Saint David	\N
1232	GD	GD-03	Saint George	Saint George	Saint George	\N
1233	GD	GD-04	Saint John	Saint John	Saint John	\N
1234	GD	GD-05	Saint Mark	Saint Mark	Saint Mark	\N
1235	GD	GD-06	Saint Patrick	Saint Patrick	Saint Patrick	\N
1236	GE	GE-01	Abashis Raioni	Abashis Raioni	Abashis Raioni	\N
1237	GE	GE-02	Abkhazia	Abkhazia	Abkhazia	\N
1238	GE	GE-03	Adigenis Raioni	Adigenis Raioni	Adigenis Raioni	\N
1239	GE	GE-04	Ajaria	Ajaria	Ajaria	\N
1240	GE	GE-05	Akhalgoris Raioni	Akhalgoris Raioni	Akhalgoris Raioni	\N
1241	GE	GE-06	Akhalkalakis Raioni	Akhalkalakis Raioni	Akhalkalakis Raioni	\N
1242	GE	GE-07	Akhaltsikhis Raioni	Akhaltsikhis Raioni	Akhaltsikhis Raioni	\N
1243	GE	GE-08	Akhmetis Raioni	Akhmetis Raioni	Akhmetis Raioni	\N
1244	GE	GE-09	Ambrolauris Raioni	Ambrolauris Raioni	Ambrolauris Raioni	\N
1245	GE	GE-10	Aspindzis Raioni	Aspindzis Raioni	Aspindzis Raioni	\N
1246	GE	GE-11	Baghdatis Raioni	Baghdatis Raioni	Baghdatis Raioni	\N
1247	GE	GE-12	Bolnisis Raioni	Bolnisis Raioni	Bolnisis Raioni	\N
1248	GE	GE-13	Borjomis Raioni	Borjomis Raioni	Borjomis Raioni	\N
1249	GE	GE-14	Chiatura	Chiatura	Chiatura	\N
1250	GE	GE-15	Chkhorotsqus Raioni	Chkhorotsqus Raioni	Chkhorotsqus Raioni	\N
1251	GE	GE-16	Chokhatauris Raioni	Chokhatauris Raioni	Chokhatauris Raioni	\N
1252	GE	GE-17	Dedoplistsqaros Raioni	Dedoplistsqaros Raioni	Dedoplistsqaros Raioni	\N
1253	GE	GE-18	Dmanisis Raioni	Dmanisis Raioni	Dmanisis Raioni	\N
1254	GE	GE-19	Dushetis Raioni	Dushetis Raioni	Dushetis Raioni	\N
1255	GE	GE-20	Gardabanis Raioni	Gardabanis Raioni	Gardabanis Raioni	\N
1256	GE	GE-21	Gori	Gori	Gori	\N
1257	GE	GE-22	Goris Raioni	Goris Raioni	Goris Raioni	\N
1258	GE	GE-23	Gurjaanis Raioni	Gurjaanis Raioni	Gurjaanis Raioni	\N
1259	GE	GE-24	Javis Raioni	Javis Raioni	Javis Raioni	\N
1260	GE	GE-25	Karelis Raioni	Karelis Raioni	Karelis Raioni	\N
1261	GE	GE-26	Kaspis Raioni	Kaspis Raioni	Kaspis Raioni	\N
1262	GE	GE-27	Kharagaulis Raioni	Kharagaulis Raioni	Kharagaulis Raioni	\N
1263	GE	GE-28	Khashuris Raioni	Khashuris Raioni	Khashuris Raioni	\N
1264	GE	GE-29	Khobis Raioni	Khobis Raioni	Khobis Raioni	\N
1265	GE	GE-30	Khonis Raioni	Khonis Raioni	Khonis Raioni	\N
1266	GE	GE-31	Kutaisi	Kutaisi	Kutaisi	\N
1267	GE	GE-32	Lagodekhis Raioni	Lagodekhis Raioni	Lagodekhis Raioni	\N
1268	GE	GE-33	Lanchkhutis Raioni	Lanchkhutis Raioni	Lanchkhutis Raioni	\N
1269	GE	GE-34	Lentekhis Raioni	Lentekhis Raioni	Lentekhis Raioni	\N
1270	GE	GE-35	Marneulis Raioni	Marneulis Raioni	Marneulis Raioni	\N
1271	GE	GE-36	Martvilis Raioni	Martvilis Raioni	Martvilis Raioni	\N
1272	GE	GE-37	Mestiis Raioni	Mestiis Raioni	Mestiis Raioni	\N
1273	GE	GE-38	Mtskhetis Raioni	Mtskhetis Raioni	Mtskhetis Raioni	\N
1274	GE	GE-39	Ninotsmindis Raioni	Ninotsmindis Raioni	Ninotsmindis Raioni	\N
1275	GE	GE-40	Onis Raioni	Onis Raioni	Onis Raioni	\N
1276	GE	GE-41	Ozurgetis Raioni	Ozurgetis Raioni	Ozurgetis Raioni	\N
1277	GE	GE-42	Poti	Poti	Poti	\N
1278	GE	GE-43	Qazbegis Raioni	Qazbegis Raioni	Qazbegis Raioni	\N
1279	GE	GE-44	Qvarlis Raioni	Qvarlis Raioni	Qvarlis Raioni	\N
1280	GE	GE-45	Rustavi	Rustavi	Rustavi	\N
1281	GE	GE-46	Sachkheris Raioni	Sachkheris Raioni	Sachkheris Raioni	\N
1282	GE	GE-47	Sagarejos Raioni	Sagarejos Raioni	Sagarejos Raioni	\N
1283	GE	GE-48	Samtrediis Raioni	Samtrediis Raioni	Samtrediis Raioni	\N
1284	GE	GE-49	Senakis Raioni	Senakis Raioni	Senakis Raioni	\N
1285	GE	GE-50	Sighnaghis Raioni	Sighnaghis Raioni	Sighnaghis Raioni	\N
1286	GE	GE-51	Tbilisi	Tbilisi	Tbilisi	\N
1287	GE	GE-52	Telavis Raioni	Telavis Raioni	Telavis Raioni	\N
1288	GE	GE-53	Terjolis Raioni	Terjolis Raioni	Terjolis Raioni	\N
1289	GE	GE-54	Tetritsqaros Raioni	Tetritsqaros Raioni	Tetritsqaros Raioni	\N
1290	GE	GE-55	Tianetis Raioni	Tianetis Raioni	Tianetis Raioni	\N
1291	GE	GE-56	Tqibuli	Tqibuli	Tqibuli	\N
1292	GE	GE-57	Tsageris Raioni	Tsageris Raioni	Tsageris Raioni	\N
1293	GE	GE-58	Tsalenjikhis Raioni	Tsalenjikhis Raioni	Tsalenjikhis Raioni	\N
1294	GE	GE-59	Tsalkis Raioni	Tsalkis Raioni	Tsalkis Raioni	\N
1295	GE	GE-60	Tsqaltubo	Tsqaltubo	Tsqaltubo	\N
1296	GE	GE-61	Vanis Raioni	Vanis Raioni	Vanis Raioni	\N
1297	GE	GE-62	Zestaponis Raioni	Zestaponis Raioni	Zestaponis Raioni	\N
1298	GE	GE-63	Zugdidi	Zugdidi	Zugdidi	\N
1299	GE	GE-64	Zugdidis Raioni	Zugdidis Raioni	Zugdidis Raioni	\N
1300	GH	GH-01	Greater Accra	Greater Accra	Greater Accra	\N
1301	GH	GH-02	Ashanti	Ashanti	Ashanti	\N
1302	GH	GH-03	Brong-Ahafo	Brong-Ahafo	Brong-Ahafo	\N
1303	GH	GH-04	Central	Central	Central	\N
1304	GH	GH-05	Eastern	Eastern	Eastern	\N
1305	GH	GH-06	Northern	Northern	Northern	\N
1306	GH	GH-08	Volta	Volta	Volta	\N
1307	GH	GH-09	Western	Western	Western	\N
1308	GH	GH-10	Upper East	Upper East	Upper East	\N
1309	GH	GH-11	Upper West	Upper West	Upper West	\N
1310	GL	GL-01	Nordgronland	Nordgronland	Nordgronland	\N
1311	GL	GL-02	Ostgronland	Ostgronland	Ostgronland	\N
1312	GL	GL-03	Vestgronland	Vestgronland	Vestgronland	\N
1313	GM	GM-01	Banjul	Banjul	Banjul	\N
1314	GM	GM-02	Lower River	Lower River	Lower River	\N
1315	GM	GM-03	Central River	Central River	Central River	\N
1316	GM	GM-04	Upper River	Upper River	Upper River	\N
1317	GM	GM-05	Western	Western	Western	\N
1318	GM	GM-07	North Bank	North Bank	North Bank	\N
1319	GN	GN-01	Beyla	Beyla	Beyla	\N
1320	GN	GN-02	Boffa	Boffa	Boffa	\N
1321	GN	GN-03	Boke	Boke	Boke	\N
1322	GN	GN-04	Conakry	Conakry	Conakry	\N
1323	GN	GN-05	Dabola	Dabola	Dabola	\N
1324	GN	GN-06	Dalaba	Dalaba	Dalaba	\N
1325	GN	GN-07	Dinguiraye	Dinguiraye	Dinguiraye	\N
1326	GN	GN-09	Faranah	Faranah	Faranah	\N
1327	GN	GN-10	Forecariah	Forecariah	Forecariah	\N
1328	GN	GN-11	Fria	Fria	Fria	\N
1329	GN	GN-12	Gaoual	Gaoual	Gaoual	\N
1330	GN	GN-13	Gueckedou	Gueckedou	Gueckedou	\N
1331	GN	GN-15	Kerouane	Kerouane	Kerouane	\N
1332	GN	GN-16	Kindia	Kindia	Kindia	\N
1333	GN	GN-17	Kissidougou	Kissidougou	Kissidougou	\N
1334	GN	GN-18	Koundara	Koundara	Koundara	\N
1335	GN	GN-19	Kouroussa	Kouroussa	Kouroussa	\N
1336	GN	GN-21	Macenta	Macenta	Macenta	\N
1337	GN	GN-22	Mali	Mali	Mali	\N
1338	GN	GN-23	Mamou	Mamou	Mamou	\N
1339	GN	GN-25	Pita	Pita	Pita	\N
1340	GN	GN-27	Telimele	Telimele	Telimele	\N
1341	GN	GN-28	Tougue	Tougue	Tougue	\N
1342	GN	GN-29	Yomou	Yomou	Yomou	\N
1343	GN	GN-30	Coyah	Coyah	Coyah	\N
1344	GN	GN-31	Dubreka	Dubreka	Dubreka	\N
1345	GN	GN-32	Kankan	Kankan	Kankan	\N
1346	GN	GN-33	Koubia	Koubia	Koubia	\N
1347	GN	GN-34	Labe	Labe	Labe	\N
1348	GN	GN-35	Lelouma	Lelouma	Lelouma	\N
1349	GN	GN-36	Lola	Lola	Lola	\N
1350	GN	GN-37	Mandiana	Mandiana	Mandiana	\N
1351	GN	GN-38	Nzerekore	Nzerekore	Nzerekore	\N
1352	GN	GN-39	Siguiri	Siguiri	Siguiri	\N
1353	GQ	GQ-03	Annobon	Annobon	Annobon	\N
1354	GQ	GQ-04	Bioko Norte	Bioko Norte	Bioko Norte	\N
1355	GQ	GQ-05	Bioko Sur	Bioko Sur	Bioko Sur	\N
1356	GQ	GQ-06	Centro Sur	Centro Sur	Centro Sur	\N
1357	GQ	GQ-07	Kie-Ntem	Kie-Ntem	Kie-Ntem	\N
1358	GQ	GQ-08	Litoral	Litoral	Litoral	\N
1359	GQ	GQ-09	Wele-Nzas	Wele-Nzas	Wele-Nzas	\N
1360	GR	GR-01	Evros	Evros	Evros	\N
1361	GR	GR-02	Rodhopi	Rodhopi	Rodhopi	\N
1362	GR	GR-03	Xanthi	Xanthi	Xanthi	\N
1363	GR	GR-04	Drama	Drama	Drama	\N
1364	GR	GR-05	Serrai	Serrai	Serrai	\N
1365	GR	GR-06	Kilkis	Kilkis	Kilkis	\N
1366	GR	GR-07	Pella	Pella	Pella	\N
1367	GR	GR-08	Florina	Florina	Florina	\N
1368	GR	GR-09	Kastoria	Kastoria	Kastoria	\N
1369	GR	GR-10	Grevena	Grevena	Grevena	\N
1370	GR	GR-11	Kozani	Kozani	Kozani	\N
1371	GR	GR-12	Imathia	Imathia	Imathia	\N
1372	GR	GR-13	Thessaloniki	Thessaloniki	Thessaloniki	\N
1373	GR	GR-14	Kavala	Kavala	Kavala	\N
1374	GR	GR-15	Khalkidhiki	Khalkidhiki	Khalkidhiki	\N
1375	GR	GR-16	Pieria	Pieria	Pieria	\N
1376	GR	GR-17	Ioannina	Ioannina	Ioannina	\N
1377	GR	GR-18	Thesprotia	Thesprotia	Thesprotia	\N
1378	GR	GR-19	Preveza	Preveza	Preveza	\N
1379	GR	GR-20	Arta	Arta	Arta	\N
1380	GR	GR-21	Larisa	Larisa	Larisa	\N
1381	GR	GR-22	Trikala	Trikala	Trikala	\N
1382	GR	GR-23	Kardhitsa	Kardhitsa	Kardhitsa	\N
1383	GR	GR-24	Magnisia	Magnisia	Magnisia	\N
1384	GR	GR-25	Kerkira	Kerkira	Kerkira	\N
1385	GR	GR-26	Levkas	Levkas	Levkas	\N
1386	GR	GR-27	Kefallinia	Kefallinia	Kefallinia	\N
1387	GR	GR-28	Zakinthos	Zakinthos	Zakinthos	\N
1388	GR	GR-29	Fthiotis	Fthiotis	Fthiotis	\N
1389	GR	GR-30	Evritania	Evritania	Evritania	\N
1390	GR	GR-31	Aitolia kai Akarnania	Aitolia kai Akarnania	Aitolia kai Akarnania	\N
1391	GR	GR-32	Fokis	Fokis	Fokis	\N
1392	GR	GR-33	Voiotia	Voiotia	Voiotia	\N
1393	GR	GR-34	Evvoia	Evvoia	Evvoia	\N
1394	GR	GR-35	Attiki	Attiki	Attiki	\N
1395	GR	GR-36	Argolis	Argolis	Argolis	\N
1396	GR	GR-37	Korinthia	Korinthia	Korinthia	\N
1397	GR	GR-38	Akhaia	Akhaia	Akhaia	\N
1398	GR	GR-39	Ilia	Ilia	Ilia	\N
1399	GR	GR-40	Messinia	Messinia	Messinia	\N
1400	GR	GR-41	Arkadhia	Arkadhia	Arkadhia	\N
1401	GR	GR-42	Lakonia	Lakonia	Lakonia	\N
1402	GR	GR-43	Khania	Khania	Khania	\N
1403	GR	GR-44	Rethimni	Rethimni	Rethimni	\N
1404	GR	GR-45	Iraklion	Iraklion	Iraklion	\N
1405	GR	GR-46	Lasithi	Lasithi	Lasithi	\N
1406	GR	GR-47	Dhodhekanisos	Dhodhekanisos	Dhodhekanisos	\N
1407	GR	GR-48	Samos	Samos	Samos	\N
1408	GR	GR-49	Kikladhes	Kikladhes	Kikladhes	\N
1409	GR	GR-50	Khios	Khios	Khios	\N
1410	GR	GR-51	Lesvos	Lesvos	Lesvos	\N
1411	GT	GT-01	Alta Verapaz	Alta Verapaz	Alta Verapaz	\N
1412	GT	GT-02	Baja Verapaz	Baja Verapaz	Baja Verapaz	\N
1413	GT	GT-03	Chimaltenango	Chimaltenango	Chimaltenango	\N
1414	GT	GT-04	Chiquimula	Chiquimula	Chiquimula	\N
1415	GT	GT-05	El Progreso	El Progreso	El Progreso	\N
1416	GT	GT-06	Escuintla	Escuintla	Escuintla	\N
1417	GT	GT-07	Guatemala	Guatemala	Guatemala	\N
1418	GT	GT-08	Huehuetenango	Huehuetenango	Huehuetenango	\N
1419	GT	GT-09	Izabal	Izabal	Izabal	\N
1420	GT	GT-10	Jalapa	Jalapa	Jalapa	\N
1421	GT	GT-11	Jutiapa	Jutiapa	Jutiapa	\N
1422	GT	GT-12	Peten	Peten	Peten	\N
1423	GT	GT-13	Quetzaltenango	Quetzaltenango	Quetzaltenango	\N
1424	GT	GT-14	Quiche	Quiche	Quiche	\N
1425	GT	GT-15	Retalhuleu	Retalhuleu	Retalhuleu	\N
1426	GT	GT-16	Sacatepequez	Sacatepequez	Sacatepequez	\N
1427	GT	GT-17	San Marcos	San Marcos	San Marcos	\N
1428	GT	GT-18	Santa Rosa	Santa Rosa	Santa Rosa	\N
1429	GT	GT-19	Solola	Solola	Solola	\N
1430	GT	GT-20	Suchitepequez	Suchitepequez	Suchitepequez	\N
1431	GT	GT-21	Totonicapan	Totonicapan	Totonicapan	\N
1432	GT	GT-22	Zacapa	Zacapa	Zacapa	\N
1433	GW	GW-01	Bafata	Bafata	Bafata	\N
1434	GW	GW-02	Quinara	Quinara	Quinara	\N
1435	GW	GW-04	Oio	Oio	Oio	\N
1436	GW	GW-05	Bolama	Bolama	Bolama	\N
1437	GW	GW-06	Cacheu	Cacheu	Cacheu	\N
1438	GW	GW-07	Tombali	Tombali	Tombali	\N
1439	GW	GW-10	Gabu	Gabu	Gabu	\N
1440	GW	GW-11	Bissau	Bissau	Bissau	\N
1441	GW	GW-12	Biombo	Biombo	Biombo	\N
1442	GY	GY-10	Barima-Waini	Barima-Waini	Barima-Waini	\N
1443	GY	GY-11	Cuyuni-Mazaruni	Cuyuni-Mazaruni	Cuyuni-Mazaruni	\N
1444	GY	GY-12	Demerara-Mahaica	Demerara-Mahaica	Demerara-Mahaica	\N
1445	GY	GY-13	East Berbice-Corentyne	East Berbice-Corentyne	East Berbice-Corentyne	\N
1446	GY	GY-14	Essequibo Islands-West Demerara	Essequibo Islands-West Demerara	Essequibo Islands-West Demerara	\N
1447	GY	GY-15	Mahaica-Berbice	Mahaica-Berbice	Mahaica-Berbice	\N
1448	GY	GY-16	Pomeroon-Supenaam	Pomeroon-Supenaam	Pomeroon-Supenaam	\N
1449	GY	GY-17	Potaro-Siparuni	Potaro-Siparuni	Potaro-Siparuni	\N
1450	GY	GY-18	Upper Demerara-Berbice	Upper Demerara-Berbice	Upper Demerara-Berbice	\N
1451	GY	GY-19	Upper Takutu-Upper Essequibo	Upper Takutu-Upper Essequibo	Upper Takutu-Upper Essequibo	\N
1452	HN	HN-01	Atlantida	Atlantida	Atlantida	\N
1453	HN	HN-02	Choluteca	Choluteca	Choluteca	\N
1454	HN	HN-03	Colon	Colon	Colon	\N
1455	HN	HN-04	Comayagua	Comayagua	Comayagua	\N
1456	HN	HN-05	Copan	Copan	Copan	\N
1457	HN	HN-06	Cortes	Cortes	Cortes	\N
1458	HN	HN-07	El Paraiso	El Paraiso	El Paraiso	\N
1459	HN	HN-08	Francisco Morazan	Francisco Morazan	Francisco Morazan	\N
1460	HN	HN-09	Gracias a Dios	Gracias a Dios	Gracias a Dios	\N
1461	HN	HN-10	Intibuca	Intibuca	Intibuca	\N
1462	HN	HN-11	Islas de la Bahia	Islas de la Bahia	Islas de la Bahia	\N
1463	HN	HN-12	La Paz	La Paz	La Paz	\N
1464	HN	HN-13	Lempira	Lempira	Lempira	\N
1465	HN	HN-14	Ocotepeque	Ocotepeque	Ocotepeque	\N
1466	HN	HN-15	Olancho	Olancho	Olancho	\N
1467	HN	HN-16	Santa Barbara	Santa Barbara	Santa Barbara	\N
1468	HN	HN-17	Valle	Valle	Valle	\N
1469	HN	HN-18	Yoro	Yoro	Yoro	\N
1470	HR	HR-01	Bjelovarsko-Bilogorska	Bjelovarsko-Bilogorska	Bjelovarsko-Bilogorska	\N
1471	HR	HR-02	Brodsko-Posavska	Brodsko-Posavska	Brodsko-Posavska	\N
1472	HR	HR-03	Dubrovacko-Neretvanska	Dubrovacko-Neretvanska	Dubrovacko-Neretvanska	\N
1473	HR	HR-04	Istarska	Istarska	Istarska	\N
1474	HR	HR-05	Karlovacka	Karlovacka	Karlovacka	\N
1475	HR	HR-06	Koprivnicko-Krizevacka	Koprivnicko-Krizevacka	Koprivnicko-Krizevacka	\N
1476	HR	HR-07	Krapinsko-Zagorska	Krapinsko-Zagorska	Krapinsko-Zagorska	\N
1477	HR	HR-08	Licko-Senjska	Licko-Senjska	Licko-Senjska	\N
1478	HR	HR-09	Medimurska	Medimurska	Medimurska	\N
1479	HR	HR-10	Osjecko-Baranjska	Osjecko-Baranjska	Osjecko-Baranjska	\N
1480	HR	HR-11	Pozesko-Slavonska	Pozesko-Slavonska	Pozesko-Slavonska	\N
1481	HR	HR-12	Primorsko-Goranska	Primorsko-Goranska	Primorsko-Goranska	\N
1482	HR	HR-13	Sibensko-Kninska	Sibensko-Kninska	Sibensko-Kninska	\N
1483	HR	HR-14	Sisacko-Moslavacka	Sisacko-Moslavacka	Sisacko-Moslavacka	\N
1484	HR	HR-15	Splitsko-Dalmatinska	Splitsko-Dalmatinska	Splitsko-Dalmatinska	\N
1485	HR	HR-16	Varazdinska	Varazdinska	Varazdinska	\N
1486	HR	HR-17	Viroviticko-Podravska	Viroviticko-Podravska	Viroviticko-Podravska	\N
1487	HR	HR-18	Vukovarsko-Srijemska	Vukovarsko-Srijemska	Vukovarsko-Srijemska	\N
1488	HR	HR-19	Zadarska	Zadarska	Zadarska	\N
1489	HR	HR-20	Zagrebacka	Zagrebacka	Zagrebacka	\N
1490	HR	HR-21	Grad Zagreb	Grad Zagreb	Grad Zagreb	\N
1491	HT	HT-03	Nord-Ouest	Nord-Ouest	Nord-Ouest	\N
1492	HT	HT-06	Artibonite	Artibonite	Artibonite	\N
1493	HT	HT-07	Centre	Centre	Centre	\N
1494	HT	HT-09	Nord	Nord	Nord	\N
1495	HT	HT-10	Nord-Est	Nord-Est	Nord-Est	\N
1496	HT	HT-11	Ouest	Ouest	Ouest	\N
1497	HT	HT-12	Sud	Sud	Sud	\N
1498	HT	HT-13	Sud-Est	Sud-Est	Sud-Est	\N
1499	HT	HT-14	Grand Anse	Grand Anse	Grand Anse	\N
1500	HT	HT-15	Nippes	Nippes	Nippes	\N
1501	HU	HU-01	Bacs-Kiskun	Bacs-Kiskun	Bacs-Kiskun	\N
1502	HU	HU-02	Baranya	Baranya	Baranya	\N
1503	HU	HU-03	Bekes	Bekes	Bekes	\N
1504	HU	HU-04	Borsod-Abauj-Zemplen	Borsod-Abauj-Zemplen	Borsod-Abauj-Zemplen	\N
1505	HU	HU-05	Budapest	Budapest	Budapest	\N
1506	HU	HU-06	Csongrad	Csongrad	Csongrad	\N
1507	HU	HU-07	Debrecen	Debrecen	Debrecen	\N
1508	HU	HU-08	Fejer	Fejer	Fejer	\N
1509	HU	HU-09	Gyor-Moson-Sopron	Gyor-Moson-Sopron	Gyor-Moson-Sopron	\N
1510	HU	HU-10	Hajdu-Bihar	Hajdu-Bihar	Hajdu-Bihar	\N
1511	HU	HU-11	Heves	Heves	Heves	\N
1512	HU	HU-12	Komarom-Esztergom	Komarom-Esztergom	Komarom-Esztergom	\N
1513	HU	HU-13	Miskolc	Miskolc	Miskolc	\N
1514	HU	HU-14	Nograd	Nograd	Nograd	\N
1515	HU	HU-15	Pecs	Pecs	Pecs	\N
1516	HU	HU-16	Pest	Pest	Pest	\N
1517	HU	HU-17	Somogy	Somogy	Somogy	\N
1518	HU	HU-18	Szabolcs-Szatmar-Bereg	Szabolcs-Szatmar-Bereg	Szabolcs-Szatmar-Bereg	\N
1519	HU	HU-19	Szeged	Szeged	Szeged	\N
1520	HU	HU-20	Jasz-Nagykun-Szolnok	Jasz-Nagykun-Szolnok	Jasz-Nagykun-Szolnok	\N
1521	HU	HU-21	Tolna	Tolna	Tolna	\N
1522	HU	HU-22	Vas	Vas	Vas	\N
1523	HU	HU-23	Veszprem	Veszprem	Veszprem	\N
1524	HU	HU-24	Zala	Zala	Zala	\N
1525	HU	HU-25	Gyor	Gyor	Gyor	\N
1526	HU	HU-26	Bekescsaba	Bekescsaba	Bekescsaba	\N
1527	HU	HU-27	Dunaujvaros	Dunaujvaros	Dunaujvaros	\N
1528	HU	HU-28	Eger	Eger	Eger	\N
1529	HU	HU-29	Hodmezovasarhely	Hodmezovasarhely	Hodmezovasarhely	\N
1530	HU	HU-30	Kaposvar	Kaposvar	Kaposvar	\N
1531	HU	HU-31	Kecskemet	Kecskemet	Kecskemet	\N
1532	HU	HU-32	Nagykanizsa	Nagykanizsa	Nagykanizsa	\N
1533	HU	HU-33	Nyiregyhaza	Nyiregyhaza	Nyiregyhaza	\N
1534	HU	HU-34	Sopron	Sopron	Sopron	\N
1535	HU	HU-35	Szekesfehervar	Szekesfehervar	Szekesfehervar	\N
1536	HU	HU-36	Szolnok	Szolnok	Szolnok	\N
1537	HU	HU-37	Szombathely	Szombathely	Szombathely	\N
1538	HU	HU-38	Tatabanya	Tatabanya	Tatabanya	\N
1539	HU	HU-39	Veszprem	Veszprem	Veszprem	\N
1540	HU	HU-40	Zalaegerszeg	Zalaegerszeg	Zalaegerszeg	\N
1541	HU	HU-41	Salgotarjan	Salgotarjan	Salgotarjan	\N
1542	HU	HU-42	Szekszard	Szekszard	Szekszard	\N
1543	HU	HU-43	Erd	Erd	Erd	\N
1544	ID	ID-01	Aceh	Aceh	Aceh	\N
1545	ID	ID-02	Bali	Bali	Bali	\N
1546	ID	ID-03	Bengkulu	Bengkulu	Bengkulu	\N
1547	ID	ID-04	Jakarta Raya	Jakarta Raya	Jakarta Raya	\N
1548	ID	ID-05	Jambi	Jambi	Jambi	\N
1549	ID	ID-07	Jawa Tengah	Jawa Tengah	Jawa Tengah	\N
1550	ID	ID-08	Jawa Timur	Jawa Timur	Jawa Timur	\N
1551	ID	ID-10	Yogyakarta	Yogyakarta	Yogyakarta	\N
1552	ID	ID-11	Kalimantan Barat	Kalimantan Barat	Kalimantan Barat	\N
1553	ID	ID-12	Kalimantan Selatan	Kalimantan Selatan	Kalimantan Selatan	\N
1554	ID	ID-13	Kalimantan Tengah	Kalimantan Tengah	Kalimantan Tengah	\N
1555	ID	ID-14	Kalimantan Timur	Kalimantan Timur	Kalimantan Timur	\N
1556	ID	ID-15	Lampung	Lampung	Lampung	\N
1557	ID	ID-17	Nusa Tenggara Barat	Nusa Tenggara Barat	Nusa Tenggara Barat	\N
1558	ID	ID-18	Nusa Tenggara Timur	Nusa Tenggara Timur	Nusa Tenggara Timur	\N
1559	ID	ID-21	Sulawesi Tengah	Sulawesi Tengah	Sulawesi Tengah	\N
1560	ID	ID-22	Sulawesi Tenggara	Sulawesi Tenggara	Sulawesi Tenggara	\N
1561	ID	ID-24	Sumatera Barat	Sumatera Barat	Sumatera Barat	\N
1562	ID	ID-26	Sumatera Utara	Sumatera Utara	Sumatera Utara	\N
1563	ID	ID-28	Maluku	Maluku	Maluku	\N
1564	ID	ID-29	Maluku Utara	Maluku Utara	Maluku Utara	\N
1565	ID	ID-30	Jawa Barat	Jawa Barat	Jawa Barat	\N
1566	ID	ID-31	Sulawesi Utara	Sulawesi Utara	Sulawesi Utara	\N
1567	ID	ID-32	Sumatera Selatan	Sumatera Selatan	Sumatera Selatan	\N
1568	ID	ID-33	Banten	Banten	Banten	\N
1569	ID	ID-34	Gorontalo	Gorontalo	Gorontalo	\N
1570	ID	ID-35	Kepulauan Bangka Belitung	Kepulauan Bangka Belitung	Kepulauan Bangka Belitung	\N
1571	ID	ID-36	Papua	Papua	Papua	\N
1572	ID	ID-37	Riau	Riau	Riau	\N
1573	ID	ID-38	Sulawesi Selatan	Sulawesi Selatan	Sulawesi Selatan	\N
1574	ID	ID-39	Irian Jaya Barat	Irian Jaya Barat	Irian Jaya Barat	\N
1575	ID	ID-40	Kepulauan Riau	Kepulauan Riau	Kepulauan Riau	\N
1576	ID	ID-41	Sulawesi Barat	Sulawesi Barat	Sulawesi Barat	\N
1577	IE	IE-01	Carlow	Carlow	Carlow	\N
1578	IE	IE-02	Cavan	Cavan	Cavan	\N
1579	IE	IE-03	Clare	Clare	Clare	\N
1580	IE	IE-04	Cork	Cork	Cork	\N
1581	IE	IE-06	Donegal	Donegal	Donegal	\N
1582	IE	IE-07	Dublin	Dublin	Dublin	\N
1583	IE	IE-10	Galway	Galway	Galway	\N
1584	IE	IE-11	Kerry	Kerry	Kerry	\N
1585	IE	IE-12	Kildare	Kildare	Kildare	\N
1586	IE	IE-13	Kilkenny	Kilkenny	Kilkenny	\N
1587	IE	IE-14	Leitrim	Leitrim	Leitrim	\N
1588	IE	IE-15	Laois	Laois	Laois	\N
1589	IE	IE-16	Limerick	Limerick	Limerick	\N
1590	IE	IE-18	Longford	Longford	Longford	\N
1591	IE	IE-19	Louth	Louth	Louth	\N
1592	IE	IE-20	Mayo	Mayo	Mayo	\N
1593	IE	IE-21	Meath	Meath	Meath	\N
1594	IE	IE-22	Monaghan	Monaghan	Monaghan	\N
1595	IE	IE-23	Offaly	Offaly	Offaly	\N
1596	IE	IE-24	Roscommon	Roscommon	Roscommon	\N
1597	IE	IE-25	Sligo	Sligo	Sligo	\N
1598	IE	IE-26	Tipperary	Tipperary	Tipperary	\N
1599	IE	IE-27	Waterford	Waterford	Waterford	\N
1600	IE	IE-29	Westmeath	Westmeath	Westmeath	\N
1601	IE	IE-30	Wexford	Wexford	Wexford	\N
1602	IE	IE-31	Wicklow	Wicklow	Wicklow	\N
1603	IL	IL-01	HaDarom	HaDarom	HaDarom	\N
1604	IL	IL-02	HaMerkaz	HaMerkaz	HaMerkaz	\N
1605	IL	IL-03	HaZafon	HaZafon	HaZafon	\N
1606	IL	IL-04	Hefa	Hefa	Hefa	\N
1607	IL	IL-05	Tel Aviv	Tel Aviv	Tel Aviv	\N
1608	IL	IL-06	Yerushalayim	Yerushalayim	Yerushalayim	\N
1609	IN	IN-01	Andaman and Nicobar Islands	Andaman and Nicobar Islands	Andaman and Nicobar Islands	\N
1610	IN	IN-02	Andhra Pradesh	Andhra Pradesh	Andhra Pradesh	\N
1611	IN	IN-03	Assam	Assam	Assam	\N
1612	IN	IN-05	Chandigarh	Chandigarh	Chandigarh	\N
1613	IN	IN-06	Dadra and Nagar Haveli	Dadra and Nagar Haveli	Dadra and Nagar Haveli	\N
1614	IN	IN-07	Delhi	Delhi	Delhi	\N
1615	IN	IN-09	Gujarat	Gujarat	Gujarat	\N
1616	IN	IN-10	Haryana	Haryana	Haryana	\N
1617	IN	IN-11	Himachal Pradesh	Himachal Pradesh	Himachal Pradesh	\N
1618	IN	IN-12	Jammu and Kashmir	Jammu and Kashmir	Jammu and Kashmir	\N
1619	IN	IN-13	Kerala	Kerala	Kerala	\N
1620	IN	IN-14	Lakshadweep	Lakshadweep	Lakshadweep	\N
1621	IN	IN-16	Maharashtra	Maharashtra	Maharashtra	\N
1622	IN	IN-17	Manipur	Manipur	Manipur	\N
1623	IN	IN-18	Meghalaya	Meghalaya	Meghalaya	\N
1624	IN	IN-19	Karnataka	Karnataka	Karnataka	\N
1625	IN	IN-20	Nagaland	Nagaland	Nagaland	\N
1626	IN	IN-21	Orissa	Orissa	Orissa	\N
1627	IN	IN-22	Puducherry	Puducherry	Puducherry	\N
1628	IN	IN-23	Punjab	Punjab	Punjab	\N
1629	IN	IN-24	Rajasthan	Rajasthan	Rajasthan	\N
1630	IN	IN-25	Tamil Nadu	Tamil Nadu	Tamil Nadu	\N
1631	IN	IN-26	Tripura	Tripura	Tripura	\N
1632	IN	IN-28	West Bengal	West Bengal	West Bengal	\N
1633	IN	IN-29	Sikkim	Sikkim	Sikkim	\N
1634	IN	IN-30	Arunachal Pradesh	Arunachal Pradesh	Arunachal Pradesh	\N
1635	IN	IN-31	Mizoram	Mizoram	Mizoram	\N
1636	IN	IN-32	Daman and Diu	Daman and Diu	Daman and Diu	\N
1637	IN	IN-33	Goa	Goa	Goa	\N
1638	IN	IN-34	Bihar	Bihar	Bihar	\N
1639	IN	IN-35	Madhya Pradesh	Madhya Pradesh	Madhya Pradesh	\N
1640	IN	IN-36	Uttar Pradesh	Uttar Pradesh	Uttar Pradesh	\N
1641	IN	IN-37	Chhattisgarh	Chhattisgarh	Chhattisgarh	\N
1642	IN	IN-38	Jharkhand	Jharkhand	Jharkhand	\N
1643	IN	IN-39	Uttarakhand	Uttarakhand	Uttarakhand	\N
1644	IQ	IQ-01	Al Anbar	Al Anbar	Al Anbar	\N
1645	IQ	IQ-02	Al Basrah	Al Basrah	Al Basrah	\N
1646	IQ	IQ-03	Al Muthanna	Al Muthanna	Al Muthanna	\N
1647	IQ	IQ-04	Al Qadisiyah	Al Qadisiyah	Al Qadisiyah	\N
1648	IQ	IQ-05	As Sulaymaniyah	As Sulaymaniyah	As Sulaymaniyah	\N
1649	IQ	IQ-06	Babil	Babil	Babil	\N
1650	IQ	IQ-07	Baghdad	Baghdad	Baghdad	\N
1651	IQ	IQ-08	Dahuk	Dahuk	Dahuk	\N
1652	IQ	IQ-09	Dhi Qar	Dhi Qar	Dhi Qar	\N
1653	IQ	IQ-10	Diyala	Diyala	Diyala	\N
1654	IQ	IQ-11	Arbil	Arbil	Arbil	\N
1655	IQ	IQ-12	Karbala	Karbala	Karbala	\N
1656	IQ	IQ-13	At Tamim	At Tamim	At Tamim	\N
1657	IQ	IQ-14	Maysan	Maysan	Maysan	\N
1658	IQ	IQ-15	Ninawa	Ninawa	Ninawa	\N
1659	IQ	IQ-16	Wasit	Wasit	Wasit	\N
1660	IQ	IQ-17	An Najaf	An Najaf	An Najaf	\N
1661	IQ	IQ-18	Salah ad Din	Salah ad Din	Salah ad Din	\N
1662	IR	IR-01	Azarbayjan-e Bakhtari	Azarbayjan-e Bakhtari	Azarbayjan-e Bakhtari	\N
1663	IR	IR-03	Chahar Mahall va Bakhtiari	Chahar Mahall va Bakhtiari	Chahar Mahall va Bakhtiari	\N
1664	IR	IR-04	Sistan va Baluchestan	Sistan va Baluchestan	Sistan va Baluchestan	\N
1665	IR	IR-05	Kohkiluyeh va Buyer Ahmadi	Kohkiluyeh va Buyer Ahmadi	Kohkiluyeh va Buyer Ahmadi	\N
1666	IR	IR-07	Fars	Fars	Fars	\N
1667	IR	IR-08	Gilan	Gilan	Gilan	\N
1668	IR	IR-09	Hamadan	Hamadan	Hamadan	\N
1669	IR	IR-10	Ilam	Ilam	Ilam	\N
1670	IR	IR-11	Hormozgan	Hormozgan	Hormozgan	\N
1671	IR	IR-12	Kerman	Kerman	Kerman	\N
1672	IR	IR-13	Bakhtaran	Bakhtaran	Bakhtaran	\N
1673	IR	IR-15	Khuzestan	Khuzestan	Khuzestan	\N
1674	IR	IR-16	Kordestan	Kordestan	Kordestan	\N
1675	IR	IR-17	Mazandaran	Mazandaran	Mazandaran	\N
1676	IR	IR-18	Semnan Province	Semnan Province	Semnan Province	\N
1677	IR	IR-19	Markazi	Markazi	Markazi	\N
1678	IR	IR-21	Zanjan	Zanjan	Zanjan	\N
1679	IR	IR-22	Bushehr	Bushehr	Bushehr	\N
1680	IR	IR-23	Lorestan	Lorestan	Lorestan	\N
1681	IR	IR-24	Markazi	Markazi	Markazi	\N
1682	IR	IR-25	Semnan	Semnan	Semnan	\N
1683	IR	IR-26	Tehran	Tehran	Tehran	\N
1684	IR	IR-27	Zanjan	Zanjan	Zanjan	\N
1685	IR	IR-28	Esfahan	Esfahan	Esfahan	\N
1686	IR	IR-29	Kerman	Kerman	Kerman	\N
1687	IR	IR-30	Khorasan	Khorasan	Khorasan	\N
1688	IR	IR-31	Yazd	Yazd	Yazd	\N
1689	IR	IR-32	Ardabil	Ardabil	Ardabil	\N
1690	IR	IR-33	East Azarbaijan	East Azarbaijan	East Azarbaijan	\N
1691	IR	IR-34	Markazi	Markazi	Markazi	\N
1692	IR	IR-35	Mazandaran	Mazandaran	Mazandaran	\N
1693	IR	IR-36	Zanjan	Zanjan	Zanjan	\N
1694	IR	IR-37	Golestan	Golestan	Golestan	\N
1695	IR	IR-38	Qazvin	Qazvin	Qazvin	\N
1696	IR	IR-39	Qom	Qom	Qom	\N
1697	IR	IR-40	Yazd	Yazd	Yazd	\N
1698	IR	IR-41	Khorasan-e Janubi	Khorasan-e Janubi	Khorasan-e Janubi	\N
1699	IR	IR-42	Khorasan-e Razavi	Khorasan-e Razavi	Khorasan-e Razavi	\N
1700	IR	IR-43	Khorasan-e Shemali	Khorasan-e Shemali	Khorasan-e Shemali	\N
1701	IR	IR-44	Alborz	Alborz	Alborz	\N
1702	IS	IS-03	Arnessysla	Arnessysla	Arnessysla	\N
1703	IS	IS-05	Austur-Hunavatnssysla	Austur-Hunavatnssysla	Austur-Hunavatnssysla	\N
1704	IS	IS-06	Austur-Skaftafellssysla	Austur-Skaftafellssysla	Austur-Skaftafellssysla	\N
1705	IS	IS-07	Borgarfjardarsysla	Borgarfjardarsysla	Borgarfjardarsysla	\N
1706	IS	IS-09	Eyjafjardarsysla	Eyjafjardarsysla	Eyjafjardarsysla	\N
1707	IS	IS-10	Gullbringusysla	Gullbringusysla	Gullbringusysla	\N
1708	IS	IS-15	Kjosarsysla	Kjosarsysla	Kjosarsysla	\N
1709	IS	IS-17	Myrasysla	Myrasysla	Myrasysla	\N
1710	IS	IS-20	Nordur-Mulasysla	Nordur-Mulasysla	Nordur-Mulasysla	\N
1711	IS	IS-21	Nordur-Tingeyjarsysla	Nordur-Tingeyjarsysla	Nordur-Tingeyjarsysla	\N
1712	IS	IS-23	Rangarvallasysla	Rangarvallasysla	Rangarvallasysla	\N
1713	IS	IS-28	Skagafjardarsysla	Skagafjardarsysla	Skagafjardarsysla	\N
1714	IS	IS-29	Snafellsnes- og Hnappadalssysla	Snafellsnes- og Hnappadalssysla	Snafellsnes- og Hnappadalssysla	\N
1715	IS	IS-30	Strandasysla	Strandasysla	Strandasysla	\N
1716	IS	IS-31	Sudur-Mulasysla	Sudur-Mulasysla	Sudur-Mulasysla	\N
1717	IS	IS-32	Sudur-Tingeyjarsysla	Sudur-Tingeyjarsysla	Sudur-Tingeyjarsysla	\N
1718	IS	IS-34	Vestur-Bardastrandarsysla	Vestur-Bardastrandarsysla	Vestur-Bardastrandarsysla	\N
1719	IS	IS-35	Vestur-Hunavatnssysla	Vestur-Hunavatnssysla	Vestur-Hunavatnssysla	\N
1720	IS	IS-36	Vestur-Isafjardarsysla	Vestur-Isafjardarsysla	Vestur-Isafjardarsysla	\N
1721	IS	IS-37	Vestur-Skaftafellssysla	Vestur-Skaftafellssysla	Vestur-Skaftafellssysla	\N
1722	IS	IS-38	Austurland	Austurland	Austurland	\N
1723	IS	IS-39	Hofuoborgarsvaoio	Hofuoborgarsvaoio	Hofuoborgarsvaoio	\N
1724	IS	IS-40	Norourland Eystra	Norourland Eystra	Norourland Eystra	\N
1725	IS	IS-41	Norourland Vestra	Norourland Vestra	Norourland Vestra	\N
1726	IS	IS-42	Suourland	Suourland	Suourland	\N
1727	IS	IS-43	Suournes	Suournes	Suournes	\N
1728	IS	IS-44	Vestfiroir	Vestfiroir	Vestfiroir	\N
1729	IS	IS-45	Vesturland	Vesturland	Vesturland	\N
1730	IT	IT-01	Abruzzi	Abruzzi	Abruzzi	\N
1731	IT	IT-02	Basilicata	Basilicata	Basilicata	\N
1732	IT	IT-03	Calabria	Calabria	Calabria	\N
1733	IT	IT-04	Campania	Campania	Campania	\N
1734	IT	IT-05	Emilia-Romagna	Emilia-Romagna	Emilia-Romagna	\N
1735	IT	IT-06	Friuli-Venezia Giulia	Friuli-Venezia Giulia	Friuli-Venezia Giulia	\N
1736	IT	IT-07	Lazio	Lazio	Lazio	\N
1737	IT	IT-08	Liguria	Liguria	Liguria	\N
1738	IT	IT-09	Lombardia	Lombardia	Lombardia	\N
1739	IT	IT-10	Marche	Marche	Marche	\N
1740	IT	IT-11	Molise	Molise	Molise	\N
1741	IT	IT-12	Piemonte	Piemonte	Piemonte	\N
1742	IT	IT-13	Puglia	Puglia	Puglia	\N
1743	IT	IT-14	Sardegna	Sardegna	Sardegna	\N
1744	IT	IT-15	Sicilia	Sicilia	Sicilia	\N
1745	IT	IT-16	Toscana	Toscana	Toscana	\N
1746	IT	IT-17	Trentino-Alto Adige	Trentino-Alto Adige	Trentino-Alto Adige	\N
1747	IT	IT-18	Umbria	Umbria	Umbria	\N
1748	IT	IT-19	Valle dAosta	Valle dAosta	Valle dAosta	\N
1749	IT	IT-20	Veneto	Veneto	Veneto	\N
1750	JM	JM-01	Clarendon	Clarendon	Clarendon	\N
1751	JM	JM-02	Hanover	Hanover	Hanover	\N
1752	JM	JM-04	Manchester	Manchester	Manchester	\N
1753	JM	JM-07	Portland	Portland	Portland	\N
1754	JM	JM-08	Saint Andrew	Saint Andrew	Saint Andrew	\N
1755	JM	JM-09	Saint Ann	Saint Ann	Saint Ann	\N
1756	JM	JM-10	Saint Catherine	Saint Catherine	Saint Catherine	\N
1757	JM	JM-11	Saint Elizabeth	Saint Elizabeth	Saint Elizabeth	\N
1758	JM	JM-12	Saint James	Saint James	Saint James	\N
1759	JM	JM-13	Saint Mary	Saint Mary	Saint Mary	\N
1760	JM	JM-14	Saint Thomas	Saint Thomas	Saint Thomas	\N
1761	JM	JM-15	Trelawny	Trelawny	Trelawny	\N
1762	JM	JM-16	Westmoreland	Westmoreland	Westmoreland	\N
1763	JM	JM-17	Kingston	Kingston	Kingston	\N
1764	JO	JO-02	Al Balqa	Al Balqa	Al Balqa	\N
1765	JO	JO-09	Al Karak	Al Karak	Al Karak	\N
1766	JO	JO-12	At Tafilah	At Tafilah	At Tafilah	\N
1767	JO	JO-15	Al Mafraq	Al Mafraq	Al Mafraq	\N
1768	JO	JO-16	Amman	Amman	Amman	\N
1769	JO	JO-17	Az Zaraqa	Az Zaraqa	Az Zaraqa	\N
1770	JO	JO-18	Irbid	Irbid	Irbid	\N
1771	JO	JO-19	Maan	Maan	Maan	\N
1772	JO	JO-20	Ajlun	Ajlun	Ajlun	\N
1773	JO	JO-21	Al Aqabah	Al Aqabah	Al Aqabah	\N
1774	JO	JO-22	Jarash	Jarash	Jarash	\N
1775	JO	JO-23	Madaba	Madaba	Madaba	\N
1776	JP	JP-01	Aichi	Aichi	Aichi	\N
1777	JP	JP-02	Akita	Akita	Akita	\N
1778	JP	JP-03	Aomori	Aomori	Aomori	\N
1779	JP	JP-04	Chiba	Chiba	Chiba	\N
1780	JP	JP-05	Ehime	Ehime	Ehime	\N
1781	JP	JP-06	Fukui	Fukui	Fukui	\N
1782	JP	JP-07	Fukuoka	Fukuoka	Fukuoka	\N
1783	JP	JP-08	Fukushima	Fukushima	Fukushima	\N
1784	JP	JP-09	Gifu	Gifu	Gifu	\N
1785	JP	JP-10	Gumma	Gumma	Gumma	\N
1786	JP	JP-11	Hiroshima	Hiroshima	Hiroshima	\N
1787	JP	JP-12	Hokkaido	Hokkaido	Hokkaido	\N
1788	JP	JP-13	Hyogo	Hyogo	Hyogo	\N
1789	JP	JP-14	Ibaraki	Ibaraki	Ibaraki	\N
1790	JP	JP-15	Ishikawa	Ishikawa	Ishikawa	\N
1791	JP	JP-16	Iwate	Iwate	Iwate	\N
1792	JP	JP-17	Kagawa	Kagawa	Kagawa	\N
1793	JP	JP-18	Kagoshima	Kagoshima	Kagoshima	\N
1794	JP	JP-19	Kanagawa	Kanagawa	Kanagawa	\N
1795	JP	JP-20	Kochi	Kochi	Kochi	\N
1796	JP	JP-21	Kumamoto	Kumamoto	Kumamoto	\N
1797	JP	JP-22	Kyoto	Kyoto	Kyoto	\N
1798	JP	JP-23	Mie	Mie	Mie	\N
1799	JP	JP-24	Miyagi	Miyagi	Miyagi	\N
1800	JP	JP-25	Miyazaki	Miyazaki	Miyazaki	\N
1801	JP	JP-26	Nagano	Nagano	Nagano	\N
1802	JP	JP-27	Nagasaki	Nagasaki	Nagasaki	\N
1803	JP	JP-28	Nara	Nara	Nara	\N
1804	JP	JP-29	Niigata	Niigata	Niigata	\N
1805	JP	JP-30	Oita	Oita	Oita	\N
1806	JP	JP-31	Okayama	Okayama	Okayama	\N
1807	JP	JP-32	Osaka	Osaka	Osaka	\N
1808	JP	JP-33	Saga	Saga	Saga	\N
1809	JP	JP-34	Saitama	Saitama	Saitama	\N
1810	JP	JP-35	Shiga	Shiga	Shiga	\N
1811	JP	JP-36	Shimane	Shimane	Shimane	\N
1812	JP	JP-37	Shizuoka	Shizuoka	Shizuoka	\N
1813	JP	JP-38	Tochigi	Tochigi	Tochigi	\N
1814	JP	JP-39	Tokushima	Tokushima	Tokushima	\N
1815	JP	JP-40	Tokyo	Tokyo	Tokyo	\N
1816	JP	JP-41	Tottori	Tottori	Tottori	\N
1817	JP	JP-42	Toyama	Toyama	Toyama	\N
1818	JP	JP-43	Wakayama	Wakayama	Wakayama	\N
1819	JP	JP-44	Yamagata	Yamagata	Yamagata	\N
1820	JP	JP-45	Yamaguchi	Yamaguchi	Yamaguchi	\N
1821	JP	JP-46	Yamanashi	Yamanashi	Yamanashi	\N
1822	JP	JP-47	Okinawa	Okinawa	Okinawa	\N
1823	KE	KE-01	Central	Central	Central	\N
1824	KE	KE-02	Coast	Coast	Coast	\N
1825	KE	KE-03	Eastern	Eastern	Eastern	\N
1826	KE	KE-05	Nairobi Area	Nairobi Area	Nairobi Area	\N
1827	KE	KE-06	North-Eastern	North-Eastern	North-Eastern	\N
1828	KE	KE-07	Nyanza	Nyanza	Nyanza	\N
1829	KE	KE-08	Rift Valley	Rift Valley	Rift Valley	\N
1830	KE	KE-09	Western	Western	Western	\N
1831	KG	KG-01	Bishkek	Bishkek	Bishkek	\N
1832	KG	KG-02	Chuy	Chuy	Chuy	\N
1833	KG	KG-03	Jalal-Abad	Jalal-Abad	Jalal-Abad	\N
1834	KG	KG-04	Naryn	Naryn	Naryn	\N
1835	KG	KG-05	Osh	Osh	Osh	\N
1836	KG	KG-06	Talas	Talas	Talas	\N
1837	KG	KG-07	Ysyk-Kol	Ysyk-Kol	Ysyk-Kol	\N
1838	KG	KG-08	Osh	Osh	Osh	\N
1839	KG	KG-09	Batken	Batken	Batken	\N
1840	KH	KH-01	Batdambang	Batdambang	Batdambang	\N
1841	KH	KH-02	Kampong Cham	Kampong Cham	Kampong Cham	\N
1842	KH	KH-03	Kampong Chhnang	Kampong Chhnang	Kampong Chhnang	\N
1843	KH	KH-04	Kampong Speu	Kampong Speu	Kampong Speu	\N
1844	KH	KH-05	Kampong Thum	Kampong Thum	Kampong Thum	\N
1845	KH	KH-06	Kampot	Kampot	Kampot	\N
1846	KH	KH-07	Kandal	Kandal	Kandal	\N
1847	KH	KH-08	Koh Kong	Koh Kong	Koh Kong	\N
1848	KH	KH-09	Kracheh	Kracheh	Kracheh	\N
1849	KH	KH-10	Mondulkiri	Mondulkiri	Mondulkiri	\N
1850	KH	KH-11	Phnum Penh	Phnum Penh	Phnum Penh	\N
1851	KH	KH-12	Pursat	Pursat	Pursat	\N
1852	KH	KH-13	Preah Vihear	Preah Vihear	Preah Vihear	\N
1853	KH	KH-14	Prey Veng	Prey Veng	Prey Veng	\N
1854	KH	KH-15	Ratanakiri Kiri	Ratanakiri Kiri	Ratanakiri Kiri	\N
1855	KH	KH-16	Siem Reap	Siem Reap	Siem Reap	\N
1856	KH	KH-17	Stung Treng	Stung Treng	Stung Treng	\N
1857	KH	KH-18	Svay Rieng	Svay Rieng	Svay Rieng	\N
1858	KH	KH-19	Takeo	Takeo	Takeo	\N
1859	KH	KH-22	Phnum Penh	Phnum Penh	Phnum Penh	\N
1860	KH	KH-23	Ratanakiri	Ratanakiri	Ratanakiri	\N
1861	KH	KH-25	Banteay Meanchey	Banteay Meanchey	Banteay Meanchey	\N
1862	KH	KH-28	Preah Seihanu	Preah Seihanu	Preah Seihanu	\N
1863	KH	KH-29	Batdambang	Batdambang	Batdambang	\N
1864	KH	KH-30	Pailin	Pailin	Pailin	\N
1865	KI	KI-01	Gilbert Islands	Gilbert Islands	Gilbert Islands	\N
1866	KI	KI-02	Line Islands	Line Islands	Line Islands	\N
1867	KI	KI-03	Phoenix Islands	Phoenix Islands	Phoenix Islands	\N
1868	KM	KM-01	Anjouan	Anjouan	Anjouan	\N
1869	KM	KM-02	Grande Comore	Grande Comore	Grande Comore	\N
1870	KM	KM-03	Moheli	Moheli	Moheli	\N
1871	KN	KN-01	Christ Church Nichola Town	Christ Church Nichola Town	Christ Church Nichola Town	\N
1872	KN	KN-02	Saint Anne Sandy Point	Saint Anne Sandy Point	Saint Anne Sandy Point	\N
1873	KN	KN-03	Saint George Basseterre	Saint George Basseterre	Saint George Basseterre	\N
1874	KN	KN-04	Saint George Gingerland	Saint George Gingerland	Saint George Gingerland	\N
1875	KN	KN-05	Saint James Windward	Saint James Windward	Saint James Windward	\N
1876	KN	KN-06	Saint John Capisterre	Saint John Capisterre	Saint John Capisterre	\N
1877	KN	KN-07	Saint John Figtree	Saint John Figtree	Saint John Figtree	\N
1878	KN	KN-08	Saint Mary Cayon	Saint Mary Cayon	Saint Mary Cayon	\N
1879	KN	KN-09	Saint Paul Capisterre	Saint Paul Capisterre	Saint Paul Capisterre	\N
1880	KN	KN-10	Saint Paul Charlestown	Saint Paul Charlestown	Saint Paul Charlestown	\N
1881	KN	KN-11	Saint Peter Basseterre	Saint Peter Basseterre	Saint Peter Basseterre	\N
1882	KN	KN-12	Saint Thomas Lowland	Saint Thomas Lowland	Saint Thomas Lowland	\N
1883	KN	KN-13	Saint Thomas Middle Island	Saint Thomas Middle Island	Saint Thomas Middle Island	\N
1884	KN	KN-15	Trinity Palmetto Point	Trinity Palmetto Point	Trinity Palmetto Point	\N
1885	KP	KP-01	Chagang-do	Chagang-do	Chagang-do	\N
1886	KP	KP-03	Hamgyong-namdo	Hamgyong-namdo	Hamgyong-namdo	\N
1887	KP	KP-06	Hwanghae-namdo	Hwanghae-namdo	Hwanghae-namdo	\N
1888	KP	KP-07	Hwanghae-bukto	Hwanghae-bukto	Hwanghae-bukto	\N
1889	KP	KP-08	Kaesong-si	Kaesong-si	Kaesong-si	\N
1890	KP	KP-09	Kangwon-do	Kangwon-do	Kangwon-do	\N
1891	KP	KP-11	Pyongan-bukto	Pyongan-bukto	Pyongan-bukto	\N
1892	KP	KP-12	Pyongyang-si	Pyongyang-si	Pyongyang-si	\N
1893	KP	KP-13	Yanggang-do	Yanggang-do	Yanggang-do	\N
1894	KP	KP-14	Nampo-si	Nampo-si	Nampo-si	\N
1895	KP	KP-15	Pyongan-namdo	Pyongan-namdo	Pyongan-namdo	\N
1896	KP	KP-17	Hamgyong-bukto	Hamgyong-bukto	Hamgyong-bukto	\N
1897	KP	KP-18	Najin Sonbong-si	Najin Sonbong-si	Najin Sonbong-si	\N
1898	KR	KR-01	Cheju-do	Cheju-do	Cheju-do	\N
1899	KR	KR-03	Cholla-bukto	Cholla-bukto	Cholla-bukto	\N
1900	KR	KR-05	Chungchong-bukto	Chungchong-bukto	Chungchong-bukto	\N
1901	KR	KR-06	Kangwon-do	Kangwon-do	Kangwon-do	\N
1902	KR	KR-10	Pusan-jikhalsi	Pusan-jikhalsi	Pusan-jikhalsi	\N
1903	KR	KR-11	Seoul-tukpyolsi	Seoul-tukpyolsi	Seoul-tukpyolsi	\N
1904	KR	KR-12	Inchon-jikhalsi	Inchon-jikhalsi	Inchon-jikhalsi	\N
1905	KR	KR-13	Kyonggi-do	Kyonggi-do	Kyonggi-do	\N
1906	KR	KR-14	Kyongsang-bukto	Kyongsang-bukto	Kyongsang-bukto	\N
1907	KR	KR-15	Taegu-jikhalsi	Taegu-jikhalsi	Taegu-jikhalsi	\N
1908	KR	KR-16	Cholla-namdo	Cholla-namdo	Cholla-namdo	\N
1909	KR	KR-17	Chungchong-namdo	Chungchong-namdo	Chungchong-namdo	\N
1910	KR	KR-18	Kwangju-jikhalsi	Kwangju-jikhalsi	Kwangju-jikhalsi	\N
1911	KR	KR-19	Taejon-jikhalsi	Taejon-jikhalsi	Taejon-jikhalsi	\N
1912	KR	KR-20	Kyongsang-namdo	Kyongsang-namdo	Kyongsang-namdo	\N
1913	KR	KR-21	Ulsan-gwangyoksi	Ulsan-gwangyoksi	Ulsan-gwangyoksi	\N
1914	KW	KW-01	Al Ahmadi	Al Ahmadi	Al Ahmadi	\N
1915	KW	KW-02	Al Kuwayt	Al Kuwayt	Al Kuwayt	\N
1916	KW	KW-05	Al Jahra	Al Jahra	Al Jahra	\N
1917	KW	KW-07	Al Farwaniyah	Al Farwaniyah	Al Farwaniyah	\N
1918	KW	KW-08	Hawalli	Hawalli	Hawalli	\N
1919	KW	KW-09	Mubarak al Kabir	Mubarak al Kabir	Mubarak al Kabir	\N
1920	KY	KY-01	Creek	Creek	Creek	\N
1921	KY	KY-02	Eastern	Eastern	Eastern	\N
1922	KY	KY-03	Midland	Midland	Midland	\N
1923	KY	KY-04	South Town	South Town	South Town	\N
1924	KY	KY-05	Spot Bay	Spot Bay	Spot Bay	\N
1925	KY	KY-06	Stake Bay	Stake Bay	Stake Bay	\N
1926	KY	KY-07	West End	West End	West End	\N
1927	KY	KY-08	Western	Western	Western	\N
1928	KZ	KZ-01	Almaty	Алматинская область	Almaty	\N
1929	KZ	KZ-02	Almaty City	Алма-Ата	Almaty City	\N
1930	KZ	KZ-03	Aqmola	Акмолинская область	Aqmola	\N
1931	KZ	KZ-04	Aqtobe	Актобе	Aqtobe	\N
1932	KZ	KZ-05	Astana	Астана	Astana	\N
1933	KZ	KZ-06	Atyrau	Атырауская область	Atyrau	\N
1934	KZ	KZ-07	West Kazakhstan	Западно-Казахстанская область	West Kazakhstan	\N
1935	KZ	KZ-08	Bayqonyr	Байконур	Bayqonyr	\N
1936	KZ	KZ-09	Mangghystau	Мангистауская область	Mangghystau	\N
1937	KZ	KZ-10	South Kazakhstan	Южно-Казахстанская область	South Kazakhstan	\N
1938	KZ	KZ-11	Pavlodar	Павлодарская область	Pavlodar	\N
1939	KZ	KZ-12	Qaraghandy	Караганда	Qaraghandy	\N
1940	KZ	KZ-13	Qostanay	Костанайская область	Qostanay	\N
1941	KZ	KZ-14	Qyzylorda	Кызылординская област	Qyzylorda	\N
1942	KZ	KZ-15	East Kazakhstan	Восточно-Казахстанская область	East Kazakhstan	\N
1943	KZ	KZ-16	North Kazakhstan	Северный Казахстан	North Kazakhstan	\N
1944	KZ	KZ-17	Zhambyl	Жамбылская область	Zhambyl	\N
1945	LA	LA-01	Attapu	Attapu	Attapu	\N
1946	LA	LA-02	Champasak	Champasak	Champasak	\N
1947	LA	LA-03	Houaphan	Houaphan	Houaphan	\N
1948	LA	LA-04	Khammouan	Khammouan	Khammouan	\N
1949	LA	LA-05	Louang Namtha	Louang Namtha	Louang Namtha	\N
1950	LA	LA-07	Oudomxai	Oudomxai	Oudomxai	\N
1951	LA	LA-08	Phongsali	Phongsali	Phongsali	\N
1952	LA	LA-09	Saravan	Saravan	Saravan	\N
1953	LA	LA-10	Savannakhet	Savannakhet	Savannakhet	\N
1954	LA	LA-11	Vientiane	Vientiane	Vientiane	\N
1955	LA	LA-13	Xaignabouri	Xaignabouri	Xaignabouri	\N
1956	LA	LA-14	Xiangkhoang	Xiangkhoang	Xiangkhoang	\N
1957	LA	LA-17	Louangphrabang	Louangphrabang	Louangphrabang	\N
1958	LB	LB-01	Beqaa	Beqaa	Beqaa	\N
1959	LB	LB-02	Al Janub	Al Janub	Al Janub	\N
1960	LB	LB-03	Liban-Nord	Liban-Nord	Liban-Nord	\N
1961	LB	LB-04	Beyrouth	Beyrouth	Beyrouth	\N
1962	LB	LB-05	Mont-Liban	Mont-Liban	Mont-Liban	\N
1963	LB	LB-06	Liban-Sud	Liban-Sud	Liban-Sud	\N
1964	LB	LB-07	Nabatiye	Nabatiye	Nabatiye	\N
1965	LB	LB-08	Beqaa	Beqaa	Beqaa	\N
1966	LB	LB-09	Liban-Nord	Liban-Nord	Liban-Nord	\N
1967	LB	LB-10	Aakk,r	Aakk,r	Aakk,r	\N
1968	LB	LB-11	Baalbek-Hermel	Baalbek-Hermel	Baalbek-Hermel	\N
1969	LC	LC-01	Anse-la-Raye	Anse-la-Raye	Anse-la-Raye	\N
1970	LC	LC-02	Dauphin	Dauphin	Dauphin	\N
1971	LC	LC-03	Castries	Castries	Castries	\N
1972	LC	LC-04	Choiseul	Choiseul	Choiseul	\N
1973	LC	LC-05	Dennery	Dennery	Dennery	\N
1974	LC	LC-06	Gros-Islet	Gros-Islet	Gros-Islet	\N
1975	LC	LC-07	Laborie	Laborie	Laborie	\N
1976	LC	LC-08	Micoud	Micoud	Micoud	\N
1977	LC	LC-09	Soufriere	Soufriere	Soufriere	\N
1978	LC	LC-10	Vieux-Fort	Vieux-Fort	Vieux-Fort	\N
1979	LC	LC-11	Praslin	Praslin	Praslin	\N
1980	LI	LI-01	Balzers	Balzers	Balzers	\N
1981	LI	LI-02	Eschen	Eschen	Eschen	\N
1982	LI	LI-03	Gamprin	Gamprin	Gamprin	\N
1983	LI	LI-04	Mauren	Mauren	Mauren	\N
1984	LI	LI-05	Planken	Planken	Planken	\N
1985	LI	LI-06	Ruggell	Ruggell	Ruggell	\N
1986	LI	LI-07	Schaan	Schaan	Schaan	\N
1987	LI	LI-08	Schellenberg	Schellenberg	Schellenberg	\N
1988	LI	LI-09	Triesen	Triesen	Triesen	\N
1989	LI	LI-10	Triesenberg	Triesenberg	Triesenberg	\N
1990	LI	LI-11	Vaduz	Vaduz	Vaduz	\N
1991	LI	LI-21	Gbarpolu	Gbarpolu	Gbarpolu	\N
1992	LI	LI-22	River Gee	River Gee	River Gee	\N
1993	LK	LK-29	Central	Central	Central	\N
1994	LK	LK-30	North Central	North Central	North Central	\N
1995	LK	LK-32	North Western	North Western	North Western	\N
1996	LK	LK-33	Sabaragamuwa	Sabaragamuwa	Sabaragamuwa	\N
1997	LK	LK-34	Southern	Southern	Southern	\N
1998	LK	LK-35	Uva	Uva	Uva	\N
1999	LK	LK-36	Western	Western	Western	\N
2000	LK	LK-37	Eastern	Eastern	Eastern	\N
2001	LK	LK-38	Northern	Northern	Northern	\N
2002	LR	LR-01	Bong	Bong	Bong	\N
2003	LR	LR-04	Grand Cape Mount	Grand Cape Mount	Grand Cape Mount	\N
2004	LR	LR-05	Lofa	Lofa	Lofa	\N
2005	LR	LR-06	Maryland	Maryland	Maryland	\N
2006	LR	LR-07	Monrovia	Monrovia	Monrovia	\N
2007	LR	LR-09	Nimba	Nimba	Nimba	\N
2008	LR	LR-10	Sino	Sino	Sino	\N
2009	LR	LR-11	Grand Bassa	Grand Bassa	Grand Bassa	\N
2010	LR	LR-12	Grand Cape Mount	Grand Cape Mount	Grand Cape Mount	\N
2011	LR	LR-13	Maryland	Maryland	Maryland	\N
2012	LR	LR-14	Montserrado	Montserrado	Montserrado	\N
2013	LR	LR-17	Margibi	Margibi	Margibi	\N
2014	LR	LR-18	River Cess	River Cess	River Cess	\N
2015	LR	LR-19	Grand Gedeh	Grand Gedeh	Grand Gedeh	\N
2016	LR	LR-20	Lofa	Lofa	Lofa	\N
2017	LR	LR-21	Gbarpolu	Gbarpolu	Gbarpolu	\N
2018	LR	LR-22	River Gee	River Gee	River Gee	\N
2019	LS	LS-10	Berea	Berea	Berea	\N
2020	LS	LS-11	Butha-Buthe	Butha-Buthe	Butha-Buthe	\N
2021	LS	LS-12	Leribe	Leribe	Leribe	\N
2022	LS	LS-13	Mafeteng	Mafeteng	Mafeteng	\N
2023	LS	LS-14	Maseru	Maseru	Maseru	\N
2024	LS	LS-15	Mohales Hoek	Mohales Hoek	Mohales Hoek	\N
2025	LS	LS-16	Mokhotlong	Mokhotlong	Mokhotlong	\N
2026	LS	LS-17	Qachas Nek	Qachas Nek	Qachas Nek	\N
2027	LS	LS-18	Quthing	Quthing	Quthing	\N
2028	LS	LS-19	Thaba-Tseka	Thaba-Tseka	Thaba-Tseka	\N
2029	LT	LT-56	Alytaus Apskritis	Alytaus Apskritis	Alytaus Apskritis	\N
2030	LT	LT-57	Kauno Apskritis	Kauno Apskritis	Kauno Apskritis	\N
2031	LT	LT-58	Klaipedos Apskritis	Klaipedos Apskritis	Klaipedos Apskritis	\N
2032	LT	LT-59	Marijampoles Apskritis	Marijampoles Apskritis	Marijampoles Apskritis	\N
2033	LT	LT-60	Panevezio Apskritis	Panevezio Apskritis	Panevezio Apskritis	\N
2034	LT	LT-61	Siauliu Apskritis	Siauliu Apskritis	Siauliu Apskritis	\N
2035	LT	LT-62	Taurages Apskritis	Taurages Apskritis	Taurages Apskritis	\N
2036	LT	LT-63	Telsiu Apskritis	Telsiu Apskritis	Telsiu Apskritis	\N
2037	LT	LT-64	Utenos Apskritis	Utenos Apskritis	Utenos Apskritis	\N
2038	LT	LT-65	Vilniaus Apskritis	Vilniaus Apskritis	Vilniaus Apskritis	\N
2039	LU	LU-01	Diekirch	Diekirch	Diekirch	\N
2040	LU	LU-02	Grevenmacher	Grevenmacher	Grevenmacher	\N
2041	LU	LU-03	Luxembourg	Luxembourg	Luxembourg	\N
2042	LV	LV-01	Aizkraukles	Aizkraukles	Aizkraukles	\N
2043	LV	LV-02	Aluksnes	Aluksnes	Aluksnes	\N
2044	LV	LV-03	Balvu	Balvu	Balvu	\N
2045	LV	LV-04	Bauskas	Bauskas	Bauskas	\N
2046	LV	LV-05	Cesu	Cesu	Cesu	\N
2047	LV	LV-06	Daugavpils	Daugavpils	Daugavpils	\N
2048	LV	LV-07	Daugavpils	Daugavpils	Daugavpils	\N
2049	LV	LV-08	Dobeles	Dobeles	Dobeles	\N
2050	LV	LV-09	Gulbenes	Gulbenes	Gulbenes	\N
2051	LV	LV-10	Jekabpils	Jekabpils	Jekabpils	\N
2052	LV	LV-11	Jelgava	Jelgava	Jelgava	\N
2053	LV	LV-12	Jelgavas	Jelgavas	Jelgavas	\N
2054	LV	LV-13	Jurmala	Jurmala	Jurmala	\N
2055	LV	LV-14	Kraslavas	Kraslavas	Kraslavas	\N
2056	LV	LV-15	Kuldigas	Kuldigas	Kuldigas	\N
2057	LV	LV-16	Liepaja	Liepaja	Liepaja	\N
2058	LV	LV-17	Liepajas	Liepajas	Liepajas	\N
2059	LV	LV-18	Limbazu	Limbazu	Limbazu	\N
2060	LV	LV-19	Ludzas	Ludzas	Ludzas	\N
2061	LV	LV-20	Madonas	Madonas	Madonas	\N
2062	LV	LV-21	Ogres	Ogres	Ogres	\N
2063	LV	LV-22	Preilu	Preilu	Preilu	\N
2064	LV	LV-23	Rezekne	Rezekne	Rezekne	\N
2065	LV	LV-24	Rezeknes	Rezeknes	Rezeknes	\N
2066	LV	LV-25	Riga	Riga	Riga	\N
2067	LV	LV-26	Rigas	Rigas	Rigas	\N
2068	LV	LV-27	Saldus	Saldus	Saldus	\N
2069	LV	LV-28	Talsu	Talsu	Talsu	\N
2070	LV	LV-29	Tukuma	Tukuma	Tukuma	\N
2071	LV	LV-30	Valkas	Valkas	Valkas	\N
2072	LV	LV-31	Valmieras	Valmieras	Valmieras	\N
2073	LV	LV-32	Ventspils	Ventspils	Ventspils	\N
2074	LV	LV-33	Ventspils	Ventspils	Ventspils	\N
2075	LY	LY-03	Al Aziziyah	Al Aziziyah	Al Aziziyah	\N
2076	LY	LY-05	Al Jufrah	Al Jufrah	Al Jufrah	\N
2077	LY	LY-08	Al Kufrah	Al Kufrah	Al Kufrah	\N
2078	LY	LY-13	Ash Shati	Ash Shati	Ash Shati	\N
2079	LY	LY-30	Murzuq	Murzuq	Murzuq	\N
2080	LY	LY-34	Sabha	Sabha	Sabha	\N
2081	LY	LY-41	Tarhunah	Tarhunah	Tarhunah	\N
2082	LY	LY-42	Tubruq	Tubruq	Tubruq	\N
2083	LY	LY-45	Zlitan	Zlitan	Zlitan	\N
2084	LY	LY-47	Ajdabiya	Ajdabiya	Ajdabiya	\N
2085	LY	LY-48	Al Fatih	Al Fatih	Al Fatih	\N
2086	LY	LY-49	Al Jabal al Akhdar	Al Jabal al Akhdar	Al Jabal al Akhdar	\N
2087	LY	LY-50	Al Khums	Al Khums	Al Khums	\N
2088	LY	LY-51	An Nuqat al Khams	An Nuqat al Khams	An Nuqat al Khams	\N
2089	LY	LY-52	Awbari	Awbari	Awbari	\N
2090	LY	LY-53	Az Zawiyah	Az Zawiyah	Az Zawiyah	\N
2091	LY	LY-54	Banghazi	Banghazi	Banghazi	\N
2092	LY	LY-55	Darnah	Darnah	Darnah	\N
2093	LY	LY-56	Ghadamis	Ghadamis	Ghadamis	\N
2094	LY	LY-57	Gharyan	Gharyan	Gharyan	\N
2095	LY	LY-58	Misratah	Misratah	Misratah	\N
2096	LY	LY-59	Sawfajjin	Sawfajjin	Sawfajjin	\N
2097	LY	LY-60	Surt	Surt	Surt	\N
2098	LY	LY-61	Tarabulus	Tarabulus	Tarabulus	\N
2099	LY	LY-62	Yafran	Yafran	Yafran	\N
2100	MA	MA-45	Grand Casablanca	Grand Casablanca	Grand Casablanca	\N
2101	MA	MA-46	Fes-Boulemane	Fes-Boulemane	Fes-Boulemane	\N
2102	MA	MA-47	Marrakech-Tensift-Al Haouz	Marrakech-Tensift-Al Haouz	Marrakech-Tensift-Al Haouz	\N
2103	MA	MA-48	Meknes-Tafilalet	Meknes-Tafilalet	Meknes-Tafilalet	\N
2104	MA	MA-49	Rabat-Sale-Zemmour-Zaer	Rabat-Sale-Zemmour-Zaer	Rabat-Sale-Zemmour-Zaer	\N
2105	MA	MA-50	Chaouia-Ouardigha	Chaouia-Ouardigha	Chaouia-Ouardigha	\N
2106	MA	MA-51	Doukkala-Abda	Doukkala-Abda	Doukkala-Abda	\N
2107	MA	MA-52	Gharb-Chrarda-Beni Hssen	Gharb-Chrarda-Beni Hssen	Gharb-Chrarda-Beni Hssen	\N
2108	MA	MA-53	Guelmim-Es Smara	Guelmim-Es Smara	Guelmim-Es Smara	\N
2109	MA	MA-54	Oriental	Oriental	Oriental	\N
2110	MA	MA-55	Souss-Massa-Dr,a	Souss-Massa-Dr,a	Souss-Massa-Dr,a	\N
2111	MA	MA-56	Tadla-Azilal	Tadla-Azilal	Tadla-Azilal	\N
2112	MA	MA-57	Tanger-Tetouan	Tanger-Tetouan	Tanger-Tetouan	\N
2113	MA	MA-58	Taza-Al Hoceima-Taounate	Taza-Al Hoceima-Taounate	Taza-Al Hoceima-Taounate	\N
2114	MA	MA-59	La,youne-Boujdour-Sakia El Hamra	La,youne-Boujdour-Sakia El Hamra	La,youne-Boujdour-Sakia El Hamra	\N
2115	MC	MC-01	La Condamine	La Condamine	La Condamine	\N
2116	MC	MC-02	Monaco	Monaco	Monaco	\N
2117	MC	MC-03	Monte-Carlo	Monte-Carlo	Monte-Carlo	\N
2118	MD	MD-51	Gagauzia	Gagauzia	Gagauzia	\N
2119	MD	MD-57	Chisinau	Chisinau	Chisinau	\N
2120	MD	MD-58	Stinga Nistrului	Stinga Nistrului	Stinga Nistrului	\N
2121	MD	MD-59	Anenii Noi	Anenii Noi	Anenii Noi	\N
2122	MD	MD-60	Balti	Balti	Balti	\N
2123	MD	MD-61	Basarabeasca	Basarabeasca	Basarabeasca	\N
2124	MD	MD-62	Bender	Bender	Bender	\N
2125	MD	MD-63	Briceni	Briceni	Briceni	\N
2126	MD	MD-64	Cahul	Cahul	Cahul	\N
2127	MD	MD-65	Cantemir	Cantemir	Cantemir	\N
2128	MD	MD-66	Calarasi	Calarasi	Calarasi	\N
2129	MD	MD-67	Causeni	Causeni	Causeni	\N
2130	MD	MD-68	Cimislia	Cimislia	Cimislia	\N
2131	MD	MD-69	Criuleni	Criuleni	Criuleni	\N
2132	MD	MD-70	Donduseni	Donduseni	Donduseni	\N
2133	MD	MD-71	Drochia	Drochia	Drochia	\N
2134	MD	MD-72	Dubasari	Dubasari	Dubasari	\N
2135	MD	MD-73	Edinet	Edinet	Edinet	\N
2136	MD	MD-74	Falesti	Falesti	Falesti	\N
2137	MD	MD-75	Floresti	Floresti	Floresti	\N
2138	MD	MD-76	Glodeni	Glodeni	Glodeni	\N
2139	MD	MD-77	Hincesti	Hincesti	Hincesti	\N
2140	MD	MD-78	Ialoveni	Ialoveni	Ialoveni	\N
2141	MD	MD-79	Leova	Leova	Leova	\N
2142	MD	MD-80	Nisporeni	Nisporeni	Nisporeni	\N
2143	MD	MD-81	Ocnita	Ocnita	Ocnita	\N
2144	MD	MD-82	Orhei	Orhei	Orhei	\N
2145	MD	MD-83	Rezina	Rezina	Rezina	\N
2146	MD	MD-84	Riscani	Riscani	Riscani	\N
2147	MD	MD-85	Singerei	Singerei	Singerei	\N
2148	MD	MD-86	Soldanesti	Soldanesti	Soldanesti	\N
2149	MD	MD-87	Soroca	Soroca	Soroca	\N
2150	MD	MD-88	Stefan-Voda	Stefan-Voda	Stefan-Voda	\N
2151	MD	MD-89	Straseni	Straseni	Straseni	\N
2152	MD	MD-90	Taraclia	Taraclia	Taraclia	\N
2153	MD	MD-91	Telenesti	Telenesti	Telenesti	\N
2154	MD	MD-92	Ungheni	Ungheni	Ungheni	\N
2155	MG	MG-01	Antsiranana	Antsiranana	Antsiranana	\N
2156	MG	MG-02	Fianarantsoa	Fianarantsoa	Fianarantsoa	\N
2157	MG	MG-03	Mahajanga	Mahajanga	Mahajanga	\N
2158	MG	MG-04	Toamasina	Toamasina	Toamasina	\N
2159	MG	MG-05	Antananarivo	Antananarivo	Antananarivo	\N
2160	MG	MG-06	Toliara	Toliara	Toliara	\N
2161	MK	MK-01	Aracinovo	Aracinovo	Aracinovo	\N
2162	MK	MK-02	Bac	Bac	Bac	\N
2163	MK	MK-03	Belcista	Belcista	Belcista	\N
2164	MK	MK-04	Berovo	Berovo	Berovo	\N
2165	MK	MK-05	Bistrica	Bistrica	Bistrica	\N
2166	MK	MK-06	Bitola	Bitola	Bitola	\N
2167	MK	MK-07	Blatec	Blatec	Blatec	\N
2168	MK	MK-08	Bogdanci	Bogdanci	Bogdanci	\N
2169	MK	MK-09	Bogomila	Bogomila	Bogomila	\N
2170	MK	MK-10	Bogovinje	Bogovinje	Bogovinje	\N
2171	MK	MK-11	Bosilovo	Bosilovo	Bosilovo	\N
2172	MK	MK-12	Brvenica	Brvenica	Brvenica	\N
2173	MK	MK-13	Cair	Cair	Cair	\N
2174	MK	MK-14	Capari	Capari	Capari	\N
2175	MK	MK-15	Caska	Caska	Caska	\N
2176	MK	MK-16	Cegrane	Cegrane	Cegrane	\N
2177	MK	MK-17	Centar	Centar	Centar	\N
2178	MK	MK-18	Centar Zupa	Centar Zupa	Centar Zupa	\N
2179	MK	MK-19	Cesinovo	Cesinovo	Cesinovo	\N
2180	MK	MK-20	Cucer-Sandevo	Cucer-Sandevo	Cucer-Sandevo	\N
2181	MK	MK-21	Debar	Debar	Debar	\N
2182	MK	MK-22	Delcevo	Delcevo	Delcevo	\N
2183	MK	MK-23	Delogozdi	Delogozdi	Delogozdi	\N
2184	MK	MK-24	Demir Hisar	Demir Hisar	Demir Hisar	\N
2185	MK	MK-25	Demir Kapija	Demir Kapija	Demir Kapija	\N
2186	MK	MK-26	Dobrusevo	Dobrusevo	Dobrusevo	\N
2187	MK	MK-27	Dolna Banjica	Dolna Banjica	Dolna Banjica	\N
2188	MK	MK-28	Dolneni	Dolneni	Dolneni	\N
2189	MK	MK-29	Dorce Petrov	Dorce Petrov	Dorce Petrov	\N
2190	MK	MK-30	Drugovo	Drugovo	Drugovo	\N
2191	MK	MK-31	Dzepciste	Dzepciste	Dzepciste	\N
2192	MK	MK-32	Gazi Baba	Gazi Baba	Gazi Baba	\N
2193	MK	MK-33	Gevgelija	Gevgelija	Gevgelija	\N
2194	MK	MK-34	Gostivar	Gostivar	Gostivar	\N
2195	MK	MK-35	Gradsko	Gradsko	Gradsko	\N
2196	MK	MK-36	Ilinden	Ilinden	Ilinden	\N
2197	MK	MK-37	Izvor	Izvor	Izvor	\N
2198	MK	MK-38	Jegunovce	Jegunovce	Jegunovce	\N
2199	MK	MK-39	Kamenjane	Kamenjane	Kamenjane	\N
2200	MK	MK-40	Karbinci	Karbinci	Karbinci	\N
2201	MK	MK-41	Karpos	Karpos	Karpos	\N
2202	MK	MK-42	Kavadarci	Kavadarci	Kavadarci	\N
2203	MK	MK-43	Kicevo	Kicevo	Kicevo	\N
2204	MK	MK-44	Kisela Voda	Kisela Voda	Kisela Voda	\N
2205	MK	MK-45	Klecevce	Klecevce	Klecevce	\N
2206	MK	MK-46	Kocani	Kocani	Kocani	\N
2207	MK	MK-47	Konce	Konce	Konce	\N
2208	MK	MK-48	Kondovo	Kondovo	Kondovo	\N
2209	MK	MK-49	Konopiste	Konopiste	Konopiste	\N
2210	MK	MK-50	Kosel	Kosel	Kosel	\N
2211	MK	MK-51	Kratovo	Kratovo	Kratovo	\N
2212	MK	MK-52	Kriva Palanka	Kriva Palanka	Kriva Palanka	\N
2213	MK	MK-53	Krivogastani	Krivogastani	Krivogastani	\N
2214	MK	MK-54	Krusevo	Krusevo	Krusevo	\N
2215	MK	MK-55	Kuklis	Kuklis	Kuklis	\N
2216	MK	MK-56	Kukurecani	Kukurecani	Kukurecani	\N
2217	MK	MK-57	Kumanovo	Kumanovo	Kumanovo	\N
2218	MK	MK-58	Labunista	Labunista	Labunista	\N
2219	MK	MK-59	Lipkovo	Lipkovo	Lipkovo	\N
2220	MK	MK-60	Lozovo	Lozovo	Lozovo	\N
2221	MK	MK-61	Lukovo	Lukovo	Lukovo	\N
2222	MK	MK-62	Makedonska Kamenica	Makedonska Kamenica	Makedonska Kamenica	\N
2223	MK	MK-63	Makedonski Brod	Makedonski Brod	Makedonski Brod	\N
2224	MK	MK-64	Mavrovi Anovi	Mavrovi Anovi	Mavrovi Anovi	\N
2225	MK	MK-65	Meseista	Meseista	Meseista	\N
2226	MK	MK-66	Miravci	Miravci	Miravci	\N
2227	MK	MK-67	Mogila	Mogila	Mogila	\N
2228	MK	MK-68	Murtino	Murtino	Murtino	\N
2229	MK	MK-69	Negotino	Negotino	Negotino	\N
2230	MK	MK-70	Negotino-Polosko	Negotino-Polosko	Negotino-Polosko	\N
2231	MK	MK-71	Novaci	Novaci	Novaci	\N
2232	MK	MK-72	Novo Selo	Novo Selo	Novo Selo	\N
2233	MK	MK-73	Oblesevo	Oblesevo	Oblesevo	\N
2234	MK	MK-74	Ohrid	Ohrid	Ohrid	\N
2235	MK	MK-75	Orasac	Orasac	Orasac	\N
2236	MK	MK-76	Orizari	Orizari	Orizari	\N
2237	MK	MK-77	Oslomej	Oslomej	Oslomej	\N
2238	MK	MK-78	Pehcevo	Pehcevo	Pehcevo	\N
2239	MK	MK-79	Petrovec	Petrovec	Petrovec	\N
2240	MK	MK-80	Plasnica	Plasnica	Plasnica	\N
2241	MK	MK-81	Podares	Podares	Podares	\N
2242	MK	MK-82	Prilep	Prilep	Prilep	\N
2243	MK	MK-83	Probistip	Probistip	Probistip	\N
2244	MK	MK-84	Radovis	Radovis	Radovis	\N
2245	MK	MK-85	Rankovce	Rankovce	Rankovce	\N
2246	MK	MK-86	Resen	Resen	Resen	\N
2247	MK	MK-87	Rosoman	Rosoman	Rosoman	\N
2248	MK	MK-88	Rostusa	Rostusa	Rostusa	\N
2249	MK	MK-89	Samokov	Samokov	Samokov	\N
2250	MK	MK-90	Saraj	Saraj	Saraj	\N
2251	MK	MK-91	Sipkovica	Sipkovica	Sipkovica	\N
2252	MK	MK-92	Sopiste	Sopiste	Sopiste	\N
2253	MK	MK-93	Sopotnica	Sopotnica	Sopotnica	\N
2254	MK	MK-94	Srbinovo	Srbinovo	Srbinovo	\N
2255	MK	MK-95	Staravina	Staravina	Staravina	\N
2256	MK	MK-96	Star Dojran	Star Dojran	Star Dojran	\N
2257	MK	MK-97	Staro Nagoricane	Staro Nagoricane	Staro Nagoricane	\N
2258	MK	MK-98	Stip	Stip	Stip	\N
2259	MK	MK-99	Struga	Struga	Struga	\N
2260	MK	MK-A1	Strumica	Strumica	Strumica	\N
2261	MK	MK-A2	Studenicani	Studenicani	Studenicani	\N
2262	MK	MK-A3	Suto Orizari	Suto Orizari	Suto Orizari	\N
2263	MK	MK-A4	Sveti Nikole	Sveti Nikole	Sveti Nikole	\N
2264	MK	MK-A5	Tearce	Tearce	Tearce	\N
2265	MK	MK-A6	Tetovo	Tetovo	Tetovo	\N
2266	MK	MK-A7	Topolcani	Topolcani	Topolcani	\N
2267	MK	MK-A8	Valandovo	Valandovo	Valandovo	\N
2268	MK	MK-A9	Vasilevo	Vasilevo	Vasilevo	\N
2269	MK	MK-B1	Veles	Veles	Veles	\N
2270	MK	MK-B2	Velesta	Velesta	Velesta	\N
2271	MK	MK-B3	Vevcani	Vevcani	Vevcani	\N
2272	MK	MK-B4	Vinica	Vinica	Vinica	\N
2273	MK	MK-B5	Vitoliste	Vitoliste	Vitoliste	\N
2274	MK	MK-B6	Vranestica	Vranestica	Vranestica	\N
2275	MK	MK-B7	Vrapciste	Vrapciste	Vrapciste	\N
2276	MK	MK-B8	Vratnica	Vratnica	Vratnica	\N
2277	MK	MK-B9	Vrutok	Vrutok	Vrutok	\N
2278	MK	MK-C1	Zajas	Zajas	Zajas	\N
2279	MK	MK-C2	Zelenikovo	Zelenikovo	Zelenikovo	\N
2280	MK	MK-C3	Zelino	Zelino	Zelino	\N
2281	MK	MK-C4	Zitose	Zitose	Zitose	\N
2282	MK	MK-C5	Zletovo	Zletovo	Zletovo	\N
2283	MK	MK-C6	Zrnovci	Zrnovci	Zrnovci	\N
2284	MK	MK-C8	Cair	Cair	Cair	\N
2285	MK	MK-C9	Caska	Caska	Caska	\N
2286	MK	MK-D2	Debar	Debar	Debar	\N
2287	MK	MK-D3	Demir Hisar	Demir Hisar	Demir Hisar	\N
2288	MK	MK-D4	Gostivar	Gostivar	Gostivar	\N
2289	MK	MK-D5	Jegunovce	Jegunovce	Jegunovce	\N
2290	MK	MK-D6	Kavadarci	Kavadarci	Kavadarci	\N
2291	MK	MK-D7	Kumanovo	Kumanovo	Kumanovo	\N
2292	MK	MK-D8	Makedonski Brod	Makedonski Brod	Makedonski Brod	\N
2293	MK	MK-E2	Ohrid	Ohrid	Ohrid	\N
2294	MK	MK-E3	Prilep	Prilep	Prilep	\N
2295	MK	MK-E5	Dojran	Dojran	Dojran	\N
2296	MK	MK-E6	Struga	Struga	Struga	\N
2297	MK	MK-E7	Strumica	Strumica	Strumica	\N
2298	MK	MK-E8	Tetovo	Tetovo	Tetovo	\N
2299	MK	MK-E9	Valandovo	Valandovo	Valandovo	\N
2300	MK	MK-F1	Veles	Veles	Veles	\N
2301	MK	MK-F2	Aerodrom	Aerodrom	Aerodrom	\N
2302	ML	ML-01	Bamako	Bamako	Bamako	\N
2303	ML	ML-03	Kayes	Kayes	Kayes	\N
2304	ML	ML-04	Mopti	Mopti	Mopti	\N
2305	ML	ML-05	Segou	Segou	Segou	\N
2306	ML	ML-06	Sikasso	Sikasso	Sikasso	\N
2307	ML	ML-07	Koulikoro	Koulikoro	Koulikoro	\N
2308	ML	ML-08	Tombouctou	Tombouctou	Tombouctou	\N
2309	ML	ML-09	Gao	Gao	Gao	\N
2310	ML	ML-10	Kidal	Kidal	Kidal	\N
2311	MM	MM-01	Rakhine State	Rakhine State	Rakhine State	\N
2312	MM	MM-02	Chin State	Chin State	Chin State	\N
2313	MM	MM-03	Irrawaddy	Irrawaddy	Irrawaddy	\N
2314	MM	MM-04	Kachin State	Kachin State	Kachin State	\N
2315	MM	MM-05	Karan State	Karan State	Karan State	\N
2316	MM	MM-06	Kayah State	Kayah State	Kayah State	\N
2317	MM	MM-07	Magwe	Magwe	Magwe	\N
2318	MM	MM-08	Mandalay	Mandalay	Mandalay	\N
2319	MM	MM-09	Pegu	Pegu	Pegu	\N
2320	MM	MM-10	Sagaing	Sagaing	Sagaing	\N
2321	MM	MM-11	Shan State	Shan State	Shan State	\N
2322	MM	MM-12	Tenasserim	Tenasserim	Tenasserim	\N
2323	MM	MM-13	Mon State	Mon State	Mon State	\N
2324	MM	MM-14	Rangoon	Rangoon	Rangoon	\N
2325	MM	MM-17	Yangon	Yangon	Yangon	\N
2326	MN	MN-01	Arhangay	Arhangay	Arhangay	\N
2327	MN	MN-02	Bayanhongor	Bayanhongor	Bayanhongor	\N
2328	MN	MN-03	Bayan-Olgiy	Bayan-Olgiy	Bayan-Olgiy	\N
2329	MN	MN-05	Darhan	Darhan	Darhan	\N
2330	MN	MN-06	Dornod	Dornod	Dornod	\N
2331	MN	MN-07	Dornogovi	Dornogovi	Dornogovi	\N
2332	MN	MN-08	Dundgovi	Dundgovi	Dundgovi	\N
2333	MN	MN-09	Dzavhan	Dzavhan	Dzavhan	\N
2334	MN	MN-10	Govi-Altay	Govi-Altay	Govi-Altay	\N
2335	MN	MN-11	Hentiy	Hentiy	Hentiy	\N
2336	MN	MN-12	Hovd	Hovd	Hovd	\N
2337	MN	MN-13	Hovsgol	Hovsgol	Hovsgol	\N
2338	MN	MN-14	Omnogovi	Omnogovi	Omnogovi	\N
2339	MN	MN-15	Ovorhangay	Ovorhangay	Ovorhangay	\N
2340	MN	MN-16	Selenge	Selenge	Selenge	\N
2341	MN	MN-17	Suhbaatar	Suhbaatar	Suhbaatar	\N
2342	MN	MN-18	Tov	Tov	Tov	\N
2343	MN	MN-19	Uvs	Uvs	Uvs	\N
2344	MN	MN-20	Ulaanbaatar	Ulaanbaatar	Ulaanbaatar	\N
2345	MN	MN-21	Bulgan	Bulgan	Bulgan	\N
2346	MN	MN-22	Erdenet	Erdenet	Erdenet	\N
2347	MN	MN-23	Darhan-Uul	Darhan-Uul	Darhan-Uul	\N
2348	MN	MN-24	Govisumber	Govisumber	Govisumber	\N
2349	MN	MN-25	Orhon	Orhon	Orhon	\N
2350	MO	MO-01	Ilhas	Ilhas	Ilhas	\N
2351	MO	MO-02	Macau	Macau	Macau	\N
2352	MR	MR-01	Hodh Ech Chargui	Hodh Ech Chargui	Hodh Ech Chargui	\N
2353	MR	MR-02	Hodh El Gharbi	Hodh El Gharbi	Hodh El Gharbi	\N
2354	MR	MR-03	Assaba	Assaba	Assaba	\N
2355	MR	MR-04	Gorgol	Gorgol	Gorgol	\N
2356	MR	MR-05	Brakna	Brakna	Brakna	\N
2357	MR	MR-06	Trarza	Trarza	Trarza	\N
2358	MR	MR-07	Adrar	Adrar	Adrar	\N
2359	MR	MR-08	Dakhlet Nouadhibou	Dakhlet Nouadhibou	Dakhlet Nouadhibou	\N
2360	MR	MR-09	Tagant	Tagant	Tagant	\N
2361	MR	MR-10	Guidimaka	Guidimaka	Guidimaka	\N
2362	MR	MR-11	Tiris Zemmour	Tiris Zemmour	Tiris Zemmour	\N
2363	MR	MR-12	Inchiri	Inchiri	Inchiri	\N
2364	MS	MS-01	Saint Anthony	Saint Anthony	Saint Anthony	\N
2365	MS	MS-02	Saint Georges	Saint Georges	Saint Georges	\N
2366	MS	MS-03	Saint Peter	Saint Peter	Saint Peter	\N
2367	MU	MU-12	Black River	Black River	Black River	\N
2368	MU	MU-13	Flacq	Flacq	Flacq	\N
2369	MU	MU-14	Grand Port	Grand Port	Grand Port	\N
2370	MU	MU-15	Moka	Moka	Moka	\N
2371	MU	MU-16	Pamplemousses	Pamplemousses	Pamplemousses	\N
2372	MU	MU-17	Plaines Wilhems	Plaines Wilhems	Plaines Wilhems	\N
2373	MU	MU-18	Port Louis	Port Louis	Port Louis	\N
2374	MU	MU-19	Riviere du Rempart	Riviere du Rempart	Riviere du Rempart	\N
2375	MU	MU-20	Savanne	Savanne	Savanne	\N
2376	MU	MU-21	Agalega Islands	Agalega Islands	Agalega Islands	\N
2377	MU	MU-22	Cargados Carajos	Cargados Carajos	Cargados Carajos	\N
2378	MU	MU-23	Rodrigues	Rodrigues	Rodrigues	\N
2379	MV	MV-01	Seenu	Seenu	Seenu	\N
2380	MV	MV-05	Laamu	Laamu	Laamu	\N
2381	MV	MV-30	Alifu	Alifu	Alifu	\N
2382	MV	MV-31	Baa	Baa	Baa	\N
2383	MV	MV-32	Dhaalu	Dhaalu	Dhaalu	\N
2384	MV	MV-33	Faafu 	Faafu 	Faafu 	\N
2385	MV	MV-34	Gaafu Alifu	Gaafu Alifu	Gaafu Alifu	\N
2386	MV	MV-35	Gaafu Dhaalu	Gaafu Dhaalu	Gaafu Dhaalu	\N
2387	MV	MV-36	Haa Alifu	Haa Alifu	Haa Alifu	\N
2388	MV	MV-37	Haa Dhaalu	Haa Dhaalu	Haa Dhaalu	\N
2389	MV	MV-38	Kaafu	Kaafu	Kaafu	\N
2390	MV	MV-39	Lhaviyani	Lhaviyani	Lhaviyani	\N
2391	MV	MV-40	Maale	Maale	Maale	\N
2392	MV	MV-41	Meemu	Meemu	Meemu	\N
2393	MV	MV-42	Gnaviyani	Gnaviyani	Gnaviyani	\N
2394	MV	MV-43	Noonu	Noonu	Noonu	\N
2395	MV	MV-44	Raa	Raa	Raa	\N
2396	MV	MV-45	Shaviyani	Shaviyani	Shaviyani	\N
2397	MV	MV-46	Thaa	Thaa	Thaa	\N
2398	MV	MV-47	Vaavu	Vaavu	Vaavu	\N
2399	MW	MW-02	Chikwawa	Chikwawa	Chikwawa	\N
2400	MW	MW-03	Chiradzulu	Chiradzulu	Chiradzulu	\N
2401	MW	MW-04	Chitipa	Chitipa	Chitipa	\N
2402	MW	MW-05	Thyolo	Thyolo	Thyolo	\N
2403	MW	MW-06	Dedza	Dedza	Dedza	\N
2404	MW	MW-07	Dowa	Dowa	Dowa	\N
2405	MW	MW-08	Karonga	Karonga	Karonga	\N
2406	MW	MW-09	Kasungu	Kasungu	Kasungu	\N
2407	MW	MW-11	Lilongwe	Lilongwe	Lilongwe	\N
2408	MW	MW-12	Mangochi	Mangochi	Mangochi	\N
2409	MW	MW-13	Mchinji	Mchinji	Mchinji	\N
2410	MW	MW-15	Mzimba	Mzimba	Mzimba	\N
2411	MW	MW-16	Ntcheu	Ntcheu	Ntcheu	\N
2412	MW	MW-17	Nkhata Bay	Nkhata Bay	Nkhata Bay	\N
2413	MW	MW-18	Nkhotakota	Nkhotakota	Nkhotakota	\N
2414	MW	MW-19	Nsanje	Nsanje	Nsanje	\N
2415	MW	MW-20	Ntchisi	Ntchisi	Ntchisi	\N
2416	MW	MW-21	Rumphi	Rumphi	Rumphi	\N
2417	MW	MW-22	Salima	Salima	Salima	\N
2418	MW	MW-23	Zomba	Zomba	Zomba	\N
2419	MW	MW-24	Blantyre	Blantyre	Blantyre	\N
2420	MW	MW-25	Mwanza	Mwanza	Mwanza	\N
2421	MW	MW-26	Balaka	Balaka	Balaka	\N
2422	MW	MW-27	Likoma	Likoma	Likoma	\N
2423	MW	MW-28	Machinga	Machinga	Machinga	\N
2424	MW	MW-29	Mulanje	Mulanje	Mulanje	\N
2425	MW	MW-30	Phalombe	Phalombe	Phalombe	\N
2426	MX	MX-01	Aguascalientes	Aguascalientes	Aguascalientes	\N
2427	MX	MX-02	Baja California	Baja California	Baja California	\N
2428	MX	MX-03	Baja California Sur	Baja California Sur	Baja California Sur	\N
2429	MX	MX-04	Campeche	Campeche	Campeche	\N
2430	MX	MX-05	Chiapas	Chiapas	Chiapas	\N
2431	MX	MX-06	Chihuahua	Chihuahua	Chihuahua	\N
2432	MX	MX-07	Coahuila de Zaragoza	Coahuila de Zaragoza	Coahuila de Zaragoza	\N
2433	MX	MX-08	Colima	Colima	Colima	\N
2434	MX	MX-09	Distrito Federal	Distrito Federal	Distrito Federal	\N
2435	MX	MX-10	Durango	Durango	Durango	\N
2436	MX	MX-11	Guanajuato	Guanajuato	Guanajuato	\N
2437	MX	MX-12	Guerrero	Guerrero	Guerrero	\N
2438	MX	MX-13	Hidalgo	Hidalgo	Hidalgo	\N
2439	MX	MX-14	Jalisco	Jalisco	Jalisco	\N
2440	MX	MX-15	Mexico	Mexico	Mexico	\N
2441	MX	MX-16	Michoacan de Ocampo	Michoacan de Ocampo	Michoacan de Ocampo	\N
2442	MX	MX-17	Morelos	Morelos	Morelos	\N
2443	MX	MX-18	Nayarit	Nayarit	Nayarit	\N
2444	MX	MX-19	Nuevo Leon	Nuevo Leon	Nuevo Leon	\N
2445	MX	MX-20	Oaxaca	Oaxaca	Oaxaca	\N
2446	MX	MX-21	Puebla	Puebla	Puebla	\N
2447	MX	MX-22	Queretaro de Arteaga	Queretaro de Arteaga	Queretaro de Arteaga	\N
2448	MX	MX-23	Quintana Roo	Quintana Roo	Quintana Roo	\N
2449	MX	MX-24	San Luis Potosi	San Luis Potosi	San Luis Potosi	\N
2450	MX	MX-25	Sinaloa	Sinaloa	Sinaloa	\N
2451	MX	MX-26	Sonora	Sonora	Sonora	\N
2452	MX	MX-27	Tabasco	Tabasco	Tabasco	\N
2453	MX	MX-28	Tamaulipas	Tamaulipas	Tamaulipas	\N
2454	MX	MX-29	Tlaxcala	Tlaxcala	Tlaxcala	\N
2455	MX	MX-30	Veracruz-Llave	Veracruz-Llave	Veracruz-Llave	\N
2456	MX	MX-31	Yucatan	Yucatan	Yucatan	\N
2457	MX	MX-32	Zacatecas	Zacatecas	Zacatecas	\N
2458	MY	MY-01	Johor	Johor	Johor	\N
2459	MY	MY-02	Kedah	Kedah	Kedah	\N
2460	MY	MY-03	Kelantan	Kelantan	Kelantan	\N
2461	MY	MY-04	Melaka	Melaka	Melaka	\N
2462	MY	MY-05	Negeri Sembilan	Negeri Sembilan	Negeri Sembilan	\N
2463	MY	MY-06	Pahang	Pahang	Pahang	\N
2464	MY	MY-07	Perak	Perak	Perak	\N
2465	MY	MY-08	Perlis	Perlis	Perlis	\N
2466	MY	MY-09	Pulau Pinang	Pulau Pinang	Pulau Pinang	\N
2467	MY	MY-11	Sarawak	Sarawak	Sarawak	\N
2468	MY	MY-12	Selangor	Selangor	Selangor	\N
2469	MY	MY-13	Terengganu	Terengganu	Terengganu	\N
2470	MY	MY-14	Kuala Lumpur	Kuala Lumpur	Kuala Lumpur	\N
2471	MY	MY-15	Labuan	Labuan	Labuan	\N
2472	MY	MY-16	Sabah	Sabah	Sabah	\N
2473	MY	MY-17	Putrajaya	Putrajaya	Putrajaya	\N
2474	MZ	MZ-01	Cabo Delgado	Cabo Delgado	Cabo Delgado	\N
2475	MZ	MZ-02	Gaza	Gaza	Gaza	\N
2476	MZ	MZ-03	Inhambane	Inhambane	Inhambane	\N
2477	MZ	MZ-04	Maputo	Maputo	Maputo	\N
2478	MZ	MZ-05	Sofala	Sofala	Sofala	\N
2479	MZ	MZ-06	Nampula	Nampula	Nampula	\N
2480	MZ	MZ-07	Niassa	Niassa	Niassa	\N
2481	MZ	MZ-08	Tete	Tete	Tete	\N
2482	MZ	MZ-09	Zambezia	Zambezia	Zambezia	\N
2483	MZ	MZ-10	Manica	Manica	Manica	\N
2484	MZ	MZ-11	Maputo	Maputo	Maputo	\N
2485	NA	NA-01	Bethanien	Bethanien	Bethanien	\N
2486	NA	NA-02	Caprivi Oos	Caprivi Oos	Caprivi Oos	\N
2487	NA	NA-03	Boesmanland	Boesmanland	Boesmanland	\N
2488	NA	NA-04	Gobabis	Gobabis	Gobabis	\N
2489	NA	NA-05	Grootfontein	Grootfontein	Grootfontein	\N
2490	NA	NA-06	Kaokoland	Kaokoland	Kaokoland	\N
2491	NA	NA-07	Karibib	Karibib	Karibib	\N
2492	NA	NA-08	Keetmanshoop	Keetmanshoop	Keetmanshoop	\N
2493	NA	NA-09	Luderitz	Luderitz	Luderitz	\N
2494	NA	NA-10	Maltahohe	Maltahohe	Maltahohe	\N
2495	NA	NA-11	Okahandja	Okahandja	Okahandja	\N
2496	NA	NA-12	Omaruru	Omaruru	Omaruru	\N
2497	NA	NA-13	Otjiwarongo	Otjiwarongo	Otjiwarongo	\N
2498	NA	NA-14	Outjo	Outjo	Outjo	\N
2499	NA	NA-15	Owambo	Owambo	Owambo	\N
2500	NA	NA-16	Rehoboth	Rehoboth	Rehoboth	\N
2501	NA	NA-17	Swakopmund	Swakopmund	Swakopmund	\N
2502	NA	NA-18	Tsumeb	Tsumeb	Tsumeb	\N
2503	NA	NA-20	Karasburg	Karasburg	Karasburg	\N
2504	NA	NA-21	Windhoek	Windhoek	Windhoek	\N
2505	NA	NA-22	Damaraland	Damaraland	Damaraland	\N
2506	NA	NA-23	Hereroland Oos	Hereroland Oos	Hereroland Oos	\N
2507	NA	NA-24	Hereroland Wes	Hereroland Wes	Hereroland Wes	\N
2508	NA	NA-25	Kavango	Kavango	Kavango	\N
2509	NA	NA-26	Mariental	Mariental	Mariental	\N
2510	NA	NA-27	Namaland	Namaland	Namaland	\N
2511	NA	NA-28	Caprivi	Caprivi	Caprivi	\N
2512	NA	NA-29	Erongo	Erongo	Erongo	\N
2513	NA	NA-30	Hardap	Hardap	Hardap	\N
2514	NA	NA-31	Karas	Karas	Karas	\N
2515	NA	NA-32	Kunene	Kunene	Kunene	\N
2516	NA	NA-33	Ohangwena	Ohangwena	Ohangwena	\N
2517	NA	NA-34	Okavango	Okavango	Okavango	\N
2518	NA	NA-35	Omaheke	Omaheke	Omaheke	\N
2519	NA	NA-36	Omusati	Omusati	Omusati	\N
2520	NA	NA-37	Oshana	Oshana	Oshana	\N
2521	NA	NA-38	Oshikoto	Oshikoto	Oshikoto	\N
2522	NA	NA-39	Otjozondjupa	Otjozondjupa	Otjozondjupa	\N
2523	NE	NE-01	Agadez	Agadez	Agadez	\N
2524	NE	NE-02	Diffa	Diffa	Diffa	\N
2525	NE	NE-03	Dosso	Dosso	Dosso	\N
2526	NE	NE-04	Maradi	Maradi	Maradi	\N
2527	NE	NE-05	Niamey	Niamey	Niamey	\N
2528	NE	NE-06	Tahoua	Tahoua	Tahoua	\N
2529	NE	NE-07	Zinder	Zinder	Zinder	\N
2530	NE	NE-08	Niamey	Niamey	Niamey	\N
2531	NG	NG-05	Lagos	Lagos	Lagos	\N
2532	NG	NG-11	Federal Capital Territory	Federal Capital Territory	Federal Capital Territory	\N
2533	NG	NG-16	Ogun	Ogun	Ogun	\N
2534	NG	NG-21	Akwa Ibom	Akwa Ibom	Akwa Ibom	\N
2535	NG	NG-22	Cross River	Cross River	Cross River	\N
2536	NG	NG-23	Kaduna	Kaduna	Kaduna	\N
2537	NG	NG-24	Katsina	Katsina	Katsina	\N
2538	NG	NG-25	Anambra	Anambra	Anambra	\N
2539	NG	NG-26	Benue	Benue	Benue	\N
2540	NG	NG-27	Borno	Borno	Borno	\N
2541	NG	NG-28	Imo	Imo	Imo	\N
2542	NG	NG-29	Kano	Kano	Kano	\N
2543	NG	NG-30	Kwara	Kwara	Kwara	\N
2544	NG	NG-31	Niger	Niger	Niger	\N
2545	NG	NG-32	Oyo	Oyo	Oyo	\N
2546	NG	NG-35	Adamawa	Adamawa	Adamawa	\N
2547	NG	NG-36	Delta	Delta	Delta	\N
2548	NG	NG-37	Edo	Edo	Edo	\N
2549	NG	NG-39	Jigawa	Jigawa	Jigawa	\N
2550	NG	NG-40	Kebbi	Kebbi	Kebbi	\N
2551	NG	NG-41	Kogi	Kogi	Kogi	\N
2552	NG	NG-42	Osun	Osun	Osun	\N
2553	NG	NG-43	Taraba	Taraba	Taraba	\N
2554	NG	NG-44	Yobe	Yobe	Yobe	\N
2555	NG	NG-45	Abia	Abia	Abia	\N
2556	NG	NG-46	Bauchi	Bauchi	Bauchi	\N
2557	NG	NG-47	Enugu	Enugu	Enugu	\N
2558	NG	NG-48	Ondo	Ondo	Ondo	\N
2559	NG	NG-49	Plateau	Plateau	Plateau	\N
2560	NG	NG-50	Rivers	Rivers	Rivers	\N
2561	NG	NG-51	Sokoto	Sokoto	Sokoto	\N
2562	NG	NG-52	Bayelsa	Bayelsa	Bayelsa	\N
2563	NG	NG-53	Ebonyi	Ebonyi	Ebonyi	\N
2564	NG	NG-54	Ekiti	Ekiti	Ekiti	\N
2565	NG	NG-55	Gombe	Gombe	Gombe	\N
2566	NG	NG-56	Nassarawa	Nassarawa	Nassarawa	\N
2567	NG	NG-57	Zamfara	Zamfara	Zamfara	\N
2568	NI	NI-01	Boaco	Boaco	Boaco	\N
2569	NI	NI-02	Carazo	Carazo	Carazo	\N
2570	NI	NI-03	Chinandega	Chinandega	Chinandega	\N
2571	NI	NI-04	Chontales	Chontales	Chontales	\N
2572	NI	NI-05	Esteli	Esteli	Esteli	\N
2573	NI	NI-06	Granada	Granada	Granada	\N
2574	NI	NI-07	Jinotega	Jinotega	Jinotega	\N
2575	NI	NI-08	Leon	Leon	Leon	\N
2576	NI	NI-09	Madriz	Madriz	Madriz	\N
2577	NI	NI-10	Managua	Managua	Managua	\N
2578	NI	NI-11	Masaya	Masaya	Masaya	\N
2579	NI	NI-12	Matagalpa	Matagalpa	Matagalpa	\N
2580	NI	NI-13	Nueva Segovia	Nueva Segovia	Nueva Segovia	\N
2581	NI	NI-14	Rio San Juan	Rio San Juan	Rio San Juan	\N
2582	NI	NI-15	Rivas	Rivas	Rivas	\N
2583	NI	NI-16	Zelaya	Zelaya	Zelaya	\N
2584	NI	NI-17	Autonoma Atlantico Norte	Autonoma Atlantico Norte	Autonoma Atlantico Norte	\N
2585	NI	NI-18	Region Autonoma Atlantico Sur	Region Autonoma Atlantico Sur	Region Autonoma Atlantico Sur	\N
2586	NL	NL-01	Drenthe	Drenthe	Drenthe	\N
2587	NL	NL-02	Friesland	Friesland	Friesland	\N
2588	NL	NL-03	Gelderland	Gelderland	Gelderland	\N
2589	NL	NL-04	Groningen	Groningen	Groningen	\N
2590	NL	NL-05	Limburg	Limburg	Limburg	\N
2591	NL	NL-06	Noord-Brabant	Noord-Brabant	Noord-Brabant	\N
2592	NL	NL-07	Noord-Holland	Noord-Holland	Noord-Holland	\N
2593	NL	NL-09	Utrecht	Utrecht	Utrecht	\N
2594	NL	NL-10	Zeeland	Zeeland	Zeeland	\N
2595	NL	NL-11	Zuid-Holland	Zuid-Holland	Zuid-Holland	\N
2596	NL	NL-15	Overijssel	Overijssel	Overijssel	\N
2597	NL	NL-16	Flevoland	Flevoland	Flevoland	\N
2598	NO	NO-01	Akershus	Akershus	Akershus	\N
2599	NO	NO-02	Aust-Agder	Aust-Agder	Aust-Agder	\N
2600	NO	NO-04	Buskerud	Buskerud	Buskerud	\N
2601	NO	NO-05	Finnmark	Finnmark	Finnmark	\N
2602	NO	NO-06	Hedmark	Hedmark	Hedmark	\N
2603	NO	NO-07	Hordaland	Hordaland	Hordaland	\N
2604	NO	NO-08	More og Romsdal	More og Romsdal	More og Romsdal	\N
2605	NO	NO-09	Nordland	Nordland	Nordland	\N
2606	NO	NO-10	Nord-Trondelag	Nord-Trondelag	Nord-Trondelag	\N
2607	NO	NO-11	Oppland	Oppland	Oppland	\N
2608	NO	NO-12	Oslo	Oslo	Oslo	\N
2609	NO	NO-13	Ostfold	Ostfold	Ostfold	\N
2610	NO	NO-14	Rogaland	Rogaland	Rogaland	\N
2611	NO	NO-15	Sogn og Fjordane	Sogn og Fjordane	Sogn og Fjordane	\N
2612	NO	NO-16	Sor-Trondelag	Sor-Trondelag	Sor-Trondelag	\N
2613	NO	NO-17	Telemark	Telemark	Telemark	\N
2614	NO	NO-18	Troms	Troms	Troms	\N
2615	NO	NO-19	Vest-Agder	Vest-Agder	Vest-Agder	\N
2616	NO	NO-20	Vestfold	Vestfold	Vestfold	\N
2617	NP	NP-01	Bagmati	Bagmati	Bagmati	\N
2618	NP	NP-02	Bheri	Bheri	Bheri	\N
2619	NP	NP-03	Dhawalagiri	Dhawalagiri	Dhawalagiri	\N
2620	NP	NP-04	Gandaki	Gandaki	Gandaki	\N
2621	NP	NP-05	Janakpur	Janakpur	Janakpur	\N
2622	NP	NP-06	Karnali	Karnali	Karnali	\N
2623	NP	NP-07	Kosi	Kosi	Kosi	\N
2624	NP	NP-08	Lumbini	Lumbini	Lumbini	\N
2625	NP	NP-09	Mahakali	Mahakali	Mahakali	\N
2626	NP	NP-10	Mechi	Mechi	Mechi	\N
2627	NP	NP-11	Narayani	Narayani	Narayani	\N
2628	NP	NP-12	Rapti	Rapti	Rapti	\N
2629	NP	NP-13	Sagarmatha	Sagarmatha	Sagarmatha	\N
2630	NP	NP-14	Seti	Seti	Seti	\N
2631	NR	NR-01	Aiwo	Aiwo	Aiwo	\N
2632	NR	NR-02	Anabar	Anabar	Anabar	\N
2633	NR	NR-03	Anetan	Anetan	Anetan	\N
2634	NR	NR-04	Anibare	Anibare	Anibare	\N
2635	NR	NR-05	Baiti	Baiti	Baiti	\N
2636	NR	NR-06	Boe	Boe	Boe	\N
2637	NR	NR-07	Buada	Buada	Buada	\N
2638	NR	NR-08	Denigomodu	Denigomodu	Denigomodu	\N
2639	NR	NR-09	Ewa	Ewa	Ewa	\N
2640	NR	NR-10	Ijuw	Ijuw	Ijuw	\N
2641	NR	NR-11	Meneng	Meneng	Meneng	\N
2642	NR	NR-12	Nibok	Nibok	Nibok	\N
2643	NR	NR-13	Uaboe	Uaboe	Uaboe	\N
2644	NR	NR-14	Yaren	Yaren	Yaren	\N
2645	NZ	NZ-10	Chatham Islands	Chatham Islands	Chatham Islands	\N
2646	NZ	NZ-E7	Auckland	Auckland	Auckland	\N
2647	NZ	NZ-E8	Bay of Plenty	Bay of Plenty	Bay of Plenty	\N
2648	NZ	NZ-E9	Canterbury	Canterbury	Canterbury	\N
2649	NZ	NZ-F1	Gisborne	Gisborne	Gisborne	\N
2650	NZ	NZ-F2	Hawkes Bay	Hawkes Bay	Hawkes Bay	\N
2651	NZ	NZ-F3	Manawatu-Wanganui	Manawatu-Wanganui	Manawatu-Wanganui	\N
2652	NZ	NZ-F4	Marlborough	Marlborough	Marlborough	\N
2653	NZ	NZ-F5	Nelson	Nelson	Nelson	\N
2654	NZ	NZ-F6	Northland	Northland	Northland	\N
2655	NZ	NZ-F7	Otago	Otago	Otago	\N
2656	NZ	NZ-F8	Southland	Southland	Southland	\N
2657	NZ	NZ-F9	Taranaki	Taranaki	Taranaki	\N
2658	NZ	NZ-G1	Waikato	Waikato	Waikato	\N
2659	NZ	NZ-G2	Wellington	Wellington	Wellington	\N
2660	NZ	NZ-G3	West Coast	West Coast	West Coast	\N
2661	OM	OM-01	Ad Dakhiliyah	Ad Dakhiliyah	Ad Dakhiliyah	\N
2662	OM	OM-02	Al Batinah	Al Batinah	Al Batinah	\N
2663	OM	OM-03	Al Wusta	Al Wusta	Al Wusta	\N
2664	OM	OM-04	Ash Sharqiyah	Ash Sharqiyah	Ash Sharqiyah	\N
2665	OM	OM-05	Az Zahirah	Az Zahirah	Az Zahirah	\N
2666	OM	OM-06	Masqat	Masqat	Masqat	\N
2667	OM	OM-07	Musandam	Musandam	Musandam	\N
2668	OM	OM-08	Zufar	Zufar	Zufar	\N
2669	PA	PA-01	Bocas del Toro	Bocas del Toro	Bocas del Toro	\N
2670	PA	PA-02	Chiriqui	Chiriqui	Chiriqui	\N
2671	PA	PA-03	Cocle	Cocle	Cocle	\N
2672	PA	PA-04	Colon	Colon	Colon	\N
2673	PA	PA-05	Darien	Darien	Darien	\N
2674	PA	PA-06	Herrera	Herrera	Herrera	\N
2675	PA	PA-07	Los Santos	Los Santos	Los Santos	\N
2676	PA	PA-08	Panama	Panama	Panama	\N
2677	PA	PA-09	San Blas	San Blas	San Blas	\N
2678	PA	PA-10	Veraguas	Veraguas	Veraguas	\N
2679	PE	PE-01	Amazonas	Amazonas	Amazonas	\N
2680	PE	PE-02	Ancash	Ancash	Ancash	\N
2681	PE	PE-03	Apurimac	Apurimac	Apurimac	\N
2682	PE	PE-04	Arequipa	Arequipa	Arequipa	\N
2683	PE	PE-05	Ayacucho	Ayacucho	Ayacucho	\N
2684	PE	PE-06	Cajamarca	Cajamarca	Cajamarca	\N
2685	PE	PE-07	Callao	Callao	Callao	\N
2686	PE	PE-08	Cusco	Cusco	Cusco	\N
2687	PE	PE-09	Huancavelica	Huancavelica	Huancavelica	\N
2688	PE	PE-10	Huanuco	Huanuco	Huanuco	\N
2689	PE	PE-11	Ica	Ica	Ica	\N
2690	PE	PE-12	Junin	Junin	Junin	\N
2691	PE	PE-13	La Libertad	La Libertad	La Libertad	\N
2692	PE	PE-14	Lambayeque	Lambayeque	Lambayeque	\N
2693	PE	PE-15	Lima	Lima	Lima	\N
2694	PE	PE-16	Loreto	Loreto	Loreto	\N
2695	PE	PE-17	Madre de Dios	Madre de Dios	Madre de Dios	\N
2696	PE	PE-18	Moquegua	Moquegua	Moquegua	\N
2697	PE	PE-19	Pasco	Pasco	Pasco	\N
2698	PE	PE-20	Piura	Piura	Piura	\N
2699	PE	PE-21	Puno	Puno	Puno	\N
2700	PE	PE-22	San Martin	San Martin	San Martin	\N
2701	PE	PE-23	Tacna	Tacna	Tacna	\N
2702	PE	PE-24	Tumbes	Tumbes	Tumbes	\N
2703	PE	PE-25	Ucayali	Ucayali	Ucayali	\N
2704	PG	PG-01	Central	Central	Central	\N
2705	PG	PG-02	Gulf	Gulf	Gulf	\N
2706	PG	PG-03	Milne Bay	Milne Bay	Milne Bay	\N
2707	PG	PG-04	Northern	Northern	Northern	\N
2708	PG	PG-05	Southern Highlands	Southern Highlands	Southern Highlands	\N
2709	PG	PG-06	Western	Western	Western	\N
2710	PG	PG-07	North Solomons	North Solomons	North Solomons	\N
2711	PG	PG-08	Chimbu	Chimbu	Chimbu	\N
2712	PG	PG-09	Eastern Highlands	Eastern Highlands	Eastern Highlands	\N
2713	PG	PG-10	East New Britain	East New Britain	East New Britain	\N
2714	PG	PG-11	East Sepik	East Sepik	East Sepik	\N
2715	PG	PG-12	Madang	Madang	Madang	\N
2716	PG	PG-13	Manus	Manus	Manus	\N
2717	PG	PG-14	Morobe	Morobe	Morobe	\N
2718	PG	PG-15	New Ireland	New Ireland	New Ireland	\N
2719	PG	PG-16	Western Highlands	Western Highlands	Western Highlands	\N
2720	PG	PG-17	West New Britain	West New Britain	West New Britain	\N
2721	PG	PG-18	Sandaun	Sandaun	Sandaun	\N
2722	PG	PG-19	Enga	Enga	Enga	\N
2723	PG	PG-20	National Capital	National Capital	National Capital	\N
2724	PH	PH-01	Abra	Abra	Abra	\N
2725	PH	PH-02	Agusan del Norte	Agusan del Norte	Agusan del Norte	\N
2726	PH	PH-03	Agusan del Sur	Agusan del Sur	Agusan del Sur	\N
2727	PH	PH-04	Aklan	Aklan	Aklan	\N
2728	PH	PH-05	Albay	Albay	Albay	\N
2729	PH	PH-06	Antique	Antique	Antique	\N
2730	PH	PH-07	Bataan	Bataan	Bataan	\N
2731	PH	PH-08	Batanes	Batanes	Batanes	\N
2732	PH	PH-09	Batangas	Batangas	Batangas	\N
2733	PH	PH-10	Benguet	Benguet	Benguet	\N
2734	PH	PH-11	Bohol	Bohol	Bohol	\N
2735	PH	PH-12	Bukidnon	Bukidnon	Bukidnon	\N
2736	PH	PH-13	Bulacan	Bulacan	Bulacan	\N
2737	PH	PH-14	Cagayan	Cagayan	Cagayan	\N
2738	PH	PH-15	Camarines Norte	Camarines Norte	Camarines Norte	\N
2739	PH	PH-16	Camarines Sur	Camarines Sur	Camarines Sur	\N
2740	PH	PH-17	Camiguin	Camiguin	Camiguin	\N
2741	PH	PH-18	Capiz	Capiz	Capiz	\N
2742	PH	PH-19	Catanduanes	Catanduanes	Catanduanes	\N
2743	PH	PH-20	Cavite	Cavite	Cavite	\N
2744	PH	PH-21	Cebu	Cebu	Cebu	\N
2745	PH	PH-22	Basilan	Basilan	Basilan	\N
2746	PH	PH-23	Eastern Samar	Eastern Samar	Eastern Samar	\N
2747	PH	PH-24	Davao	Davao	Davao	\N
2748	PH	PH-25	Davao del Sur	Davao del Sur	Davao del Sur	\N
2749	PH	PH-26	Davao Oriental	Davao Oriental	Davao Oriental	\N
2750	PH	PH-27	Ifugao	Ifugao	Ifugao	\N
2751	PH	PH-28	Ilocos Norte	Ilocos Norte	Ilocos Norte	\N
2752	PH	PH-29	Ilocos Sur	Ilocos Sur	Ilocos Sur	\N
2753	PH	PH-30	Iloilo	Iloilo	Iloilo	\N
2754	PH	PH-31	Isabela	Isabela	Isabela	\N
2755	PH	PH-32	Kalinga-Apayao	Kalinga-Apayao	Kalinga-Apayao	\N
2756	PH	PH-33	Laguna	Laguna	Laguna	\N
2757	PH	PH-34	Lanao del Norte	Lanao del Norte	Lanao del Norte	\N
2758	PH	PH-35	Lanao del Sur	Lanao del Sur	Lanao del Sur	\N
2759	PH	PH-36	La Union	La Union	La Union	\N
2760	PH	PH-37	Leyte	Leyte	Leyte	\N
2761	PH	PH-38	Marinduque	Marinduque	Marinduque	\N
2762	PH	PH-39	Masbate	Masbate	Masbate	\N
2763	PH	PH-40	Mindoro Occidental	Mindoro Occidental	Mindoro Occidental	\N
2764	PH	PH-41	Mindoro Oriental	Mindoro Oriental	Mindoro Oriental	\N
2765	PH	PH-42	Misamis Occidental	Misamis Occidental	Misamis Occidental	\N
2766	PH	PH-43	Misamis Oriental	Misamis Oriental	Misamis Oriental	\N
2767	PH	PH-44	Mountain	Mountain	Mountain	\N
2768	PH	PH-45	Negros Occidental	Negros Occidental	Negros Occidental	\N
2769	PH	PH-46	Negros Oriental	Negros Oriental	Negros Oriental	\N
2770	PH	PH-47	Nueva Ecija	Nueva Ecija	Nueva Ecija	\N
2771	PH	PH-48	Nueva Vizcaya	Nueva Vizcaya	Nueva Vizcaya	\N
2772	PH	PH-49	Palawan	Palawan	Palawan	\N
2773	PH	PH-50	Pampanga	Pampanga	Pampanga	\N
2774	PH	PH-51	Pangasinan	Pangasinan	Pangasinan	\N
2775	PH	PH-53	Rizal	Rizal	Rizal	\N
2776	PH	PH-54	Romblon	Romblon	Romblon	\N
2777	PH	PH-55	Samar	Samar	Samar	\N
2778	PH	PH-56	Maguindanao	Maguindanao	Maguindanao	\N
2779	PH	PH-57	North Cotabato	North Cotabato	North Cotabato	\N
2780	PH	PH-58	Sorsogon	Sorsogon	Sorsogon	\N
2781	PH	PH-59	Southern Leyte	Southern Leyte	Southern Leyte	\N
2782	PH	PH-60	Sulu	Sulu	Sulu	\N
2783	PH	PH-61	Surigao del Norte	Surigao del Norte	Surigao del Norte	\N
2784	PH	PH-62	Surigao del Sur	Surigao del Sur	Surigao del Sur	\N
2785	PH	PH-63	Tarlac	Tarlac	Tarlac	\N
2786	PH	PH-64	Zambales	Zambales	Zambales	\N
2787	PH	PH-65	Zamboanga del Norte	Zamboanga del Norte	Zamboanga del Norte	\N
2788	PH	PH-66	Zamboanga del Sur	Zamboanga del Sur	Zamboanga del Sur	\N
2789	PH	PH-67	Northern Samar	Northern Samar	Northern Samar	\N
2790	PH	PH-68	Quirino	Quirino	Quirino	\N
2791	PH	PH-69	Siquijor	Siquijor	Siquijor	\N
2792	PH	PH-70	South Cotabato	South Cotabato	South Cotabato	\N
2793	PH	PH-71	Sultan Kudarat	Sultan Kudarat	Sultan Kudarat	\N
2794	PH	PH-72	Tawitawi	Tawitawi	Tawitawi	\N
2795	PH	PH-A1	Angeles	Angeles	Angeles	\N
2796	PH	PH-A2	Bacolod	Bacolod	Bacolod	\N
2797	PH	PH-A3	Bago	Bago	Bago	\N
2798	PH	PH-A4	Baguio	Baguio	Baguio	\N
2799	PH	PH-A5	Bais	Bais	Bais	\N
2800	PH	PH-A6	Basilan City	Basilan City	Basilan City	\N
2801	PH	PH-A7	Batangas City	Batangas City	Batangas City	\N
2802	PH	PH-A8	Butuan	Butuan	Butuan	\N
2803	PH	PH-A9	Cabanatuan	Cabanatuan	Cabanatuan	\N
2804	PH	PH-B1	Cadiz	Cadiz	Cadiz	\N
2805	PH	PH-B2	Cagayan de Oro	Cagayan de Oro	Cagayan de Oro	\N
2806	PH	PH-B3	Calbayog	Calbayog	Calbayog	\N
2807	PH	PH-B4	Caloocan	Caloocan	Caloocan	\N
2808	PH	PH-B5	Canlaon	Canlaon	Canlaon	\N
2809	PH	PH-B6	Cavite City	Cavite City	Cavite City	\N
2810	PH	PH-B7	Cebu City	Cebu City	Cebu City	\N
2811	PH	PH-B8	Cotabato	Cotabato	Cotabato	\N
2812	PH	PH-B9	Dagupan	Dagupan	Dagupan	\N
2813	PH	PH-C1	Danao	Danao	Danao	\N
2814	PH	PH-C2	Dapitan	Dapitan	Dapitan	\N
2815	PH	PH-C3	Davao City	Davao City	Davao City	\N
2816	PH	PH-C4	Dipolog	Dipolog	Dipolog	\N
2817	PH	PH-C5	Dumaguete	Dumaguete	Dumaguete	\N
2818	PH	PH-C6	General Santos	General Santos	General Santos	\N
2819	PH	PH-C7	Gingoog	Gingoog	Gingoog	\N
2820	PH	PH-C8	Iligan	Iligan	Iligan	\N
2821	PH	PH-C9	Iloilo City	Iloilo City	Iloilo City	\N
2822	PH	PH-D1	Iriga	Iriga	Iriga	\N
2823	PH	PH-D2	La Carlota	La Carlota	La Carlota	\N
2824	PH	PH-D3	Laoag	Laoag	Laoag	\N
2825	PH	PH-D4	Lapu-Lapu	Lapu-Lapu	Lapu-Lapu	\N
2826	PH	PH-D5	Legaspi	Legaspi	Legaspi	\N
2827	PH	PH-D6	Lipa	Lipa	Lipa	\N
2828	PH	PH-D7	Lucena	Lucena	Lucena	\N
2829	PH	PH-D8	Mandaue	Mandaue	Mandaue	\N
2830	PH	PH-D9	Manila	Manila	Manila	\N
2831	PH	PH-E1	Marawi	Marawi	Marawi	\N
2832	PH	PH-E2	Naga	Naga	Naga	\N
2833	PH	PH-E3	Olongapo	Olongapo	Olongapo	\N
2834	PH	PH-E4	Ormoc	Ormoc	Ormoc	\N
2835	PH	PH-E5	Oroquieta	Oroquieta	Oroquieta	\N
2836	PH	PH-E6	Ozamis	Ozamis	Ozamis	\N
2837	PH	PH-E7	Pagadian	Pagadian	Pagadian	\N
2838	PH	PH-E8	Palayan	Palayan	Palayan	\N
2839	PH	PH-E9	Pasay	Pasay	Pasay	\N
2840	PH	PH-F1	Puerto Princesa	Puerto Princesa	Puerto Princesa	\N
2841	PH	PH-F2	Quezon City	Quezon City	Quezon City	\N
2842	PH	PH-F3	Roxas	Roxas	Roxas	\N
2843	PH	PH-F4	San Carlos	San Carlos	San Carlos	\N
2844	PH	PH-F5	San Carlos	San Carlos	San Carlos	\N
2845	PH	PH-F6	San Jose	San Jose	San Jose	\N
2846	PH	PH-F7	San Pablo	San Pablo	San Pablo	\N
2847	PH	PH-F8	Silay	Silay	Silay	\N
2848	PH	PH-F9	Surigao	Surigao	Surigao	\N
2849	PH	PH-G1	Tacloban	Tacloban	Tacloban	\N
2850	PH	PH-G2	Tagaytay	Tagaytay	Tagaytay	\N
2851	PH	PH-G3	Tagbilaran	Tagbilaran	Tagbilaran	\N
2852	PH	PH-G4	Tangub	Tangub	Tangub	\N
2853	PH	PH-G5	Toledo	Toledo	Toledo	\N
2854	PH	PH-G6	Trece Martires	Trece Martires	Trece Martires	\N
2855	PH	PH-G7	Zamboanga	Zamboanga	Zamboanga	\N
2856	PH	PH-G8	Aurora	Aurora	Aurora	\N
2857	PH	PH-H2	Quezon	Quezon	Quezon	\N
2858	PH	PH-H3	Negros Occidental	Negros Occidental	Negros Occidental	\N
2859	PH	PH-H9	Biliran	Biliran	Biliran	\N
2860	PH	PH-I6	Compostela Valley	Compostela Valley	Compostela Valley	\N
2861	PH	PH-I7	Davao del Norte	Davao del Norte	Davao del Norte	\N
2862	PH	PH-J3	Guimaras	Guimaras	Guimaras	\N
2863	PH	PH-J4	Himamaylan	Himamaylan	Himamaylan	\N
2864	PH	PH-J7	Kalinga	Kalinga	Kalinga	\N
2865	PH	PH-K1	Las Pinas	Las Pinas	Las Pinas	\N
2866	PH	PH-K5	Malabon	Malabon	Malabon	\N
2867	PH	PH-K6	Malaybalay	Malaybalay	Malaybalay	\N
2868	PH	PH-L4	Muntinlupa	Muntinlupa	Muntinlupa	\N
2869	PH	PH-L5	Navotas	Navotas	Navotas	\N
2870	PH	PH-L7	Paranaque	Paranaque	Paranaque	\N
2871	PH	PH-L9	Passi	Passi	Passi	\N
2872	PH	PH-P1	Zambales	Zambales	Zambales	\N
2873	PH	PH-M5	San Jose del Monte	San Jose del Monte	San Jose del Monte	\N
2874	PH	PH-M6	San Juan	San Juan	San Juan	\N
2875	PH	PH-M8	Santiago	Santiago	Santiago	\N
2876	PH	PH-M9	Sarangani	Sarangani	Sarangani	\N
2877	PH	PH-N1	Sipalay	Sipalay	Sipalay	\N
2878	PH	PH-N3	Surigao del Norte	Surigao del Norte	Surigao del Norte	\N
2879	PH	PH-P2	Zamboanga	Zamboanga	Zamboanga	\N
2880	PK	PK-01	Federally Administered Tribal Areas	Federally Administered Tribal Areas	Federally Administered Tribal Areas	\N
2881	PK	PK-02	Balochistan	Balochistan	Balochistan	\N
2882	PK	PK-03	North-West Frontier	North-West Frontier	North-West Frontier	\N
2883	PK	PK-04	Punjab	Punjab	Punjab	\N
2884	PK	PK-05	Sindh	Sindh	Sindh	\N
2885	PK	PK-06	Azad Kashmir	Azad Kashmir	Azad Kashmir	\N
2886	PK	PK-07	Northern Areas	Northern Areas	Northern Areas	\N
2887	PK	PK-08	Islamabad	Islamabad	Islamabad	\N
2888	PL	PL-72	Dolnoslaskie	Dolnoslaskie	Dolnoslaskie	\N
2889	PL	PL-73	Kujawsko-Pomorskie	Kujawsko-Pomorskie	Kujawsko-Pomorskie	\N
2890	PL	PL-74	Lodzkie	Lodzkie	Lodzkie	\N
2891	PL	PL-75	Lubelskie	Lubelskie	Lubelskie	\N
2892	PL	PL-76	Lubuskie	Lubuskie	Lubuskie	\N
2893	PL	PL-77	Malopolskie	Malopolskie	Malopolskie	\N
2894	PL	PL-78	Mazowieckie	Mazowieckie	Mazowieckie	\N
2895	PL	PL-79	Opolskie	Opolskie	Opolskie	\N
2896	PL	PL-80	Podkarpackie	Podkarpackie	Podkarpackie	\N
2897	PL	PL-81	Podlaskie	Podlaskie	Podlaskie	\N
2898	PL	PL-82	Pomorskie	Pomorskie	Pomorskie	\N
2899	PL	PL-83	Slaskie	Slaskie	Slaskie	\N
2900	PL	PL-84	Swietokrzyskie	Swietokrzyskie	Swietokrzyskie	\N
2901	PL	PL-85	Warminsko-Mazurskie	Warminsko-Mazurskie	Warminsko-Mazurskie	\N
2902	PL	PL-86	Wielkopolskie	Wielkopolskie	Wielkopolskie	\N
2903	PL	PL-87	Zachodniopomorskie	Zachodniopomorskie	Zachodniopomorskie	\N
2904	PS	PS-GZ	Gaza	Gaza	Gaza	\N
2905	PS	PS-WE	West Bank	West Bank	West Bank	\N
2906	PT	PT-02	Aveiro	Aveiro	Aveiro	\N
2907	PT	PT-03	Beja	Beja	Beja	\N
2908	PT	PT-04	Braga	Braga	Braga	\N
2909	PT	PT-05	Braganca	Braganca	Braganca	\N
2910	PT	PT-06	Castelo Branco	Castelo Branco	Castelo Branco	\N
2911	PT	PT-07	Coimbra	Coimbra	Coimbra	\N
2912	PT	PT-08	Evora	Evora	Evora	\N
2913	PT	PT-09	Faro	Faro	Faro	\N
2914	PT	PT-10	Madeira	Madeira	Madeira	\N
2915	PT	PT-11	Guarda	Guarda	Guarda	\N
2916	PT	PT-13	Leiria	Leiria	Leiria	\N
2917	PT	PT-14	Lisboa	Lisboa	Lisboa	\N
2918	PT	PT-16	Portalegre	Portalegre	Portalegre	\N
2919	PT	PT-17	Porto	Porto	Porto	\N
2920	PT	PT-18	Santarem	Santarem	Santarem	\N
2921	PT	PT-19	Setubal	Setubal	Setubal	\N
2922	PT	PT-20	Viana do Castelo	Viana do Castelo	Viana do Castelo	\N
2923	PT	PT-21	Vila Real	Vila Real	Vila Real	\N
2924	PT	PT-22	Viseu	Viseu	Viseu	\N
2925	PT	PT-23	Azores	Azores	Azores	\N
2926	PY	PY-01	Alto Parana	Alto Parana	Alto Parana	\N
2927	PY	PY-02	Amambay	Amambay	Amambay	\N
2928	PY	PY-04	Caaguazu	Caaguazu	Caaguazu	\N
2929	PY	PY-05	Caazapa	Caazapa	Caazapa	\N
2930	PY	PY-06	Central	Central	Central	\N
2931	PY	PY-07	Concepcion	Concepcion	Concepcion	\N
2932	PY	PY-08	Cordillera	Cordillera	Cordillera	\N
2933	PY	PY-10	Guaira	Guaira	Guaira	\N
2934	PY	PY-11	Itapua	Itapua	Itapua	\N
2935	PY	PY-12	Misiones	Misiones	Misiones	\N
2936	PY	PY-13	Neembucu	Neembucu	Neembucu	\N
2937	PY	PY-15	Paraguari	Paraguari	Paraguari	\N
2938	PY	PY-16	Presidente Hayes	Presidente Hayes	Presidente Hayes	\N
2939	PY	PY-17	San Pedro	San Pedro	San Pedro	\N
2940	PY	PY-19	Canindeyu	Canindeyu	Canindeyu	\N
2941	PY	PY-22	Asuncion	Asuncion	Asuncion	\N
2942	PY	PY-23	Alto Paraguay	Alto Paraguay	Alto Paraguay	\N
2943	PY	PY-24	Boqueron	Boqueron	Boqueron	\N
2944	QA	QA-01	Ad Dawhah	Ad Dawhah	Ad Dawhah	\N
2945	QA	QA-02	Al Ghuwariyah	Al Ghuwariyah	Al Ghuwariyah	\N
2946	QA	QA-03	Al Jumaliyah	Al Jumaliyah	Al Jumaliyah	\N
2947	QA	QA-04	Al Khawr	Al Khawr	Al Khawr	\N
2948	QA	QA-05	Al Wakrah Municipality	Al Wakrah Municipality	Al Wakrah Municipality	\N
2949	QA	QA-06	Ar Rayyan	Ar Rayyan	Ar Rayyan	\N
2950	QA	QA-08	Madinat ach Shamal	Madinat ach Shamal	Madinat ach Shamal	\N
2951	QA	QA-09	Umm Salal	Umm Salal	Umm Salal	\N
2952	QA	QA-10	Al Wakrah	Al Wakrah	Al Wakrah	\N
2953	QA	QA-11	Jariyan al Batnah	Jariyan al Batnah	Jariyan al Batnah	\N
2954	QA	QA-12	Umm Said	Umm Said	Umm Said	\N
2955	RO	RO-01	Alba	Alba	Alba	\N
2956	RO	RO-02	Arad	Arad	Arad	\N
2957	RO	RO-03	Arges	Arges	Arges	\N
2958	RO	RO-04	Bacau	Bacau	Bacau	\N
2959	RO	RO-05	Bihor	Bihor	Bihor	\N
2960	RO	RO-06	Bistrita-Nasaud	Bistrita-Nasaud	Bistrita-Nasaud	\N
2961	RO	RO-07	Botosani	Botosani	Botosani	\N
2962	RO	RO-08	Braila	Braila	Braila	\N
2963	RO	RO-09	Brasov	Brasov	Brasov	\N
2964	RO	RO-10	Bucuresti	Bucuresti	Bucuresti	\N
2965	RO	RO-11	Buzau	Buzau	Buzau	\N
2966	RO	RO-12	Caras-Severin	Caras-Severin	Caras-Severin	\N
2967	RO	RO-13	Cluj	Cluj	Cluj	\N
2968	RO	RO-14	Constanta	Constanta	Constanta	\N
2969	RO	RO-15	Covasna	Covasna	Covasna	\N
2970	RO	RO-16	Dambovita	Dambovita	Dambovita	\N
2971	RO	RO-17	Dolj	Dolj	Dolj	\N
2972	RO	RO-18	Galati	Galati	Galati	\N
2973	RO	RO-19	Gorj	Gorj	Gorj	\N
2974	RO	RO-20	Harghita	Harghita	Harghita	\N
2975	RO	RO-21	Hunedoara	Hunedoara	Hunedoara	\N
2976	RO	RO-22	Ialomita	Ialomita	Ialomita	\N
2977	RO	RO-23	Iasi	Iasi	Iasi	\N
2978	RO	RO-25	Maramures	Maramures	Maramures	\N
2979	RO	RO-26	Mehedinti	Mehedinti	Mehedinti	\N
2980	RO	RO-27	Mures	Mures	Mures	\N
2981	RO	RO-28	Neamt	Neamt	Neamt	\N
2982	RO	RO-29	Olt	Olt	Olt	\N
2983	RO	RO-30	Prahova	Prahova	Prahova	\N
2984	RO	RO-31	Salaj	Salaj	Salaj	\N
2985	RO	RO-32	Satu Mare	Satu Mare	Satu Mare	\N
2986	RO	RO-33	Sibiu	Sibiu	Sibiu	\N
2987	RO	RO-34	Suceava	Suceava	Suceava	\N
2988	RO	RO-35	Teleorman	Teleorman	Teleorman	\N
2989	RO	RO-36	Timis	Timis	Timis	\N
2990	RO	RO-37	Tulcea	Tulcea	Tulcea	\N
2991	RO	RO-38	Vaslui	Vaslui	Vaslui	\N
2992	RO	RO-39	Valcea	Valcea	Valcea	\N
2993	RO	RO-40	Vrancea	Vrancea	Vrancea	\N
2994	RO	RO-41	Calarasi	Calarasi	Calarasi	\N
2995	RO	RO-42	Giurgiu	Giurgiu	Giurgiu	\N
2996	RO	RO-43	Ilfov	Ilfov	Ilfov	\N
2997	RS	RS-01	Kosovo	Kosovo	Kosovo	\N
2998	RS	RS-02	Vojvodina	Vojvodina	Vojvodina	\N
3090	RW	RW-01	Butare	Butare	Butare	\N
3091	RW	RW-06	Gitarama	Gitarama	Gitarama	\N
3092	RW	RW-07	Kibungo	Kibungo	Kibungo	\N
3093	RW	RW-09	Kigali	Kigali	Kigali	\N
3094	RW	RW-11	Est	Est	Est	\N
3095	RW	RW-12	Kigali	Kigali	Kigali	\N
3096	RW	RW-13	Nord	Nord	Nord	\N
3097	RW	RW-14	Ouest	Ouest	Ouest	\N
3098	RW	RW-15	Sud	Sud	Sud	\N
3099	SA	SA-02	Al Bahah	Al Bahah	Al Bahah	\N
3100	SA	SA-05	Al Madinah	Al Madinah	Al Madinah	\N
3101	SA	SA-06	Ash Sharqiyah	Ash Sharqiyah	Ash Sharqiyah	\N
3102	SA	SA-08	Al Qasim	Al Qasim	Al Qasim	\N
3103	SA	SA-10	Ar Riyad	Ar Riyad	Ar Riyad	\N
3104	SA	SA-11	Asir Province	Asir Province	Asir Province	\N
3105	SA	SA-13	Hail	Hail	Hail	\N
3106	SA	SA-14	Makkah	Makkah	Makkah	\N
3107	SA	SA-15	Al Hudud ash Shamaliyah	Al Hudud ash Shamaliyah	Al Hudud ash Shamaliyah	\N
3108	SA	SA-16	Najran	Najran	Najran	\N
3109	SA	SA-17	Jizan	Jizan	Jizan	\N
3110	SA	SA-19	Tabuk	Tabuk	Tabuk	\N
3111	SA	SA-20	Al Jawf	Al Jawf	Al Jawf	\N
3112	SB	SB-03	Malaita	Malaita	Malaita	\N
3113	SB	SB-06	Guadalcanal	Guadalcanal	Guadalcanal	\N
3114	SB	SB-07	Isabel	Isabel	Isabel	\N
3115	SB	SB-08	Makira	Makira	Makira	\N
3116	SB	SB-09	Temotu	Temotu	Temotu	\N
3117	SB	SB-10	Central	Central	Central	\N
3118	SB	SB-11	Western	Western	Western	\N
3119	SB	SB-12	Choiseul	Choiseul	Choiseul	\N
3120	SB	SB-13	Rennell and Bellona	Rennell and Bellona	Rennell and Bellona	\N
3121	SC	SC-01	Anse aux Pins	Anse aux Pins	Anse aux Pins	\N
3122	SC	SC-02	Anse Boileau	Anse Boileau	Anse Boileau	\N
3123	SC	SC-03	Anse Etoile	Anse Etoile	Anse Etoile	\N
3124	SC	SC-04	Anse Louis	Anse Louis	Anse Louis	\N
3125	SC	SC-05	Anse Royale	Anse Royale	Anse Royale	\N
3126	SC	SC-06	Baie Lazare	Baie Lazare	Baie Lazare	\N
3127	SC	SC-07	Baie Sainte Anne	Baie Sainte Anne	Baie Sainte Anne	\N
3128	SC	SC-08	Beau Vallon	Beau Vallon	Beau Vallon	\N
3129	SC	SC-09	Bel Air	Bel Air	Bel Air	\N
3130	SC	SC-10	Bel Ombre	Bel Ombre	Bel Ombre	\N
3131	SC	SC-11	Cascade	Cascade	Cascade	\N
3132	SC	SC-12	Glacis	Glacis	Glacis	\N
3133	SC	SC-13	Grand Anse	Grand Anse	Grand Anse	\N
3134	SC	SC-14	Grand Anse	Grand Anse	Grand Anse	\N
3135	SC	SC-15	La Digue	La Digue	La Digue	\N
3136	SC	SC-16	La Riviere Anglaise	La Riviere Anglaise	La Riviere Anglaise	\N
3137	SC	SC-17	Mont Buxton	Mont Buxton	Mont Buxton	\N
3138	SC	SC-18	Mont Fleuri	Mont Fleuri	Mont Fleuri	\N
3139	SC	SC-19	Plaisance	Plaisance	Plaisance	\N
3140	SC	SC-20	Pointe La Rue	Pointe La Rue	Pointe La Rue	\N
3141	SC	SC-21	Port Glaud	Port Glaud	Port Glaud	\N
3142	SC	SC-22	Saint Louis	Saint Louis	Saint Louis	\N
3143	SC	SC-23	Takamaka	Takamaka	Takamaka	\N
3144	SD	SD-27	Al Wusta	Al Wusta	Al Wusta	\N
3145	SD	SD-28	Al Istiwaiyah	Al Istiwaiyah	Al Istiwaiyah	\N
3146	SD	SD-29	Al Khartum	Al Khartum	Al Khartum	\N
3147	SD	SD-30	Ash Shamaliyah	Ash Shamaliyah	Ash Shamaliyah	\N
3148	SD	SD-31	Ash Sharqiyah	Ash Sharqiyah	Ash Sharqiyah	\N
3149	SD	SD-32	Bahr al Ghazal	Bahr al Ghazal	Bahr al Ghazal	\N
3150	SD	SD-33	Darfur	Darfur	Darfur	\N
3151	SD	SD-34	Kurdufan	Kurdufan	Kurdufan	\N
3152	SD	SD-35	Upper Nile	Upper Nile	Upper Nile	\N
3153	SD	SD-40	Al Wahadah State	Al Wahadah State	Al Wahadah State	\N
3154	SD	SD-44	Central Equatoria State	Central Equatoria State	Central Equatoria State	\N
3155	SD	SD-49	Southern Darfur	Southern Darfur	Southern Darfur	\N
3156	SD	SD-50	Southern Kordofan	Southern Kordofan	Southern Kordofan	\N
3157	SD	SD-52	Kassala	Kassala	Kassala	\N
3158	SD	SD-53	River Nile	River Nile	River Nile	\N
3159	SD	SD-55	Northern Darfur	Northern Darfur	Northern Darfur	\N
3160	SE	SE-02	Blekinge Lan	Blekinge Lan	Blekinge Lan	\N
3161	SE	SE-03	Gavleborgs Lan	Gavleborgs Lan	Gavleborgs Lan	\N
3162	SE	SE-05	Gotlands Lan	Gotlands Lan	Gotlands Lan	\N
3163	SE	SE-06	Hallands Lan	Hallands Lan	Hallands Lan	\N
3164	SE	SE-07	Jamtlands Lan	Jamtlands Lan	Jamtlands Lan	\N
3165	SE	SE-08	Jonkopings Lan	Jonkopings Lan	Jonkopings Lan	\N
3166	SE	SE-09	Kalmar Lan	Kalmar Lan	Kalmar Lan	\N
3167	SE	SE-10	Dalarnas Lan	Dalarnas Lan	Dalarnas Lan	\N
3168	SE	SE-12	Kronobergs Lan	Kronobergs Lan	Kronobergs Lan	\N
3169	SE	SE-14	Norrbottens Lan	Norrbottens Lan	Norrbottens Lan	\N
3170	SE	SE-15	Orebro Lan	Orebro Lan	Orebro Lan	\N
3171	SE	SE-16	Ostergotlands Lan	Ostergotlands Lan	Ostergotlands Lan	\N
3172	SE	SE-18	Sodermanlands Lan	Sodermanlands Lan	Sodermanlands Lan	\N
3173	SE	SE-21	Uppsala Lan	Uppsala Lan	Uppsala Lan	\N
3174	SE	SE-22	Varmlands Lan	Varmlands Lan	Varmlands Lan	\N
3175	SE	SE-23	Vasterbottens Lan	Vasterbottens Lan	Vasterbottens Lan	\N
3176	SE	SE-24	Vasternorrlands Lan	Vasternorrlands Lan	Vasternorrlands Lan	\N
3177	SE	SE-25	Vastmanlands Lan	Vastmanlands Lan	Vastmanlands Lan	\N
3178	SE	SE-26	Stockholms Lan	Stockholms Lan	Stockholms Lan	\N
3179	SE	SE-27	Skane Lan	Skane Lan	Skane Lan	\N
3180	SE	SE-28	Vastra Gotaland	Vastra Gotaland	Vastra Gotaland	\N
3181	SH	SH-01	Ascension	Ascension	Ascension	\N
3182	SH	SH-02	Saint Helena	Saint Helena	Saint Helena	\N
3183	SH	SH-03	Tristan da Cunha	Tristan da Cunha	Tristan da Cunha	\N
3184	SI	SI-01	Ajdovscina Commune	Ajdovscina Commune	Ajdovscina Commune	\N
3185	SI	SI-02	Beltinci Commune	Beltinci Commune	Beltinci Commune	\N
3186	SI	SI-03	Bled Commune	Bled Commune	Bled Commune	\N
3187	SI	SI-04	Bohinj Commune	Bohinj Commune	Bohinj Commune	\N
3188	SI	SI-05	Borovnica Commune	Borovnica Commune	Borovnica Commune	\N
3189	SI	SI-06	Bovec Commune	Bovec Commune	Bovec Commune	\N
3190	SI	SI-07	Brda Commune	Brda Commune	Brda Commune	\N
3191	SI	SI-08	Brezice Commune	Brezice Commune	Brezice Commune	\N
3192	SI	SI-09	Brezovica Commune	Brezovica Commune	Brezovica Commune	\N
3193	SI	SI-11	Celje Commune	Celje Commune	Celje Commune	\N
3194	SI	SI-12	Cerklje na Gorenjskem Commune	Cerklje na Gorenjskem Commune	Cerklje na Gorenjskem Commune	\N
3195	SI	SI-13	Cerknica Commune	Cerknica Commune	Cerknica Commune	\N
3196	SI	SI-14	Cerkno Commune	Cerkno Commune	Cerkno Commune	\N
3197	SI	SI-15	Crensovci Commune	Crensovci Commune	Crensovci Commune	\N
3198	SI	SI-16	Crna na Koroskem Commune	Crna na Koroskem Commune	Crna na Koroskem Commune	\N
3199	SI	SI-17	Crnomelj Commune	Crnomelj Commune	Crnomelj Commune	\N
3200	SI	SI-19	Divaca Commune	Divaca Commune	Divaca Commune	\N
3201	SI	SI-20	Dobrepolje Commune	Dobrepolje Commune	Dobrepolje Commune	\N
3202	SI	SI-22	Dol pri Ljubljani Commune	Dol pri Ljubljani Commune	Dol pri Ljubljani Commune	\N
3203	SI	SI-24	Dornava Commune	Dornava Commune	Dornava Commune	\N
3204	SI	SI-25	Dravograd Commune	Dravograd Commune	Dravograd Commune	\N
3205	SI	SI-26	Duplek Commune	Duplek Commune	Duplek Commune	\N
3206	SI	SI-27	Gorenja vas-Poljane Commune	Gorenja vas-Poljane Commune	Gorenja vas-Poljane Commune	\N
3207	SI	SI-28	Gorisnica Commune	Gorisnica Commune	Gorisnica Commune	\N
3208	SI	SI-29	Gornja Radgona Commune	Gornja Radgona Commune	Gornja Radgona Commune	\N
3209	SI	SI-30	Gornji Grad Commune	Gornji Grad Commune	Gornji Grad Commune	\N
3210	SI	SI-31	Gornji Petrovci Commune	Gornji Petrovci Commune	Gornji Petrovci Commune	\N
3211	SI	SI-32	Grosuplje Commune	Grosuplje Commune	Grosuplje Commune	\N
3212	SI	SI-34	Hrastnik Commune	Hrastnik Commune	Hrastnik Commune	\N
3213	SI	SI-35	Hrpelje-Kozina Commune	Hrpelje-Kozina Commune	Hrpelje-Kozina Commune	\N
3214	SI	SI-36	Idrija Commune	Idrija Commune	Idrija Commune	\N
3215	SI	SI-37	Ig Commune	Ig Commune	Ig Commune	\N
3216	SI	SI-38	Ilirska Bistrica Commune	Ilirska Bistrica Commune	Ilirska Bistrica Commune	\N
3217	SI	SI-39	Ivancna Gorica Commune	Ivancna Gorica Commune	Ivancna Gorica Commune	\N
3218	SI	SI-40	Izola-Isola Commune	Izola-Isola Commune	Izola-Isola Commune	\N
3219	SI	SI-42	Jursinci Commune	Jursinci Commune	Jursinci Commune	\N
3220	SI	SI-44	Kanal Commune	Kanal Commune	Kanal Commune	\N
3221	SI	SI-45	Kidricevo Commune	Kidricevo Commune	Kidricevo Commune	\N
3222	SI	SI-46	Kobarid Commune	Kobarid Commune	Kobarid Commune	\N
3223	SI	SI-47	Kobilje Commune	Kobilje Commune	Kobilje Commune	\N
3224	SI	SI-49	Komen Commune	Komen Commune	Komen Commune	\N
3225	SI	SI-50	Koper-Capodistria Urban Commune	Koper-Capodistria Urban Commune	Koper-Capodistria Urban Commune	\N
3226	SI	SI-51	Kozje Commune	Kozje Commune	Kozje Commune	\N
3227	SI	SI-52	Kranj Commune	Kranj Commune	Kranj Commune	\N
3228	SI	SI-53	Kranjska Gora Commune	Kranjska Gora Commune	Kranjska Gora Commune	\N
3229	SI	SI-54	Krsko Commune	Krsko Commune	Krsko Commune	\N
3230	SI	SI-55	Kungota Commune	Kungota Commune	Kungota Commune	\N
3231	SI	SI-57	Lasko Commune	Lasko Commune	Lasko Commune	\N
3232	SI	SI-61	Ljubljana Urban Commune	Ljubljana Urban Commune	Ljubljana Urban Commune	\N
3233	SI	SI-62	Ljubno Commune	Ljubno Commune	Ljubno Commune	\N
3234	SI	SI-64	Logatec Commune	Logatec Commune	Logatec Commune	\N
3235	SI	SI-66	Loski Potok Commune	Loski Potok Commune	Loski Potok Commune	\N
3236	SI	SI-68	Lukovica Commune	Lukovica Commune	Lukovica Commune	\N
3237	SI	SI-71	Medvode Commune	Medvode Commune	Medvode Commune	\N
3238	SI	SI-72	Menges Commune	Menges Commune	Menges Commune	\N
3239	SI	SI-73	Metlika Commune	Metlika Commune	Metlika Commune	\N
3240	SI	SI-74	Mezica Commune	Mezica Commune	Mezica Commune	\N
3241	SI	SI-76	Mislinja Commune	Mislinja Commune	Mislinja Commune	\N
3242	SI	SI-77	Moravce Commune	Moravce Commune	Moravce Commune	\N
3243	SI	SI-78	Moravske Toplice Commune	Moravske Toplice Commune	Moravske Toplice Commune	\N
3244	SI	SI-79	Mozirje Commune	Mozirje Commune	Mozirje Commune	\N
3245	SI	SI-80	Murska Sobota Urban Commune	Murska Sobota Urban Commune	Murska Sobota Urban Commune	\N
3246	SI	SI-81	Muta Commune	Muta Commune	Muta Commune	\N
3247	SI	SI-82	Naklo Commune	Naklo Commune	Naklo Commune	\N
3248	SI	SI-83	Nazarje Commune	Nazarje Commune	Nazarje Commune	\N
3249	SI	SI-84	Nova Gorica Urban Commune	Nova Gorica Urban Commune	Nova Gorica Urban Commune	\N
3250	SI	SI-86	Odranci Commune	Odranci Commune	Odranci Commune	\N
3251	SI	SI-87	Ormoz Commune	Ormoz Commune	Ormoz Commune	\N
3252	SI	SI-88	Osilnica Commune	Osilnica Commune	Osilnica Commune	\N
3253	SI	SI-89	Pesnica Commune	Pesnica Commune	Pesnica Commune	\N
3254	SI	SI-91	Pivka Commune	Pivka Commune	Pivka Commune	\N
3255	SI	SI-92	Podcetrtek Commune	Podcetrtek Commune	Podcetrtek Commune	\N
3256	SI	SI-94	Postojna Commune	Postojna Commune	Postojna Commune	\N
3257	SI	SI-97	Puconci Commune	Puconci Commune	Puconci Commune	\N
3258	SI	SI-98	Race-Fram Commune	Race-Fram Commune	Race-Fram Commune	\N
3259	SI	SI-99	Radece Commune	Radece Commune	Radece Commune	\N
3260	SI	SI-A1	Radenci Commune	Radenci Commune	Radenci Commune	\N
3261	SI	SI-A2	Radlje ob Dravi Commune	Radlje ob Dravi Commune	Radlje ob Dravi Commune	\N
3262	SI	SI-A3	Radovljica Commune	Radovljica Commune	Radovljica Commune	\N
3263	SI	SI-A6	Rogasovci Commune	Rogasovci Commune	Rogasovci Commune	\N
3264	SI	SI-A7	Rogaska Slatina Commune	Rogaska Slatina Commune	Rogaska Slatina Commune	\N
3265	SI	SI-A8	Rogatec Commune	Rogatec Commune	Rogatec Commune	\N
3266	SI	SI-B1	Semic Commune	Semic Commune	Semic Commune	\N
3267	SI	SI-B2	Sencur Commune	Sencur Commune	Sencur Commune	\N
3268	SI	SI-B3	Sentilj Commune	Sentilj Commune	Sentilj Commune	\N
3269	SI	SI-B4	Sentjernej Commune	Sentjernej Commune	Sentjernej Commune	\N
3270	SI	SI-B6	Sevnica Commune	Sevnica Commune	Sevnica Commune	\N
3271	SI	SI-B7	Sezana Commune	Sezana Commune	Sezana Commune	\N
3272	SI	SI-B8	Skocjan Commune	Skocjan Commune	Skocjan Commune	\N
3273	SI	SI-B9	Skofja Loka Commune	Skofja Loka Commune	Skofja Loka Commune	\N
3274	SI	SI-C1	Skofljica Commune	Skofljica Commune	Skofljica Commune	\N
3275	SI	SI-C2	Slovenj Gradec Urban Commune	Slovenj Gradec Urban Commune	Slovenj Gradec Urban Commune	\N
3276	SI	SI-C4	Slovenske Konjice Commune	Slovenske Konjice Commune	Slovenske Konjice Commune	\N
3277	SI	SI-C5	Smarje pri Jelsah Commune	Smarje pri Jelsah Commune	Smarje pri Jelsah Commune	\N
3278	SI	SI-C6	Smartno ob Paki Commune	Smartno ob Paki Commune	Smartno ob Paki Commune	\N
3279	SI	SI-C7	Sostanj Commune	Sostanj Commune	Sostanj Commune	\N
3280	SI	SI-C8	Starse Commune	Starse Commune	Starse Commune	\N
3281	SI	SI-C9	Store Commune	Store Commune	Store Commune	\N
3282	SI	SI-D1	Sveti Jurij Commune	Sveti Jurij Commune	Sveti Jurij Commune	\N
3283	SI	SI-D2	Tolmin Commune	Tolmin Commune	Tolmin Commune	\N
3284	SI	SI-D3	Trbovlje Commune	Trbovlje Commune	Trbovlje Commune	\N
3285	SI	SI-D4	Trebnje Commune	Trebnje Commune	Trebnje Commune	\N
3286	SI	SI-D5	Trzic Commune	Trzic Commune	Trzic Commune	\N
3287	SI	SI-D6	Turnisce Commune	Turnisce Commune	Turnisce Commune	\N
3472	SV	SV-06	La Paz	La Paz	La Paz	\N
3288	SI	SI-D7	Velenje Urban Commune	Velenje Urban Commune	Velenje Urban Commune	\N
3289	SI	SI-D8	Velike Lasce Commune	Velike Lasce Commune	Velike Lasce Commune	\N
3290	SI	SI-E1	Vipava Commune	Vipava Commune	Vipava Commune	\N
3291	SI	SI-E2	Vitanje Commune	Vitanje Commune	Vitanje Commune	\N
3292	SI	SI-E3	Vodice Commune	Vodice Commune	Vodice Commune	\N
3293	SI	SI-E5	Vrhnika Commune	Vrhnika Commune	Vrhnika Commune	\N
3294	SI	SI-E6	Vuzenica Commune	Vuzenica Commune	Vuzenica Commune	\N
3295	SI	SI-E7	Zagorje ob Savi Commune	Zagorje ob Savi Commune	Zagorje ob Savi Commune	\N
3296	SI	SI-E9	Zavrc Commune	Zavrc Commune	Zavrc Commune	\N
3297	SI	SI-F1	Zelezniki Commune	Zelezniki Commune	Zelezniki Commune	\N
3298	SI	SI-F2	Ziri Commune	Ziri Commune	Ziri Commune	\N
3299	SI	SI-F3	Zrece Commune	Zrece Commune	Zrece Commune	\N
3300	SI	SI-F4	Benedikt Commune	Benedikt Commune	Benedikt Commune	\N
3301	SI	SI-F5	Bistrica ob Sotli Commune	Bistrica ob Sotli Commune	Bistrica ob Sotli Commune	\N
3302	SI	SI-F6	Bloke Commune	Bloke Commune	Bloke Commune	\N
3303	SI	SI-F7	Braslovce Commune	Braslovce Commune	Braslovce Commune	\N
3304	SI	SI-F8	Cankova Commune	Cankova Commune	Cankova Commune	\N
3305	SI	SI-F9	Cerkvenjak Commune	Cerkvenjak Commune	Cerkvenjak Commune	\N
3306	SI	SI-G1	Destrnik Commune	Destrnik Commune	Destrnik Commune	\N
3307	SI	SI-G2	Dobje Commune	Dobje Commune	Dobje Commune	\N
3308	SI	SI-G3	Dobrna Commune	Dobrna Commune	Dobrna Commune	\N
3309	SI	SI-G4	Dobrova-Horjul-Polhov Gradec Commune	Dobrova-Horjul-Polhov Gradec Commune	Dobrova-Horjul-Polhov Gradec Commune	\N
3310	SI	SI-G5	Dobrovnik-Dobronak Commune	Dobrovnik-Dobronak Commune	Dobrovnik-Dobronak Commune	\N
3311	SI	SI-G6	Dolenjske Toplice Commune	Dolenjske Toplice Commune	Dolenjske Toplice Commune	\N
3312	SI	SI-G7	Domzale Commune	Domzale Commune	Domzale Commune	\N
3313	SI	SI-G8	Grad Commune	Grad Commune	Grad Commune	\N
3314	SI	SI-G9	Hajdina Commune	Hajdina Commune	Hajdina Commune	\N
3315	SI	SI-H1	Hoce-Slivnica Commune	Hoce-Slivnica Commune	Hoce-Slivnica Commune	\N
3316	SI	SI-H2	Hodos-Hodos Commune	Hodos-Hodos Commune	Hodos-Hodos Commune	\N
3317	SI	SI-H3	Horjul Commune	Horjul Commune	Horjul Commune	\N
3318	SI	SI-H4	Jesenice Commune	Jesenice Commune	Jesenice Commune	\N
3319	SI	SI-H5	Jezersko Commune	Jezersko Commune	Jezersko Commune	\N
3320	SI	SI-H6	Kamnik Commune	Kamnik Commune	Kamnik Commune	\N
3321	SI	SI-H7	Kocevje Commune	Kocevje Commune	Kocevje Commune	\N
3322	SI	SI-H8	Komenda Commune	Komenda Commune	Komenda Commune	\N
3323	SI	SI-H9	Kostel Commune	Kostel Commune	Kostel Commune	\N
3324	SI	SI-I1	Krizevci Commune	Krizevci Commune	Krizevci Commune	\N
3325	SI	SI-I2	Kuzma Commune	Kuzma Commune	Kuzma Commune	\N
3326	SI	SI-I3	Lenart Commune	Lenart Commune	Lenart Commune	\N
3327	SI	SI-I4	Lendava-Lendva Commune	Lendava-Lendva Commune	Lendava-Lendva Commune	\N
3328	SI	SI-I5	Litija Commune	Litija Commune	Litija Commune	\N
3329	SI	SI-I6	Ljutomer Commune	Ljutomer Commune	Ljutomer Commune	\N
3330	SI	SI-I7	Loska Dolina Commune	Loska Dolina Commune	Loska Dolina Commune	\N
3331	SI	SI-I8	Lovrenc na Pohorju Commune	Lovrenc na Pohorju Commune	Lovrenc na Pohorju Commune	\N
3332	SI	SI-I9	Luce Commune	Luce Commune	Luce Commune	\N
3333	SI	SI-J1	Majsperk Commune	Majsperk Commune	Majsperk Commune	\N
3334	SI	SI-J2	Maribor Commune	Maribor Commune	Maribor Commune	\N
3335	SI	SI-J3	Markovci Commune	Markovci Commune	Markovci Commune	\N
3336	SI	SI-J4	Miklavz na Dravskem polju Commune	Miklavz na Dravskem polju Commune	Miklavz na Dravskem polju Commune	\N
3337	SI	SI-J5	Miren-Kostanjevica Commune	Miren-Kostanjevica Commune	Miren-Kostanjevica Commune	\N
3338	SI	SI-J6	Mirna Pec Commune	Mirna Pec Commune	Mirna Pec Commune	\N
3339	SI	SI-J7	Novo mesto Urban Commune	Novo mesto Urban Commune	Novo mesto Urban Commune	\N
3340	SI	SI-J8	Oplotnica Commune	Oplotnica Commune	Oplotnica Commune	\N
3341	SI	SI-J9	Piran-Pirano Commune	Piran-Pirano Commune	Piran-Pirano Commune	\N
3342	SI	SI-K1	Podlehnik Commune	Podlehnik Commune	Podlehnik Commune	\N
3343	SI	SI-K2	Podvelka Commune	Podvelka Commune	Podvelka Commune	\N
3344	SI	SI-K3	Polzela Commune	Polzela Commune	Polzela Commune	\N
3345	SI	SI-K4	Prebold Commune	Prebold Commune	Prebold Commune	\N
3346	SI	SI-K5	Preddvor Commune	Preddvor Commune	Preddvor Commune	\N
3347	SI	SI-K6	Prevalje Commune	Prevalje Commune	Prevalje Commune	\N
3348	SI	SI-K7	Ptuj Urban Commune	Ptuj Urban Commune	Ptuj Urban Commune	\N
3349	SI	SI-K8	Ravne na Koroskem Commune	Ravne na Koroskem Commune	Ravne na Koroskem Commune	\N
3350	SI	SI-K9	Razkrizje Commune	Razkrizje Commune	Razkrizje Commune	\N
3351	SI	SI-L1	Ribnica Commune	Ribnica Commune	Ribnica Commune	\N
3352	SI	SI-L2	Ribnica na Pohorju Commune	Ribnica na Pohorju Commune	Ribnica na Pohorju Commune	\N
3353	SI	SI-L3	Ruse Commune	Ruse Commune	Ruse Commune	\N
3354	SI	SI-L4	Salovci Commune	Salovci Commune	Salovci Commune	\N
3355	SI	SI-L5	Selnica ob Dravi Commune	Selnica ob Dravi Commune	Selnica ob Dravi Commune	\N
3356	SI	SI-L6	Sempeter-Vrtojba Commune	Sempeter-Vrtojba Commune	Sempeter-Vrtojba Commune	\N
3357	SI	SI-L7	Sentjur pri Celju Commune	Sentjur pri Celju Commune	Sentjur pri Celju Commune	\N
3358	SI	SI-L8	Slovenska Bistrica Commune	Slovenska Bistrica Commune	Slovenska Bistrica Commune	\N
3359	SI	SI-L9	Smartno pri Litiji Commune	Smartno pri Litiji Commune	Smartno pri Litiji Commune	\N
3360	SI	SI-M1	Sodrazica Commune	Sodrazica Commune	Sodrazica Commune	\N
3361	SI	SI-M2	Solcava Commune	Solcava Commune	Solcava Commune	\N
3362	SI	SI-M3	Sveta Ana Commune	Sveta Ana Commune	Sveta Ana Commune	\N
3363	SI	SI-M4	Sveti Andraz v Slovenskih goricah Commune	Sveti Andraz v Slovenskih goricah Commune	Sveti Andraz v Slovenskih goricah Commune	\N
3364	SI	SI-M5	Tabor Commune	Tabor Commune	Tabor Commune	\N
3365	SI	SI-M6	Tisina Commune	Tisina Commune	Tisina Commune	\N
3366	SI	SI-M7	Trnovska vas Commune	Trnovska vas Commune	Trnovska vas Commune	\N
3367	SI	SI-M8	Trzin Commune	Trzin Commune	Trzin Commune	\N
3368	SI	SI-M9	Velika Polana Commune	Velika Polana Commune	Velika Polana Commune	\N
3369	SI	SI-N1	Verzej Commune	Verzej Commune	Verzej Commune	\N
3370	SI	SI-N2	Videm Commune	Videm Commune	Videm Commune	\N
3371	SI	SI-N3	Vojnik Commune	Vojnik Commune	Vojnik Commune	\N
3372	SI	SI-N4	Vransko Commune	Vransko Commune	Vransko Commune	\N
3373	SI	SI-N5	Zalec Commune	Zalec Commune	Zalec Commune	\N
3374	SI	SI-N6	Zetale Commune	Zetale Commune	Zetale Commune	\N
3375	SI	SI-N7	Zirovnica Commune	Zirovnica Commune	Zirovnica Commune	\N
3376	SI	SI-N8	Zuzemberk Commune	Zuzemberk Commune	Zuzemberk Commune	\N
3377	SI	SI-N9	Apace Commune	Apace Commune	Apace Commune	\N
3378	SI	SI-O1	Cirkulane Commune	Cirkulane Commune	Cirkulane Commune	\N
3379	SI	SI-O2	Gorje	Gorje	Gorje	\N
3380	SI	SI-O3	Kostanjevica na Krki	Kostanjevica na Krki	Kostanjevica na Krki	\N
3381	SI	SI-O4	Log-Dragomer	Log-Dragomer	Log-Dragomer	\N
3382	SI	SI-O5	Makole	Makole	Makole	\N
3383	SI	SI-O6	Mirna	Mirna	Mirna	\N
3384	SI	SI-O7	Mokronog-Trebelno	Mokronog-Trebelno	Mokronog-Trebelno	\N
3385	SI	SI-O8	Poljcane	Poljcane	Poljcane	\N
3386	SI	SI-O9	Recica ob Savinji	Recica ob Savinji	Recica ob Savinji	\N
3387	SI	SI-P1	Rence-Vogrsko	Rence-Vogrsko	Rence-Vogrsko	\N
3388	SI	SI-P2	Sentrupert	Sentrupert	Sentrupert	\N
3389	SI	SI-P3	Smarjesk Toplice	Smarjesk Toplice	Smarjesk Toplice	\N
3390	SI	SI-P4	Sredisce ob Dravi	Sredisce ob Dravi	Sredisce ob Dravi	\N
3391	SI	SI-P5	Straza	Straza	Straza	\N
3392	SI	SI-P7	Sveti Jurij v Slovenskih Goricah	Sveti Jurij v Slovenskih Goricah	Sveti Jurij v Slovenskih Goricah	\N
3393	SK	SK-01	Banska Bystrica	Banska Bystrica	Banska Bystrica	\N
3394	SK	SK-02	Bratislava	Bratislava	Bratislava	\N
3395	SK	SK-03	Kosice	Kosice	Kosice	\N
3396	SK	SK-04	Nitra	Nitra	Nitra	\N
3397	SK	SK-05	Presov	Presov	Presov	\N
3398	SK	SK-06	Trencin	Trencin	Trencin	\N
3399	SK	SK-07	Trnava	Trnava	Trnava	\N
3400	SK	SK-08	Zilina	Zilina	Zilina	\N
3401	SL	SL-01	Eastern	Eastern	Eastern	\N
3402	SL	SL-02	Northern	Northern	Northern	\N
3403	SL	SL-03	Southern	Southern	Southern	\N
3404	SL	SL-04	Western Area	Western Area	Western Area	\N
3405	SM	SM-01	Acquaviva	Acquaviva	Acquaviva	\N
3406	SM	SM-02	Chiesanuova	Chiesanuova	Chiesanuova	\N
3407	SM	SM-03	Domagnano	Domagnano	Domagnano	\N
3408	SM	SM-04	Faetano	Faetano	Faetano	\N
3409	SM	SM-05	Fiorentino	Fiorentino	Fiorentino	\N
3410	SM	SM-06	Borgo Maggiore	Borgo Maggiore	Borgo Maggiore	\N
3411	SM	SM-07	San Marino	San Marino	San Marino	\N
3412	SM	SM-08	Monte Giardino	Monte Giardino	Monte Giardino	\N
3413	SM	SM-09	Serravalle	Serravalle	Serravalle	\N
3414	SN	SN-01	Dakar	Dakar	Dakar	\N
3415	SN	SN-03	Diourbel	Diourbel	Diourbel	\N
3416	SN	SN-05	Tambacounda	Tambacounda	Tambacounda	\N
3417	SN	SN-07	Thies	Thies	Thies	\N
3418	SN	SN-09	Fatick	Fatick	Fatick	\N
3419	SN	SN-10	Kaolack	Kaolack	Kaolack	\N
3420	SN	SN-11	Kolda	Kolda	Kolda	\N
3421	SN	SN-12	Ziguinchor	Ziguinchor	Ziguinchor	\N
3422	SN	SN-13	Louga	Louga	Louga	\N
3423	SN	SN-14	Saint-Louis	Saint-Louis	Saint-Louis	\N
3424	SN	SN-15	Matam	Matam	Matam	\N
3425	SO	SO-01	Bakool	Bakool	Bakool	\N
3426	SO	SO-02	Banaadir	Banaadir	Banaadir	\N
3427	SO	SO-03	Bari	Bari	Bari	\N
3428	SO	SO-04	Bay	Bay	Bay	\N
3429	SO	SO-05	Galguduud	Galguduud	Galguduud	\N
3430	SO	SO-06	Gedo	Gedo	Gedo	\N
3431	SO	SO-07	Hiiraan	Hiiraan	Hiiraan	\N
3432	SO	SO-08	Jubbada Dhexe	Jubbada Dhexe	Jubbada Dhexe	\N
3433	SO	SO-09	Jubbada Hoose	Jubbada Hoose	Jubbada Hoose	\N
3434	SO	SO-10	Mudug	Mudug	Mudug	\N
3435	SO	SO-11	Nugaal	Nugaal	Nugaal	\N
3436	SO	SO-12	Sanaag	Sanaag	Sanaag	\N
3437	SO	SO-13	Shabeellaha Dhexe	Shabeellaha Dhexe	Shabeellaha Dhexe	\N
3438	SO	SO-14	Shabeellaha Hoose	Shabeellaha Hoose	Shabeellaha Hoose	\N
3439	SO	SO-16	Woqooyi Galbeed	Woqooyi Galbeed	Woqooyi Galbeed	\N
3440	SO	SO-18	Nugaal	Nugaal	Nugaal	\N
3441	SO	SO-19	Togdheer	Togdheer	Togdheer	\N
3442	SO	SO-20	Woqooyi Galbeed	Woqooyi Galbeed	Woqooyi Galbeed	\N
3443	SO	SO-21	Awdal	Awdal	Awdal	\N
3444	SO	SO-22	Sool	Sool	Sool	\N
3445	SR	SR-10	Brokopondo	Brokopondo	Brokopondo	\N
3446	SR	SR-11	Commewijne	Commewijne	Commewijne	\N
3447	SR	SR-12	Coronie	Coronie	Coronie	\N
3448	SR	SR-13	Marowijne	Marowijne	Marowijne	\N
3449	SR	SR-14	Nickerie	Nickerie	Nickerie	\N
3450	SR	SR-15	Para	Para	Para	\N
3451	SR	SR-16	Paramaribo	Paramaribo	Paramaribo	\N
3452	SR	SR-17	Saramacca	Saramacca	Saramacca	\N
3453	SR	SR-18	Sipaliwini	Sipaliwini	Sipaliwini	\N
3454	SR	SR-19	Wanica	Wanica	Wanica	\N
3455	SS	SS-01	Central Equatoria	Central Equatoria	Central Equatoria	\N
3456	SS	SS-02	Eastern Equatoria	Eastern Equatoria	Eastern Equatoria	\N
3457	SS	SS-03	Jonglei	Jonglei	Jonglei	\N
3458	SS	SS-04	Lakes	Lakes	Lakes	\N
3459	SS	SS-05	Northern Bahr el Ghazal	Northern Bahr el Ghazal	Northern Bahr el Ghazal	\N
3460	SS	SS-06	Unity	Unity	Unity	\N
3461	SS	SS-07	Upper Nile	Upper Nile	Upper Nile	\N
3462	SS	SS-08	Warrap	Warrap	Warrap	\N
3463	SS	SS-09	Western Bahr el Ghazal	Western Bahr el Ghazal	Western Bahr el Ghazal	\N
3464	SS	SS-10	Western Equatoria	Western Equatoria	Western Equatoria	\N
3465	ST	ST-01	Principe	Principe	Principe	\N
3466	ST	ST-02	Sao Tome	Sao Tome	Sao Tome	\N
3467	SV	SV-01	Ahuachapan	Ahuachapan	Ahuachapan	\N
3468	SV	SV-02	Cabanas	Cabanas	Cabanas	\N
3469	SV	SV-03	Chalatenango	Chalatenango	Chalatenango	\N
3470	SV	SV-04	Cuscatlan	Cuscatlan	Cuscatlan	\N
3471	SV	SV-05	La Libertad	La Libertad	La Libertad	\N
3473	SV	SV-07	La Union	La Union	La Union	\N
3474	SV	SV-08	Morazan	Morazan	Morazan	\N
3475	SV	SV-09	San Miguel	San Miguel	San Miguel	\N
3476	SV	SV-10	San Salvador	San Salvador	San Salvador	\N
3477	SV	SV-11	Santa Ana	Santa Ana	Santa Ana	\N
3478	SV	SV-12	San Vicente	San Vicente	San Vicente	\N
3479	SV	SV-13	Sonsonate	Sonsonate	Sonsonate	\N
3480	SV	SV-14	Usulutan	Usulutan	Usulutan	\N
3481	SY	SY-01	Al Hasakah	Al Hasakah	Al Hasakah	\N
3482	SY	SY-02	Al Ladhiqiyah	Al Ladhiqiyah	Al Ladhiqiyah	\N
3483	SY	SY-03	Al Qunaytirah	Al Qunaytirah	Al Qunaytirah	\N
3484	SY	SY-04	Ar Raqqah	Ar Raqqah	Ar Raqqah	\N
3485	SY	SY-05	As Suwayda	As Suwayda	As Suwayda	\N
3486	SY	SY-06	Dar	Dar	Dar	\N
3487	SY	SY-07	Dayr az Zawr	Dayr az Zawr	Dayr az Zawr	\N
3488	SY	SY-08	Rif Dimashq	Rif Dimashq	Rif Dimashq	\N
3489	SY	SY-09	Halab	Halab	Halab	\N
3490	SY	SY-10	Hamah	Hamah	Hamah	\N
3491	SY	SY-11	Hims	Hims	Hims	\N
3492	SY	SY-12	Idlib	Idlib	Idlib	\N
3493	SY	SY-13	Dimashq	Dimashq	Dimashq	\N
3494	SY	SY-14	Tartus	Tartus	Tartus	\N
3495	SZ	SZ-01	Hhohho	Hhohho	Hhohho	\N
3496	SZ	SZ-02	Lubombo	Lubombo	Lubombo	\N
3497	SZ	SZ-03	Manzini	Manzini	Manzini	\N
3498	SZ	SZ-04	Shiselweni	Shiselweni	Shiselweni	\N
3499	SZ	SZ-05	Praslin	Praslin	Praslin	\N
3500	TD	TD-01	Batha	Batha	Batha	\N
3501	TD	TD-02	Biltine	Biltine	Biltine	\N
3502	TD	TD-03	Borkou-Ennedi-Tibesti	Borkou-Ennedi-Tibesti	Borkou-Ennedi-Tibesti	\N
3503	TD	TD-04	Chari-Baguirmi	Chari-Baguirmi	Chari-Baguirmi	\N
3504	TD	TD-05	Guera	Guera	Guera	\N
3505	TD	TD-06	Kanem	Kanem	Kanem	\N
3506	TD	TD-07	Lac	Lac	Lac	\N
3507	TD	TD-08	Logone Occidental	Logone Occidental	Logone Occidental	\N
3508	TD	TD-09	Logone Oriental	Logone Oriental	Logone Oriental	\N
3509	TD	TD-10	Mayo-Kebbi	Mayo-Kebbi	Mayo-Kebbi	\N
3510	TD	TD-11	Moyen-Chari	Moyen-Chari	Moyen-Chari	\N
3511	TD	TD-12	Ouaddai	Ouaddai	Ouaddai	\N
3512	TD	TD-13	Salamat	Salamat	Salamat	\N
3513	TD	TD-14	Tandjile	Tandjile	Tandjile	\N
3514	TG	TG-22	Centrale	Centrale	Centrale	\N
3515	TG	TG-23	Kara	Kara	Kara	\N
3516	TG	TG-24	Maritime	Maritime	Maritime	\N
3517	TG	TG-25	Plateaux	Plateaux	Plateaux	\N
3518	TG	TG-26	Savanes	Savanes	Savanes	\N
3519	TH	TH-01	Mae Hong Son	Mae Hong Son	Mae Hong Son	\N
3520	TH	TH-02	Chiang Mai	Chiang Mai	Chiang Mai	\N
3521	TH	TH-03	Chiang Rai	Chiang Rai	Chiang Rai	\N
3522	TH	TH-04	Nan	Nan	Nan	\N
3523	TH	TH-05	Lamphun	Lamphun	Lamphun	\N
3524	TH	TH-06	Lampang	Lampang	Lampang	\N
3525	TH	TH-07	Phrae	Phrae	Phrae	\N
3526	TH	TH-08	Tak	Tak	Tak	\N
3527	TH	TH-09	Sukhothai	Sukhothai	Sukhothai	\N
3528	TH	TH-10	Uttaradit	Uttaradit	Uttaradit	\N
3529	TH	TH-11	Kamphaeng Phet	Kamphaeng Phet	Kamphaeng Phet	\N
3530	TH	TH-12	Phitsanulok	Phitsanulok	Phitsanulok	\N
3531	TH	TH-13	Phichit	Phichit	Phichit	\N
3532	TH	TH-14	Phetchabun	Phetchabun	Phetchabun	\N
3533	TH	TH-15	Uthai Thani	Uthai Thani	Uthai Thani	\N
3534	TH	TH-16	Nakhon Sawan	Nakhon Sawan	Nakhon Sawan	\N
3535	TH	TH-17	Nong Khai	Nong Khai	Nong Khai	\N
3536	TH	TH-18	Loei	Loei	Loei	\N
3537	TH	TH-20	Sakon Nakhon	Sakon Nakhon	Sakon Nakhon	\N
3538	TH	TH-21	Nakhon Phanom	Nakhon Phanom	Nakhon Phanom	\N
3539	TH	TH-22	Khon Kaen	Khon Kaen	Khon Kaen	\N
3540	TH	TH-23	Kalasin	Kalasin	Kalasin	\N
3541	TH	TH-24	Maha Sarakham	Maha Sarakham	Maha Sarakham	\N
3542	TH	TH-25	Roi Et	Roi Et	Roi Et	\N
3543	TH	TH-26	Chaiyaphum	Chaiyaphum	Chaiyaphum	\N
3544	TH	TH-27	Nakhon Ratchasima	Nakhon Ratchasima	Nakhon Ratchasima	\N
3545	TH	TH-28	Buriram	Buriram	Buriram	\N
3546	TH	TH-29	Surin	Surin	Surin	\N
3547	TH	TH-30	Sisaket	Sisaket	Sisaket	\N
3548	TH	TH-31	Narathiwat	Narathiwat	Narathiwat	\N
3549	TH	TH-32	Chai Nat	Chai Nat	Chai Nat	\N
3550	TH	TH-33	Sing Buri	Sing Buri	Sing Buri	\N
3551	TH	TH-34	Lop Buri	Lop Buri	Lop Buri	\N
3552	TH	TH-35	Ang Thong	Ang Thong	Ang Thong	\N
3553	TH	TH-36	Phra Nakhon Si Ayutthaya	Phra Nakhon Si Ayutthaya	Phra Nakhon Si Ayutthaya	\N
3554	TH	TH-37	Saraburi	Saraburi	Saraburi	\N
3555	TH	TH-38	Nonthaburi	Nonthaburi	Nonthaburi	\N
3556	TH	TH-39	Pathum Thani	Pathum Thani	Pathum Thani	\N
3557	TH	TH-40	Krung Thep	Krung Thep	Krung Thep	\N
3558	TH	TH-41	Phayao	Phayao	Phayao	\N
3559	TH	TH-42	Samut Prakan	Samut Prakan	Samut Prakan	\N
3560	TH	TH-43	Nakhon Nayok	Nakhon Nayok	Nakhon Nayok	\N
3561	TH	TH-44	Chachoengsao	Chachoengsao	Chachoengsao	\N
3562	TH	TH-45	Prachin Buri	Prachin Buri	Prachin Buri	\N
3563	TH	TH-46	Chon Buri	Chon Buri	Chon Buri	\N
3564	TH	TH-47	Rayong	Rayong	Rayong	\N
3565	TH	TH-48	Chanthaburi	Chanthaburi	Chanthaburi	\N
3566	TH	TH-49	Trat	Trat	Trat	\N
3567	TH	TH-50	Kanchanaburi	Kanchanaburi	Kanchanaburi	\N
3568	TH	TH-51	Suphan Buri	Suphan Buri	Suphan Buri	\N
3569	TH	TH-52	Ratchaburi	Ratchaburi	Ratchaburi	\N
3570	TH	TH-53	Nakhon Pathom	Nakhon Pathom	Nakhon Pathom	\N
3571	TH	TH-54	Samut Songkhram	Samut Songkhram	Samut Songkhram	\N
3572	TH	TH-55	Samut Sakhon	Samut Sakhon	Samut Sakhon	\N
3573	TH	TH-56	Phetchaburi	Phetchaburi	Phetchaburi	\N
3574	TH	TH-57	Prachuap Khiri Khan	Prachuap Khiri Khan	Prachuap Khiri Khan	\N
3575	TH	TH-58	Chumphon	Chumphon	Chumphon	\N
3576	TH	TH-59	Ranong	Ranong	Ranong	\N
3577	TH	TH-60	Surat Thani	Surat Thani	Surat Thani	\N
3578	TH	TH-61	Phangnga	Phangnga	Phangnga	\N
3579	TH	TH-62	Phuket	Phuket	Phuket	\N
3580	TH	TH-63	Krabi	Krabi	Krabi	\N
3698	TR	TR-74	Siirt	Siirt	Siirt	\N
3581	TH	TH-64	Nakhon Si Thammarat	Nakhon Si Thammarat	Nakhon Si Thammarat	\N
3582	TH	TH-65	Trang	Trang	Trang	\N
3583	TH	TH-66	Phatthalung	Phatthalung	Phatthalung	\N
3584	TH	TH-67	Satun	Satun	Satun	\N
3585	TH	TH-68	Songkhla	Songkhla	Songkhla	\N
3586	TH	TH-69	Pattani	Pattani	Pattani	\N
3587	TH	TH-70	Yala	Yala	Yala	\N
3588	TH	TH-71	Ubon Ratchathani	Ubon Ratchathani	Ubon Ratchathani	\N
3589	TH	TH-72	Yasothon	Yasothon	Yasothon	\N
3590	TH	TH-73	Nakhon Phanom	Nakhon Phanom	Nakhon Phanom	\N
3591	TH	TH-74	Prachin Buri	Prachin Buri	Prachin Buri	\N
3592	TH	TH-75	Ubon Ratchathani	Ubon Ratchathani	Ubon Ratchathani	\N
3593	TH	TH-76	Udon Thani	Udon Thani	Udon Thani	\N
3594	TH	TH-77	Amnat Charoen	Amnat Charoen	Amnat Charoen	\N
3595	TH	TH-78	Mukdahan	Mukdahan	Mukdahan	\N
3596	TH	TH-79	Nong Bua Lamphu	Nong Bua Lamphu	Nong Bua Lamphu	\N
3597	TH	TH-80	Sa Kaeo	Sa Kaeo	Sa Kaeo	\N
3598	TH	TH-81	Bueng Kan	Bueng Kan	Bueng Kan	\N
3599	TJ	TJ-01	Kuhistoni Badakhshon	Kuhistoni Badakhshon	Kuhistoni Badakhshon	\N
3600	TJ	TJ-02	Khatlon	Khatlon	Khatlon	\N
3601	TJ	TJ-03	Sughd	Sughd	Sughd	\N
3602	TJ	TJ-04	Dushanbe	Dushanbe	Dushanbe	\N
3603	TJ	TJ-05	Nohiyahoi Tobei Jumhuri	Nohiyahoi Tobei Jumhuri	Nohiyahoi Tobei Jumhuri	\N
3604	TL	TL-06	Dili	Dili	Dili	\N
3605	TM	TM-01	Ahal	Ahal	Ahal	\N
3606	TM	TM-02	Balkan	Balkan	Balkan	\N
3607	TM	TM-03	Dashoguz	Dashoguz	Dashoguz	\N
3608	TM	TM-04	Lebap	Lebap	Lebap	\N
3609	TM	TM-05	Mary	Mary	Mary	\N
3610	TN	TN-02	Kasserine	Kasserine	Kasserine	\N
3611	TN	TN-03	Kairouan	Kairouan	Kairouan	\N
3612	TN	TN-06	Jendouba	Jendouba	Jendouba	\N
3613	TN	TN-10	Qafsah	Qafsah	Qafsah	\N
3614	TN	TN-14	El Kef	El Kef	El Kef	\N
3615	TN	TN-15	Al Mahdia	Al Mahdia	Al Mahdia	\N
3616	TN	TN-16	Al Munastir	Al Munastir	Al Munastir	\N
3617	TN	TN-17	Bajah	Bajah	Bajah	\N
3618	TN	TN-18	Bizerte	Bizerte	Bizerte	\N
3619	TN	TN-19	Nabeul	Nabeul	Nabeul	\N
3620	TN	TN-22	Siliana	Siliana	Siliana	\N
3621	TN	TN-23	Sousse	Sousse	Sousse	\N
3622	TN	TN-27	Ben Arous	Ben Arous	Ben Arous	\N
3623	TN	TN-28	Madanin	Madanin	Madanin	\N
3624	TN	TN-29	Gabes	Gabes	Gabes	\N
3625	TN	TN-31	Kebili	Kebili	Kebili	\N
3626	TN	TN-32	Sfax	Sfax	Sfax	\N
3627	TN	TN-33	Sidi Bou Zid	Sidi Bou Zid	Sidi Bou Zid	\N
3628	TN	TN-34	Tataouine	Tataouine	Tataouine	\N
3629	TN	TN-35	Tozeur	Tozeur	Tozeur	\N
3630	TN	TN-36	Tunis	Tunis	Tunis	\N
3631	TN	TN-37	Zaghouan	Zaghouan	Zaghouan	\N
3632	TN	TN-38	Aiana	Aiana	Aiana	\N
3633	TN	TN-39	Manouba	Manouba	Manouba	\N
3634	TO	TO-01	Ha	Ha	Ha	\N
3635	TO	TO-02	Tongatapu	Tongatapu	Tongatapu	\N
3636	TO	TO-03	Vava	Vava	Vava	\N
3637	TR	TR-02	Adiyaman	Adiyaman	Adiyaman	\N
3638	TR	TR-03	Afyonkarahisar	Afyonkarahisar	Afyonkarahisar	\N
3639	TR	TR-04	Agri	Agri	Agri	\N
3640	TR	TR-05	Amasya	Amasya	Amasya	\N
3641	TR	TR-07	Antalya	Antalya	Antalya	\N
3642	TR	TR-08	Artvin	Artvin	Artvin	\N
3643	TR	TR-09	Aydin	Aydin	Aydin	\N
3644	TR	TR-10	Balikesir	Balikesir	Balikesir	\N
3645	TR	TR-11	Bilecik	Bilecik	Bilecik	\N
3646	TR	TR-12	Bingol	Bingol	Bingol	\N
3647	TR	TR-13	Bitlis	Bitlis	Bitlis	\N
3648	TR	TR-14	Bolu	Bolu	Bolu	\N
3649	TR	TR-15	Burdur	Burdur	Burdur	\N
3650	TR	TR-16	Bursa	Bursa	Bursa	\N
3651	TR	TR-17	Canakkale	Canakkale	Canakkale	\N
3652	TR	TR-19	Corum	Corum	Corum	\N
3653	TR	TR-20	Denizli	Denizli	Denizli	\N
3654	TR	TR-21	Diyarbakir	Diyarbakir	Diyarbakir	\N
3655	TR	TR-22	Edirne	Edirne	Edirne	\N
3656	TR	TR-23	Elazig	Elazig	Elazig	\N
3657	TR	TR-24	Erzincan	Erzincan	Erzincan	\N
3658	TR	TR-25	Erzurum	Erzurum	Erzurum	\N
3659	TR	TR-26	Eskisehir	Eskisehir	Eskisehir	\N
3660	TR	TR-28	Giresun	Giresun	Giresun	\N
3661	TR	TR-31	Hatay	Hatay	Hatay	\N
3662	TR	TR-32	Mersin	Mersin	Mersin	\N
3663	TR	TR-33	Isparta	Isparta	Isparta	\N
3664	TR	TR-34	Istanbul	Istanbul	Istanbul	\N
3665	TR	TR-35	Izmir	Izmir	Izmir	\N
3666	TR	TR-37	Kastamonu	Kastamonu	Kastamonu	\N
3667	TR	TR-38	Kayseri	Kayseri	Kayseri	\N
3668	TR	TR-39	Kirklareli	Kirklareli	Kirklareli	\N
3669	TR	TR-40	Kirsehir	Kirsehir	Kirsehir	\N
3670	TR	TR-41	Kocaeli	Kocaeli	Kocaeli	\N
3671	TR	TR-43	Kutahya	Kutahya	Kutahya	\N
3672	TR	TR-44	Malatya	Malatya	Malatya	\N
3673	TR	TR-45	Manisa	Manisa	Manisa	\N
3674	TR	TR-46	Kahramanmaras	Kahramanmaras	Kahramanmaras	\N
3675	TR	TR-48	Mugla	Mugla	Mugla	\N
3676	TR	TR-49	Mus	Mus	Mus	\N
3677	TR	TR-50	Nevsehir	Nevsehir	Nevsehir	\N
3678	TR	TR-52	Ordu	Ordu	Ordu	\N
3679	TR	TR-53	Rize	Rize	Rize	\N
3680	TR	TR-54	Sakarya	Sakarya	Sakarya	\N
3681	TR	TR-55	Samsun	Samsun	Samsun	\N
3682	TR	TR-57	Sinop	Sinop	Sinop	\N
3683	TR	TR-58	Sivas	Sivas	Sivas	\N
3684	TR	TR-59	Tekirdag	Tekirdag	Tekirdag	\N
3685	TR	TR-60	Tokat	Tokat	Tokat	\N
3686	TR	TR-61	Trabzon	Trabzon	Trabzon	\N
3687	TR	TR-62	Tunceli	Tunceli	Tunceli	\N
3688	TR	TR-63	Sanliurfa	Sanliurfa	Sanliurfa	\N
3689	TR	TR-64	Usak	Usak	Usak	\N
3690	TR	TR-65	Van	Van	Van	\N
3691	TR	TR-66	Yozgat	Yozgat	Yozgat	\N
3692	TR	TR-68	Ankara	Ankara	Ankara	\N
3693	TR	TR-69	Gumushane	Gumushane	Gumushane	\N
3694	TR	TR-70	Hakkari	Hakkari	Hakkari	\N
3695	TR	TR-71	Konya	Konya	Konya	\N
3696	TR	TR-72	Mardin	Mardin	Mardin	\N
3697	TR	TR-73	Nigde	Nigde	Nigde	\N
3699	TR	TR-75	Aksaray	Aksaray	Aksaray	\N
3700	TR	TR-76	Batman	Batman	Batman	\N
3701	TR	TR-77	Bayburt	Bayburt	Bayburt	\N
3702	TR	TR-78	Karaman	Karaman	Karaman	\N
3703	TR	TR-79	Kirikkale	Kirikkale	Kirikkale	\N
3704	TR	TR-80	Sirnak	Sirnak	Sirnak	\N
3705	TR	TR-81	Adana	Adana	Adana	\N
3706	TR	TR-82	Cankiri	Cankiri	Cankiri	\N
3707	TR	TR-83	Gaziantep	Gaziantep	Gaziantep	\N
3708	TR	TR-84	Kars	Kars	Kars	\N
3709	TR	TR-85	Zonguldak	Zonguldak	Zonguldak	\N
3710	TR	TR-86	Ardahan	Ardahan	Ardahan	\N
3711	TR	TR-87	Bartin	Bartin	Bartin	\N
3712	TR	TR-88	Igdir	Igdir	Igdir	\N
3713	TR	TR-89	Karabuk	Karabuk	Karabuk	\N
3714	TR	TR-90	Kilis	Kilis	Kilis	\N
3715	TR	TR-91	Osmaniye	Osmaniye	Osmaniye	\N
3716	TR	TR-92	Yalova	Yalova	Yalova	\N
3717	TR	TR-93	Duzce	Duzce	Duzce	\N
3718	TT	TT-01	Arima	Arima	Arima	\N
3719	TT	TT-02	Caroni	Caroni	Caroni	\N
3720	TT	TT-03	Mayaro	Mayaro	Mayaro	\N
3721	TT	TT-04	Nariva	Nariva	Nariva	\N
3722	TT	TT-05	Port-of-Spain	Port-of-Spain	Port-of-Spain	\N
3723	TT	TT-06	Saint Andrew	Saint Andrew	Saint Andrew	\N
3724	TT	TT-07	Saint David	Saint David	Saint David	\N
3725	TT	TT-08	Saint George	Saint George	Saint George	\N
3726	TT	TT-09	Saint Patrick	Saint Patrick	Saint Patrick	\N
3727	TT	TT-10	San Fernando	San Fernando	San Fernando	\N
3728	TT	TT-11	Tobago	Tobago	Tobago	\N
3729	TT	TT-12	Victoria	Victoria	Victoria	\N
3730	TW	TW-01	Fu-chien	Fu-chien	Fu-chien	\N
3731	TW	TW-02	Kao-hsiung	Kao-hsiung	Kao-hsiung	\N
3732	TW	TW-03	Tai-pei	Tai-pei	Tai-pei	\N
3733	TW	TW-04	Tai-wan	Tai-wan	Tai-wan	\N
3734	TZ	TZ-02	Pwani	Pwani	Pwani	\N
3735	TZ	TZ-03	Dodoma	Dodoma	Dodoma	\N
3736	TZ	TZ-04	Iringa	Iringa	Iringa	\N
3737	TZ	TZ-05	Kigoma	Kigoma	Kigoma	\N
3738	TZ	TZ-06	Kilimanjaro	Kilimanjaro	Kilimanjaro	\N
3739	TZ	TZ-07	Lindi	Lindi	Lindi	\N
3740	TZ	TZ-08	Mara	Mara	Mara	\N
3741	TZ	TZ-09	Mbeya	Mbeya	Mbeya	\N
3742	TZ	TZ-10	Morogoro	Morogoro	Morogoro	\N
3743	TZ	TZ-11	Mtwara	Mtwara	Mtwara	\N
3744	TZ	TZ-12	Mwanza	Mwanza	Mwanza	\N
3745	TZ	TZ-13	Pemba North	Pemba North	Pemba North	\N
3746	TZ	TZ-14	Ruvuma	Ruvuma	Ruvuma	\N
3747	TZ	TZ-15	Shinyanga	Shinyanga	Shinyanga	\N
3748	TZ	TZ-16	Singida	Singida	Singida	\N
3749	TZ	TZ-17	Tabora	Tabora	Tabora	\N
3750	TZ	TZ-18	Tanga	Tanga	Tanga	\N
3751	TZ	TZ-19	Kagera	Kagera	Kagera	\N
3752	TZ	TZ-20	Pemba South	Pemba South	Pemba South	\N
3753	TZ	TZ-21	Zanzibar Central	Zanzibar Central	Zanzibar Central	\N
3754	TZ	TZ-22	Zanzibar North	Zanzibar North	Zanzibar North	\N
3755	TZ	TZ-23	Dar es Salaam	Dar es Salaam	Dar es Salaam	\N
3756	TZ	TZ-24	Rukwa	Rukwa	Rukwa	\N
3757	TZ	TZ-25	Zanzibar Urban	Zanzibar Urban	Zanzibar Urban	\N
3758	TZ	TZ-26	Arusha	Arusha	Arusha	\N
3759	TZ	TZ-27	Manyara	Manyara	Manyara	\N
3760	UA	UA-01	Cherkaska Oblast	Черкасская область	Черкаська область	\N
3761	UA	UA-02	Chernihivska Oblast	Черниговская область	Чернігівська область	\N
3762	UA	UA-03	Chernivetska Oblast	Черновицкая область	Чернівецька область	\N
3763	UA	UA-04	Dnipropetrovska Oblast	Днепропетровская область	Дніпропетровська область	\N
3764	UA	UA-05	Donetska Oblast	Донецкая область	Донецька область	\N
3765	UA	UA-06	Ivano-Frankivska Oblast	Ивано-Франковская область	Івано-Франківська область	\N
3766	UA	UA-07	Kharkivska Oblast	Харьковская область	Харківська область	\N
3767	UA	UA-08	Khersonska Oblast	Херсонская область	Херсонська область	\N
3768	UA	UA-09	Khmelnytska Oblast	Хмельницкая область	Хмельницька область	\N
3769	UA	UA-10	Kirovohradska Oblast	Кировоградская область	Кіровоградська область	\N
3770	UA	UA-11	Krym	АР Крым	АР Крим	\N
3771	UA	UA-12	Kyiv	Киев	Київ	\N
3772	UA	UA-13	Kyyivska Oblast	Киевская область	Київська область	\N
3773	UA	UA-14	Luhanska Oblast	Луганская область	Луганська область	\N
3774	UA	UA-15	Lvivska Oblast	Львовская область	Львівська область	\N
3775	UA	UA-16	Mykolayivska Oblast	Николаевская область	Миколаївська область	\N
3776	UA	UA-17	Odeska Oblast	Одесская область	Одеська область	\N
3777	UA	UA-18	Poltavska Oblast	Полтавская область	Полтавська область	\N
3778	UA	UA-19	Rivnenska Oblast	Ровненская область	Рівненська область	\N
3779	UA	UA-20	Sevastopol	Севастополь	Севастополь	\N
3780	UA	UA-21	Sumska Oblast	Сумская область	Сумська область	\N
3781	UA	UA-22	Ternopilska Oblast	Тернопольская область	Тернопільська область	\N
3782	UA	UA-23	Vinnytska Oblast	Винницкая область	Вінницька область	\N
3783	UA	UA-24	Volynska Oblast	Волынская область	Волинська область	\N
3784	UA	UA-25	Zakarpatska Oblast	Закарпатская область	Закарпатська область	\N
3785	UA	UA-26	Zaporizka Oblast	Запорожская область	Запорізька область	\N
3786	UA	UA-27	Zhytomyrska Oblast	Житомирская область	Житомирська область	\N
3787	UG	UG-26	Apac	Apac	Apac	\N
3788	UG	UG-28	Bundibugyo	Bundibugyo	Bundibugyo	\N
3789	UG	UG-29	Bushenyi	Bushenyi	Bushenyi	\N
3790	UG	UG-30	Gulu	Gulu	Gulu	\N
3791	UG	UG-31	Hoima	Hoima	Hoima	\N
3792	UG	UG-33	Jinja	Jinja	Jinja	\N
3793	UG	UG-36	Kalangala	Kalangala	Kalangala	\N
3794	UG	UG-37	Kampala	Kampala	Kampala	\N
3795	UG	UG-38	Kamuli	Kamuli	Kamuli	\N
3796	UG	UG-39	Kapchorwa	Kapchorwa	Kapchorwa	\N
3797	UG	UG-40	Kasese	Kasese	Kasese	\N
3798	UG	UG-41	Kibale	Kibale	Kibale	\N
3799	UG	UG-42	Kiboga	Kiboga	Kiboga	\N
3800	UG	UG-43	Kisoro	Kisoro	Kisoro	\N
3801	UG	UG-45	Kotido	Kotido	Kotido	\N
3802	UG	UG-46	Kumi	Kumi	Kumi	\N
3803	UG	UG-47	Lira	Lira	Lira	\N
3804	UG	UG-50	Masindi	Masindi	Masindi	\N
3805	UG	UG-52	Mbarara	Mbarara	Mbarara	\N
3806	UG	UG-56	Mubende	Mubende	Mubende	\N
3807	UG	UG-58	Nebbi	Nebbi	Nebbi	\N
3808	UG	UG-59	Ntungamo	Ntungamo	Ntungamo	\N
3809	UG	UG-60	Pallisa	Pallisa	Pallisa	\N
3810	UG	UG-61	Rakai	Rakai	Rakai	\N
3811	UG	UG-65	Adjumani	Adjumani	Adjumani	\N
3812	UG	UG-66	Bugiri	Bugiri	Bugiri	\N
3813	UG	UG-67	Busia	Busia	Busia	\N
3814	UG	UG-69	Katakwi	Katakwi	Katakwi	\N
3815	UG	UG-70	Luwero	Luwero	Luwero	\N
3816	UG	UG-71	Masaka	Masaka	Masaka	\N
3817	UG	UG-72	Moyo	Moyo	Moyo	\N
3818	UG	UG-73	Nakasongola	Nakasongola	Nakasongola	\N
3819	UG	UG-74	Sembabule	Sembabule	Sembabule	\N
3820	UG	UG-76	Tororo	Tororo	Tororo	\N
3821	UG	UG-77	Arua	Arua	Arua	\N
3822	UG	UG-78	Iganga	Iganga	Iganga	\N
3823	UG	UG-79	Kabarole	Kabarole	Kabarole	\N
3824	UG	UG-80	Kaberamaido	Kaberamaido	Kaberamaido	\N
3825	UG	UG-81	Kamwenge	Kamwenge	Kamwenge	\N
3826	UG	UG-82	Kanungu	Kanungu	Kanungu	\N
3827	UG	UG-83	Kayunga	Kayunga	Kayunga	\N
3828	UG	UG-84	Kitgum	Kitgum	Kitgum	\N
3829	UG	UG-85	Kyenjojo	Kyenjojo	Kyenjojo	\N
3830	UG	UG-86	Mayuge	Mayuge	Mayuge	\N
3831	UG	UG-87	Mbale	Mbale	Mbale	\N
3832	UG	UG-88	Moroto	Moroto	Moroto	\N
3833	UG	UG-89	Mpigi	Mpigi	Mpigi	\N
3834	UG	UG-90	Mukono	Mukono	Mukono	\N
3835	UG	UG-91	Nakapiripirit	Nakapiripirit	Nakapiripirit	\N
3836	UG	UG-92	Pader	Pader	Pader	\N
3837	UG	UG-93	Rukungiri	Rukungiri	Rukungiri	\N
3838	UG	UG-94	Sironko	Sironko	Sironko	\N
3839	UG	UG-95	Soroti	Soroti	Soroti	\N
3840	UG	UG-96	Wakiso	Wakiso	Wakiso	\N
3841	UG	UG-97	Yumbe	Yumbe	Yumbe	\N
3842	US	US-AA	Armed Forces Americas	Armed Forces Americas	Armed Forces Americas	\N
3843	US	US-AE	Armed Forces Europe, Middle East, & Canada	Armed Forces Europe, Middle East, & Canada	Armed Forces Europe, Middle East, & Canada	\N
3844	US	US-AK	Alaska	Alaska	Alaska	\N
3845	US	US-AL	Alabama	Alabama	Alabama	\N
3846	US	US-AP	Armed Forces Pacific	Armed Forces Pacific	Armed Forces Pacific	\N
3847	US	US-AR	Arkansas	Arkansas	Arkansas	\N
3848	US	US-AS	American Samoa	American Samoa	American Samoa	\N
3849	US	US-AZ	Arizona	Arizona	Arizona	\N
3850	US	US-CA	California	California	California	\N
3851	US	US-CO	Colorado	Colorado	Colorado	\N
3852	US	US-CT	Connecticut	Connecticut	Connecticut	\N
3853	US	US-DC	District of Columbia	District of Columbia	District of Columbia	\N
3854	US	US-DE	Delaware	Delaware	Delaware	\N
3855	US	US-FL	Florida	Florida	Florida	\N
3856	US	US-FM	Federated States of Micronesia	Federated States of Micronesia	Federated States of Micronesia	\N
3857	US	US-GA	Georgia	Georgia	Georgia	\N
3858	US	US-GU	Guam	Guam	Guam	\N
3859	US	US-HI	Hawaii	Hawaii	Hawaii	\N
3860	US	US-IA	Iowa	Iowa	Iowa	\N
3861	US	US-ID	Idaho	Idaho	Idaho	\N
3862	US	US-IL	Illinois	Illinois	Illinois	\N
3863	US	US-IN	Indiana	Indiana	Indiana	\N
3864	US	US-KS	Kansas	Kansas	Kansas	\N
3865	US	US-KY	Kentucky	Kentucky	Kentucky	\N
3866	US	US-LA	Louisiana	Louisiana	Louisiana	\N
3867	US	US-MA	Massachusetts	Massachusetts	Massachusetts	\N
3868	US	US-MD	Maryland	Maryland	Maryland	\N
3869	US	US-ME	Maine	Maine	Maine	\N
3870	US	US-MH	Marshall Islands	Marshall Islands	Marshall Islands	\N
3871	US	US-MI	Michigan	Michigan	Michigan	\N
3872	US	US-MN	Minnesota	Minnesota	Minnesota	\N
3873	US	US-MO	Missouri	Missouri	Missouri	\N
3874	US	US-MP	Northern Mariana Islands	Northern Mariana Islands	Northern Mariana Islands	\N
3875	US	US-MS	Mississippi	Mississippi	Mississippi	\N
3876	US	US-MT	Montana	Montana	Montana	\N
3877	US	US-NC	North Carolina	North Carolina	North Carolina	\N
3878	US	US-ND	North Dakota	North Dakota	North Dakota	\N
3879	US	US-NE	Nebraska	Nebraska	Nebraska	\N
3880	US	US-NH	New Hampshire	New Hampshire	New Hampshire	\N
3881	US	US-NJ	New Jersey	New Jersey	New Jersey	\N
3882	US	US-NM	New Mexico	New Mexico	New Mexico	\N
3883	US	US-NV	Nevada	Nevada	Nevada	\N
3884	US	US-NY	New York	New York	New York	\N
3885	US	US-OH	Ohio	Ohio	Ohio	\N
3886	US	US-OK	Oklahoma	Oklahoma	Oklahoma	\N
3887	US	US-OR	Oregon	Oregon	Oregon	\N
3888	US	US-PA	Pennsylvania	Pennsylvania	Pennsylvania	\N
3889	US	US-PW	Palau	Palau	Palau	\N
3890	US	US-RI	Rhode Island	Rhode Island	Rhode Island	\N
3891	US	US-SC	South Carolina	South Carolina	South Carolina	\N
3892	US	US-SD	South Dakota	South Dakota	South Dakota	\N
3893	US	US-TN	Tennessee	Tennessee	Tennessee	\N
3894	US	US-TX	Texas	Texas	Texas	\N
3895	US	US-UT	Utah	Utah	Utah	\N
3896	US	US-VA	Virginia	Virginia	Virginia	\N
3897	US	US-VI	Virgin Islands	Virgin Islands	Virgin Islands	\N
3898	US	US-VT	Vermont	Vermont	Vermont	\N
3899	US	US-WA	Washington	Washington	Washington	\N
3900	US	US-WI	Wisconsin	Wisconsin	Wisconsin	\N
3901	US	US-WV	West Virginia	West Virginia	West Virginia	\N
3902	US	US-WY	Wyoming	Wyoming	Wyoming	\N
3903	UY	UY-01	Artigas	Artigas	Artigas	\N
3904	UY	UY-02	Canelones	Canelones	Canelones	\N
3905	UY	UY-03	Cerro Largo	Cerro Largo	Cerro Largo	\N
3906	UY	UY-04	Colonia	Colonia	Colonia	\N
3907	UY	UY-05	Durazno	Durazno	Durazno	\N
3908	UY	UY-06	Flores	Flores	Flores	\N
3909	UY	UY-07	Florida	Florida	Florida	\N
3910	UY	UY-08	Lavalleja	Lavalleja	Lavalleja	\N
3911	UY	UY-09	Maldonado	Maldonado	Maldonado	\N
3912	UY	UY-10	Montevideo	Montevideo	Montevideo	\N
3913	UY	UY-11	Paysandu	Paysandu	Paysandu	\N
3914	UY	UY-12	Rio Negro	Rio Negro	Rio Negro	\N
3915	UY	UY-13	Rivera	Rivera	Rivera	\N
3916	UY	UY-14	Rocha	Rocha	Rocha	\N
3917	UY	UY-15	Salto	Salto	Salto	\N
3918	UY	UY-16	San Jose	San Jose	San Jose	\N
3919	UY	UY-17	Soriano	Soriano	Soriano	\N
3920	UY	UY-18	Tacuarembo	Tacuarembo	Tacuarembo	\N
3921	UY	UY-19	Treinta y Tres	Treinta y Tres	Treinta y Tres	\N
3922	UZ	UZ-01	Andijon	Andijon	Andijon	\N
3923	UZ	UZ-02	Bukhoro	Bukhoro	Bukhoro	\N
3924	UZ	UZ-03	Farghona	Farghona	Farghona	\N
3925	UZ	UZ-04	Jizzakh	Jizzakh	Jizzakh	\N
3926	UZ	UZ-05	Khorazm	Khorazm	Khorazm	\N
3927	UZ	UZ-06	Namangan	Namangan	Namangan	\N
3928	UZ	UZ-07	Nawoiy	Nawoiy	Nawoiy	\N
3929	UZ	UZ-08	Qashqadaryo	Qashqadaryo	Qashqadaryo	\N
3930	UZ	UZ-09	Qoraqalpoghiston	Qoraqalpoghiston	Qoraqalpoghiston	\N
3931	UZ	UZ-10	Samarqand	Samarqand	Samarqand	\N
3932	UZ	UZ-11	Sirdaryo	Sirdaryo	Sirdaryo	\N
3933	UZ	UZ-12	Surkhondaryo	Surkhondaryo	Surkhondaryo	\N
3934	UZ	UZ-13	Toshkent	Toshkent	Toshkent	\N
3935	UZ	UZ-14	Toshkent	Toshkent	Toshkent	\N
3936	UZ	UZ-15	Jizzax	Jizzax	Jizzax	\N
3937	VC	VC-01	Charlotte	Charlotte	Charlotte	\N
3938	VC	VC-02	Saint Andrew	Saint Andrew	Saint Andrew	\N
3939	VC	VC-03	Saint David	Saint David	Saint David	\N
3940	VC	VC-04	Saint George	Saint George	Saint George	\N
3941	VC	VC-05	Saint Patrick	Saint Patrick	Saint Patrick	\N
3942	VC	VC-06	Grenadines	Grenadines	Grenadines	\N
3943	VE	VE-01	Amazonas	Amazonas	Amazonas	\N
3944	VE	VE-02	Anzoategui	Anzoategui	Anzoategui	\N
3945	VE	VE-03	Apure	Apure	Apure	\N
3946	VE	VE-04	Aragua	Aragua	Aragua	\N
3947	VE	VE-05	Barinas	Barinas	Barinas	\N
3948	VE	VE-06	Bolivar	Bolivar	Bolivar	\N
3949	VE	VE-07	Carabobo	Carabobo	Carabobo	\N
3950	VE	VE-08	Cojedes	Cojedes	Cojedes	\N
3951	VE	VE-09	Delta Amacuro	Delta Amacuro	Delta Amacuro	\N
3952	VE	VE-11	Falcon	Falcon	Falcon	\N
3953	VE	VE-12	Guarico	Guarico	Guarico	\N
3954	VE	VE-13	Lara	Lara	Lara	\N
3955	VE	VE-14	Merida	Merida	Merida	\N
3956	VE	VE-15	Miranda	Miranda	Miranda	\N
3957	VE	VE-16	Monagas	Monagas	Monagas	\N
3958	VE	VE-17	Nueva Esparta	Nueva Esparta	Nueva Esparta	\N
3959	VE	VE-18	Portuguesa	Portuguesa	Portuguesa	\N
3960	VE	VE-19	Sucre	Sucre	Sucre	\N
3961	VE	VE-20	Tachira	Tachira	Tachira	\N
3962	VE	VE-21	Trujillo	Trujillo	Trujillo	\N
3963	VE	VE-22	Yaracuy	Yaracuy	Yaracuy	\N
3964	VE	VE-23	Zulia	Zulia	Zulia	\N
3965	VE	VE-24	Dependencias Federales	Dependencias Federales	Dependencias Federales	\N
3966	VE	VE-25	Distrito Federal	Distrito Federal	Distrito Federal	\N
3967	VE	VE-26	Vargas	Vargas	Vargas	\N
3968	VN	VN-01	An Giang	An Giang	An Giang	\N
3969	VN	VN-03	Ben Tre	Ben Tre	Ben Tre	\N
3970	VN	VN-05	Cao Bang	Cao Bang	Cao Bang	\N
3971	VN	VN-09	Dong Thap	Dong Thap	Dong Thap	\N
3972	VN	VN-13	Hai Phong	Hai Phong	Hai Phong	\N
3973	VN	VN-20	Ho Chi Minh	Ho Chi Minh	Ho Chi Minh	\N
3974	VN	VN-21	Kien Giang	Kien Giang	Kien Giang	\N
3975	VN	VN-23	Lam Dong	Lam Dong	Lam Dong	\N
3976	VN	VN-24	Long An	Long An	Long An	\N
3977	VN	VN-30	Quang Ninh	Quang Ninh	Quang Ninh	\N
3978	VN	VN-32	Son La	Son La	Son La	\N
3979	VN	VN-33	Tay Ninh	Tay Ninh	Tay Ninh	\N
3980	VN	VN-34	Thanh Hoa	Thanh Hoa	Thanh Hoa	\N
3981	VN	VN-35	Thai Binh	Thai Binh	Thai Binh	\N
3982	VN	VN-37	Tien Giang	Tien Giang	Tien Giang	\N
3983	VN	VN-39	Lang Son	Lang Son	Lang Son	\N
3984	VN	VN-43	Dong Nai	Dong Nai	Dong Nai	\N
3985	VN	VN-44	Ha Noi	Ha Noi	Ha Noi	\N
3986	VN	VN-45	Ba Ria-Vung Tau	Ba Ria-Vung Tau	Ba Ria-Vung Tau	\N
3987	VN	VN-46	Binh Dinh	Binh Dinh	Binh Dinh	\N
3988	VN	VN-47	Binh Thuan	Binh Thuan	Binh Thuan	\N
3989	VN	VN-49	Gia Lai	Gia Lai	Gia Lai	\N
3990	VN	VN-50	Ha Giang	Ha Giang	Ha Giang	\N
3991	VN	VN-52	Ha Tinh	Ha Tinh	Ha Tinh	\N
3992	VN	VN-53	Hoa Binh	Hoa Binh	Hoa Binh	\N
3993	VN	VN-54	Khanh Hoa	Khanh Hoa	Khanh Hoa	\N
3994	VN	VN-55	Kon Tum	Kon Tum	Kon Tum	\N
3995	VN	VN-58	Nghe An	Nghe An	Nghe An	\N
3996	VN	VN-59	Ninh Binh	Ninh Binh	Ninh Binh	\N
3997	VN	VN-60	Ninh Thuan	Ninh Thuan	Ninh Thuan	\N
3998	VN	VN-61	Phu Yen	Phu Yen	Phu Yen	\N
3999	VN	VN-62	Quang Binh	Quang Binh	Quang Binh	\N
4000	VN	VN-63	Quang Ngai	Quang Ngai	Quang Ngai	\N
4001	VN	VN-64	Quang Tri	Quang Tri	Quang Tri	\N
4002	VN	VN-65	Soc Trang	Soc Trang	Soc Trang	\N
4003	VN	VN-66	Thua Thien-Hue	Thua Thien-Hue	Thua Thien-Hue	\N
4004	VN	VN-67	Tra Vinh	Tra Vinh	Tra Vinh	\N
4005	VN	VN-68	Tuyen Quang	Tuyen Quang	Tuyen Quang	\N
4006	VN	VN-69	Vinh Long	Vinh Long	Vinh Long	\N
4007	VN	VN-70	Yen Bai	Yen Bai	Yen Bai	\N
4008	VN	VN-71	Bac Giang	Bac Giang	Bac Giang	\N
4009	VN	VN-72	Bac Kan	Bac Kan	Bac Kan	\N
4010	VN	VN-73	Bac Lieu	Bac Lieu	Bac Lieu	\N
4011	VN	VN-74	Bac Ninh	Bac Ninh	Bac Ninh	\N
4012	VN	VN-75	Binh Duong	Binh Duong	Binh Duong	\N
4013	VN	VN-76	Binh Phuoc	Binh Phuoc	Binh Phuoc	\N
4014	VN	VN-77	Ca Mau	Ca Mau	Ca Mau	\N
4015	VN	VN-78	Da Nang	Da Nang	Da Nang	\N
4016	VN	VN-79	Hai Duong	Hai Duong	Hai Duong	\N
4017	VN	VN-80	Ha Nam	Ha Nam	Ha Nam	\N
4018	VN	VN-81	Hung Yen	Hung Yen	Hung Yen	\N
4019	VN	VN-82	Nam Dinh	Nam Dinh	Nam Dinh	\N
4020	VN	VN-83	Phu Tho	Phu Tho	Phu Tho	\N
4021	VN	VN-84	Quang Nam	Quang Nam	Quang Nam	\N
4022	VN	VN-85	Thai Nguyen	Thai Nguyen	Thai Nguyen	\N
4023	VN	VN-86	Vinh Phuc	Vinh Phuc	Vinh Phuc	\N
4024	VN	VN-87	Can Tho	Can Tho	Can Tho	\N
4025	VN	VN-88	Dac Lak	Dac Lak	Dac Lak	\N
4026	VN	VN-89	Lai Chau	Lai Chau	Lai Chau	\N
4027	VN	VN-90	Lao Cai	Lao Cai	Lao Cai	\N
4028	VN	VN-91	Dak Nong	Dak Nong	Dak Nong	\N
4029	VN	VN-92	Dien Bien	Dien Bien	Dien Bien	\N
4030	VN	VN-93	Hau Giang	Hau Giang	Hau Giang	\N
4031	VU	VU-05	Ambrym	Ambrym	Ambrym	\N
4032	VU	VU-06	Aoba	Aoba	Aoba	\N
4033	VU	VU-07	Torba	Torba	Torba	\N
4034	VU	VU-08	Efate	Efate	Efate	\N
4035	VU	VU-09	Epi	Epi	Epi	\N
4036	VU	VU-10	Malakula	Malakula	Malakula	\N
4037	VU	VU-11	Paama	Paama	Paama	\N
4038	VU	VU-12	Pentecote	Pentecote	Pentecote	\N
4039	VU	VU-13	Sanma	Sanma	Sanma	\N
4040	VU	VU-14	Shepherd	Shepherd	Shepherd	\N
4041	VU	VU-15	Tafea	Tafea	Tafea	\N
4042	VU	VU-16	Malampa	Malampa	Malampa	\N
4043	VU	VU-17	Penama	Penama	Penama	\N
4044	VU	VU-18	Shefa	Shefa	Shefa	\N
4045	WS	WS-02	Aiga-i-le-Tai	Aiga-i-le-Tai	Aiga-i-le-Tai	\N
4046	WS	WS-03	Atua	Atua	Atua	\N
4047	WS	WS-04	Fa	Fa	Fa	\N
4048	WS	WS-05	Gaga	Gaga	Gaga	\N
4049	WS	WS-06	Va	Va	Va	\N
4050	WS	WS-07	Gagaifomauga	Gagaifomauga	Gagaifomauga	\N
4051	WS	WS-08	Palauli	Palauli	Palauli	\N
4052	WS	WS-09	Satupa	Satupa	Satupa	\N
4053	WS	WS-10	Tuamasaga	Tuamasaga	Tuamasaga	\N
4054	WS	WS-11	Vaisigano	Vaisigano	Vaisigano	\N
4055	YE	YE-01	Abyan	Abyan	Abyan	\N
4056	YE	YE-02	Adan	Adan	Adan	\N
4057	YE	YE-03	Al Mahrah	Al Mahrah	Al Mahrah	\N
4058	YE	YE-04	Hadramawt	Hadramawt	Hadramawt	\N
4059	YE	YE-05	Shabwah	Shabwah	Shabwah	\N
4060	YE	YE-06	Lahij	Lahij	Lahij	\N
4061	YE	YE-07	Al Bayda	Al Bayda	Al Bayda	\N
4062	YE	YE-08	Al Hudaydah	Al Hudaydah	Al Hudaydah	\N
4063	YE	YE-09	Al Jawf	Al Jawf	Al Jawf	\N
4064	YE	YE-10	Al Mahwit	Al Mahwit	Al Mahwit	\N
4065	YE	YE-11	Dhamar	Dhamar	Dhamar	\N
4066	YE	YE-12	Hajjah	Hajjah	Hajjah	\N
4067	YE	YE-13	Ibb	Ibb	Ibb	\N
4068	YE	YE-14	Marib	Marib	Marib	\N
4069	YE	YE-15	Sadah	Sadah	Sadah	\N
4070	YE	YE-16	Sana	Sana	Sana	\N
4071	YE	YE-17	Taizz	Taizz	Taizz	\N
4072	YE	YE-18	Ad Dali	Ad Dali	Ad Dali	\N
4073	YE	YE-19	Amran	Amran	Amran	\N
4074	YE	YE-20	Al Bayda	Al Bayda	Al Bayda	\N
4075	YE	YE-21	Al Jawf	Al Jawf	Al Jawf	\N
4076	YE	YE-22	Hajjah	Hajjah	Hajjah	\N
4077	YE	YE-23	Ibb	Ibb	Ibb	\N
4078	YE	YE-24	Lahij	Lahij	Lahij	\N
4079	YE	YE-25	Taizz	Taizz	Taizz	\N
4080	ZA	ZA-01	North-Western Province	North-Western Province	North-Western Province	\N
4081	ZA	ZA-02	KwaZulu-Natal	KwaZulu-Natal	KwaZulu-Natal	\N
4082	ZA	ZA-03	Free State	Free State	Free State	\N
4083	ZA	ZA-05	Eastern Cape	Eastern Cape	Eastern Cape	\N
4084	ZA	ZA-06	Gauteng	Gauteng	Gauteng	\N
4085	ZA	ZA-07	Mpumalanga	Mpumalanga	Mpumalanga	\N
4086	ZA	ZA-08	Northern Cape	Northern Cape	Northern Cape	\N
4087	ZA	ZA-09	Limpopo	Limpopo	Limpopo	\N
4088	ZA	ZA-10	North-West	North-West	North-West	\N
4089	ZA	ZA-11	Western Cape	Western Cape	Western Cape	\N
4090	ZM	ZM-01	Western	Western	Western	\N
4091	ZM	ZM-02	Central	Central	Central	\N
4092	ZM	ZM-03	Eastern	Eastern	Eastern	\N
4093	ZM	ZM-04	Luapula	Luapula	Luapula	\N
4094	ZM	ZM-05	Northern	Northern	Northern	\N
4095	ZM	ZM-06	North-Western	North-Western	North-Western	\N
4096	ZM	ZM-07	Southern	Southern	Southern	\N
4097	ZM	ZM-08	Copperbelt	Copperbelt	Copperbelt	\N
4098	ZM	ZM-09	Lusaka	Lusaka	Lusaka	\N
4099	ZW	ZW-01	Manicaland	Manicaland	Manicaland	\N
4100	ZW	ZW-02	Midlands	Midlands	Midlands	\N
4101	ZW	ZW-03	Mashonaland Central	Mashonaland Central	Mashonaland Central	\N
4102	ZW	ZW-04	Mashonaland East	Mashonaland East	Mashonaland East	\N
4103	ZW	ZW-05	Mashonaland West	Mashonaland West	Mashonaland West	\N
4104	ZW	ZW-06	Matabeleland North	Matabeleland North	Matabeleland North	\N
4105	ZW	ZW-07	Matabeleland South	Matabeleland South	Matabeleland South	\N
4106	ZW	ZW-08	Masvingo	Masvingo	Masvingo	\N
4107	ZW	ZW-09	Bulawayo	Bulawayo	Bulawayo	\N
4108	ZW	ZW-10	Harare	Harare	Harare	\N
3002	RU	RU-04	Altaisky krai	Алтайский край	Altaisky krai	\N
3012	RU	RU-14	Chita	Забайкальский край	Chita	\N
3036	RU	RU-39	Krasnoyarsk	Красноярск	Krasnoyarsk	\N
469	BY	BY-01	Brest	Брестская область	Brestskaya Voblasts	\N
475	BY	BY-07	Vitsyebsk	Витебская область	Vitsyebskaya Voblasts	\N
470	BY	BY-02	Homyel	Гомельская область	Homyelskaya Voblasts	\N
471	BY	BY-03	Hrodna	Гродненская область	Hrodzyenskaya Voblasts	\N
474	BY	BY-06	Mahilyow	Могилёвская область	Mahilyowskaya Voblasts	\N
473	BY	BY-05	Minsk	Минская область	Minskaya Voblasts	\N
472	BY	BY-04	Horad Minsk	Минск	Minsk	\N
3026	RU	RU-28	Karelia	Карелия	Karelia	\N
3006	RU	RU-08	Bashkortostan	Башкортостан	Bashkortostan	\N
3063	RU	RU-66	Saint Petersburg City	Санкт-Петербург	Saint Petersburg City	\N
3086	RU	RU-90	Permskiy Kray	Пермский край	Permskiy Kray	\N
3088	RU	RU-92	Kamchatskiy Kray	Камчатский край	Kamchatskiy Kray	\N
3089	RU	RU-93	Zabaykalskiy Kray	Забайкальский край	Zabaykalskiy Kray	\N
3043	RU	RU-46	Mordovia	Республика Мордовия	Mordovia	\N
3035	RU	RU-38	Krasnodar	Краснодарский край	Krasnodar	\N
3056	RU	RU-59	Primorye	Приморский край	Primorye	\N
3067	RU	RU-70	Stavropol	Ставропольский край	Stavropol	\N
3003	RU	RU-05	Amur	Амурская область	Amur	\N
3004	RU	RU-06	Arkhangelsk	Архангельская область	Arkhangelsk	\N
3005	RU	RU-07	Astrakhan	Астраханская область	Astrakhan	\N
3007	RU	RU-09	Belgorod	Белгородская область	Belgorod	\N
3008	RU	RU-10	Bryansk	Брянская область	Bryansk	\N
3079	RU	RU-83	Vladimir	Владимирская область	Vladimir	\N
3080	RU	RU-84	Volgograd	Волгоградская область	Volgograd	\N
3081	RU	RU-85	Vologda	Вологодская область	Vologda	\N
3082	RU	RU-86	Voronezh	Воронежская область	Voronezh	\N
3019	RU	RU-21	Ivanovo	Ивановская область	Ivanovo	\N
3018	RU	RU-20	Irkutsk	Иркутская область	Irkutsk	\N
3021	RU	RU-23	Kaliningrad	Калининградская область	Kaliningrad	\N
3023	RU	RU-25	Kaluga	Калужская область	Kaluga	\N
3027	RU	RU-29	Kemerovo	Кемеровская область	Kemerovo	\N
3031	RU	RU-33	Kirov	Кировская область	Kirov	\N
3034	RU	RU-37	Kostroma	Костромская область	Kostroma	\N
3037	RU	RU-40	Kurgan	Курганская область	Kurgan	\N
3038	RU	RU-41	Kursk	Курская область	Kursk	\N
3039	RU	RU-42	Leningrad	Ленинградская область	Leningrad	\N
3040	RU	RU-43	Lipetsk	Липецкая область	Lipetsk	\N
3041	RU	RU-44	Magadan	Магаданская область	Magadan	\N
3044	RU	RU-47	Moskva	Московская область	Moskva	\N
3046	RU	RU-49	Murmansk	Мурманская область	Murmansk	\N
3048	RU	RU-51	Nizhegorod	Нижегородская область	Nizhegorod	\N
3049	RU	RU-52	Novgorod	Новгородская область	Novgorod	\N
3050	RU	RU-53	Novosibirsk	Новосибирская область	Novosibirsk	\N
3051	RU	RU-54	Omsk	Омская область	Omsk	\N
3052	RU	RU-55	Orenburg	Оренбургская область	Orenburg	\N
3053	RU	RU-56	Orel	Орловская область	Orel	\N
3054	RU	RU-57	Penza	Пензенская область	Penza	\N
3055	RU	RU-58	Perm	Пермский край	Perm	\N
3057	RU	RU-60	Pskov	Псковская область	Pskov	\N
3058	RU	RU-61	Rostov	Ростовская область	Rostov	\N
3059	RU	RU-62	Ryazan	Рязанская область	Ryazan	\N
3062	RU	RU-65	Samara	Самарская область	Samara	\N
3064	RU	RU-67	Saratov	Саратовская область	Saratov	\N
3061	RU	RU-64	Sakhalin	Сахалинская область	Sakhalin	\N
3068	RU	RU-71	Sverdlovsk	Свердловская область	Sverdlovsk	\N
3066	RU	RU-69	Smolensk	Смоленская область	Smolensk	\N
3074	RU	RU-77	Tver	Тверская область	Tver	\N
3072	RU	RU-75	Tomsk	Томская область	Tomsk	\N
3073	RU	RU-76	Tula	Тульская область	Tula	\N
3075	RU	RU-78	Tyumen	Тюменская область	Tyumen	\N
3078	RU	RU-81	Ulyanovsk	Ульяновская область	Ulyanovsk	\N
3011	RU	RU-13	Chelyabinsk	Челябинская область	Chelyabinsk	\N
3084	RU	RU-88	Yaroslavl	Ярославская область	Yaroslavl	\N
3085	RU	RU-89	Yevrey	Еврейская автономная область	Yevrey	\N
3030	RU	RU-32	Khanty-Mansiy	Ханты-Мансийский автономный округ	Khanty-Mansiy	\N
3013	RU	RU-15	Chukot	Чукотский автономный округ	Chukot	\N
3083	RU	RU-87	Yamal-Nenets	Ямало-Ненецкий автономный округ	Yamal-Nenets	\N
3045	RU	RU-48	Moscow City	Москва	Moscow City	\N
3047	RU	RU-50	Nenets	Ненецкий автономный округ	Nenets	\N
2999	RU	RU-01	Adygey	Республика Адыгея	Adygeya, Republic of	\N
3032	RU	RU-34	Komi	Коми	Komi	\N
3042	RU	RU-45	Mariy-El	Марий Эл	Mariy-El	\N
3065	RU	RU-68	North Ossetia	Северная Осетия	North Ossetia	\N
3070	RU	RU-73	Tatarstan	Татарстан	Tatarstan	\N
3076	RU	RU-79	Tuva	Тыва	Tuva	\N
3077	RU	RU-80	Udmurt	Удмуртия	Udmurt	\N
3029	RU	RU-31	Khakass	Хакасия	Khakass	\N
3010	RU	RU-12	Chechnya	Чечня	Chechnya	\N
3014	RU	RU-16	Chuvash	Чувашия	Chuvashia	\N
3028	RU	RU-30	Khabarovsk	Хабаровск	Khabarovsk	\N
3024	RU	RU-26	Kamchatka	Камчатская область	Kamchatka	\N
3009	RU	RU-11	Buryat	Бурятия	Buryat	\N
3015	RU	RU-17	Dagestan	Дагестан	Dagestan	\N
3069	RU	RU-72	Tambov	Тамбовская область	Tambovskaya oblast	\N
3060	RU	RU-63	Sakha	Саха	Sakha	\N
3017	RU	RU-19	Ingush	Ингушская Республика	Ingush	\N
3001	RU	RU-03	Altay	Алтай	Gorno-Altay	\N
3087	RU	RU-91	Krasnoyarsk	Красноярский край	Krasnoyarskiy Kray	\N
4109	RU	RU-94	Crimea	Крым	Crimea	\N
3020	RU	RU-22	Kabardin-Balkar	Кабардино-Балкарская Республика	Kabardin-Balkar	\N
3022	RU	RU-24	Kalmyk	Калмыкия	Kalmyk	\N
4110	RU	RU-95	Zabaykalsky Krai	Забайкальский край	Zabaykalsky Krai	\N
3025	RU	RU-27	Karachay-Cherkess	Карачаево-Черкесская Республика	Karachay-Cherkess	\N
4111	RU	RU-96	Donetsk Republic	Донецкая Народная Республика	Donetsk Republic	\N
4112	RU	RU-97	Lugansk Republic	Луганская Народная Республика	Lugansk Republic	\N
4113	RU	RU-98	Zaporozhye	Запорожская область	Zaporozhye	\N
\.


--
-- Data for Name: role_action_link; Type: TABLE DATA; Schema: public; Owner: pma
--

COPY public.role_action_link (id, role_id, action_id) FROM stdin;
\.


--
-- Data for Name: role_actions; Type: TABLE DATA; Schema: public; Owner: pma
--

COPY public.role_actions (id, role_id, action) FROM stdin;
\.


--
-- Data for Name: role_rules; Type: TABLE DATA; Schema: public; Owner: pma
--

COPY public.role_rules (id, role_id, action, route, "V", "C", "E", "D") FROM stdin;
16740	4		/import-export/export/pdf/msp	t	f	f	f
16741	4		/import-export/export/pdf/sub-msp	t	f	f	f
16742	4		/import-export/export/pdf/executions	t	f	f	f
16743	4		/import-export/export/pdf/program-types	t	f	f	f
16744	4		/import-export/import/users	t	f	f	f
16745	4		/import-export/import/clients	t	f	f	f
16746	4		/import-export/import/workers	t	f	f	f
16747	4		/import-export/import/msp	t	f	f	f
16748	4		/import-export/import/sub-msp	t	f	f	f
16749	4		/import-export/import/myMo	t	f	f	f
16750	4		/import-export/import/parse	t	f	f	f
16751	4		/import-export/import/locations	t	f	f	f
16752	4		/import-export/import/location-visits	t	f	f	f
16753	4		/import-export/import/programs	t	f	f	f
16754	4		/locations/shops/available	t	t	t	f
16755	4		/locations/shops/job/:id	t	t	t	f
16756	4		/locations/shops/:id/apply-for-current-user	t	t	t	f
16757	4		/locations/status	t	t	f	f
16758	4		/locations/categories	t	t	t	f
16759	4		/locations/category/:id	t	t	t	f
16760	4		/locations/category	t	f	t	f
16761	4		/locations/category/values/:id	t	t	t	f
16762	4		/locations/category/client-rules/:client_id	t	t	t	f
16763	4		/locations/regions/ids	t	t	t	f
16764	4		/locations/cities/ids	t	t	t	f
16765	4		/locations/group/:id	t	t	t	f
16766	4		/locations/group	t	t	t	f
16767	4		/locations/locations	t	f	t	f
16768	4		/locations/location/:id	t	t	t	f
16769	4		/locations/locations/ids	t	t	t	f
16770	4		/locations/location/test	t	t	t	f
16771	4		/locations/location/status	t	f	f	f
16772	4		/locations/location-status/:id	t	t	t	f
16773	4		/locations/countries	t	t	t	f
16774	4		/locations/countries/:countryCode/city	t	t	t	f
16775	4		/locations/countries/:countryCode/regions	t	t	t	f
16776	4		/locations/regions/:regionId/cities	t	t	t	f
16777	4		/locations/countries/:countryCode	t	t	t	f
16778	4		/locations/regions/:regionId	t	t	t	f
16779	4		/locations/cities/:cityId	t	t	t	f
16780	4		/locations/locationInfo	t	t	t	f
16781	4		/locations/shopping/executions	t	t	t	f
16782	4		/locations/shopping/executions-confirm	t	f	f	f
16783	4		/questionnaire/healthController	t	t	t	f
16784	4		/questionnaire/answer/validator/send	t	t	t	f
16785	4		/questionnaire/answer/validation/:id/status	t	t	t	f
16786	4		/questionnaire/answer/validation/:id/publish	t	t	t	f
16787	4		/questionnaire/answer/validation/:id/unpublish	t	t	t	f
16788	4		/questionnaire/answer/validation/:id	t	t	t	f
16789	4		/questionnaire/answer/validation/:id/accept	t	t	t	f
16790	4		/questionnaire/answer/validation/:id/reject	t	t	t	f
16791	4		/questionnaire/answer/send	t	t	t	f
16792	4		/questionnaire/answer/send-verify	t	t	t	f
16793	4		/questionnaire/quest	t	f	t	f
16794	4		/questionnaire/quest/:id	t	t	t	f
16795	4		/questionnaire/quest-by-shop/:id	t	t	t	f
16796	4		/questionnaire/quest/:id/customization	t	t	t	f
16797	4		/questionnaire/quest/all	t	t	t	f
16798	4		/questionnaire/quest/:id/section	t	t	t	f
16799	4		/questionnaire/quest/:id/nps	t	t	t	f
16800	4		/questionnaire/answer/stats	t	t	t	f
16801	4		/questionnaire/answer/stats/sections	t	t	t	f
16802	4		/questionnaire/answers	t	t	t	f
16803	4		/questionnaire/answer/:id	t	t	t	f
16804	4		/questionnaire/answer/create-execution-link	t	t	t	f
16805	4		/questionnaire/answer/:id/:status	t	t	t	f
16806	4		/questionnaire/answer-by-shop-ids	t	t	t	f
16807	4		/questionnaire/answers/public	t	t	t	f
16808	4		/questionnaire/appeal/group	t	t	t	f
16809	4		/questionnaire/appeal	t	t	t	f
16810	4		/questionnaire/appeal/:id	t	t	t	f
16811	4		/questionnaire/appeal/reply/:appealId	t	t	t	f
16812	4		/questionnaire/appeal-setting/:id	t	t	t	f
16813	4		/questionnaire/appeal-setting	t	t	t	f
16814	4		/questionnaire/appeal/connect-to-questionnaire	t	t	t	f
16815	4		/questionnaire/appeal/manager-reply/:appealId	t	t	t	f
16816	4		/questionnaire/integration/v1/sign-in	t	t	t	f
16817	4		/questionnaire/integration/v1/all	t	t	t	f
16818	4		/questionnaire/integration/v1/answer/:id	t	t	t	f
16819	4		/questionnaire/integration/v2/repair-survey	t	t	t	f
16820	4		/questionnaire/integration/v2/sign-in	t	t	t	f
16821	4		/questionnaire/integration/v2/all	t	t	t	f
16822	4		/questionnaire/integration/v2/answer/:id	t	t	t	f
16823	4		/questionnaire/integration/v2/links/:id	t	t	t	f
16824	4		/questionnaire/integration/v2/create-link/:id	t	t	t	f
16825	4		/questionnaire/integration/v2/store-questionnaire	t	t	t	f
16826	4		/questionnaire/integration/v2/sync/:id	t	t	t	f
16827	4		/user/competitors/bind	t	f	f	f
16828	4		/user/competitors/unbind	t	f	f	f
16829	4		/file/provider	t	f	f	f
16830	4		/file/provider/set-user-provider	t	f	f	f
16831	4		/file/make-workspace	t	t	f	f
16832	4		/file/upload	t	t	f	f
16833	4		/file/uploads	t	t	f	f
16834	4		/file/read/:provider/*	t	f	f	f
16835	4		/locations/healthController	f	t	t	f
16836	4		/locations/group/change-locations	t	t	t	f
16837	4		/locations/group-client-set	t	t	t	f
16838	4		/locations/groups	t	f	t	f
16839	4		/locations/shopping/executions-submit	t	f	t	f
16840	4		/locations/shopping/executions-duplicate	t	f	t	f
16841	4		/locations/shopping/received-visit/:id	t	t	t	f
16842	4		/locations/shopping/visit-list	t	t	t	f
16843	4		/locations/shopping/execution-list	t	t	t	f
16844	4		/locations/shopping/executions/status	t	t	t	f
16845	4		/locations/shopping/executions/:id	t	t	t	f
16846	4		/locations/shopping/executions/delete-all	t	t	t	f
16847	4		/locations/program-types	t	t	t	f
16848	4		/locations/program-type/status	t	t	t	f
16849	4		/locations/program-type/delete-all	t	t	t	f
16850	4		/locations/program-type/:id	t	t	t	f
16851	4		/locations/bonus	f	f	t	f
16852	4		/locations/bonus/delete-all	t	t	t	f
16853	4		/locations/bonus/status	t	t	f	f
16854	4		/locations/bonus/:id	f	t	f	f
16855	4		/locations/client/:id/level	t	t	t	f
16856	4		/locations/access/execution/:user_id	t	t	t	f
16857	4		/locations/access/program/:user_id	t	t	t	f
16858	4		/user/feedback-clients/:id	t	f	t	t
16859	4		/locations/access/execution/set	t	t	f	f
16860	4		/locations/access/execution/unset	t	t	f	f
16861	4		/locations/access/program/set	t	t	f	f
16862	4		/locations/access/program/unset	t	t	f	f
16863	4		/locations/access/program/flush	t	t	t	f
16864	4		/locations/access/execution/flush	t	t	t	f
16865	4		/questionnaire/test	t	f	f	f
16866	4		/social-service/healthController	t	f	f	f
16867	4		/social-service/statistics	t	f	f	f
16868	4		/backup/healthController	t	f	f	f
16869	4		/backup/	t	f	f	f
16870	4		/backup/restore	t	f	f	f
16871	4		/backup/:fileName	t	f	f	f
16872	4		/questionnaire/mistakes	t	t	t	f
16873	4		/questionnaire/mistakes/:id	t	t	t	f
16874	4		/questionnaire/validator-comments	t	t	t	f
16875	4		/questionnaire/validator-comment/:id	t	t	t	f
16876	4		/questionnaire/validator-comment	t	t	t	f
16877	4		/questionnaire/answer-histories	t	t	t	f
16878	4		/questionnaire/answer-history/:id	t	t	t	f
16879	4		/questionnaire/answer-history	t	t	t	f
16880	4		/questionnaire/client/answers	t	t	t	f
16881	4		/questionnaire/client/answers/:id/files	t	t	t	f
16882	4		/questionnaire/client/answers/:id	t	t	t	f
16883	4		/import-export/healthController	t	f	f	f
16884	4		/import-export/export/answer-client-data	t	f	f	f
16885	4		/import-export/export/client-answers	t	f	f	f
16886	4		/import-export/export/survey-validator	t	f	f	f
16887	4		/import-export/export/shops	t	f	f	f
16888	4		/import-export/export/answer-list	t	f	f	f
16889	4		/import-export/export/workers	t	f	f	f
16890	4		/import-export/export/clients	t	f	f	f
16891	4		/import-export/export/shoppers	t	f	f	f
16892	4		/import-export/export/users	t	f	f	f
16893	4		/import-export/export/msp	t	f	f	f
16894	4		/import-export/export/sub-msp	t	f	f	f
16895	4		/import-export/export/locations	t	f	f	f
16896	4		/import-export/export/location-visit	t	f	f	f
16897	4		/import-export/export/location-groups	t	f	f	f
16898	4		/import-export/export/executions	t	f	f	f
16899	4		/import-export/export/program-types	t	f	f	f
16900	4		/import-export/export/pdf/locations	t	f	f	f
16901	4		/import-export/export/pdf/location-groups	t	f	f	f
16902	4		/import-export/export/pdf/workers	t	f	f	f
16903	4		/import-export/export/pdf/clients	t	f	f	f
16904	4		/import-export/export/pdf/shoppers	t	f	f	f
16905	4		/import-export/export/pdf/users	t	f	f	f
16906	4		/locations/shopping/executions/connect-questionnaire	t	f	t	f
16907	4		/locations/shopping/executions/disconnect-questionnaire	t	f	t	f
16908	4		/locations/shopping/executions/:id/start-project	t	f	t	f
16909	4		/locations/program-type/connect-questionnaire	t	f	t	f
16910	4		/locations/program-type/disconnect-questionnaire	t	f	t	f
16911	4		/locations/client/:id/rules	t	t	t	f
16912	4		/locations/shops/approve-application	t	t	t	f
16913	4		/locations/shops/project/view	t	t	t	f
16914	4		/locations/shops/update-status	t	t	t	f
16915	4		/locations/shops	t	t	t	f
16916	4		/locations/shops/:id	t	t	t	f
16917	4		/locations/shops/set-respondent	t	t	t	f
16918	4		/locations/shops/:id/pay-and-rating	t	t	t	f
16919	4		/locations/shops/by-respondent/:respondent_id	t	t	t	f
16920	4		/locations/shops/check-location	t	t	t	f
16921	4		/locations/shops/by-hash/:hash	t	t	t	f
16922	4		/locations/shops/:id/status	t	t	t	f
5830	3		/notifications/communication/:id	t	t	t	t
5831	3		/notifications/communications	t	t	t	t
5832	3		/notifications/communication	t	t	t	t
5833	3		/notifications/communication/:id/set	t	t	t	t
5834	3		/notifications/communication/:id/delete	t	t	t	t
5835	3		/notifications/communication/:id/users	t	t	t	t
5836	3		/notifications/communication/:id/update	t	t	t	t
5837	3		/notifications/templates	t	t	t	t
5838	3		/notifications/template/:id	t	t	t	t
5839	3		/notifications/template/communication/:communicationId	t	t	t	t
5840	3		/notifications/template/action/:actionId	t	t	t	t
5841	3		/notifications/template	t	t	t	t
5842	3		/notifications/template/render/:id	t	t	t	t
5843	3		/notifications/send	t	t	t	t
5844	3		/locations/healthController	t	t	t	t
5845	3		/locations/group/change-locations	t	t	t	t
5846	3		/locations/group-client-set	t	t	t	t
5847	3		/locations/groups	t	t	t	t
5848	3		/locations/group/:id	t	t	t	t
5849	3		/locations/group	t	t	t	t
5850	3		/locations/locations	t	t	t	t
5851	3		/locations/location/:id	t	t	t	t
5852	3		/locations/locations/ids	t	t	t	t
5853	3		/locations/location/test	t	t	t	t
5854	3		/locations/location/status	t	t	f	t
5855	3		/locations/location-status/:id	t	t	t	t
5856	3		/locations/countries	t	t	t	t
5857	3		/locations/countries/:countryCode/city	t	t	t	t
5858	3		/locations/countries/:countryCode/regions	t	t	t	t
5859	3		/locations/regions/:regionId/cities	t	t	t	t
5860	3		/locations/countries/:countryCode	t	t	t	t
5861	3		/locations/regions/:regionId	t	t	t	t
5862	3		/locations/cities/:cityId	t	t	t	t
5863	3		/locations/locationInfo	t	t	t	t
5864	3		/locations/shopping/executions	t	t	t	t
5865	3		/locations/shopping/executions-confirm	t	t	t	t
5866	3		/locations/shopping/executions-submit	t	t	t	t
5867	3		/locations/shopping/executions-duplicate	t	t	t	t
5868	3		/locations/shopping/received-visit/:id	t	t	t	t
5869	3		/user/healthController	t	t	f	t
5870	3		/user/cacheReset	t	t	f	t
5871	3		/user/access	t	t	f	t
5872	3		/user/verify-contact	t	t	f	t
5873	3		/user/check-contact	t	t	f	t
5874	3		/user/auth/sign-up	t	t	f	t
5875	3		/user/auth/sign-in	t	t	f	t
5876	3		/user/auth/forgot-password	t	t	f	t
5877	3		/user/auth/reset-password	t	t	f	t
5878	3		/user/auth/confirm-account	t	t	f	t
5879	3		/user/auth/check-code	t	t	f	t
5880	3		/user/me	t	t	f	t
5881	3		/user/user-additional	t	t	f	t
5882	3		/user/refresh-token	t	t	f	t
5883	3		/user/auth/auto-login	t	t	f	t
5884	3		/user/role	t	t	f	t
5885	3		/user/role/:id	t	t	t	t
5886	3		/user/role/:id/set	t	t	f	t
5887	3		/user/role/:id/unset	t	t	f	t
5888	3		/user/group	t	t	f	t
5889	3		/user/group/:id	t	t	t	t
5890	3		/user/group/:id/set	t	t	f	t
5891	3		/user/group/:id/unset	t	t	f	t
5892	3		/user/action	t	t	f	t
5893	3		/user/action/:id	t	t	t	t
5894	3		/user/handbook/groups	t	t	f	t
5895	3		/user/handbook/groups/:id	t	t	t	t
5896	3		/user/handbook	t	t	f	t
5897	3		/user/handbook/:id	t	t	t	t
5898	3		/user/handbook/code/:code	t	t	f	t
5899	3		/user/handbook/set	t	t	f	t
5900	3		/user/handbook/unset	t	t	f	t
5901	3		/user/users	t	t	t	t
5902	3		/user/shoppers	t	t	f	t
5903	3		/user/users/:id/base	t	t	f	t
5904	3		/user/users/:id/fields	t	t	f	t
5905	3		/user/users/:id	t	t	t	t
5906	3		/user/users/ids	t	t	f	t
5907	3		/user/users/restore	t	t	t	t
5908	3		/user/access/client/set	t	t	t	t
5909	3		/user/access/client/unset	t	t	t	t
5910	3		/user/access/client/flush	t	t	f	t
5911	3		/user/users/:id/activity-status	t	t	f	t
5912	3		/user/settings	t	t	t	t
5913	3		/user/comments	t	t	f	t
5914	3		/user/comments/:id	t	t	t	t
5915	3		/user/competitors	t	t	f	t
5916	3		/user/competitors/:id	t	t	t	t
5917	3		/user/competitors/bind	t	t	t	t
5918	3		/user/competitors/unbind	t	t	t	t
5919	3		/user/clients	t	t	f	t
5920	3		/user/client/:id/settings	t	t	f	t
5921	3		/user/client/settings	t	t	t	t
5922	3		/user/client/:id/workers	t	t	f	t
5923	3		/user/client/:id/worker/:workerId	t	t	f	t
5924	3		/user/client	t	t	f	t
5925	3		/user/client/:id/worker	t	t	f	t
5926	3		/user/client/:id/level	t	t	f	t
5927	3		/user/msp/sub	t	t	f	t
5928	3		/user/msp	t	t	f	t
5929	3		/file/healthController	t	t	t	t
5930	3		/file/providers	t	t	t	t
5931	3		/file/provider/:id	t	t	t	t
5932	3		/file/provider	t	t	t	t
5933	3		/file/provider/set-user-provider	t	t	t	t
5934	3		/file/make-workspace	t	t	t	t
5935	3		/file/upload	t	t	t	t
5936	3		/file/uploads	t	t	t	t
5937	3		/file/read/:provider/*	t	t	t	t
5938	3		/notifications/healthController	t	t	t	t
5939	3		/notifications/actions	t	t	t	t
5940	3		/notifications/action/code/:code	t	t	t	t
5941	3		/notifications/action/:id	t	t	t	t
5942	3		/notifications/action	t	t	t	t
5943	3		/locations/shopping/visit-list	t	t	t	t
5944	3		/locations/shopping/execution-list	t	t	t	t
5945	3		/locations/shopping/executions/status	t	t	t	t
5946	3		/locations/shopping/executions/:id	t	t	t	t
5947	3		/locations/shopping/executions/delete-all	t	t	t	t
5948	3		/locations/program-types	t	t	t	t
5949	3		/locations/program-type/status	t	t	t	t
5950	3		/locations/program-type/delete-all	t	t	t	t
5951	3		/locations/program-type/:id	t	t	t	t
5952	3		/locations/bonus	t	t	t	t
5953	3		/locations/bonus/delete-all	t	t	t	t
5954	3		/locations/bonus/status	t	t	t	t
5955	3		/locations/bonus/:id	t	t	t	t
5956	3		/locations/client/:id/level	t	t	t	t
5957	3		/locations/access/execution/:user_id	t	t	t	t
5958	3		/locations/access/program/:user_id	t	t	t	t
5959	3		/locations/access/execution/set	t	t	t	t
5960	3		/locations/access/execution/unset	t	t	t	t
5961	3		/locations/access/program/set	t	t	t	t
5962	3		/locations/access/program/unset	t	t	t	t
5963	3		/locations/access/program/flush	t	t	t	t
5964	3		/locations/access/execution/flush	t	t	t	t
5965	3		/import-export/healthController	t	t	t	t
5966	3		/import-export/export/answer-list	t	t	t	t
5967	3		/import-export/export/workers	t	t	t	t
5968	3		/import-export/export/clients	t	t	t	t
5969	3		/import-export/export/shoppers	t	t	t	t
5970	3		/import-export/export/users	t	t	t	t
5971	3		/import-export/export/msp	t	t	t	t
5972	3		/import-export/export/locations	t	t	t	t
5973	3		/import-export/export/location-groups	t	t	t	t
5974	3		/import-export/export/executions	t	t	t	t
5975	3		/import-export/export/program-types	t	t	t	t
5976	3		/import-export/export/pdf/locations	t	t	t	t
5977	3		/import-export/export/pdf/location-groups	t	t	t	t
5978	3		/import-export/export/pdf/workers	t	t	t	t
5979	3		/import-export/export/pdf/clients	t	t	t	t
5980	3		/import-export/export/pdf/shoppers	t	t	t	t
5981	3		/import-export/export/pdf/users	t	t	t	t
5982	3		/import-export/export/pdf/msp	t	t	t	t
5983	3		/import-export/export/pdf/executions	t	t	t	t
5984	3		/import-export/export/pdf/program-types	t	t	t	t
5985	3		/import-export/import/users	t	t	t	t
5986	3		/import-export/import/clients	t	t	t	t
5987	3		/import-export/import/workers	t	t	t	t
5988	3		/import-export/import/msp	t	t	t	t
5989	3		/import-export/import/myMo	t	t	t	t
5990	3		/import-export/import/parse	t	t	t	t
5991	3		/import-export/import/locations	t	t	t	t
5992	3		/import-export/import/programs	t	t	t	t
5993	3		/questionnaire/healthController	t	t	t	t
5994	3		/questionnaire/quest	t	t	t	t
5995	3		/questionnaire/quest/:id	t	t	t	t
15666	2		/user/healthController	t	f	f	f
5996	3		/questionnaire/test	t	t	t	t
16923	4		/locations/shops/:id/progress	t	t	t	f
16924	4		/locations/shops/:id/set-answer	t	t	t	f
16925	4		/locations/shops/applications/pending	t	t	t	f
16926	4		/locations/quality-control/executions-stats	t	t	t	f
16927	4		/locations/execution-type	t	f	t	f
16928	4		/locations/execution-type/:id	t	t	t	f
16929	4		/locations/execution/:id/types	t	t	t	f
16930	4		/locations/wave	t	f	t	f
16931	4		/locations/wave/:waveId	t	t	t	f
16932	4		/locations/wave/:waveId/shops	t	f	t	f
16933	4		/locations/shops/:shopId/wave	t	t	t	f
16934	4		/notifications/communication/:id/users	t	f	f	f
16935	4		/notifications/read/:id	f	f	t	f
16936	4		/notifications/send	t	f	f	f
16937	4		/notifications/user/notification	t	f	f	f
16938	4		/user/healthController	t	f	f	f
16939	4		/user/access	t	f	f	f
16940	4		/user/verify-contact	t	f	f	f
16941	4		/user/check-contact	t	f	f	f
16942	4		/user/auth/sign-up	t	f	f	f
16943	4		/user/auth/sign-in	t	f	f	f
16944	4		/user/auth/forgot-password	t	f	f	f
16945	4		/user/auth/reset-password	t	f	f	f
16946	4		/user/auth/confirm-account	t	f	f	f
16947	4		/user/auth/check-code	t	f	f	f
16948	4		/user/me	t	f	f	f
16949	4		/user/user-additional	t	f	f	f
16950	4		/user/refresh-token	t	f	f	f
16951	4		/user/auth/auto-login	t	f	f	f
16952	4		/user/role	t	f	f	f
16953	4		/user/role/:id	t	f	f	f
16954	4		/user/role/:id/set	t	f	f	f
16955	4		/user/role/:id/unset	t	f	f	f
16956	4		/user/group	t	f	f	f
16957	4		/user/group/:id	t	f	f	f
16958	4		/user/group/:id/set	t	f	f	f
16959	4		/user/group/:id/unset	t	f	f	f
16960	4		/user/action	t	f	f	f
16961	4		/user/action/:id	t	f	f	f
16962	4		/user/handbook/groups	t	f	f	f
16963	4		/user/handbook/groups/:id	t	f	f	f
16964	4		/user/handbook	t	f	f	f
16965	4		/user/handbook/:id	t	f	f	f
16966	4		/user/handbook/code/:code	t	f	f	f
16967	4		/user/handbook/set	t	f	f	f
16968	4		/user/handbook/unset	t	f	f	f
16969	4		/user/handbook/:handbook_code	t	f	f	f
16970	4		/user/handbook/:handbook_code/:value_code	t	f	f	f
16971	4		/user/users	t	f	f	f
16972	4		/user/shoppers	t	f	f	f
16973	4		/user/users/names	t	f	f	f
16974	4		/user/users/:id/mini	t	f	f	f
16975	4		/user/users/:id/base	t	f	f	f
16976	4		/user/users/:id/fields	t	f	f	f
16977	4		/user/users/:id	t	f	f	f
16978	4		/user/shopper/:id/rating	t	f	f	f
16979	4		/user/users/ids	t	f	f	f
16980	4		/user/users/restore	t	f	f	f
16981	4		/user/access/client/set	t	f	f	f
16982	4		/user/access/client/unset	t	f	f	f
16983	4		/user/access/client/flush	t	f	f	f
16984	4		/user/users/:id/activity-status	t	f	f	f
16985	4		/user/settings	t	f	f	f
16986	4		/user/customizations	t	f	f	f
16987	4		/user/comments	t	f	f	f
16988	4		/user/comments/:id	t	f	f	f
16989	4		/user/competitors	t	f	f	f
16990	4		/user/competitors/:id	t	f	f	f
16991	4		/user/my-access	t	f	f	f
16992	4		/user/clients	t	f	f	f
16993	4		/user/client/:id/settings	t	f	f	f
16994	4		/user/client/settings	t	f	f	f
16995	4		/user/client/:id/workers	t	f	f	f
16996	4		/user/client/:id/worker/:workerId	t	f	f	f
16997	4		/user/client	t	f	f	f
16998	4		/user/client/:id/worker	t	f	f	f
16999	4		/user/client/:id/level	t	f	f	f
17000	4		/user/msp/sub	t	f	f	f
17001	4		/user/msp	t	f	f	f
17002	4		/user/user-worker-groups	t	f	f	f
17003	4		/user/user-worker-groups/:id	t	f	f	f
17004	4		/user/tasks	t	t	f	f
17005	4		/user/tasks/:id	t	f	t	t
17006	4		/user/tasks/:id/employee-comment	t	t	f	f
17007	4		/user/task/education	t	t	f	f
17008	4		/user/tasks/close/:id	t	f	t	f
17009	4		/user/feedback-clients	t	t	f	f
17010	4		/user/feedback-clients/employ	t	t	f	f
17011	4		/user/feedback-clients/closed	t	t	f	f
17012	4		/user/account-settings/payment	t	f	f	f
17013	4		/user/payments	t	f	f	f
17014	4		/locations/client/request	f	t	f	f
17015	4		/questionnaire/appeal/client-accepted/:id	f	f	t	f
17016	4		/user/client/message-office	f	t	f	f
17017	4		/user/tasks/redirect/:id	f	f	t	f
17018	4		/questionnaire/client/reporting/main-report	t	f	f	f
17019	4		/import-export/import/my-mo	t	t	f	f
17020	4		/questionnaire/client/reporting/chart	f	t	f	f
17021	4		/questionnaire/widgets/add-to-client	f	t	f	f
17022	4		/questionnaire/widgets/my-widgets	t	f	f	f
17023	4		/questionnaire/widgets	t	f	f	f
17024	4		/user/worker/xm-setting	t	f	t	f
17025	4		/questionnaire/widgets/delete-to-client/:id	f	f	f	t
17026	4		/questionnaire/widgets/sorts	f	f	t	f
17027	4		/questionnaire/answer/:id/status	t	f	f	f
17028	4		/user/worker/xm-statistics	t	f	f	f
17029	4		/questionnaire/widgets/update-to-client/:id	f	f	t	f
17030	4		/questionnaire/widgets/cjm	f	t	f	f
17031	4		/questionnaire/client/quest/project/:id	t	f	f	f
17034	1		/user/healthController	t	t	f	t
17035	1		/user/cacheReset	f	t	f	t
17036	1		/user/access	t	t	f	t
17037	1		/user/verify-contact	t	t	f	t
17038	1		/user/check-contact	t	t	f	t
17039	1		/user/auth/sign-up	t	t	f	t
17040	1		/user/auth/sign-in	t	t	f	t
17041	1		/user/auth/forgot-password	t	t	f	t
17042	1		/user/auth/reset-password	t	t	f	t
17043	1		/user/auth/confirm-account	t	t	f	t
17044	1		/user/auth/check-code	t	t	f	t
17045	1		/user/me	t	t	f	t
17046	1		/user/user-additional	t	t	f	t
17047	1		/user/refresh-token	t	t	f	t
17048	1		/user/auth/auto-login	f	t	f	t
17049	1		/user/role/:id	t	t	f	f
17050	1		/user/role/:id/unset	t	t	f	f
17051	1		/user/group/:id	t	t	f	f
17052	1		/user/action/:id	t	t	f	f
17053	1		/user/handbook/groups/:id	t	t	f	f
17054	1		/user/handbook/:id	t	t	f	f
17055	1		/user/handbook/code/:code	t	t	f	t
17056	1		/user/users	t	t	f	f
17057	1		/user/shoppers	t	t	f	t
17058	1		/user/users/:id/base	t	t	f	t
17059	1		/user/users/:id/fields	t	t	f	t
17060	1		/user/users/:id	t	t	t	t
17061	1		/user/users/ids	t	t	f	f
17062	1		/user/users/restore	t	t	f	t
17063	1		/user/access/client/set	t	t	f	t
17064	1		/user/access/client/unset	t	t	f	t
17065	1		/user/access/client/flush	t	t	f	f
17066	1		/user/users/:id/activity-status	t	t	f	t
17067	1		/user/settings	t	t	f	t
17068	1		/user/comments/:id	t	t	f	t
17069	1		/user/competitors/:id	t	t	f	f
17070	1		/user/competitors/bind	t	t	f	t
17071	1		/user/competitors/unbind	t	t	f	t
17072	1		/user/clients	t	t	f	t
17073	1		/user/client/:id/settings	t	t	f	t
17074	1		/user/client/settings	t	t	f	t
17075	1		/user/client/:id/workers	t	t	f	t
17076	1		/user/client/:id/worker/:workerId	t	t	f	f
17077	1		/file/healthController	f	t	f	t
17078	1		/file/providers	f	t	f	t
17079	1		/file/provider/:id	f	t	f	f
17080	1		/file/upload	t	t	f	t
17081	1		/file/uploads	t	t	f	t
17082	1		/file/read/:provider/*	t	t	f	t
17083	1		/notifications/healthController	t	t	f	t
17084	1		/notifications/actions	t	t	f	t
17085	1		/notifications/action/code/:code	t	t	f	t
17086	1		/notifications/action/:id	t	t	f	f
17087	1		/notifications/communication/:id	t	t	f	f
17088	1		/notifications/communications	t	t	f	t
17089	1		/notifications/communication/:id/delete	t	t	f	f
17090	1		/notifications/communication/:id/users	t	t	f	t
17091	1		/notifications/communication/:id/update	t	t	f	t
17092	1		/notifications/templates	t	t	f	t
17093	1		/notifications/template/:id	t	t	f	f
17094	1		/notifications/template/communication/:communicationId	t	t	f	t
17095	1		/notifications/template/action/:actionId	t	t	f	t
17096	1		/notifications/template/render/:id	t	t	f	t
17097	1		/notifications/send	t	t	f	t
17098	1		/locations/healthController	t	t	f	t
17099	1		/locations/group/change-locations	t	t	f	t
17100	1		/locations/group-client-set	t	t	f	t
17101	1		/locations/group/:id	t	t	f	t
17102	1		/locations/group	t	t	f	t
17103	1		/locations/location/:id	t	t	f	t
17104	1		/locations/locations/ids	t	t	f	t
17105	1		/locations/location/test	t	t	f	t
17106	1		/locations/location/status	t	t	f	t
17107	1		/locations/location-status/:id	t	t	f	t
17108	1		/locations/countries	t	t	f	t
17109	1		/locations/countries/:countryCode/city	t	t	f	t
17110	1		/locations/countries/:countryCode/regions	t	t	f	t
17111	1		/locations/regions/:regionId/cities	t	t	f	t
17112	1		/locations/countries/:countryCode	t	t	f	t
17113	1		/locations/regions/:regionId	t	t	f	t
17114	1		/locations/cities/:cityId	t	t	f	t
17115	1		/locations/locationInfo	t	t	f	t
17116	1		/locations/shopping/visit-list	t	t	f	t
17117	1		/locations/shopping/execution-list	t	t	f	t
17118	1		/locations/shopping/executions/status	t	t	f	t
17119	1		/locations/shopping/executions/:id	t	t	f	f
17120	1		/locations/shopping/executions/delete-all	t	t	f	f
17121	1		/locations/program-type/status	t	t	f	t
17122	1		/locations/program-type/delete-all	t	t	f	f
17123	1		/locations/program-type/:id	t	t	f	f
17124	1		/locations/bonus/delete-all	t	t	f	f
17125	1		/locations/bonus/status	t	t	f	t
17126	1		/locations/bonus/:id	t	t	f	f
17127	1		/locations/client/:id/level	t	t	f	t
17128	1		/locations/access/execution/:user_id	t	t	f	t
17129	1		/locations/access/program/:user_id	t	t	f	t
17130	1		/locations/access/execution/set	t	t	f	t
17131	1		/locations/access/execution/unset	t	t	f	t
17132	1		/locations/access/program/set	t	t	f	t
17133	1		/locations/access/program/unset	t	t	f	t
17134	1		/locations/access/program/flush	t	t	f	t
17135	1		/locations/access/execution/flush	t	t	f	t
17136	1		/import-export/healthController	f	t	f	t
17137	1		/import-export/export/answer-list	f	t	f	t
17138	1		/import-export/export/workers	f	t	f	t
17139	1		/import-export/export/clients	f	t	f	t
17140	1		/import-export/export/shoppers	f	t	f	t
17141	1		/import-export/export/users	f	t	f	t
17142	1		/import-export/export/msp	f	t	f	t
17143	1		/import-export/export/locations	f	t	f	t
17144	1		/import-export/export/location-groups	f	t	f	t
17145	1		/import-export/export/executions	f	t	f	t
17146	1		/import-export/export/program-types	f	t	f	t
17147	1		/import-export/export/pdf/locations	f	t	f	t
17148	1		/import-export/export/pdf/location-groups	f	t	f	t
17149	1		/import-export/export/pdf/workers	f	t	f	t
17150	1		/import-export/export/pdf/clients	f	t	f	t
17151	1		/import-export/export/pdf/shoppers	f	t	f	t
17152	1		/import-export/export/pdf/users	f	t	f	t
17153	1		/import-export/export/pdf/msp	f	t	f	t
17154	1		/import-export/export/pdf/executions	f	t	f	t
17155	1		/import-export/export/pdf/program-types	f	t	f	t
17156	1		/import-export/import/users	f	t	f	t
17157	1		/import-export/import/clients	f	t	f	t
17158	1		/import-export/import/workers	f	t	f	t
17159	1		/import-export/import/msp	f	t	f	t
17160	1		/import-export/import/myMo	f	t	f	t
17161	1		/import-export/import/parse	f	t	f	t
17162	1		/import-export/import/locations	f	t	f	t
17163	1		/import-export/import/programs	f	t	f	t
17164	1		/questionnaire/healthController	t	t	f	t
17165	1		/questionnaire/quest	t	t	f	t
17166	1		/questionnaire/quest/:id	t	t	f	t
17167	1		/questionnaire/test	t	t	f	t
17168	1		/questionnaire/answer/stats	t	t	f	t
17169	1		/questionnaire/answer/stats/sections	t	t	f	t
17170	1		/questionnaire/answers	t	t	f	t
17171	1		/questionnaire/answer/:id	t	t	f	t
17172	1		/questionnaire/answer/:id/:status	t	t	f	t
17173	1		/questionnaire/appeal/:id	t	t	f	f
17174	1		/questionnaire/integration/v1/sign-in	t	t	f	t
17175	1		/questionnaire/integration/v1/all	t	t	f	t
17176	1		/questionnaire/integration/v1/answer/:id	t	t	f	t
17177	1		/questionnaire/integration/v2/sign-in	t	t	f	t
17178	1		/questionnaire/integration/v2/all	t	t	f	t
17179	1		/questionnaire/integration/v2/answer/:id	t	t	f	t
17180	1		/social-service/healthController	f	t	f	t
17181	1		/social-service/statistics	f	t	f	t
17182	1		/backup/healthController	f	t	f	f
17183	1		/backup/list	f	t	f	f
17184	1		/backup/	t	t	f	f
17185	1		/backup/restore	t	t	f	f
17186	1		/backup/:fileName	t	t	f	f
17187	1		/questionnaire/answer/create-execution-link	t	f	f	t
17188	1		/questionnaire/appeal	t	f	f	t
17189	1		/questionnaire/appeal/reply/:appealId	t	f	f	t
17190	1		/questionnaire/appeal/manager-reply/:appealId	t	f	f	t
17191	1		/notifications/action	t	f	f	t
17192	1		/notifications/communication	t	f	f	t
17193	1		/notifications/communication/:id/set	t	f	f	t
17194	1		/notifications/template	t	f	f	t
17195	1		/locations/groups	t	f	f	t
17196	1		/locations/locations	t	f	f	t
17197	1		/locations/shopping/executions	t	f	f	t
17198	1		/locations/shopping/executions-confirm	t	f	f	t
17199	1		/locations/shopping/executions-submit	t	f	f	t
17200	1		/locations/shopping/executions-duplicate	t	f	f	t
17201	1		/locations/shopping/received-visit/:id	t	f	f	t
17202	1		/locations/program-types	t	f	f	t
17203	1		/locations/bonus	t	f	f	t
17204	1		/file/provider	t	f	f	t
17205	1		/file/provider/set-user-provider	t	f	f	t
17206	1		/file/make-workspace	t	f	f	t
17207	1		/user/role	t	f	f	t
17208	1		/user/role/:id/set	t	f	f	t
17209	1		/user/group	t	f	f	t
17210	1		/user/group/:id/set	t	f	f	t
17211	1		/user/group/:id/unset	t	f	f	t
17212	1		/user/action	t	f	f	t
17213	1		/user/handbook/groups	t	f	f	t
17214	1		/user/handbook	t	f	f	t
17215	1		/user/handbook/set	t	f	f	t
17216	1		/user/handbook/unset	t	f	f	t
17217	1		/user/comments	t	f	f	t
17218	1		/user/competitors	t	f	f	t
17219	1		/user/client	t	f	f	t
17220	1		/user/client/:id/worker	t	f	f	t
17221	1		/user/client/:id/level	t	f	f	t
17222	1		/user/msp/sub	t	f	f	t
17223	1		/user/msp	t	f	f	t
17224	1		/user/account-settings/payment	t	t	t	t
15667	2		/user/cacheReset	t	f	f	f
5997	3		/questionnaire/answer/stats	t	t	t	t
5998	3		/questionnaire/answer/stats/sections	t	t	t	t
5999	3		/questionnaire/answers	t	t	t	t
6000	3		/questionnaire/answer/:id	t	t	t	t
6001	3		/questionnaire/answer/:id/:status	t	t	t	t
6002	3		/questionnaire/answer/create-execution-link	t	t	t	t
6003	3		/questionnaire/appeal	t	t	t	t
6004	3		/questionnaire/appeal/:id	t	t	t	t
6005	3		/questionnaire/appeal/reply/:appealId	t	t	t	t
6006	3		/questionnaire/appeal/manager-reply/:appealId	t	t	t	t
6007	3		/questionnaire/integration/v1/sign-in	t	t	t	t
6008	3		/questionnaire/integration/v1/all	t	t	t	t
6009	3		/questionnaire/integration/v1/answer/:id	t	t	t	t
6010	3		/questionnaire/integration/v2/sign-in	t	t	t	t
6011	3		/questionnaire/integration/v2/all	t	t	t	t
6012	3		/questionnaire/integration/v2/answer/:id	t	t	t	t
6013	3		/social-service/healthController	t	t	t	t
6014	3		/social-service/statistics	t	t	t	t
6015	3		/backup/healthController	t	t	f	t
6016	3		/backup/list	t	t	f	t
6017	3		/backup/	t	t	f	t
6018	3		/backup/restore	t	t	f	t
6019	3		/backup/:fileName	t	t	f	t
6020	3		/locations/shops/set-respondent	t	t	t	t
6021	3		/locations/shops/:id	t	t	t	t
6022	3		/locations/status	t	t	t	t
6023	3		/notifications/communication/:user_id/users	t	t	t	t
6024	3		/notifications/communication/:user_id/clear	t	t	t	t
6025	3		/locations/shops	t	t	t	t
6026	3		/import-export/import/sub-msp	t	t	t	t
6027	3		/import-export/export/pdf/sub-msp	t	t	t	t
6028	3		/import-export/export/sub-msp	t	t	t	t
6029	3		/locations/shopping/executions/connect-questionnaire	t	t	t	t
6030	3		/locations/program-type/connect-questionnaire	t	t	t	t
6031	3		/locations/shops/by-respondent/:respondent_id	t	t	t	t
6032	3		/locations/shops/check-location	t	t	t	t
6033	3		/questionnaire/integration/v2/links/:id	t	t	t	t
6034	3		/questionnaire/integration/v2/store-questionnaire	t	t	t	t
6035	3		/questionnaire/integration/v2/create-link/:id	t	t	t	t
6036	3		/questionnaire/quest/all	t	t	t	t
6037	3		/user/customizations	t	f	f	f
17225	1		/user/payments	t	t	t	t
17226	1		/locations/shops/:id/apply-for-current-user	f	f	t	f
17227	1		/locations/shops/approve-application	f	f	t	f
15668	2		/user/access	t	f	f	f
15669	2		/user/verify-contact	t	f	f	f
15670	2		/user/check-contact	t	f	f	f
15671	2		/user/auth/sign-up	t	t	f	f
15672	2		/user/auth/sign-in	t	f	f	f
15673	2		/user/auth/forgot-password	t	t	f	f
15674	2		/user/auth/reset-password	t	t	f	f
15675	2		/user/auth/confirm-account	t	t	f	f
15676	2		/user/auth/check-code	t	f	f	f
15677	2		/user/me	t	f	f	f
15678	2		/user/user-additional	t	f	f	f
15679	2		/user/refresh-token	t	f	f	f
15680	2		/user/auth/auto-login	t	f	f	f
15681	2		/user/role	t	f	f	f
15682	2		/user/role/:id	t	f	f	f
15683	2		/user/role/:id/set	t	t	f	f
15684	2		/user/role/:id/unset	t	f	f	t
15685	2		/user/group	t	t	f	f
15686	2		/user/group/:id	t	f	f	f
15687	2		/user/group/:id/set	t	t	f	f
15688	2		/user/group/:id/unset	t	t	f	f
15689	2		/user/action	t	f	f	f
15690	2		/user/action/:id	t	f	f	f
15691	2		/user/handbook/groups	t	f	f	f
15692	2		/user/handbook/groups/:id	t	f	f	f
15693	2		/user/handbook	t	f	f	f
15694	2		/user/handbook/:id	t	f	f	f
15695	2		/user/handbook/code/:code	t	f	f	f
15696	2		/user/handbook/set	t	f	f	f
15697	2		/user/handbook/unset	t	f	f	f
15698	2		/user/users	t	f	f	f
15699	2		/user/shoppers	t	f	f	f
15700	2		/user/users/:id/base	t	f	f	f
15701	2		/user/users/:id/fields	t	f	f	f
15702	2		/user/users/:id	t	f	f	f
15703	2		/user/users/ids	t	f	f	f
15704	2		/user/users/restore	t	f	f	f
15705	2		/user/access/client/set	t	f	f	f
15706	2		/user/access/client/unset	t	f	f	f
15707	2		/user/access/client/flush	t	f	f	f
15708	2		/user/users/:id/activity-status	t	f	f	f
15709	2		/user/settings	t	f	f	f
15710	2		/user/comments	t	t	f	f
15711	2		/user/comments/:id	t	f	t	t
15712	2		/user/competitors	t	t	f	f
15713	2		/user/competitors/:id	t	f	t	t
15714	2		/user/competitors/bind	t	f	t	f
15715	2		/user/competitors/unbind	t	f	t	f
15716	2		/user/clients	t	f	f	f
15717	2		/user/client/:id/settings	t	f	f	f
15718	2		/user/client/settings	t	f	t	f
15719	2		/user/client/:id/workers	t	f	f	f
15720	2		/user/client/:id/worker/:workerId	t	f	f	t
15721	2		/user/client	t	t	f	f
15722	2		/user/client/:id/worker	t	t	f	f
15723	2		/user/client/:id/level	t	t	f	f
15724	2		/user/msp/sub	t	f	f	f
15725	2		/user/msp	t	f	f	f
15726	2		/file/healthController	t	f	f	f
15727	2		/file/providers	t	f	f	f
15728	2		/file/provider/:id	t	f	f	f
15729	2		/file/provider	t	f	f	f
15730	2		/file/provider/set-user-provider	t	f	f	f
15731	2		/file/make-workspace	t	f	f	f
15732	2		/file/upload	t	t	f	f
15733	2		/file/uploads	t	t	f	f
15734	2		/file/read/:provider/*	t	f	f	f
15735	2		/notifications/healthController	t	f	f	f
15736	2		/notifications/actions	t	f	f	f
15737	2		/notifications/action/code/:code	t	f	f	f
15738	2		/notifications/action/:id	t	f	f	f
15739	2		/notifications/action	t	f	f	f
15740	2		/notifications/communication/:id	t	f	f	f
15741	2		/notifications/communications	t	f	f	f
15742	2		/notifications/communication	t	f	f	f
15743	2		/notifications/communication/:id/set	t	f	f	f
15744	2		/notifications/communication/:id/delete	t	f	f	f
15745	2		/notifications/communication/:id/users	t	f	f	f
15746	2		/notifications/communication/:id/update	t	f	f	f
15747	2		/notifications/templates	t	f	f	f
15748	2		/notifications/template/:id	t	f	f	f
15749	2		/notifications/template/communication/:communicationId	t	f	f	f
15750	2		/notifications/template/action/:actionId	t	f	f	f
15751	2		/notifications/template	t	f	f	f
15752	2		/notifications/template/render/:id	t	f	f	f
15753	2		/notifications/send	t	f	f	f
15754	2		/locations/healthController	t	f	f	f
15755	2		/locations/group/change-locations	t	f	f	f
15756	2		/locations/group-client-set	t	f	f	f
15757	2		/locations/groups	t	f	f	f
15758	2		/locations/group/:id	t	f	f	f
15759	2		/locations/group	t	f	f	f
15760	2		/locations/locations	t	f	f	f
15761	2		/locations/location/:id	t	f	f	f
15762	2		/locations/locations/ids	t	f	f	f
15763	2		/locations/location/test	t	f	f	f
15764	2		/locations/location/status	t	f	f	f
15765	2		/locations/location-status/:id	t	f	f	f
15766	2		/locations/countries	t	f	f	f
15767	2		/locations/countries/:countryCode/city	t	f	f	f
15768	2		/locations/countries/:countryCode/regions	t	f	f	f
15769	2		/locations/regions/:regionId/cities	t	f	f	f
15770	2		/locations/countries/:countryCode	t	f	f	f
15771	2		/locations/regions/:regionId	t	f	f	f
15772	2		/locations/cities/:cityId	t	f	f	f
15773	2		/locations/locationInfo	t	f	f	f
15774	2		/locations/shopping/executions	t	f	f	f
15775	2		/locations/shopping/executions-confirm	t	f	f	f
15776	2		/locations/shopping/executions-submit	t	f	f	f
15777	2		/locations/shopping/executions-duplicate	t	f	f	f
15778	2		/locations/shopping/received-visit/:id	t	f	f	f
15779	2		/locations/shopping/visit-list	t	f	f	f
15780	2		/locations/shopping/execution-list	t	f	f	f
15781	2		/locations/shopping/executions/status	t	f	f	f
15782	2		/locations/shopping/executions/:id	t	f	f	f
15783	2		/locations/shopping/executions/delete-all	t	f	f	f
15784	2		/locations/program-types	t	f	f	f
15785	2		/locations/program-type/status	t	f	f	f
15786	2		/locations/program-type/delete-all	t	f	f	f
15787	2		/locations/program-type/:id	t	f	f	f
15788	2		/locations/bonus	t	f	f	f
15789	2		/locations/bonus/delete-all	t	f	f	f
15790	2		/locations/bonus/status	t	f	f	f
15791	2		/locations/bonus/:id	t	f	f	f
15792	2		/locations/client/:id/level	t	f	f	f
15793	2		/locations/access/execution/:user_id	t	f	f	f
15794	2		/locations/access/program/:user_id	t	f	f	f
15795	2		/locations/access/execution/set	t	f	f	f
15796	2		/locations/access/execution/unset	t	f	f	f
15797	2		/locations/access/program/set	t	f	f	f
15798	2		/locations/access/program/unset	t	f	f	f
15799	2		/locations/access/program/flush	t	f	f	f
15800	2		/locations/access/execution/flush	t	f	f	f
15801	2		/import-export/healthController	t	f	f	f
15802	2		/import-export/export/answer-list	t	f	f	f
15803	2		/import-export/export/workers	t	f	f	f
15804	2		/import-export/export/clients	t	f	f	f
15805	2		/import-export/export/shoppers	t	f	f	f
15806	2		/import-export/export/users	t	f	f	f
15807	2		/import-export/export/msp	t	f	f	f
15808	2		/import-export/export/locations	t	f	f	f
15809	2		/import-export/export/location-groups	t	f	f	f
15810	2		/import-export/export/executions	t	f	f	f
15811	2		/import-export/export/program-types	t	f	f	f
15812	2		/import-export/export/pdf/locations	t	f	f	f
15813	2		/import-export/export/pdf/location-groups	t	f	f	f
15814	2		/import-export/export/pdf/workers	t	f	f	f
15815	2		/import-export/export/pdf/clients	t	f	f	f
15816	2		/import-export/export/pdf/shoppers	t	f	f	f
15817	2		/import-export/export/pdf/users	t	f	f	f
15818	2		/import-export/export/pdf/msp	t	f	f	f
15819	2		/import-export/export/pdf/executions	t	f	f	f
15820	2		/import-export/export/pdf/program-types	t	f	f	f
15821	2		/import-export/import/users	t	f	f	f
15822	2		/import-export/import/clients	t	f	f	f
15823	2		/import-export/import/workers	t	f	f	f
15824	2		/import-export/import/msp	t	f	f	f
15825	2		/import-export/import/myMo	t	f	f	f
15826	2		/import-export/import/parse	t	f	f	f
15827	2		/import-export/import/locations	t	f	f	f
15828	2		/import-export/import/programs	t	f	f	f
15829	2		/questionnaire/healthController	t	f	f	f
15830	2		/questionnaire/quest	t	f	f	f
15831	2		/questionnaire/quest/:id	t	f	f	f
15832	2		/questionnaire/test	t	f	f	f
15833	2		/questionnaire/answer/stats	t	f	f	f
15834	2		/questionnaire/answer/stats/sections	t	f	f	f
15835	2		/questionnaire/answers	t	f	f	f
15836	2		/questionnaire/answer/:id	t	f	f	f
15837	2		/questionnaire/answer/:id/:status	t	f	f	f
15838	2		/questionnaire/answer/create-execution-link	t	f	f	f
15839	2		/questionnaire/appeal	t	f	f	f
15840	2		/questionnaire/appeal/:id	t	f	f	f
15841	2		/questionnaire/appeal/reply/:appealId	t	f	f	f
15842	2		/questionnaire/appeal/manager-reply/:appealId	t	f	f	f
15843	2		/questionnaire/integration/v1/sign-in	t	f	f	f
15844	2		/questionnaire/integration/v1/all	t	f	f	f
15845	2		/questionnaire/integration/v1/answer/:id	t	f	f	f
15846	2		/questionnaire/integration/v2/sign-in	t	f	f	f
15847	2		/questionnaire/integration/v2/all	t	f	f	f
15848	2		/questionnaire/integration/v2/answer/:id	t	f	f	f
15849	2		/social-service/healthController	t	f	f	f
15850	2		/social-service/statistics	t	f	f	f
15851	2		/backup/healthController	t	f	f	f
15852	2		/backup/list	t	f	f	f
15853	2		/backup/	t	f	f	f
15854	2		/backup/restore	t	f	f	f
15855	2		/backup/:fileName	t	f	f	f
15856	2		/import-export/export/sub-msp	t	f	f	f
15857	2		/import-export/export/pdf/sub-msp	t	f	f	f
15858	2		/import-export/import/sub-msp	t	f	f	f
15859	2		/locations/shops/:id	t	f	f	f
15860	2		/locations/shops/by-respondent/:respondent_id	t	f	f	f
15861	2		/locations/shops/check-location	t	f	f	f
15862	2		/locations/shops	t	f	f	f
15863	2		/questionnaire/widgets/cjm	f	t	f	f
17228	1		/locations/shops/applications/pending	t	f	f	f
17229	1		/questionnaire/answer-by-shop-ids	t	f	f	f
17230	1		/questionnaire/quest-by-shop/:id	t	f	f	f
17231	1		/questionnaire/answer/send-verify	f	t	f	f
17232	1		/questionnaire/answer/send	f	t	f	f
17233	1		/locations/shops/available	t	f	f	f
17234	1		/locations/shops/job/:id	t	f	f	f
17235	1		/user/favorites-shops	t	t	f	f
17236	1		/user/favorites-shops/:shop_id	f	f	f	t
17237	1		/locations/shops/favorites-shops-list	t	f	f	f
17238	1		/locations/shopping/suggested-visits	t	f	f	f
8403	6		/user/healthController	t	t	t	t
8404	6		/user/cacheReset	t	t	t	t
8405	6		/user/access	t	t	t	t
8406	6		/user/verify-contact	t	t	t	t
8407	6		/user/check-contact	t	t	t	t
8408	6		/user/auth/sign-up	t	t	t	t
8409	6		/user/auth/sign-in	t	t	t	t
8410	6		/user/auth/forgot-password	t	t	t	t
8411	6		/user/auth/reset-password	t	t	t	t
8412	6		/user/auth/confirm-account	t	t	t	t
8413	6		/user/auth/check-code	t	t	t	t
8414	6		/user/me	t	t	t	t
8415	6		/user/user-additional	t	t	t	t
8416	6		/user/refresh-token	t	t	t	t
8417	6		/user/auth/auto-login	t	t	t	t
8418	6		/user/role	t	t	t	t
8419	6		/user/role/:id	t	t	t	t
8420	6		/user/role/:id/set	t	t	t	t
8421	6		/user/role/:id/unset	t	t	t	t
8422	6		/user/group	t	t	t	t
8423	6		/user/group/:id	t	t	t	t
8424	6		/user/group/:id/set	t	t	t	t
8425	6		/user/group/:id/unset	t	t	t	t
8426	6		/user/action	t	t	t	t
8427	6		/user/action/:id	t	t	t	t
8428	6		/user/handbook/groups	t	t	t	t
8429	6		/user/handbook/groups/:id	t	t	t	t
8430	6		/user/handbook	t	t	t	t
8431	6		/user/handbook/:id	t	t	t	t
8432	6		/user/handbook/code/:code	t	t	t	t
8433	6		/user/handbook/set	t	t	t	t
8434	6		/user/handbook/unset	t	t	t	t
8435	6		/user/handbook/:handbook_code	t	t	t	t
8436	6		/user/handbook/:handbook_code/:value_code	t	t	t	t
8437	6		/user/users	t	t	t	t
8438	6		/user/shoppers	t	t	t	t
8439	6		/user/users/names	t	t	t	t
8440	6		/user/users/:id/mini	t	t	t	t
8441	6		/user/users/:id/base	t	t	t	t
8442	6		/user/users/:id/fields	t	t	t	t
8443	6		/user/users/:id	t	t	t	t
8444	6		/user/shopper/:id/rating	t	t	t	t
8445	6		/user/users/ids	t	t	t	t
8446	6		/user/users/restore	t	t	t	t
8447	6		/user/access/client/set	t	t	t	t
8448	6		/user/access/client/unset	t	t	t	t
8449	6		/user/access/client/flush	t	t	t	t
8450	6		/user/users/:id/activity-status	t	t	t	t
8451	6		/user/settings	t	t	t	t
8452	6		/user/customizations	t	t	t	t
8453	6		/user/comments	t	t	t	t
8454	6		/user/comments/:id	t	t	t	t
8455	6		/user/competitors	t	t	t	t
8456	6		/user/competitors/:id	t	t	t	t
8457	6		/user/my-access	t	t	t	t
8458	6		/user/clients	t	t	t	t
8459	6		/user/client/:id/settings	t	t	t	t
8460	6		/user/client/settings	t	t	t	t
8461	6		/user/client/:id/workers	t	t	t	t
8462	6		/user/client/:id/worker/:workerId	t	t	t	t
8463	6		/user/client	t	t	t	t
8464	6		/user/client/:id/worker	t	t	t	t
8465	6		/user/client/:id/level	t	t	t	t
8466	6		/user/msp/sub	t	t	t	t
8467	6		/user/msp	t	t	t	t
8468	6		/user/user-worker-groups	t	t	t	t
8469	6		/user/user-worker-groups/:id	t	t	t	t
8470	6		/user/tasks	t	t	t	t
8471	6		/user/tasks/:id	t	t	t	t
8472	6		/user/tasks/:id/employee-comment	t	t	t	t
8473	6		/user/task/education	t	t	t	t
8474	6		/user/tasks/close/:id	t	t	t	t
8475	6		/user/feedback-clients	t	t	t	t
8476	6		/user/feedback-clients/:id	t	t	t	t
8477	6		/user/feedback-clients/employ	t	t	t	t
8478	6		/user/feedback-clients/closed	t	t	t	t
8479	6		/user/account-settings/payment	t	t	t	t
8480	6		/user/payments	t	t	t	t
8481	6		/file/healthController	t	t	t	t
8482	6		/file/read/client/answer/:id/files	t	t	t	t
8483	6		/file/providers	t	t	t	t
8484	6		/file/provider/:id	t	t	t	t
8485	6		/file/provider	t	t	t	t
8486	6		/file/provider/set-user-provider	t	t	t	t
8487	6		/file/make-workspace	t	t	t	t
8488	6		/file/upload	t	t	t	t
8489	6		/file/uploads	t	t	t	t
8490	6		/file/read/:provider/*	t	t	t	t
8491	6		/notifications/healthController	t	t	t	t
8492	6		/notifications/actions	t	t	t	t
8493	6		/notifications/action/code/:code	t	t	t	t
8494	6		/notifications/action/:id	t	t	t	t
8495	6		/notifications/action	t	t	t	t
8496	6		/notifications/actions/list	t	t	t	t
8497	6		/notifications/communication/:id	t	t	t	t
8498	6		/notifications/communications	t	t	t	t
8499	6		/notifications/communication	t	t	t	t
8500	6		/notifications/communication/:user_id/users	t	t	t	t
8501	6		/notifications/communication/:id/set	t	t	t	t
8502	6		/notifications/communication/:id/delete	t	t	t	t
8503	6		/notifications/communication/:id/users	t	t	t	t
8504	6		/notifications/communication/:user_id/clear	t	t	t	t
8505	6		/notifications/communication/:id/update	t	t	t	t
8506	6		/notifications/templates	t	t	t	t
8507	6		/notifications/template/:id	t	t	t	t
8508	6		/notifications/template/communication/:communicationId	t	t	t	t
8509	6		/notifications/template/action/:actionId	t	t	t	t
8510	6		/notifications/template	t	t	t	t
8511	6		/notifications/template/render/:id	t	t	t	t
8512	6		/notifications/send	t	t	t	t
8513	6		/notifications/sender	t	t	t	t
8514	6		/notifications/user/notification	t	t	t	t
8515	6		/notifications/read/:id	t	t	t	t
8516	6		/locations/healthController	t	t	t	t
8517	6		/locations/shops/available	t	t	t	t
8518	6		/locations/shops/job/:id	t	t	t	t
8519	6		/locations/shops/:id/apply-for-current-user	t	t	t	t
8520	6		/locations/group/change-locations	t	t	t	t
8521	6		/locations/status	t	t	t	t
8522	6		/locations/group-client-set	t	t	t	t
8523	6		/locations/groups	t	t	t	t
8524	6		/locations/group/:id	t	t	t	t
8525	6		/locations/group	t	t	t	t
8526	6		/locations/locations	t	t	t	t
8527	6		/locations/location/:id	t	t	t	t
8528	6		/locations/locations/ids	t	t	t	t
8529	6		/locations/location/test	t	t	t	t
8530	6		/locations/location-status/:id	t	t	t	t
8531	6		/locations/categories	t	t	t	t
8532	6		/locations/category/:id	t	t	t	t
8533	6		/locations/category	t	t	t	t
8534	6		/locations/category/values/:id	t	t	t	t
8535	6		/locations/category/client-rules/:client_id	t	t	t	t
8536	6		/locations/countries	t	t	t	t
8537	6		/locations/regions/ids	t	t	t	t
8538	6		/locations/cities/ids	t	t	t	t
8539	6		/locations/countries/:countryCode/city	t	t	t	t
8540	6		/locations/countries/:countryCode/regions	t	t	t	t
8541	6		/locations/regions/:regionId/cities	t	t	t	t
8542	6		/locations/countries/:countryCode	t	t	t	t
8543	6		/locations/regions/:regionId	t	t	t	t
8544	6		/locations/cities/:cityId	t	t	t	t
8545	6		/locations/locationInfo	t	t	t	t
8546	6		/locations/shopping/executions	t	t	t	t
8547	6		/locations/shopping/executions-submit	t	t	t	t
8548	6		/locations/shopping/executions-duplicate	t	t	t	t
8549	6		/locations/shopping/received-visit/:id	t	t	t	t
8550	6		/locations/shopping/visit-list	t	t	t	t
8551	6		/locations/shopping/execution-list	t	t	t	t
8552	6		/locations/shopping/executions/status	t	t	t	t
8553	6		/locations/shopping/executions/:id	t	t	t	t
8554	6		/locations/shopping/executions/delete-all	t	t	t	t
8555	6		/locations/shopping/executions/connect-questionnaire	t	t	t	t
8556	6		/locations/shopping/executions/disconnect-questionnaire	t	t	t	t
8557	6		/locations/shopping/executions/:id/start-project	t	t	t	t
8558	6		/locations/program-types	t	t	t	t
8559	6		/locations/program-type/:id	t	t	t	t
8560	6		/locations/program-type/status	t	t	t	t
8561	6		/locations/program-type/delete-all	t	t	t	t
8562	6		/locations/program-type/connect-questionnaire	t	t	t	t
8563	6		/locations/program-type/disconnect-questionnaire	t	t	t	t
8564	6		/locations/bonus	t	t	t	t
8565	6		/locations/bonus/delete-all	t	t	t	t
8566	6		/locations/bonus/status	t	t	t	t
8567	6		/locations/bonus/:id	t	t	t	t
8568	6		/locations/client/:id/level	t	t	t	t
8569	6		/locations/client/:id/rules	t	t	t	t
8570	6		/locations/access/execution/:user_id	t	t	t	t
8571	6		/locations/access/program/:user_id	t	t	t	t
8572	6		/locations/access/execution/set	t	t	t	t
8573	6		/locations/access/execution/unset	t	t	t	t
8574	6		/locations/access/program/set	t	t	t	t
8575	6		/locations/access/program/unset	t	t	t	t
8576	6		/locations/access/program/flush	t	t	t	t
8577	6		/locations/access/execution/flush	t	t	t	t
8578	6		/locations/shops/approve-application	t	t	t	t
8579	6		/locations/shops/project/view	t	t	t	t
8580	6		/locations/shops/update-status	t	t	t	t
8581	6		/locations/shops	t	t	t	t
8582	6		/locations/shops/:id	t	t	t	t
8583	6		/locations/shops/set-respondent	t	t	t	t
8584	6		/locations/shops/:id/pay-and-rating	t	t	t	t
8585	6		/locations/shops/by-respondent/:respondent_id	t	t	t	t
8586	6		/locations/shops/check-location	t	t	t	t
8587	6		/locations/shops/by-hash/:hash	t	t	t	t
8588	6		/locations/shops/:id/status	t	t	t	t
8589	6		/locations/shops/:id/progress	t	t	t	t
8590	6		/locations/shops/:id/set-answer	t	t	t	t
8591	6		/locations/shops/applications/pending	t	t	t	t
8592	6		/locations/quality-control/executions-stats	t	t	t	t
8593	6		/locations/execution-type	t	t	t	t
8594	6		/locations/execution-type/:id	t	t	t	t
8595	6		/locations/execution/:id/types	t	t	t	t
8596	6		/locations/wave	t	t	t	t
8597	6		/locations/wave/:waveId	t	t	t	t
8598	6		/locations/wave/:waveId/shops	t	t	t	t
8599	6		/locations/shops/:shopId/wave	t	t	t	t
8600	6		/import-export/healthController	t	t	t	t
8601	6		/import-export/export/client-answers	t	t	t	t
8602	6		/import-export/export/survey-validator	t	t	t	t
8603	6		/import-export/export/shops	t	t	t	t
8604	6		/import-export/export/answer-list	t	t	t	t
8605	6		/import-export/export/workers	t	t	t	t
8606	6		/import-export/export/clients	t	t	t	t
8607	6		/import-export/export/shoppers	t	t	t	t
8608	6		/import-export/export/users	t	t	t	t
8609	6		/import-export/export/msp	t	t	t	t
8610	6		/import-export/export/sub-msp	t	t	t	t
8611	6		/import-export/export/locations	t	t	t	t
8612	6		/import-export/export/location-visit	t	t	t	t
8613	6		/import-export/export/location-groups	t	t	t	t
8614	6		/import-export/export/executions	t	t	t	t
8615	6		/import-export/export/program-types	t	t	t	t
8616	6		/import-export/export/pdf/locations	t	t	t	t
8617	6		/import-export/export/pdf/location-groups	t	t	t	t
8618	6		/import-export/export/pdf/workers	t	t	t	t
8619	6		/import-export/export/pdf/clients	t	t	t	t
8620	6		/import-export/export/pdf/shoppers	t	t	t	t
8621	6		/import-export/export/pdf/users	t	t	t	t
8622	6		/import-export/export/pdf/msp	t	t	t	t
8623	6		/import-export/export/pdf/sub-msp	t	t	t	t
8624	6		/import-export/export/pdf/executions	t	t	t	t
8625	6		/import-export/export/pdf/program-types	t	t	t	t
8626	6		/import-export/import/users	t	t	t	t
8627	6		/import-export/import/clients	t	t	t	t
8628	6		/import-export/import/workers	t	t	t	t
8629	6		/import-export/import/msp	t	t	t	t
8630	6		/import-export/import/sub-msp	t	t	t	t
8631	6		/import-export/import/myMo	t	t	t	t
8632	6		/import-export/import/parse	t	t	t	t
8633	6		/import-export/import/locations	t	t	t	t
8634	6		/import-export/import/location-visits	t	t	t	t
8635	6		/import-export/import/programs	t	t	t	t
8636	6		/questionnaire/healthController	t	t	t	t
8637	6		/questionnaire/answer/validator/send	t	t	t	t
8638	6		/questionnaire/answer/validation/:id/status	t	t	t	t
8639	6		/questionnaire/answer/validation/:id/publish	t	t	t	t
8640	6		/questionnaire/answer/validation/:id/unpublish	t	t	t	t
8641	6		/questionnaire/answer/validation/:id	t	t	t	t
8642	6		/questionnaire/answer/validation/:id/accept	t	t	t	t
8643	6		/questionnaire/answer/validation/:id/reject	t	t	t	t
8644	6		/questionnaire/answer/send	t	t	t	t
8645	6		/questionnaire/answer/send-verify	t	t	t	t
8646	6		/questionnaire/quest	t	t	t	t
8647	6		/questionnaire/quest/:id	t	t	t	t
8648	6		/questionnaire/quest-by-shop/:id	t	t	t	t
8649	6		/questionnaire/quest/:id/customization	t	t	t	t
8650	6		/questionnaire/quest/all	t	t	t	t
8651	6		/questionnaire/quest/:id/section	t	t	t	t
8652	6		/questionnaire/quest/:id/nps	t	t	t	t
8653	6		/questionnaire/answer/stats	t	t	t	t
8654	6		/questionnaire/answer/stats/sections	t	t	t	t
8655	6		/questionnaire/answers	t	t	t	t
8656	6		/questionnaire/answer/:id	t	t	t	t
8657	6		/questionnaire/answer/create-execution-link	t	t	t	t
8658	6		/questionnaire/answer/:id/:status	t	t	t	t
8659	6		/questionnaire/answer-by-shop-ids	t	t	t	t
8660	6		/questionnaire/answers/public	t	t	t	t
8661	6		/questionnaire/appeal/group	t	t	t	t
8662	6		/questionnaire/appeal	t	t	t	t
8663	6		/questionnaire/appeal/:id	t	t	t	t
8664	6		/questionnaire/appeal/reply/:appealId	t	t	t	t
8665	6		/questionnaire/appeal-setting/:id	t	t	t	t
8666	6		/questionnaire/appeal-setting	t	t	t	t
8667	6		/questionnaire/appeal/connect-to-questionnaire	t	t	t	t
8668	6		/questionnaire/appeal/manager-reply/:appealId	t	t	t	t
8669	6		/questionnaire/integration/v1/sign-in	t	t	t	t
8670	6		/questionnaire/integration/v1/all	t	t	t	t
8671	6		/questionnaire/integration/v1/answer/:id	t	t	t	t
8672	6		/questionnaire/integration/v2/repair-survey	t	t	t	t
8673	6		/questionnaire/integration/v2/sign-in	t	t	t	t
8674	6		/questionnaire/integration/v2/all	t	t	t	t
8675	6		/questionnaire/integration/v2/answer/:id	t	t	t	t
8676	6		/questionnaire/integration/v2/links/:id	t	t	t	t
8677	6		/questionnaire/integration/v2/create-link/:id	t	t	t	t
8678	6		/questionnaire/integration/v2/store-questionnaire	t	t	t	t
8679	6		/questionnaire/integration/v2/sync/:id	t	t	t	t
8680	6		/questionnaire/mistakes	t	t	t	t
8681	6		/questionnaire/mistakes/:id	t	t	t	t
8682	6		/questionnaire/validator-comments	t	t	t	t
8683	6		/questionnaire/validator-comment/:id	t	t	t	t
8684	6		/questionnaire/validator-comment	t	t	t	t
8685	6		/questionnaire/answer-histories	t	t	t	t
8686	6		/questionnaire/answer-history/:id	t	t	t	t
8687	6		/questionnaire/answer-history	t	t	t	t
8688	6		/questionnaire/client/answers	t	t	t	t
8689	6		/questionnaire/client/answers/:id/files	t	t	t	t
8690	6		/questionnaire/client/answers/:id	t	t	t	t
8691	6		/social-service/healthController	t	t	t	t
8692	6		/social-service/statistics	t	t	t	t
8693	6		/backup/healthController	t	t	t	t
8694	6		/backup/list	t	t	t	t
8695	6		/backup/	t	t	t	t
8696	6		/backup/restore	t	t	t	t
8697	6		/backup/:fileName	t	t	t	t
17032	4		/questionnaire/widgets/cjm/page	f	t	f	f
17033	4		/user/worker/cjm-setting	t	f	f	f
\.


--
-- Data for Name: role_user_link; Type: TABLE DATA; Schema: public; Owner: pma
--

COPY public.role_user_link (id, role_id, user_id) FROM stdin;
3	1	3
2	7	2
4	7	4
5	1	5
6	2	6
7	6	7
8	6	8
9	4	9
10	4	10
11	1	11
12	2	12
13	1	13
14	1	14
15	1	15
16	1	16
17	2	17
18	1	18
19	2	19
20	4	20
1	1	1
21	6	21
\.


--
-- Data for Name: roles; Type: TABLE DATA; Schema: public; Owner: pma
--

COPY public.roles (id, name, default_role, access_pages, deleted_at, delete_at, access_page_manager) FROM stdin;
3	Manager	f	[{"name": "User", "path": "/crm/users", "view": true, "routes": [{"name": "User List", "path": "/crm/users", "view": true}, {"name": "Clients", "path": "/crm/users/clients", "view": true}, {"name": "Shoppers", "path": "/crm/users/shoppers", "view": true}, {"name": "Group", "path": "/crm/users/groups", "view": true}, {"name": "Role", "path": "/crm/users/role", "view": true}, {"name": "Settings", "path": "/crm/users/settings/edit", "view": true}]}, {"name": "Handbook", "path": "/crm/handbook", "view": true, "routes": [{"name": "Group", "path": "/crm/handbook/group", "view": true}, {"name": "Handbook", "path": "/crm/handbook", "view": true}]}, {"name": "Notifications", "path": "/notifications", "view": true, "routes": [{"name": "Providers", "path": "/crm/notifications/providers", "view": true}, {"name": "Templates", "path": "/crm/notifications/templates", "view": true}, {"name": "Action", "path": "/crm/notifications/actions", "view": true}]}, {"name": "Locations", "path": "/crm/locations", "view": true, "routes": [{"name": "Locations Group", "path": "/crm/locations/groups?page=1&parent_id=0", "view": true}, {"name": "Locations", "path": "/crm/locations", "view": true}]}]	\N	\N	{}
5	Competitor	f	[]	\N	\N	{}
6	MSP	f	[]	\N	\N	[{"icon": {"src": "/_next/static/media/assistant_on_hub.9a71e975.svg", "width": 24, "height": 24, "blurWidth": 0, "blurHeight": 0}, "path": "/manager", "view": true, "title": "dashboard"}, {"icon": {"src": "/_next/static/media/search_hands_free.09b2c6db.svg", "width": 20, "height": 20, "blurWidth": 0, "blurHeight": 0}, "path": "/manager/scheduling", "view": true, "title": "scheduling", "options": [{"path": "/manager/scheduling", "view": true, "title": "shops"}, {"path": "/manager/scheduling/applicants", "view": true, "title": "applicants"}, {"path": "/manager/scheduling/route-applicants", "view": true, "title": "routeApplicants"}]}, {"icon": {"src": "/_next/static/media/user_3.c7d03726.svg", "width": 20, "height": 16, "blurWidth": 0, "blurHeight": 0}, "path": "/manager/quality-control", "view": true, "title": "qualityControl", "options": [{"path": "/manager/quality-control/project-surveys", "view": true, "title": "project-surveys"}, {"path": "/manager/quality-control/appeals", "view": true, "title": "appeals"}, {"path": "/manager/quality-control/ai-trust-score", "view": true, "title": "ai-trust-score"}, {"path": "/manager/quality-control/survey-queue", "view": true, "title": "survey-queue"}]}, {"icon": {"src": "/_next/static/media/search_hands_free.09b2c6db.svg", "width": 20, "height": 20, "blurWidth": 0, "blurHeight": 0}, "path": "manager/survey-management/project-surveys", "view": true, "title": "surveysManagement", "options": [{"path": "/manager/survey-management/project-surveys", "view": true, "title": "projectSurveys"}]}, {"icon": {"src": "/_next/static/media/vue_sax.8645ea47.svg", "width": 19, "height": 19, "blurWidth": 0, "blurHeight": 0}, "path": "/manager/shopper-database", "view": true, "title": "shopperDatabase", "options": [{"path": "/manager/shopper-database/shoppers", "view": true, "title": "shoppers"}, {"path": "/manager/shopper-database/shopper-routes", "view": true, "title": "shopperRoutes"}]}, {"icon": {"src": "/_next/static/media/apps.c83c30be.svg", "width": 19, "height": 20, "blurWidth": 0, "blurHeight": 0}, "path": "/manager/projects", "view": true, "title": "projects", "options": [{"path": "/manager/projects", "view": true, "title": "project"}, {"path": "/manager/projects/surveys", "view": true, "title": "surveys"}, {"path": "/manager/projects/swap-shops", "view": true, "title": "swapShops"}]}, {"icon": {"src": "/_next/static/media/clock_loader.c75fc8c7.svg", "width": 23, "height": 23, "blurWidth": 0, "blurHeight": 0}, "path": "/manager/programs", "view": true, "title": "programs"}, {"icon": {"src": "/_next/static/media/person_apron.8810452f.svg", "width": 19, "height": 20, "blurWidth": 0, "blurHeight": 0}, "path": "/manager/clients", "view": true, "title": "clients", "options": [{"path": "/manager/clients", "view": true, "title": "clients"}, {"path": "/manager/clients/locations/groups", "view": true, "title": "location_groups"}, {"path": "/manager/clients/locations", "view": true, "title": "locations"}, {"path": "/manager/clients/client-level", "view": true, "title": "clientLevel"}, {"path": "/manager/clients/client-users", "view": true, "title": "clientUsers"}, {"path": "/manager/clients/client-groups", "view": true, "title": "clientGroups"}]}, {"icon": {"src": "/_next/static/media/badge.19ddda87.svg", "width": 20, "height": 21, "blurWidth": 0, "blurHeight": 0}, "path": "/manager/staff", "view": true, "title": "staff", "options": [{"path": "/manager/staff/msp-users", "view": true, "title": "mspUsers"}, {"path": "/manager/staff/sub-msp", "view": true, "title": "subMSPs"}, {"path": "/manager/settings", "view": true, "title": "settings"}]}, {"icon": {"src": "/_next/static/media/monetization.4185c074.svg", "width": 20, "height": 21, "blurWidth": 0, "blurHeight": 0}, "path": "/manager/payment", "view": true, "title": "payment", "options": [{"path": "/manager/payments/package", "view": true, "title": "paymentPackage"}, {"path": "/manager/payments/setting", "view": true, "title": "paymentSetting"}]}, {"icon": {"src": "/_next/static/media/settings_manager.63be6fff.svg", "width": 24, "height": 25, "blurWidth": 0, "blurHeight": 0}, "path": "/manager/settings", "view": true, "title": "settings", "options": [{"path": "/manager/settings/personal-data", "view": true, "title": "personalData"}, {"path": "/manager/settings/notification-settings", "view": true, "title": "notificationSettings"}, {"path": "/manager/settings/msp-customization", "view": true, "title": "mspCustomization"}, {"path": "/manager/settings/msp-dictionary", "view": true, "title": "mspDictionary"}]}]
7	Admin	f	[{"name": "User", "path": "/crm/users", "view": true, "routes": [{"name": "User List", "path": "/crm/users", "view": true}, {"name": "Clients", "path": "/crm/users/clients", "view": true}, {"name": "Shoppers", "path": "/crm/users/shoppers", "view": true}, {"name": "Group", "path": "/crm/users/groups", "view": true}, {"name": "Role", "path": "/crm/users/role", "view": true}, {"name": "Settings", "path": "/crm/users/settings/edit", "view": true}]}, {"name": "Handbook", "path": "/crm/handbook", "view": true, "routes": [{"name": "Group", "path": "/crm/handbook/group", "view": true}, {"name": "Handbook", "path": "/crm/handbook", "view": true}]}, {"name": "Notifications", "path": "/notifications", "view": true, "routes": [{"name": "Providers", "path": "/crm/notifications/providers", "view": true}, {"name": "Templates", "path": "/crm/notifications/templates", "view": true}, {"name": "Action", "path": "/crm/notifications/actions", "view": true}]}, {"name": "Locations", "path": "/crm/locations", "view": true, "routes": [{"name": "Locations Group", "path": "/crm/locations/groups?page=1&parent_id=0", "view": true}, {"name": "Locations", "path": "/crm/locations", "view": true}]}, {"name": "Appeals", "path": "/crm/appeals", "view": true, "routes": [{"name": "Statuses", "path": "/crm/appeals/statuses", "view": true}]}]	\N	\N	[{"icon": {"src": "/_next/static/media/assistant_on_hub.9a71e975.svg", "width": 24, "height": 24, "blurWidth": 0, "blurHeight": 0}, "path": "/manager", "view": true, "title": "dashboard"}, {"icon": {"src": "/_next/static/media/project_health.14b2ef7d.svg", "width": 24, "height": 24, "blurWidth": 0, "blurHeight": 0}, "path": "/manager/project-health", "view": true, "title": "projectHealth", "options": [{"path": "/manager/project-health", "view": true, "title": "pmt"}, {"path": "/manager/project-health/project-management-health", "view": true, "title": "pmh"}, {"path": "/manager/project-health/timeline", "view": true, "title": "timeline"}, {"path": "/manager/project-health/calendar", "view": true, "title": "calendar"}]}, {"icon": {"src": "/_next/static/media/search_hands_free.09b2c6db.svg", "width": 20, "height": 20, "blurWidth": 0, "blurHeight": 0}, "path": "/manager/scheduling", "view": true, "title": "scheduling", "options": [{"path": "/manager/scheduling", "view": true, "title": "shops"}, {"path": "/manager/scheduling/applicants", "view": true, "title": "applicants"}, {"path": "/manager/scheduling/route-applicants", "view": true, "title": "routeApplicants"}]}, {"icon": {"src": "/_next/static/media/user_3.c7d03726.svg", "width": 20, "height": 16, "blurWidth": 0, "blurHeight": 0}, "path": "/manager/quality-control", "view": true, "title": "qualityControl", "options": [{"path": "/manager/quality-control/project-surveys", "view": true, "title": "project-surveys"}, {"path": "/manager/quality-control/appeals", "view": true, "title": "appeals"}, {"path": "/manager/quality-control/ai-trust-score", "view": true, "title": "ai-trust-score"}, {"path": "/manager/quality-control/survey-queue", "view": true, "title": "survey-queue"}]}, {"icon": {"src": "/_next/static/media/search_hands_free.09b2c6db.svg", "width": 20, "height": 20, "blurWidth": 0, "blurHeight": 0}, "path": "manager/survey-management/project-surveys", "view": true, "title": "surveysManagement", "options": [{"path": "/manager/survey-management/project-surveys", "view": true, "title": "projectSurveys"}]}, {"icon": {"src": "/_next/static/media/vue_sax.8645ea47.svg", "width": 19, "height": 19, "blurWidth": 0, "blurHeight": 0}, "path": "/manager/shopper-database", "view": true, "title": "shopperDatabase", "options": [{"path": "/manager/shopper-database/shoppers", "view": true, "title": "shoppers"}, {"path": "/manager/shopper-database/shopper-routes", "view": true, "title": "shopperRoutes"}]}, {"icon": {"src": "/_next/static/media/apps.c83c30be.svg", "width": 19, "height": 20, "blurWidth": 0, "blurHeight": 0}, "path": "/manager/projects", "view": true, "title": "projects", "options": [{"path": "/manager/projects", "view": true, "title": "project"}, {"path": "/manager/projects/surveys", "view": true, "title": "surveys"}, {"path": "/manager/projects/swap-shops", "view": true, "title": "swapShops"}]}, {"icon": {"src": "/_next/static/media/clock_loader.c75fc8c7.svg", "width": 23, "height": 23, "blurWidth": 0, "blurHeight": 0}, "path": "/manager/programs", "view": true, "title": "programs"}, {"icon": {"src": "/_next/static/media/person_apron.8810452f.svg", "width": 19, "height": 20, "blurWidth": 0, "blurHeight": 0}, "path": "/manager/clients", "view": true, "title": "clients", "options": [{"path": "/manager/clients", "view": true, "title": "clients"}, {"path": "/manager/clients/locations/groups", "view": true, "title": "location_groups"}, {"path": "/manager/clients/locations", "view": true, "title": "locations"}, {"path": "/manager/clients/client-level", "view": true, "title": "clientLevel"}, {"path": "/manager/clients/client-users", "view": true, "title": "clientUsers"}, {"path": "/manager/clients/client-groups", "view": true, "title": "clientGroups"}]}, {"icon": {"src": "/_next/static/media/badge.19ddda87.svg", "width": 20, "height": 21, "blurWidth": 0, "blurHeight": 0}, "path": "/manager/staff", "view": true, "title": "staff", "options": [{"path": "/manager/staff/msp-users", "view": true, "title": "mspUsers"}, {"path": "/manager/staff/sub-msp", "view": true, "title": "subMSPs"}, {"path": "/manager/settings", "view": true, "title": "settings"}]}, {"icon": {"src": "/_next/static/media/monetization.4185c074.svg", "width": 20, "height": 21, "blurWidth": 0, "blurHeight": 0}, "path": "/manager/payment", "view": true, "title": "payment", "options": [{"path": "/manager/payments/package", "view": true, "title": "paymentPackage"}, {"path": "/manager/payments/setting", "view": true, "title": "paymentSetting"}]}, {"icon": {"src": "/_next/static/media/settings_manager.63be6fff.svg", "width": 24, "height": 25, "blurWidth": 0, "blurHeight": 0}, "path": "/manager/settings", "view": true, "title": "settings", "options": [{"path": "/manager/settings/personal-data", "view": true, "title": "personalData"}, {"path": "/manager/settings/notification-settings", "view": true, "title": "notificationSettings"}, {"path": "/manager/settings/msp-customization", "view": true, "title": "mspCustomization"}, {"path": "/manager/settings/msp-dictionary", "view": true, "title": "mspDictionary"}]}]
2	Client	f	[{"name": "User", "path": "/crm/users", "view": true, "routes": [{"name": "User List", "path": "/crm/users", "view": true}, {"name": "Clients", "path": "/crm/users/clients", "view": true}, {"name": "Shoppers", "path": "/crm/users/shoppers", "view": true}, {"name": "Group", "path": "/crm/users/groups", "view": true}, {"name": "Role", "path": "/crm/users/role", "view": true}, {"name": "Settings", "path": "/crm/users/settings/edit", "view": true}]}, {"name": "Handbook", "path": "/crm/handbook", "view": true, "routes": [{"name": "Group", "path": "/crm/handbook/group", "view": true}, {"name": "Handbook", "path": "/crm/handbook", "view": true}]}, {"name": "Notifications", "path": "/notifications", "view": true, "routes": [{"name": "Providers", "path": "/crm/notifications/providers", "view": true}, {"name": "Templates", "path": "/crm/notifications/templates", "view": true}, {"name": "Action", "path": "/crm/notifications/actions", "view": true}]}, {"name": "Locations", "path": "/crm/locations", "view": true, "routes": [{"name": "Locations Group", "path": "/crm/locations/groups?page=1&parent_id=0", "view": true}, {"name": "Locations", "path": "/crm/locations", "view": true}]}]	\N	\N	[{"icon": {"src": "/_next/static/media/assistant_on_hub.9a71e975.svg", "width": 24, "height": 24, "blurWidth": 0, "blurHeight": 0}, "path": "/manager", "view": true, "title": "dashboard"}, {"icon": {"src": "/_next/static/media/project_health.14b2ef7d.svg", "width": 24, "height": 24, "blurWidth": 0, "blurHeight": 0}, "path": "/manager/project-health", "view": true, "title": "projectHealth", "options": [{"path": "/manager/project-health", "view": true, "title": "PMT"}]}, {"icon": {"src": "/_next/static/media/search_hands_free.09b2c6db.svg", "width": 20, "height": 20, "blurWidth": 0, "blurHeight": 0}, "path": "/manager/scheduling", "view": true, "title": "scheduling", "options": [{"path": "/manager/scheduling", "view": true, "title": "shops"}, {"path": "/manager/scheduling/applicants", "view": true, "title": "applicants"}, {"path": "/manager/scheduling/route-applicants", "view": true, "title": "routeApplicants"}]}, {"icon": {"src": "/_next/static/media/user_3.c7d03726.svg", "width": 20, "height": 16, "blurWidth": 0, "blurHeight": 0}, "path": "/manager/quality-control", "view": true, "title": "qualityControl", "options": [{"path": "/manager/quality-control/project-surveys", "view": true, "title": "project-surveys"}, {"path": "/manager/quality-control/appeals", "view": true, "title": "appeals"}, {"path": "/manager/quality-control/ai-trust-score", "view": true, "title": "ai-trust-score"}, {"path": "/manager/quality-control/survey-queue", "view": true, "title": "survey-queue"}]}, {"icon": {"src": "/_next/static/media/search_hands_free.09b2c6db.svg", "width": 20, "height": 20, "blurWidth": 0, "blurHeight": 0}, "path": "manager/survey-management/project-surveys", "view": true, "title": "surveysManagement", "options": [{"path": "/manager/survey-management/project-surveys", "view": true, "title": "projectSurveys"}]}, {"icon": {"src": "/_next/static/media/vue_sax.8645ea47.svg", "width": 19, "height": 19, "blurWidth": 0, "blurHeight": 0}, "path": "/manager/shopper-database", "view": true, "title": "shopperDatabase", "options": [{"path": "/manager/shopper-database/shoppers", "view": true, "title": "shoppers"}, {"path": "/manager/shopper-database/shopper-routes", "view": true, "title": "shopperRoutes"}]}, {"icon": {"src": "/_next/static/media/apps.c83c30be.svg", "width": 19, "height": 20, "blurWidth": 0, "blurHeight": 0}, "path": "/manager/projects", "view": true, "title": "projects", "options": [{"path": "/manager/projects", "view": true, "title": "project"}, {"path": "/manager/projects/surveys", "view": true, "title": "surveys"}, {"path": "/manager/projects/swap-shops", "view": true, "title": "swapShops"}]}, {"icon": {"src": "/_next/static/media/clock_loader.c75fc8c7.svg", "width": 23, "height": 23, "blurWidth": 0, "blurHeight": 0}, "path": "/manager/programs", "view": true, "title": "programs"}, {"icon": {"src": "/_next/static/media/person_apron.8810452f.svg", "width": 19, "height": 20, "blurWidth": 0, "blurHeight": 0}, "path": "/manager/clients", "view": true, "title": "clients", "options": [{"path": "/manager/clients", "view": true, "title": "clients"}, {"path": "/manager/clients/locations/groups", "view": true, "title": "location_groups"}, {"path": "/manager/clients/locations", "view": true, "title": "locations"}, {"path": "/manager/clients/client-level", "view": true, "title": "clientLevel"}, {"path": "/manager/clients/client-users", "view": true, "title": "clientUsers"}, {"path": "/manager/clients/client-groups", "view": true, "title": "clientGroups"}]}, {"icon": {"src": "/_next/static/media/badge.19ddda87.svg", "width": 20, "height": 21, "blurWidth": 0, "blurHeight": 0}, "path": "/manager/staff", "view": true, "title": "staff", "options": [{"path": "/manager/staff/msp-users", "view": true, "title": "mspUsers"}, {"path": "/manager/staff/sub-msp", "view": true, "title": "subMSPs"}, {"path": "/manager/settings", "view": true, "title": "settings"}]}, {"icon": {"src": "/_next/static/media/monetization.4185c074.svg", "width": 20, "height": 21, "blurWidth": 0, "blurHeight": 0}, "path": "/manager/payment", "view": true, "title": "payment", "options": [{"path": "/manager/payments/package", "view": true, "title": "paymentPackage"}, {"path": "/manager/payments/setting", "view": true, "title": "paymentSetting"}]}, {"icon": {"src": "/_next/static/media/settings_manager.63be6fff.svg", "width": 24, "height": 25, "blurWidth": 0, "blurHeight": 0}, "path": "/manager/settings", "view": true, "title": "settings", "options": [{"path": "/manager/settings/personal-data", "view": true, "title": "personalData"}, {"path": "/manager/settings/notification-settings", "view": true, "title": "notificationSettings"}, {"path": "/manager/settings/msp-customization", "view": true, "title": "mspCustomization"}, {"path": "/manager/settings/msp-dictionary", "view": true, "title": "mspDictionary"}]}]
1	Shopper	t	[{"name": "User", "path": "/crm/users", "view": true, "routes": [{"name": "User List", "path": "/crm/users", "view": true}, {"name": "Clients", "path": "/crm/users/clients", "view": true}, {"name": "Shoppers", "path": "/crm/users/shoppers", "view": true}, {"name": "Group", "path": "/crm/users/groups", "view": true}, {"name": "Role", "path": "/crm/users/role", "view": true}, {"name": "Settings", "path": "/crm/users/settings/edit", "view": true}]}, {"name": "Handbook", "path": "/crm/handbook", "view": true, "routes": [{"name": "Group", "path": "/crm/handbook/group", "view": true}, {"name": "Handbook", "path": "/crm/handbook", "view": true}]}, {"name": "Notifications", "path": "/notifications", "view": true, "routes": [{"name": "Providers", "path": "/crm/notifications/providers", "view": true}, {"name": "Templates", "path": "/crm/notifications/templates", "view": true}, {"name": "Action", "path": "/crm/notifications/actions", "view": true}]}, {"name": "Locations", "path": "/crm/locations", "view": true, "routes": [{"name": "Locations Group", "path": "/crm/locations/groups?page=1&parent_id=0", "view": true}, {"name": "Locations", "path": "/crm/locations", "view": true}]}]	\N	\N	[{"icon": {"src": "/_next/static/media/assistant_on_hub.9a71e975.svg", "width": 24, "height": 24, "blurWidth": 0, "blurHeight": 0}, "path": "/manager", "view": true, "title": "dashboard"}, {"icon": {"src": "/_next/static/media/project_health.14b2ef7d.svg", "width": 24, "height": 24, "blurWidth": 0, "blurHeight": 0}, "path": "/manager/project-health", "view": true, "title": "projectHealth", "options": [{"path": "/manager/project-health", "view": true, "title": "PMT"}]}, {"icon": {"src": "/_next/static/media/search_hands_free.09b2c6db.svg", "width": 20, "height": 20, "blurWidth": 0, "blurHeight": 0}, "path": "/manager/scheduling", "view": true, "title": "scheduling", "options": [{"path": "/manager/scheduling", "view": true, "title": "shops"}, {"path": "/manager/scheduling/applicants", "view": true, "title": "applicants"}, {"path": "/manager/scheduling/route-applicants", "view": true, "title": "routeApplicants"}]}, {"icon": {"src": "/_next/static/media/user_3.c7d03726.svg", "width": 20, "height": 16, "blurWidth": 0, "blurHeight": 0}, "path": "/manager/quality-control", "view": true, "title": "qualityControl", "options": [{"path": "/manager/quality-control/project-surveys", "view": true, "title": "project-surveys"}, {"path": "/manager/quality-control/appeals", "view": true, "title": "appeals"}, {"path": "/manager/quality-control/ai-trust-score", "view": true, "title": "ai-trust-score"}, {"path": "/manager/quality-control/survey-queue", "view": true, "title": "survey-queue"}]}, {"icon": {"src": "/_next/static/media/search_hands_free.09b2c6db.svg", "width": 20, "height": 20, "blurWidth": 0, "blurHeight": 0}, "path": "manager/survey-management/project-surveys", "view": true, "title": "surveysManagement", "options": [{"path": "/manager/survey-management/project-surveys", "view": true, "title": "projectSurveys"}]}, {"icon": {"src": "/_next/static/media/vue_sax.8645ea47.svg", "width": 19, "height": 19, "blurWidth": 0, "blurHeight": 0}, "path": "/manager/shopper-database", "view": true, "title": "shopperDatabase", "options": [{"path": "/manager/shopper-database/shoppers", "view": true, "title": "shoppers"}, {"path": "/manager/shopper-database/shopper-routes", "view": true, "title": "shopperRoutes"}]}, {"icon": {"src": "/_next/static/media/apps.c83c30be.svg", "width": 19, "height": 20, "blurWidth": 0, "blurHeight": 0}, "path": "/manager/projects", "view": true, "title": "projects", "options": [{"path": "/manager/projects", "view": true, "title": "project"}, {"path": "/manager/projects/surveys", "view": true, "title": "surveys"}, {"path": "/manager/projects/swap-shops", "view": true, "title": "swapShops"}]}, {"icon": {"src": "/_next/static/media/clock_loader.c75fc8c7.svg", "width": 23, "height": 23, "blurWidth": 0, "blurHeight": 0}, "path": "/manager/programs", "view": true, "title": "programs"}, {"icon": {"src": "/_next/static/media/person_apron.8810452f.svg", "width": 19, "height": 20, "blurWidth": 0, "blurHeight": 0}, "path": "/manager/clients", "view": true, "title": "clients", "options": [{"path": "/manager/clients", "view": true, "title": "clients"}, {"path": "/manager/clients/locations/groups", "view": true, "title": "location_groups"}, {"path": "/manager/clients/locations", "view": true, "title": "locations"}, {"path": "/manager/clients/client-level", "view": true, "title": "clientLevel"}, {"path": "/manager/clients/client-users", "view": true, "title": "clientUsers"}, {"path": "/manager/clients/client-groups", "view": true, "title": "clientGroups"}]}, {"icon": {"src": "/_next/static/media/badge.19ddda87.svg", "width": 20, "height": 21, "blurWidth": 0, "blurHeight": 0}, "path": "/manager/staff", "view": true, "title": "staff", "options": [{"path": "/manager/staff/msp-users", "view": true, "title": "mspUsers"}, {"path": "/manager/staff/sub-msp", "view": true, "title": "subMSPs"}, {"path": "/manager/settings", "view": true, "title": "settings"}]}, {"icon": {"src": "/_next/static/media/monetization.4185c074.svg", "width": 20, "height": 21, "blurWidth": 0, "blurHeight": 0}, "path": "/manager/payment", "view": true, "title": "payment", "options": [{"path": "/manager/payments/package", "view": true, "title": "paymentPackage"}, {"path": "/manager/payments/setting", "view": true, "title": "paymentSetting"}]}, {"icon": {"src": "/_next/static/media/settings_manager.63be6fff.svg", "width": 24, "height": 25, "blurWidth": 0, "blurHeight": 0}, "path": "/manager/settings", "view": true, "title": "settings", "options": [{"path": "/manager/settings/personal-data", "view": true, "title": "personalData"}, {"path": "/manager/settings/notification-settings", "view": true, "title": "notificationSettings"}, {"path": "/manager/settings/msp-customization", "view": true, "title": "mspCustomization"}, {"path": "/manager/settings/msp-dictionary", "view": true, "title": "mspDictionary"}]}]
4	Worker	f	[]	\N	\N	[{"icon": {"src": "/_next/static/media/assistant_on_hub.9a71e975.svg", "width": 24, "height": 24, "blurWidth": 0, "blurHeight": 0}, "path": "/manager", "view": true, "title": "dashboard"}, {"icon": {"src": "/_next/static/media/project_health.14b2ef7d.svg", "width": 24, "height": 24, "blurWidth": 0, "blurHeight": 0}, "path": "/manager/project-health", "view": true, "title": "projectHealth", "options": [{"path": "/manager/project-health", "view": true, "title": "PMT"}]}, {"icon": {"src": "/_next/static/media/search_hands_free.09b2c6db.svg", "width": 20, "height": 20, "blurWidth": 0, "blurHeight": 0}, "path": "/manager/scheduling", "view": true, "title": "scheduling", "options": [{"path": "/manager/scheduling", "view": true, "title": "shops"}, {"path": "/manager/scheduling/applicants", "view": true, "title": "applicants"}, {"path": "/manager/scheduling/route-applicants", "view": true, "title": "routeApplicants"}]}, {"icon": {"src": "/_next/static/media/user_3.c7d03726.svg", "width": 20, "height": 16, "blurWidth": 0, "blurHeight": 0}, "path": "/manager/quality-control", "view": true, "title": "qualityControl", "options": [{"path": "/manager/quality-control/project-surveys", "view": true, "title": "project-surveys"}, {"path": "/manager/quality-control/appeals", "view": true, "title": "appeals"}, {"path": "/manager/quality-control/ai-trust-score", "view": true, "title": "ai-trust-score"}, {"path": "/manager/quality-control/survey-queue", "view": true, "title": "survey-queue"}]}, {"icon": {"src": "/_next/static/media/search_hands_free.09b2c6db.svg", "width": 20, "height": 20, "blurWidth": 0, "blurHeight": 0}, "path": "manager/survey-management/project-surveys", "view": true, "title": "surveysManagement", "options": [{"path": "/manager/survey-management/project-surveys", "view": true, "title": "projectSurveys"}]}, {"icon": {"src": "/_next/static/media/vue_sax.8645ea47.svg", "width": 19, "height": 19, "blurWidth": 0, "blurHeight": 0}, "path": "/manager/shopper-database", "view": true, "title": "shopperDatabase", "options": [{"path": "/manager/shopper-database/shoppers", "view": true, "title": "shoppers"}, {"path": "/manager/shopper-database/shopper-routes", "view": true, "title": "shopperRoutes"}]}, {"icon": {"src": "/_next/static/media/apps.c83c30be.svg", "width": 19, "height": 20, "blurWidth": 0, "blurHeight": 0}, "path": "/manager/projects", "view": true, "title": "projects", "options": [{"path": "/manager/projects", "view": true, "title": "project"}, {"path": "/manager/projects/surveys", "view": true, "title": "surveys"}, {"path": "/manager/projects/swap-shops", "view": true, "title": "swapShops"}]}, {"icon": {"src": "/_next/static/media/clock_loader.c75fc8c7.svg", "width": 23, "height": 23, "blurWidth": 0, "blurHeight": 0}, "path": "/manager/programs", "view": true, "title": "programs"}, {"icon": {"src": "/_next/static/media/person_apron.8810452f.svg", "width": 19, "height": 20, "blurWidth": 0, "blurHeight": 0}, "path": "/manager/clients", "view": true, "title": "clients", "options": [{"path": "/manager/clients", "view": true, "title": "clients"}, {"path": "/manager/clients/locations/groups", "view": true, "title": "location_groups"}, {"path": "/manager/clients/locations", "view": true, "title": "locations"}, {"path": "/manager/clients/client-level", "view": true, "title": "clientLevel"}, {"path": "/manager/clients/client-users", "view": true, "title": "clientUsers"}, {"path": "/manager/clients/client-groups", "view": true, "title": "clientGroups"}]}, {"icon": {"src": "/_next/static/media/badge.19ddda87.svg", "width": 20, "height": 21, "blurWidth": 0, "blurHeight": 0}, "path": "/manager/staff", "view": true, "title": "staff", "options": [{"path": "/manager/staff/msp-users", "view": true, "title": "mspUsers"}, {"path": "/manager/staff/sub-msp", "view": true, "title": "subMSPs"}, {"path": "/manager/settings", "view": true, "title": "settings"}]}, {"icon": {"src": "/_next/static/media/monetization.4185c074.svg", "width": 20, "height": 21, "blurWidth": 0, "blurHeight": 0}, "path": "/manager/payment", "view": true, "title": "payment", "options": [{"path": "/manager/payments/package", "view": true, "title": "paymentPackage"}, {"path": "/manager/payments/setting", "view": true, "title": "paymentSetting"}]}, {"icon": {"src": "/_next/static/media/settings_manager.63be6fff.svg", "width": 24, "height": 25, "blurWidth": 0, "blurHeight": 0}, "path": "/manager/settings", "view": true, "title": "settings", "options": [{"path": "/manager/settings/personal-data", "view": true, "title": "personalData"}, {"path": "/manager/settings/notification-settings", "view": true, "title": "notificationSettings"}, {"path": "/manager/settings/msp-customization", "view": true, "title": "mspCustomization"}, {"path": "/manager/settings/msp-dictionary", "view": true, "title": "mspDictionary"}]}]
\.


--
-- Data for Name: scheduling_shops; Type: TABLE DATA; Schema: public; Owner: pma
--

COPY public.scheduling_shops (id, name, location_name, project_id, location_id, respondent_id, status, scheduler_id, data_start, date_visit_start, visit_price, bank, course, expense_price, expense_bank, expense_course, incentive_price, incentive_bank, incentive_course, reimbursement_price, reimbursement_bank, reimbursement_course, special_price, special_bank, special_course, special_description, hash, progress, visit_bonus, wave_id, answer_id, shopper_percent_pay, shopper_rating, date_visit_end, data_end, date_visiting_hours, client_pay, respondent_visit_date, client_pay_course) FROM stdin;
5	Location 6_2	Location 6	1	6	18	2	4	2025-04-03	2025-04-03	30	bank_1	usd	0	bank_1	usd	0	bank_1	usd	0	bank_1	usd	0	bank_1	usd		0081947692	\N	0	\N	\N	\N	\N	2025-04-30	2025-04-23	08:00	50.00	\N	usd
8	Local test 0_2	Local test 0	2	7	18	2	4	2025-03-20	2025-03-21	55	bank_1	usd	0	bank_1	usd	0	bank_1	usd	0	bank_1	usd	0	bank_1	usd		0273238944	\N	0	\N	\N	\N	\N	2025-04-30	2025-04-29	08:00	76.00	\N	usd
15	Location 6_3	Location 6	4	6	18	2	4	2025-04-03	2025-03-31	30	bank_1	usd	0	bank_1	usd	0	bank_1	usd	0	bank_1	usd	0	bank_1	usd		4912674026	\N	0	\N	\N	\N	\N	2025-04-24	2025-04-30	08:00	50.00	\N	usd
16	Location 2_3	Location 2	4	2	18	2	4	2025-04-03	2025-03-31	30	bank_1	usd	0	bank_1	usd	0	bank_1	usd	0	bank_1	usd	0	bank_1	usd		5989991662	\N	0	\N	\N	\N	\N	2025-04-24	2025-04-30	08:00	50.00	\N	usd
21	Location 6_4	Location 6	5	6	18	2	4	2025-03-31	2025-03-31	11	bank_1	usd	0	bank_1	usd	0	bank_1	usd	0	bank_1	usd	0	bank_1	usd		5126089757	\N	0	\N	\N	\N	\N	2025-04-17	2025-04-10	08:00	15.00	\N	usd
7	local test 1_2	local test 1	2	8	18	2	4	2025-03-20	2025-03-21	55	bank_1	usd	0	bank_1	usd	0	bank_1	usd	0	bank_1	usd	0	bank_1	usd		9561027051	\N	0	\N	\N	\N	\N	2025-04-30	2025-04-29	08:00	76.00	\N	usd
84	Location 2_10_1	Location 2	11	2	1	11	4	2025-05-19	2025-05-19	200	bank_1	usd	0	bank_1	usd	0	bank_1	usd	0	bank_1	usd	0	bank_1	usd		6929652634	100	0	\N	317	120	6	2025-06-30	2025-06-30	08:00	0.00	\N	usd
27	Location 6_5	Location 6	6	6	1	2	4	2025-04-30	2025-04-30	11	bank_1	usd	0	bank_1	usd	0	bank_1	usd	0	bank_1	usd	0	bank_1	usd		5383404026	\N	0	\N	\N	\N	\N	2025-06-19	2025-07-31	08:00	15.00	2025-05-14	usd
107	Location 6_11	Location 6	12	6	\N	1	4	2025-05-20	2025-05-20	300	bank_1	usd	0	bank_1	usd	0	bank_1	usd	0	bank_1	usd	0	bank_1	usd		3892395482	\N	0	\N	\N	\N	\N	2025-06-30	2025-06-30	08:00	0.00	\N	usd
30	Location 3_5	Location 3	6	3	1	2	4	2025-04-30	2025-04-30	11	bank_1	usd	0	bank_1	usd	0	bank_1	usd	0	bank_1	usd	0	bank_1	usd		5031308301	\N	0	\N	\N	\N	\N	2025-06-19	2025-07-31	08:00	15.00	2025-05-15	usd
62	Location 3_8	Location 3	9	3	1	22	4	2025-05-16	2025-05-16	0	bank_1	usd	0	bank_1	usd	0	bank_1	usd	0	bank_1	usd	0	bank_1	usd		2484035639	100	0	\N	219	120	6	2025-06-30	2025-06-30	08:00	0.00	\N	usd
32	Location 3_5_2	Location 3	6	3	1	2	4	2025-04-30	2025-04-30	11	bank_1	usd	0	bank_1	usd	0	bank_1	usd	0	bank_1	usd	0	bank_1	usd		5963463699	\N	0	\N	\N	\N	\N	2025-06-19	2025-07-31	08:00	15.00	2025-05-14	usd
46	Location 6_7	Location 6	8	6	1	19	4	2025-05-16	2025-06-30	0	bank_1	usd	0	bank_1	usd	0	bank_1	usd	0	bank_1	usd	0	bank_1	usd		9311258029	100	0	\N	177	120	6	2025-06-30	2025-05-16	08:00	0.00	\N	usd
48	Location 5_7_1	Location 5	8	5	1	22	4	2025-05-16	2025-06-30	0	bank_1	usd	0	bank_1	usd	0	bank_1	usd	0	bank_1	usd	0	bank_1	usd		9409947614	100	0	\N	179	120	6	2025-06-30	2025-05-16	08:00	0.00	\N	usd
9	Location 6_3	Location 6	3	6	18	2	4	2025-03-18	2025-03-19	30	bank_1	usd	0	bank_1	usd	0	bank_1	usd	0	bank_1	usd	0	bank_1	usd		0576756821	\N	0	\N	\N	\N	\N	2025-03-31	2025-03-30	08:00	50.00	\N	usd
14	Location 1_3	Location 1	3	1	18	2	4	2025-03-18	2025-03-19	30	bank_1	usd	0	bank_1	usd	0	bank_1	usd	0	bank_1	usd	0	bank_1	usd		0440300788	\N	0	\N	\N	\N	\N	2025-03-31	2025-03-30	08:00	50.00	\N	usd
47	Location 5_7	Location 5	8	5	1	22	4	2025-05-16	2025-06-30	0	bank_1	usd	0	bank_1	usd	0	bank_1	usd	0	bank_1	usd	0	bank_1	usd		1902815667	100	0	\N	178	120	6	2025-06-30	2025-05-16	08:00	0.00	\N	usd
59	Location 5_8_1	Location 5	9	5	1	22	4	2025-05-16	2025-05-16	0	bank_1	usd	0	bank_1	usd	0	bank_1	usd	0	bank_1	usd	0	bank_1	usd		0107430557	100	0	\N	216	120	6	2025-06-30	2025-06-30	08:00	0.00	\N	usd
49	Location 4_7	Location 4	8	4	1	22	4	2025-05-16	2025-06-30	0	bank_1	usd	0	bank_1	usd	0	bank_1	usd	0	bank_1	usd	0	bank_1	usd		3976163092	100	0	\N	180	120	6	2025-06-30	2025-05-16	08:00	0.00	\N	usd
60	Location 4_8	Location 4	9	4	1	22	4	2025-05-16	2025-05-16	0	bank_1	usd	0	bank_1	usd	0	bank_1	usd	0	bank_1	usd	0	bank_1	usd		2668862066	100	0	\N	217	120	6	2025-06-30	2025-06-30	08:00	0.00	\N	usd
2	Location 2_2	Location 2	1	2	1	20	4	2025-03-19	2025-03-19	30	bank_1	usd	0	bank_1	usd	0	bank_1	usd	0	bank_1	usd	0	bank_1	usd		3673840728	100	0	\N	6	120	6	2025-03-31	2025-03-31	08:00	50.00	\N	usd
4	Location 5_2	Location 5	1	5	5	20	4	2025-03-19	2025-03-19	30	bank_1	usd	0	bank_1	usd	0	bank_1	usd	0	bank_1	usd	0	bank_1	usd		9965105711	100	0	\N	4	80	0	2025-03-31	2025-03-31	08:00	50.00	\N	usd
1	Location 1_2	Location 1	1	1	9	13	4	2025-03-19	2025-03-19	30	bank_1	usd	0	bank_1	usd	0	bank_1	usd	0	bank_1	usd	0	bank_1	usd		2175628345	\N	0	\N	\N	\N	\N	2025-03-31	2025-03-31	08:00	50.00	2025-03-26	usd
61	Location 4_8_1	Location 4	9	4	1	22	4	2025-05-16	2025-05-16	0	bank_1	usd	0	bank_1	usd	0	bank_1	usd	0	bank_1	usd	0	bank_1	usd		3314044784	100	0	\N	218	120	6	2025-06-30	2025-06-30	08:00	0.00	\N	usd
74	Location 2_9	Location 2	10	2	1	22	4	2025-05-16	2025-05-16	0	bank_1	usd	0	bank_1	usd	0	bank_1	usd	0	bank_1	usd	0	bank_1	usd		8613184706	100	0	\N	237	120	6	2025-06-30	2025-06-30	08:00	0.00	\N	usd
75	Location 2_9_1	Location 2	10	2	1	22	4	2025-05-16	2025-05-16	0	bank_1	usd	0	bank_1	usd	0	bank_1	usd	0	bank_1	usd	0	bank_1	usd		0452155797	100	0	\N	238	120	6	2025-06-30	2025-06-30	08:00	0.00	\N	usd
91	Location 2_11	Location 2	12	2	\N	1	4	2025-05-20	2025-05-20	300	bank_1	usd	0	bank_1	usd	0	bank_1	usd	0	bank_1	usd	0	bank_1	usd		8484459134	\N	0	1	\N	\N	\N	2025-06-30	2025-06-30	08:00	0.00	\N	usd
28	Location 5_5	Location 5	6	5	1	2	4	2025-04-30	2025-04-30	11	bank_1	usd	0	bank_1	usd	0	bank_1	usd	0	bank_1	usd	0	bank_1	usd		0672052217	100	0	\N	148	120	6	2025-06-19	2025-07-31	08:00	15.00	2025-05-08	usd
58	Location 5_8	Location 5	9	5	1	22	4	2025-05-16	2025-05-16	0	bank_1	usd	0	bank_1	usd	0	bank_1	usd	0	bank_1	usd	0	bank_1	usd		4509004448	100	0	\N	215	120	6	2025-06-30	2025-06-30	08:00	0.00	\N	usd
92	Location 1_7	Location 1	12	1	\N	1	4	2025-05-20	2025-05-20	300	bank_1	usd	0	bank_1	usd	0	bank_1	usd	0	bank_1	usd	0	bank_1	usd		7074338957	\N	0	1	\N	\N	\N	2025-06-30	2025-06-30	08:00	0.00	\N	usd
88	Location 5_11	Location 5	12	5	1	2	4	2025-05-20	2025-05-20	300	bank_1	usd	0	bank_1	usd	0	bank_1	usd	0	bank_1	usd	0	bank_1	usd		3148751104	\N	0	1	\N	\N	\N	2025-06-30	2025-06-30	08:00	0.00	\N	usd
87	Location 6_11	Location 6	12	6	1	2	4	2025-05-20	2025-05-20	300	bank_1	usd	0	bank_1	usd	0	bank_1	usd	0	bank_1	usd	0	bank_1	usd		3221122052	\N	0	1	\N	\N	\N	2025-06-30	2025-06-30	08:00	0.00	\N	usd
89	Location 4_11	Location 4	12	4	5	2	4	2025-05-20	2025-05-20	300	bank_1	usd	0	bank_1	usd	0	bank_1	usd	0	bank_1	usd	0	bank_1	usd		3366270578	\N	0	1	\N	\N	\N	2025-06-30	2025-06-30	08:00	0.00	\N	usd
34	Location 2_5_1	Location 2	6	2	1	2	4	2025-04-30	2025-04-30	11	bank_1	usd	0	bank_1	usd	0	bank_1	usd	0	bank_1	usd	0	bank_1	usd		1308105673	100	0	\N	149	120	6	2025-06-19	2025-07-31	08:00	15.00	2025-04-30	usd
73	Location 3_9_1	Location 3	10	3	1	22	4	2025-05-16	2025-05-16	0	bank_1	usd	0	bank_1	usd	0	bank_1	usd	0	bank_1	usd	0	bank_1	usd		4211044568	100	0	\N	236	120	6	2025-06-30	2025-06-30	08:00	0.00	\N	usd
85	Location 1_6	Location 1	11	1	1	22	4	2025-05-19	2025-05-19	200	bank_1	usd	0	bank_1	usd	0	bank_1	usd	0	bank_1	usd	0	bank_1	usd		5947034965	100	0	\N	319	120	6	2025-06-30	2025-06-30	08:00	0.00	\N	usd
108	Location 5_11	Location 5	12	5	\N	1	4	2025-05-20	2025-05-20	300	bank_1	usd	0	bank_1	usd	0	bank_1	usd	0	bank_1	usd	0	bank_1	usd		8663466562	\N	0	\N	\N	\N	\N	2025-06-30	2025-06-30	08:00	0.00	\N	usd
23	Location 4_4	Location 4	5	4	14	9	4	2025-03-29	2025-03-29	11	bank_1	usd	0	bank_1	usd	0	bank_1	usd	0	bank_1	usd	0	bank_1	usd		6188703237	100	0	\N	131	120	6	2025-04-30	2025-04-30	08:00	15.00	2025-04-15	usd
35	Location 1_5	Location 1	6	1	1	2	4	2025-04-30	2025-04-30	11	bank_1	usd	0	bank_1	usd	0	bank_1	usd	0	bank_1	usd	0	bank_1	usd		2567701902	100	0	\N	150	120	6	2025-06-19	2025-07-31	08:00	15.00	2025-05-15	usd
109	Location 4_11	Location 4	12	4	\N	1	4	2025-05-20	2025-05-20	300	bank_1	usd	0	bank_1	usd	0	bank_1	usd	0	bank_1	usd	0	bank_1	usd		4056322013	\N	0	\N	\N	\N	\N	2025-06-30	2025-06-30	08:00	0.00	\N	usd
110	Location 3_11	Location 3	12	3	\N	1	4	2025-05-20	2025-05-20	300	bank_1	usd	0	bank_1	usd	0	bank_1	usd	0	bank_1	usd	0	bank_1	usd		9697455009	\N	0	\N	\N	\N	\N	2025-06-30	2025-06-30	08:00	0.00	\N	usd
111	Location 2_11	Location 2	12	2	\N	1	4	2025-05-20	2025-05-20	300	bank_1	usd	0	bank_1	usd	0	bank_1	usd	0	bank_1	usd	0	bank_1	usd		3681936753	\N	0	\N	\N	\N	\N	2025-06-30	2025-06-30	08:00	0.00	\N	usd
112	Location 2_11_1	Location 2	12	2	\N	1	4	2025-05-20	2025-05-20	300	bank_1	usd	0	bank_1	usd	0	bank_1	usd	0	bank_1	usd	0	bank_1	usd		7067356219	\N	0	\N	\N	\N	\N	2025-06-30	2025-06-30	08:00	0.00	\N	usd
57	Location 6_8_1	Location 6	9	6	1	22	4	2025-05-16	2025-05-16	0	bank_1	usd	0	bank_1	usd	0	bank_1	usd	0	bank_1	usd	0	bank_1	usd		8203869735	100	0	\N	214	120	6	2025-06-30	2025-06-30	08:00	0.00	\N	usd
55	Location 6_7	Location 6	8	6	1	22	4	2025-05-16	2025-06-30	0	bank_1	usd	0	bank_1	usd	0	bank_1	usd	0	bank_1	usd	0	bank_1	usd		0407946282	100	0	\N	186	120	6	2025-06-30	2025-05-16	08:00	0.00	\N	usd
64	Location 2_8	Location 2	9	2	1	22	4	2025-05-16	2025-05-16	0	bank_1	usd	0	bank_1	usd	0	bank_1	usd	0	bank_1	usd	0	bank_1	usd		8987887609	100	0	\N	221	120	6	2025-06-30	2025-06-30	08:00	0.00	\N	usd
17	Location 4_3	Location 4	4	4	3	20	4	2025-03-18	2025-03-19	30	bank_1	usd	0	bank_1	usd	0	bank_1	usd	0	bank_1	usd	0	bank_1	usd		5200320627	100	0	\N	127	120	6	2025-03-31	2025-03-30	08:00	50.00	\N	usd
3	Location 3_2	Location 3	1	3	3	19	4	2025-03-19	2025-03-19	30	bank_1	usd	0	bank_1	usd	0	bank_1	usd	0	bank_1	usd	0	bank_1	usd		2046888631	100	0	\N	3	120	6	2025-03-31	2025-03-31	08:00	50.00	\N	usd
19	Location 3_3	Location 3	4	3	5	20	4	2025-03-18	2025-03-19	30	bank_1	usd	0	bank_1	usd	0	bank_1	usd	0	bank_1	usd	0	bank_1	usd		1627871642	100	0	\N	130	120	6	2025-03-31	2025-03-30	08:00	50.00	\N	usd
56	Location 6_8	Location 6	9	6	1	22	4	2025-05-16	2025-05-16	0	bank_1	usd	0	bank_1	usd	0	bank_1	usd	0	bank_1	usd	0	bank_1	usd		6650002391	100	0	\N	202	120	6	2025-06-30	2025-06-30	08:00	0.00	\N	usd
6	Location 4_2	Location 4	1	4	11	9	4	2025-03-19	2025-03-19	30	bank_1	usd	0	bank_1	usd	0	bank_1	usd	0	bank_1	usd	0	bank_1	usd		5017793897	100	0	\N	5	120	6	2025-03-31	2025-03-31	08:00	50.00	\N	usd
24	Location 5_4	Location 5	5	5	1	9	4	2025-03-29	2025-03-29	11	bank_1	usd	0	bank_1	usd	0	bank_1	usd	0	bank_1	usd	0	bank_1	usd		8181234283	100	0	\N	133	80	2	2025-04-30	2025-04-30	08:00	15.00	\N	usd
20	Location 1_3	Location 1	4	1	14	11	4	2025-03-18	2025-03-19	30	bank_1	usd	0	bank_1	usd	0	bank_1	usd	0	bank_1	usd	0	bank_1	usd		3757850439	100	0	\N	132	120	6	2025-03-31	2025-03-30	08:00	50.00	2025-04-18	usd
25	Location 3_4	Location 3	5	3	3	11	4	2025-03-29	2025-03-29	11	bank_1	usd	0	bank_1	usd	0	bank_1	usd	0	bank_1	usd	0	bank_1	usd		8964847508	100	0	\N	129	120	6	2025-04-30	2025-04-30	08:00	15.00	\N	usd
22	Location 2_4	Location 2	5	2	3	20	4	2025-03-29	2025-03-29	11	bank_1	usd	0	bank_1	usd	0	bank_1	usd	0	bank_1	usd	0	bank_1	usd		2114668997	100	0	\N	128	120	6	2025-04-30	2025-04-30	08:00	15.00	\N	usd
81	Location 4_10_1	Location 4	11	4	1	22	4	2025-05-19	2025-05-19	200	bank_1	usd	0	bank_1	usd	0	bank_1	usd	0	bank_1	usd	0	bank_1	usd		6736882679	100	0	\N	295	120	6	2025-06-30	2025-06-30	08:00	0.00	\N	usd
76	Location 6_10	Location 6	11	6	\N	1	4	2025-05-19	2025-05-19	0	bank_1	usd	0	bank_1	usd	0	bank_1	usd	0	bank_1	usd	0	bank_1	usd		7682766834	\N	0	\N	\N	\N	\N	2025-06-30	2025-06-30	08:00	0.00	\N	usd
65	Location 2_8_1	Location 2	9	2	1	22	4	2025-05-16	2025-05-16	0	bank_1	usd	0	bank_1	usd	0	bank_1	usd	0	bank_1	usd	0	bank_1	usd		6988381804	100	0	\N	222	120	6	2025-06-30	2025-06-30	08:00	0.00	\N	usd
77	Location 6_10_1	Location 6	11	6	\N	1	4	2025-05-19	2025-05-19	0	bank_1	usd	0	bank_1	usd	0	bank_1	usd	0	bank_1	usd	0	bank_1	usd		3904179245	\N	0	\N	\N	\N	\N	2025-06-30	2025-06-30	08:00	0.00	\N	usd
10	Location 2_3	Location 2	3	2	18	2	4	2025-03-18	2025-03-19	30	bank_1	usd	0	bank_1	usd	0	bank_1	usd	0	bank_1	usd	0	bank_1	usd		3938741160	\N	0	\N	\N	\N	\N	2025-03-31	2025-03-30	08:00	50.00	\N	usd
11	Location 4_3	Location 4	3	4	18	2	4	2025-03-18	2025-03-19	30	bank_1	usd	0	bank_1	usd	0	bank_1	usd	0	bank_1	usd	0	bank_1	usd		9377913033	\N	0	\N	\N	\N	\N	2025-03-31	2025-03-30	08:00	50.00	\N	usd
12	Location 5_3	Location 5	3	5	18	2	4	2025-03-18	2025-03-19	30	bank_1	usd	0	bank_1	usd	0	bank_1	usd	0	bank_1	usd	0	bank_1	usd		7571017142	\N	0	\N	\N	\N	\N	2025-03-31	2025-03-30	08:00	50.00	\N	usd
13	Location 3_3	Location 3	3	3	18	2	4	2025-03-18	2025-03-19	30	bank_1	usd	0	bank_1	usd	0	bank_1	usd	0	bank_1	usd	0	bank_1	usd		2014659776	\N	0	\N	\N	\N	\N	2025-03-31	2025-03-30	08:00	50.00	\N	usd
83	Location 2_10	Location 2	11	2	1	11	4	2025-05-19	2025-05-19	200	bank_1	usd	0	bank_1	usd	0	bank_1	usd	0	bank_1	usd	0	bank_1	usd		3051851580	100	0	\N	311	120	6	2025-06-30	2025-06-30	08:00	0.00	\N	usd
78	Location 5_10	Location 5	11	5	\N	9	4	2025-05-19	2025-05-19	0	bank_1	usd	0	bank_1	usd	0	bank_1	usd	0	bank_1	usd	0	bank_1	usd		3390099499	\N	0	\N	\N	\N	\N	2025-06-30	2025-06-30	08:00	0.00	\N	usd
82	Location 3_10	Location 3	11	3	1	10	4	2025-05-19	2025-05-19	200	bank_1	usd	0	bank_1	usd	0	bank_1	usd	0	bank_1	usd	0	bank_1	usd		1236934295	100	0	\N	305	120	6	2025-06-30	2025-06-30	08:00	0.00	\N	usd
63	Location 3_8_1	Location 3	9	3	1	22	4	2025-05-16	2025-05-16	0	bank_1	usd	0	bank_1	usd	0	bank_1	usd	0	bank_1	usd	0	bank_1	usd		5349688366	100	0	\N	220	120	6	2025-06-30	2025-06-30	08:00	0.00	\N	usd
79	Location 5_10_1	Location 5	11	5	\N	9	4	2025-05-19	2025-05-19	0	bank_1	usd	0	bank_1	usd	0	bank_1	usd	0	bank_1	usd	0	bank_1	usd		8791290259	\N	0	\N	\N	\N	\N	2025-06-30	2025-06-30	08:00	0.00	2025-05-21	usd
18	Location 5_3	Location 5	4	5	18	2	4	2025-04-03	2025-03-31	30	bank_1	usd	0	bank_1	usd	0	bank_1	usd	0	bank_1	usd	0	bank_1	usd		7633123952	\N	0	\N	\N	\N	\N	2025-04-24	2025-04-30	08:00	50.00	\N	usd
26	Location 1_4	Location 1	5	1	18	2	4	2025-03-31	2025-03-31	11	bank_1	usd	0	bank_1	usd	0	bank_1	usd	0	bank_1	usd	0	bank_1	usd		8163826010	\N	0	\N	\N	\N	\N	2025-04-17	2025-04-10	08:00	15.00	\N	usd
33	Location 2_5	Location 2	6	2	1	2	4	2025-04-30	2025-04-30	11	bank_1	usd	0	bank_1	usd	0	bank_1	usd	0	bank_1	usd	0	bank_1	usd		8951748861	\N	0	\N	\N	\N	\N	2025-06-19	2025-07-31	08:00	15.00	2025-05-15	usd
29	Location 4_5	Location 4	6	4	1	2	4	2025-04-30	2025-04-30	11	bank_1	usd	0	bank_1	usd	0	bank_1	usd	0	bank_1	usd	0	bank_1	usd		9620021585	\N	0	\N	\N	\N	\N	2025-06-19	2025-07-31	08:00	15.00	2025-05-14	usd
31	Location 3_5_1	Location 3	6	3	1	2	4	2025-04-30	2025-04-30	11	bank_1	usd	0	bank_1	usd	0	bank_1	usd	0	bank_1	usd	0	bank_1	usd		2649349328	\N	0	\N	\N	\N	\N	2025-06-19	2025-07-31	08:00	15.00	2025-05-15	usd
38	Location 5_6	Location 5	7	5	1	22	4	2025-05-16	2025-06-30	0	bank_1	usd	0	bank_1	usd	0	bank_1	usd	0	bank_1	usd	0	bank_1	usd		1090024762	100	0	\N	170	120	6	2025-06-30	2025-05-16	08:00	0.00	\N	usd
37	Location 6_6_1	Location 6	7	6	1	22	4	2025-05-16	2025-06-30	0	bank_1	usd	0	bank_1	usd	0	bank_1	usd	0	bank_1	usd	0	bank_1	usd		8791258174	100	0	\N	161	120	6	2025-06-30	2025-05-16	08:00	0.00	\N	usd
51	Location 3_7	Location 3	8	3	1	22	4	2025-05-16	2025-06-30	0	bank_1	usd	0	bank_1	usd	0	bank_1	usd	0	bank_1	usd	0	bank_1	usd		0109768986	100	0	\N	182	120	6	2025-06-30	2025-05-16	08:00	0.00	\N	usd
52	Location 3_7_1	Location 3	8	3	1	22	4	2025-05-16	2025-06-30	0	bank_1	usd	0	bank_1	usd	0	bank_1	usd	0	bank_1	usd	0	bank_1	usd		1352796631	100	0	\N	183	120	6	2025-06-30	2025-05-16	08:00	0.00	\N	usd
67	Location 6_9_1	Location 6	10	6	1	11	4	2025-05-16	2025-05-16	0	bank_1	usd	0	bank_1	usd	0	bank_1	usd	0	bank_1	usd	0	bank_1	usd		2618485064	100	0	\N	230	120	6	2025-06-30	2025-06-30	08:00	0.00	\N	usd
86	Location 1_6_1	Location 1	11	1	1	10	4	2025-05-19	2025-05-19	200	bank_1	usd	0	bank_1	usd	0	bank_1	usd	0	bank_1	usd	0	bank_1	usd		8290430808	100	0	\N	320	120	6	2025-06-30	2025-06-30	08:00	0.00	\N	usd
102	Location 1_7	Location 1	11	1	5	2	4	2025-05-19	2025-05-19	200	bank_1	usd	0	bank_1	usd	0	bank_1	usd	0	bank_1	usd	0	bank_1	usd		9810895719	\N	0	\N	\N	\N	\N	2025-06-30	2025-06-30	08:00	0.00	\N	usd
40	Location 4_6	Location 4	7	4	1	22	4	2025-05-16	2025-06-30	0	bank_1	usd	0	bank_1	usd	0	bank_1	usd	0	bank_1	usd	0	bank_1	usd		8169562026	100	0	\N	172	120	6	2025-06-30	2025-05-16	08:00	0.00	\N	usd
54	Location 2_7_1	Location 2	8	2	1	22	4	2025-05-16	2025-06-30	0	bank_1	usd	0	bank_1	usd	0	bank_1	usd	0	bank_1	usd	0	bank_1	usd		6295106768	100	0	\N	185	120	6	2025-06-30	2025-05-16	08:00	0.00	\N	usd
113	Location 5_11	Location 5	11	5	\N	1	4	2025-05-19	2025-05-19	200	bank_1	usd	0	bank_1	usd	0	bank_1	usd	0	bank_1	usd	0	bank_1	usd		5848813084	\N	0	\N	\N	\N	\N	2025-06-30	2025-06-30	08:00	0.00	\N	usd
44	Location 2_6	Location 2	7	2	1	22	4	2025-05-16	2025-06-30	0	bank_1	usd	0	bank_1	usd	0	bank_1	usd	0	bank_1	usd	0	bank_1	usd		4348599326	100	0	\N	176	120	6	2025-06-30	2025-05-16	08:00	0.00	\N	usd
53	Location 2_7	Location 2	8	2	1	22	4	2025-05-16	2025-06-30	0	bank_1	usd	0	bank_1	usd	0	bank_1	usd	0	bank_1	usd	0	bank_1	usd		0284928570	100	0	\N	184	120	6	2025-06-30	2025-05-16	08:00	0.00	\N	usd
101	Location 2_11	Location 2	11	2	\N	1	4	2025-05-19	2025-05-19	200	bank_1	usd	0	bank_1	usd	0	bank_1	usd	0	bank_1	usd	0	bank_1	usd		4056711772	\N	0	\N	\N	\N	\N	2025-06-30	2025-06-30	08:00	0.00	\N	usd
70	Location 4_9	Location 4	10	4	1	22	4	2025-05-16	2025-05-16	0	bank_1	usd	0	bank_1	usd	0	bank_1	usd	0	bank_1	usd	0	bank_1	usd		9143466349	100	0	\N	233	120	6	2025-06-30	2025-06-30	08:00	0.00	\N	usd
96	Location 3_11	Location 3	12	3	1	2	4	2025-05-20	2025-05-20	300	bank_1	usd	0	bank_1	usd	0	bank_1	usd	0	bank_1	usd	0	bank_1	usd		9759536972	\N	0	\N	\N	\N	\N	2025-06-30	2025-06-30	08:00	0.00	\N	usd
99	Location 3_11	Location 3	11	3	\N	9	4	2025-05-19	2025-05-19	200	bank_1	usd	0	bank_1	usd	0	bank_1	usd	0	bank_1	usd	0	bank_1	usd		1360760577	\N	0	\N	\N	\N	\N	2025-06-30	2025-06-30	08:00	0.00	\N	usd
42	Location 3_6	Location 3	7	3	1	22	4	2025-05-16	2025-06-30	0	bank_1	usd	0	bank_1	usd	0	bank_1	usd	0	bank_1	usd	0	bank_1	usd		5847155358	100	0	\N	174	120	6	2025-06-30	2025-05-16	08:00	0.00	\N	usd
36	Location 6_6	Location 6	7	6	1	22	4	2025-05-16	2025-06-30	0	bank_1	usd	0	bank_1	usd	0	bank_1	usd	0	bank_1	usd	0	bank_1	usd		5155191386	100	0	\N	157	120	6	2025-06-30	2025-05-16	08:00	0.00	\N	usd
95	Location 4_11	Location 4	12	4	1	2	4	2025-05-20	2025-05-20	300	bank_1	usd	0	bank_1	usd	0	bank_1	usd	0	bank_1	usd	0	bank_1	usd		4345043658	\N	0	\N	\N	\N	\N	2025-06-30	2025-06-30	08:00	0.00	\N	usd
72	Location 3_9	Location 3	10	3	1	11	4	2025-05-16	2025-05-16	0	bank_1	usd	0	bank_1	usd	0	bank_1	usd	0	bank_1	usd	0	bank_1	usd		0226288497	100	0	\N	235	120	6	2025-06-30	2025-06-30	08:00	0.00	\N	usd
68	Location 5_9	Location 5	10	5	1	11	4	2025-05-16	2025-05-16	0	bank_1	usd	0	bank_1	usd	0	bank_1	usd	0	bank_1	usd	0	bank_1	usd		2443275030	100	0	\N	231	120	6	2025-06-30	2025-06-30	08:00	0.00	\N	usd
71	Location 4_9_1	Location 4	10	4	1	22	4	2025-05-16	2025-05-16	0	bank_1	usd	0	bank_1	usd	0	bank_1	usd	0	bank_1	usd	0	bank_1	usd		7386216464	100	0	\N	234	120	6	2025-06-30	2025-06-30	08:00	0.00	\N	usd
69	Location 5_9_1	Location 5	10	5	1	22	4	2025-05-16	2025-05-16	0	bank_1	usd	0	bank_1	usd	0	bank_1	usd	0	bank_1	usd	0	bank_1	usd		4289703259	100	0	\N	232	120	6	2025-06-30	2025-06-30	08:00	0.00	\N	usd
45	Location 2_6_1	Location 2	7	2	1	22	4	2025-05-16	2025-06-30	0	bank_1	usd	0	bank_1	usd	0	bank_1	usd	0	bank_1	usd	0	bank_1	usd		9024980135	100	0	\N	160	120	6	2025-06-30	2025-05-16	08:00	0.00	\N	usd
50	Location 4_7_1	Location 4	8	4	1	22	4	2025-05-16	2025-06-30	0	bank_1	usd	0	bank_1	usd	0	bank_1	usd	0	bank_1	usd	0	bank_1	usd		4035101378	100	0	\N	181	120	6	2025-06-30	2025-05-16	08:00	0.00	\N	usd
41	Location 4_6_1	Location 4	7	4	1	22	4	2025-05-16	2025-06-30	0	bank_1	usd	0	bank_1	usd	0	bank_1	usd	0	bank_1	usd	0	bank_1	usd		8108383147	100	0	\N	173	120	6	2025-06-30	2025-05-16	08:00	0.00	\N	usd
39	Location 5_6_1	Location 5	7	5	1	22	4	2025-05-16	2025-06-30	0	bank_1	usd	0	bank_1	usd	0	bank_1	usd	0	bank_1	usd	0	bank_1	usd		3143068163	100	0	\N	171	120	6	2025-06-30	2025-05-16	08:00	0.00	\N	usd
66	Location 6_9	Location 6	10	6	1	22	4	2025-05-16	2025-05-16	0	bank_1	usd	0	bank_1	usd	0	bank_1	usd	0	bank_1	usd	0	bank_1	usd		5999778979	100	0	\N	229	120	6	2025-06-30	2025-06-30	08:00	0.00	\N	usd
43	Location 3_6_1	Location 3	7	3	1	22	4	2025-05-16	2025-06-30	0	bank_1	usd	0	bank_1	usd	0	bank_1	usd	0	bank_1	usd	0	bank_1	usd		7277884634	100	0	\N	175	120	6	2025-06-30	2025-05-16	08:00	0.00	\N	usd
118	Location 1_7	Location 1	11	1	\N	1	4	2025-05-19	2025-05-19	200	bank_1	usd	0	bank_1	usd	0	bank_1	usd	0	bank_1	usd	0	bank_1	usd		6399955513	\N	0	\N	\N	\N	\N	2025-06-30	2025-06-30	08:00	0.00	\N	usd
104	Location 5_11	Location 5	12	5	\N	8	2	2025-05-20	2025-05-20	300	bank_1	usd	0	bank_1	usd	0	bank_1	usd	0	bank_1	usd	0	bank_1	usd		7730198231	100	0	\N	376	120	6	2025-06-30	2025-06-30	08:00	0.00	\N	usd
106	Location 3_11	Location 3	12	3	\N	8	2	2025-05-20	2025-05-20	300	bank_1	usd	0	bank_1	usd	0	bank_1	usd	0	bank_1	usd	0	bank_1	usd		5057189305	100	0	\N	392	120	6	2025-06-30	2025-06-30	08:00	0.00	\N	usd
117	Location 3_11	Location 3	11	3	5	2	4	2025-05-19	2025-05-19	200	bank_1	usd	0	bank_1	usd	0	bank_1	usd	0	bank_1	usd	0	bank_1	usd		3119532244	\N	0	\N	\N	\N	\N	2025-06-30	2025-06-30	08:00	0.00	\N	usd
114	Location 5_11_1	Location 5	11	5	\N	9	4	2025-05-19	2025-05-19	200	bank_1	usd	0	bank_1	usd	0	bank_1	usd	0	bank_1	usd	0	bank_1	usd		8815072137	\N	0	\N	\N	\N	\N	2025-06-30	2025-06-30	08:00	0.00	\N	usd
115	Location 4_11	Location 4	11	4	\N	9	4	2025-05-19	2025-05-19	200	bank_1	usd	0	bank_1	usd	0	bank_1	usd	0	bank_1	usd	0	bank_1	usd		2945811127	\N	0	\N	\N	\N	\N	2025-06-30	2025-06-30	08:00	0.00	\N	usd
116	Location 4_11_1	Location 4	11	4	\N	9	4	2025-05-19	2025-05-19	200	bank_1	usd	0	bank_1	usd	0	bank_1	usd	0	bank_1	usd	0	bank_1	usd		2724992783	\N	0	\N	\N	\N	\N	2025-06-30	2025-06-30	08:00	0.00	\N	usd
103	Location 6_11	Location 6	12	6	1	2	2	2025-05-20	2025-05-20	300	bank_1	usd	0	bank_1	usd	0	bank_1	usd	0	bank_1	usd	0	bank_1	usd		6624572549	100	0	\N	375	120	6	2025-06-30	2025-06-30	08:00	0.00	\N	usd
80	Location 4_10	Location 4	11	4	1	22	4	2025-05-19	2025-05-19	200	bank_1	usd	0	bank_1	usd	0	bank_1	usd	0	bank_1	usd	0	bank_1	usd		2177354359	100	0	\N	239	120	5	2025-06-30	2025-06-30	08:00	0.00	\N	usd
100	Location 3_11_1	Location 3	11	3	\N	13	4	2025-05-19	2025-05-19	200	bank_1	usd	0	bank_1	usd	0	bank_1	usd	0	bank_1	usd	0	bank_1	usd		7147003250	\N	0	\N	\N	\N	\N	2025-06-30	2025-06-30	08:00	0.00	2025-05-21	usd
94	Location 5_11	Location 5	12	5	1	2	4	2025-05-20	2025-05-20	300	bank_1	usd	0	bank_1	usd	0	bank_1	usd	0	bank_1	usd	0	bank_1	usd		8030528715	100	0	\N	372	120	6	2025-06-30	2025-06-30	08:00	0.00	\N	usd
97	Location 2_11	Location 2	12	2	1	2	4	2025-05-20	2025-05-20	300	bank_1	usd	0	bank_1	usd	0	bank_1	usd	0	bank_1	usd	0	bank_1	usd		4172455449	100	0	\N	373	120	6	2025-06-30	2025-06-30	08:00	0.00	\N	usd
90	Location 3_11	Location 3	12	3	5	10	4	2025-05-20	2025-05-20	300	bank_1	usd	0	bank_1	usd	0	bank_1	usd	0	bank_1	usd	0	bank_1	usd		3800397053	100	0	1	448	120	5	2025-06-30	2025-06-30	08:00	0.00	\N	usd
105	Location 4_11	Location 4	12	4	\N	8	2	2025-05-20	2025-05-20	300	bank_1	usd	0	bank_1	usd	0	bank_1	usd	0	bank_1	usd	0	bank_1	usd		5100410382	100	0	\N	383	120	6	2025-06-30	2025-06-30	08:00	0.00	\N	usd
\.


--
-- Data for Name: shop_applications; Type: TABLE DATA; Schema: public; Owner: pma
--

COPY public.shop_applications (id, shop_id, shopper_id, status, is_manager_initiated, created_at, decision_at, respondent_visit_date, manager_id, respondent_decline_date, respondent_decline_comment) FROM stdin;
1	6	1	APPROVED_BY_BOTH_SIDES	f	2025-03-19 09:27:35.736211	2025-03-19 09:29:14.883	\N	\N	\N	\N
2	2	1	APPROVED_BY_BOTH_SIDES	f	2025-03-19 09:28:12.127309	2025-03-19 09:29:20.999	\N	\N	\N	\N
3	6	11	PENDING_SCHEDULER_APPROVAL	f	2025-03-20 17:17:18.426291	\N	\N	\N	\N	\N
4	1	9	PENDING_SCHEDULER_APPROVAL	f	2025-03-25 20:38:42.842461	\N	2025-03-26	\N	\N	\N
5	25	3	PENDING_SHOPPER_APPROVAL	t	2025-03-29 12:47:58.172	\N	\N	4	\N	\N
6	24	1	PENDING_SHOPPER_APPROVAL	t	2025-03-29 12:48:25.157	\N	\N	4	\N	\N
7	20	1	PENDING_SHOPPER_APPROVAL	t	2025-03-29 12:48:25.167	\N	\N	4	\N	\N
8	8	1	PENDING_SHOPPER_APPROVAL	t	2025-03-29 12:48:25.178	\N	\N	4	\N	\N
9	23	5	PENDING_SHOPPER_APPROVAL	t	2025-03-29 12:48:45.319	\N	\N	4	\N	\N
10	19	5	PENDING_SHOPPER_APPROVAL	t	2025-03-29 12:48:45.341	\N	\N	4	\N	\N
11	7	5	PENDING_SHOPPER_APPROVAL	t	2025-03-29 12:48:45.358	\N	\N	4	\N	\N
12	22	3	PENDING_SHOPPER_APPROVAL	t	2025-03-29 12:49:15.481	\N	\N	4	\N	\N
13	17	3	PENDING_SHOPPER_APPROVAL	t	2025-03-29 12:49:15.494	\N	\N	4	\N	\N
14	20	14	PENDING_SCHEDULER_APPROVAL	f	2025-04-09 20:14:03.850188	\N	2025-04-18	\N	\N	\N
15	23	14	PENDING_SCHEDULER_APPROVAL	f	2025-04-09 20:28:20.999851	\N	2025-04-15	\N	\N	\N
16	26	14	PENDING_SHOPPER_APPROVAL	t	2025-04-09 20:29:26.155	\N	\N	4	\N	\N
17	21	14	PENDING_SHOPPER_APPROVAL	t	2025-04-09 20:29:26.169	\N	\N	4	\N	\N
18	18	14	PENDING_SHOPPER_APPROVAL	t	2025-04-09 20:29:26.179	\N	\N	4	\N	\N
19	16	14	PENDING_SHOPPER_APPROVAL	t	2025-04-09 20:29:26.186	\N	\N	4	\N	\N
20	15	14	PENDING_SHOPPER_APPROVAL	t	2025-04-09 20:29:26.198	\N	\N	4	\N	\N
21	14	14	PENDING_SHOPPER_APPROVAL	t	2025-04-09 20:29:26.203	\N	\N	4	\N	\N
22	13	14	PENDING_SHOPPER_APPROVAL	t	2025-04-09 20:29:26.212	\N	\N	4	\N	\N
23	12	14	PENDING_SHOPPER_APPROVAL	t	2025-04-09 20:29:26.221	\N	\N	4	\N	\N
24	11	14	PENDING_SHOPPER_APPROVAL	t	2025-04-09 20:29:26.228	\N	\N	4	\N	\N
25	10	14	PENDING_SHOPPER_APPROVAL	t	2025-04-09 20:29:26.232	\N	\N	4	\N	\N
26	9	14	PENDING_SHOPPER_APPROVAL	t	2025-04-09 20:29:35.061	\N	\N	4	\N	\N
27	9	5	PENDING_SHOPPER_APPROVAL	t	2025-04-09 20:29:51.817	\N	\N	4	\N	\N
71	49	1	PENDING_SHOPPER_APPROVAL	t	2025-05-16 14:35:53.199	\N	\N	4	\N	\N
72	50	1	PENDING_SHOPPER_APPROVAL	t	2025-05-16 14:35:53.203	\N	\N	4	\N	\N
30	35	5	APPROVED_BY_BOTH_SIDES	f	2025-05-02 09:30:47.205731	2025-05-02 09:32:35.792	2025-05-02	2	\N	\N
31	27	14	PENDING_SCHEDULER_APPROVAL	f	2025-05-15 03:57:22.819275	\N	2025-05-14	\N	\N	\N
32	33	14	PENDING_SCHEDULER_APPROVAL	f	2025-05-15 03:58:21.206652	\N	2025-05-14	\N	\N	\N
33	30	14	PENDING_SCHEDULER_APPROVAL	f	2025-05-15 03:58:40.030927	\N	2025-05-15	\N	\N	\N
34	31	14	PENDING_SCHEDULER_APPROVAL	f	2025-05-15 03:58:48.687699	\N	2025-05-19	\N	\N	\N
35	32	14	PENDING_SCHEDULER_APPROVAL	f	2025-05-15 04:03:46.389896	\N	2025-05-14	\N	\N	\N
36	29	14	PENDING_SCHEDULER_APPROVAL	f	2025-05-15 04:03:55.372154	\N	2025-05-14	\N	\N	\N
37	26	18	PENDING_SHOPPER_APPROVAL	t	2025-05-15 04:22:07.824	\N	\N	4	\N	\N
38	21	18	PENDING_SHOPPER_APPROVAL	t	2025-05-15 04:22:07.831	\N	\N	4	\N	\N
39	18	18	PENDING_SHOPPER_APPROVAL	t	2025-05-15 04:22:07.835	\N	\N	4	\N	\N
40	16	18	PENDING_SHOPPER_APPROVAL	t	2025-05-15 04:22:07.842	\N	\N	4	\N	\N
41	15	18	PENDING_SHOPPER_APPROVAL	t	2025-05-15 04:22:07.85	\N	\N	4	\N	\N
42	14	18	PENDING_SHOPPER_APPROVAL	t	2025-05-15 04:22:07.855	\N	\N	4	\N	\N
43	13	18	PENDING_SHOPPER_APPROVAL	t	2025-05-15 04:22:07.859	\N	\N	4	\N	\N
44	12	18	PENDING_SHOPPER_APPROVAL	t	2025-05-15 04:22:07.862	\N	\N	4	\N	\N
45	11	18	PENDING_SHOPPER_APPROVAL	t	2025-05-15 04:22:07.866	\N	\N	4	\N	\N
46	10	18	PENDING_SHOPPER_APPROVAL	t	2025-05-15 04:22:07.871	\N	\N	4	\N	\N
47	9	18	PENDING_SHOPPER_APPROVAL	t	2025-05-15 04:22:07.874	\N	\N	4	\N	\N
48	8	18	PENDING_SHOPPER_APPROVAL	t	2025-05-15 04:22:07.877	\N	\N	4	\N	\N
49	7	18	PENDING_SHOPPER_APPROVAL	t	2025-05-15 04:22:07.883	\N	\N	4	\N	\N
50	5	18	PENDING_SHOPPER_APPROVAL	t	2025-05-15 04:22:07.889	\N	\N	4	\N	\N
52	35	1	PENDING_SHOPPER_APPROVAL	t	2025-05-16 01:05:13.689309	\N	2025-05-15	4	\N	\N
28	34	1	PENDING_SHOPPER_APPROVAL	t	2025-04-30 13:03:35.498009	2025-04-30 13:06:56.355	2025-04-30	4	\N	\N
51	33	1	PENDING_SHOPPER_APPROVAL	t	2025-05-16 01:01:41.374002	\N	2025-05-15	4	\N	\N
54	32	1	PENDING_SHOPPER_APPROVAL	t	2025-05-16 01:13:28.28	\N	\N	4	\N	\N
53	31	1	PENDING_SHOPPER_APPROVAL	t	2025-05-16 01:11:29.163981	\N	2025-05-15	4	\N	\N
55	30	1	PENDING_SHOPPER_APPROVAL	t	2025-05-16 01:13:28.289	\N	\N	4	\N	\N
56	29	1	PENDING_SHOPPER_APPROVAL	t	2025-05-16 01:13:28.293	\N	\N	4	\N	\N
29	28	1	PENDING_SHOPPER_APPROVAL	t	2025-04-30 13:04:08.81919	2025-04-30 13:06:58.597	2025-05-08	4	\N	\N
57	27	1	PENDING_SHOPPER_APPROVAL	t	2025-05-16 01:13:28.3	\N	\N	4	\N	\N
58	45	1	PENDING_SHOPPER_APPROVAL	t	2025-05-16 13:57:55.098	\N	\N	4	\N	\N
59	44	1	PENDING_SHOPPER_APPROVAL	t	2025-05-16 13:57:55.108	\N	\N	4	\N	\N
60	43	1	PENDING_SHOPPER_APPROVAL	t	2025-05-16 13:57:55.112	\N	\N	4	\N	\N
61	42	1	PENDING_SHOPPER_APPROVAL	t	2025-05-16 13:57:55.117	\N	\N	4	\N	\N
62	41	1	PENDING_SHOPPER_APPROVAL	t	2025-05-16 13:57:55.121	\N	\N	4	\N	\N
63	40	1	PENDING_SHOPPER_APPROVAL	t	2025-05-16 13:57:55.124	\N	\N	4	\N	\N
64	39	1	PENDING_SHOPPER_APPROVAL	t	2025-05-16 13:57:55.13	\N	\N	4	\N	\N
65	38	1	PENDING_SHOPPER_APPROVAL	t	2025-05-16 13:57:55.137	\N	\N	4	\N	\N
66	37	1	PENDING_SHOPPER_APPROVAL	t	2025-05-16 13:57:55.141	\N	\N	4	\N	\N
67	36	1	PENDING_SHOPPER_APPROVAL	t	2025-05-16 13:57:55.146	\N	\N	4	\N	\N
68	46	1	PENDING_SHOPPER_APPROVAL	t	2025-05-16 14:35:53.181	\N	\N	4	\N	\N
69	47	1	PENDING_SHOPPER_APPROVAL	t	2025-05-16 14:35:53.189	\N	\N	4	\N	\N
70	48	1	PENDING_SHOPPER_APPROVAL	t	2025-05-16 14:35:53.195	\N	\N	4	\N	\N
73	51	1	PENDING_SHOPPER_APPROVAL	t	2025-05-16 14:35:53.206	\N	\N	4	\N	\N
74	52	1	PENDING_SHOPPER_APPROVAL	t	2025-05-16 14:35:53.21	\N	\N	4	\N	\N
75	53	1	PENDING_SHOPPER_APPROVAL	t	2025-05-16 14:35:53.215	\N	\N	4	\N	\N
76	54	1	PENDING_SHOPPER_APPROVAL	t	2025-05-16 14:35:53.22	\N	\N	4	\N	\N
77	55	1	PENDING_SHOPPER_APPROVAL	t	2025-05-16 14:35:53.225	\N	\N	4	\N	\N
78	56	1	PENDING_SHOPPER_APPROVAL	t	2025-05-16 15:13:57.317	\N	\N	4	\N	\N
79	57	1	PENDING_SHOPPER_APPROVAL	t	2025-05-16 15:13:57.37	\N	\N	4	\N	\N
80	58	1	PENDING_SHOPPER_APPROVAL	t	2025-05-16 15:13:57.374	\N	\N	4	\N	\N
81	59	1	PENDING_SHOPPER_APPROVAL	t	2025-05-16 15:13:57.376	\N	\N	4	\N	\N
82	60	1	PENDING_SHOPPER_APPROVAL	t	2025-05-16 15:13:57.381	\N	\N	4	\N	\N
83	61	1	PENDING_SHOPPER_APPROVAL	t	2025-05-16 15:13:57.384	\N	\N	4	\N	\N
84	62	1	PENDING_SHOPPER_APPROVAL	t	2025-05-16 15:13:57.388	\N	\N	4	\N	\N
85	63	1	PENDING_SHOPPER_APPROVAL	t	2025-05-16 15:13:57.392	\N	\N	4	\N	\N
86	64	1	PENDING_SHOPPER_APPROVAL	t	2025-05-16 15:13:57.395	\N	\N	4	\N	\N
87	65	1	PENDING_SHOPPER_APPROVAL	t	2025-05-16 15:13:57.399	\N	\N	4	\N	\N
88	66	1	PENDING_SHOPPER_APPROVAL	t	2025-05-16 15:32:09.965	\N	\N	4	\N	\N
89	67	1	PENDING_SHOPPER_APPROVAL	t	2025-05-16 15:32:09.97	\N	\N	4	\N	\N
90	68	1	PENDING_SHOPPER_APPROVAL	t	2025-05-16 15:32:09.973	\N	\N	4	\N	\N
91	69	1	PENDING_SHOPPER_APPROVAL	t	2025-05-16 15:32:09.975	\N	\N	4	\N	\N
92	70	1	PENDING_SHOPPER_APPROVAL	t	2025-05-16 15:32:09.978	\N	\N	4	\N	\N
93	71	1	PENDING_SHOPPER_APPROVAL	t	2025-05-16 15:32:09.981	\N	\N	4	\N	\N
94	72	1	PENDING_SHOPPER_APPROVAL	t	2025-05-16 15:32:09.983	\N	\N	4	\N	\N
95	73	1	PENDING_SHOPPER_APPROVAL	t	2025-05-16 15:32:09.985	\N	\N	4	\N	\N
96	74	1	PENDING_SHOPPER_APPROVAL	t	2025-05-16 15:32:09.987	\N	\N	4	\N	\N
97	75	1	PENDING_SHOPPER_APPROVAL	t	2025-05-16 15:32:09.989	\N	\N	4	\N	\N
98	86	1	PENDING_SHOPPER_APPROVAL	t	2025-05-19 17:22:25.941	\N	\N	4	\N	\N
99	85	1	PENDING_SHOPPER_APPROVAL	t	2025-05-19 17:22:25.995	\N	\N	4	\N	\N
100	84	1	PENDING_SHOPPER_APPROVAL	t	2025-05-19 17:22:25.998	\N	\N	4	\N	\N
101	83	1	PENDING_SHOPPER_APPROVAL	t	2025-05-19 17:22:26.001	\N	\N	4	\N	\N
102	82	1	PENDING_SHOPPER_APPROVAL	t	2025-05-19 17:22:26.007	\N	\N	4	\N	\N
103	81	1	PENDING_SHOPPER_APPROVAL	t	2025-05-19 17:22:26.011	\N	\N	4	\N	\N
104	80	1	PENDING_SHOPPER_APPROVAL	t	2025-05-19 17:22:26.014	\N	\N	4	\N	\N
105	79	5	PENDING_SCHEDULER_APPROVAL	f	2025-05-20 10:30:52.159892	\N	2025-05-21	\N	\N	\N
106	87	1	PENDING_SHOPPER_APPROVAL	t	2025-05-20 11:33:30.416	\N	\N	4	\N	\N
107	88	1	PENDING_SHOPPER_APPROVAL	t	2025-05-20 11:33:30.424	\N	\N	4	\N	\N
108	90	5	PENDING_SHOPPER_APPROVAL	t	2025-05-20 11:34:06.959	\N	\N	4	\N	\N
109	89	5	PENDING_SHOPPER_APPROVAL	t	2025-05-20 11:34:06.966	\N	\N	4	\N	\N
116	103	1	PENDING_SHOPPER_APPROVAL	t	2025-05-20 17:22:53.559	\N	\N	4	\N	\N
120	102	5	PENDING_SHOPPER_APPROVAL	t	2025-05-21 13:20:26.445	\N	\N	4	\N	\N
121	117	5	PENDING_SHOPPER_APPROVAL	t	2025-05-21 14:53:02.873	\N	\N	4	\N	\N
122	100	1	PENDING_SCHEDULER_APPROVAL	f	2025-05-22 04:44:44.02653	\N	2025-05-21	\N	\N	\N
111	97	1	PENDING_SHOPPER_APPROVAL	t	2025-05-20 16:44:48.652	\N	\N	4	\N	\N
112	96	1	PENDING_SHOPPER_APPROVAL	t	2025-05-20 16:44:48.657	\N	\N	4	\N	\N
113	95	1	PENDING_SHOPPER_APPROVAL	t	2025-05-20 16:44:48.662	\N	\N	4	\N	\N
114	94	1	PENDING_SHOPPER_APPROVAL	t	2025-05-20 16:44:48.665	\N	\N	4	\N	\N
\.


--
-- Data for Name: status_changes; Type: TABLE DATA; Schema: public; Owner: pma
--

COPY public.status_changes (id, entity_id, entity_type, user_id, old_status, new_status, changed_at) FROM stdin;
1	14	user	4	0	0	2025-05-15 04:02:38.743732
2	18	user	4	0	0	2025-05-15 04:20:18.928025
3	1	user	4	0	1	2025-05-16 01:05:49.659269
4	1	user	4	1	0	2025-05-16 01:13:40.296716
\.


--
-- Data for Name: user_city_access; Type: TABLE DATA; Schema: public; Owner: pma
--

COPY public.user_city_access (id, worker_group_id, city_id, user_id, group_id) FROM stdin;
10	\N	27160	20	\N
\.


--
-- Data for Name: user_client_access; Type: TABLE DATA; Schema: public; Owner: pma
--

COPY public.user_client_access (id, client_id, user_id, group_id) FROM stdin;
1	19	21	\N
\.


--
-- Data for Name: user_client_xm_statistics; Type: TABLE DATA; Schema: public; Owner: pma
--

COPY public.user_client_xm_statistics (id, client_id, type, score_percent, final, created_at, updated_at, date, industry, subdivision) FROM stdin;
9	6	xm	55.333333333333336	f	2025-04-18 12:22:53.337825	2025-05-19 18:00:15.125431	2025-03-01	\N	\N
6	6	cx	0	f	2025-04-18 12:22:53.314443	2025-05-19 18:00:15.155341	2025-03-01	\N	\N
7	6	ex	69.16666666666667	f	2025-04-18 12:22:53.327	2025-05-19 18:00:15.168957	2025-03-01	\N	\N
8	6	ux	69.16666666666667	f	2025-04-18 12:22:53.333078	2025-05-19 18:00:15.182442	2025-03-01	\N	\N
1	6	cx	51.254851228978005	t	2025-04-17 12:53:06.147553	2025-05-21 16:46:01.528826	\N	\N	\N
2	6	ex	50.16216216216216	t	2025-04-17 12:53:06.156416	2025-05-21 16:46:01.533377	\N	\N	\N
3	6	ux	68.58108108108108	t	2025-04-17 12:53:06.162298	2025-05-21 16:46:01.5373	\N	\N	\N
4	6	xm	45.98321212545016	t	2025-04-17 12:53:06.169612	2025-05-21 16:46:01.540834	\N	\N	\N
5	6	nps	0	t	2025-04-18 10:34:32.200751	2025-05-21 16:46:01.544409	\N	\N	\N
13	6	xm	19.8	f	2025-04-18 12:22:53.360813	2025-05-21 16:46:01.559678	2025-04-01	\N	\N
17	6	xm	46.37827555622788	f	2025-04-30 13:14:50.421893	2025-05-21 16:46:01.573571	2025-05-01	\N	\N
10	6	cx	0	f	2025-04-18 12:22:53.342613	2025-05-21 16:46:01.576284	2025-04-01	\N	\N
14	6	cx	51.254851228978005	f	2025-04-30 13:14:50.391315	2025-05-21 16:46:01.580203	2025-05-01	\N	\N
11	6	ex	0	f	2025-04-18 12:22:53.347257	2025-05-21 16:46:01.586261	2025-04-01	\N	\N
15	6	ex	50.16216216216216	f	2025-04-30 13:14:50.405012	2025-05-21 16:46:01.592758	2025-05-01	\N	\N
12	6	ux	66	f	2025-04-18 12:22:53.353443	2025-05-21 16:46:01.597195	2025-04-01	\N	\N
16	6	ux	69.89795918367348	f	2025-04-30 13:14:50.414284	2025-05-21 16:46:01.60256	2025-05-01	\N	\N
\.


--
-- Data for Name: user_clients; Type: TABLE DATA; Schema: public; Owner: pma
--

COPY public.user_clients (id, user_id, logo, created_at, updated_at, dashboard_positions, levels, customization, xm_settings, cjm_setting, email, phone) FROM stdin;
4	12		2025-03-21 07:29:41.867	2025-03-24 11:13:18.879	""	[]	{"background": "", "cell_color": "#000000", "text_color": "#FFA800", "chart_color": "#000000", "button_color": "#FFA800", "overlay_color": "#000000", "submenu_color": "#000000", "surveyTextColor": "#000000", "top_panel_color": "#000000", "background_color": "#FFA800", "title_on_widgets": "#000000", "bottom_cell_color": "#000000", "surveyHeaderColor": "#000000", "button_hover_color": "#FFA800", "surveySectionColor": "#000000", "surveyBackgroundColor": "#000000", "surveyHeaderBackground": "#000000", "surveySectionBackground": "#000000", "text_color_in_sub_buttons": "#000000"}	\N	\N	sdfd@mail.com	15654764554
3	2		2025-03-20 12:50:07.93	2025-03-20 12:50:17.543	{"componentsOrder":["AreaChartComponent","Box","BasicTables"],"lineChartData":[{"id":"lineValue3","title":"86.8","subTitle":"Lorem","data":[820,932,901,934,1290,1330,1320],"color":"#0D8F6F"},{"id":"lineValue4","title":"74.8","subTitle":"Lorem","data":[820,932,901,934,1290,1330,1320],"color":"#D82700"},{"id":"lineValue1","title":"32.5","subTitle":"Lorem","data":[820,932,901,934,1290,1330,1320,820,932,901,934,1290,1330,1320],"color":"#FFA500"},{"id":"lineValue2","title":"65.0","subTitle":"Lorem","data":[820,932,901,934,1290,1330,1320],"color":"#3F56CB"}],"sliderValues":[5,5,5,5]}	[]	{"background": "", "cell_color": "", "text_color": "", "chart_color": "", "button_color": "", "overlay_color": "", "submenu_color": "", "surveyTextColor": "", "top_panel_color": "", "background_color": "", "title_on_widgets": "", "bottom_cell_color": "", "surveyHeaderColor": "", "button_hover_color": "", "surveySectionColor": "", "surveyBackgroundColor": "", "surveyHeaderBackground": "", "surveySectionBackground": "", "text_color_in_sub_buttons": ""}	\N	\N	\N	\N
1	6	https://proxy.happeas.space/file/read/local/4/945b67e0f3fc4fbc761f79944c06d133.png	2025-03-19 08:34:06.814	2025-05-30 10:23:56.016117	""	[]	{"background": "https://proxy.happeas.space/file/read/local/4/0f790db80054fdcbcb496b369afcd538.png", "cell_color": "#000000", "text_color": "#FFA800", "chart_color": "#000000", "button_color": "#FFA800", "overlay_color": "#000000", "submenu_color": "#000000", "surveyTextColor": "#000000", "top_panel_color": "#000000", "background_color": "#FFA800", "title_on_widgets": "#000000", "bottom_cell_color": "#000000", "surveyHeaderColor": "#000000", "button_hover_color": "#FFA800", "surveySectionColor": "#ffffff", "surveyBackgroundColor": "#e0ffec", "surveyHeaderBackground": "#9effa9", "surveySectionBackground": "#058a2d", "text_color_in_sub_buttons": "#000000"}	{"cx": {"types": ["MSh"], "percent": 30, "multipliers": [{"code": "MSh", "percent": 100, "projects": [{"sections": [26, 30, 32, 27, 33, 28, 43], "project_id": 11}]}]}, "ex": {"types": ["ME"], "percent": 20, "multipliers": [{"code": "ME", "percent": 100, "projects": [{"sections": [32, 27], "project_id": 11}]}]}, "ux": {"types": ["UXTesting"], "percent": 30, "multipliers": [{"code": "UXTesting", "percent": 100, "projects": [{"sections": [17, 19, 18], "project_id": 6}]}]}}	{"color": "#da5107", "date_end": "2025-05-22T00:00:00.000Z", "location": "HU", "projects": [{"id": "proj1", "color": "#da5107", "values": [45.333333333333336, 0, 43.666666666666664, 39, 72, 0, 75], "sections": [{"icon": 2, "name": "Greeting", "delta": 0, "quote": "Customers overall experienced a mix of positive and negative interactions.", "percent": 0, "indicator": [{"name": "NPS", "type": "NPS", "delta": 0, "percent": 8, "projects": [{"questions": [60], "project_id": 7}, {"questions": [117], "project_id": 12}, {"questions": [147], "project_id": 11}]}, {"name": "MSh", "type": "MSh", "delta": 0, "percent": 78, "projects": [{"questions": [46, 51, 53, 56], "project_id": 6}]}, {"name": "CES", "type": "CES", "delta": 0, "percent": 50, "projects": [{"questions": [73, 72], "project_id": 10}]}]}, {"icon": 4, "name": "Needs Identification Stage", "delta": 0, "quote": "Customers overall felt some confusion and had to ask multiple times for clarification.", "percent": 0, "indicator": [{"name": "CSI", "type": "CSI", "delta": 0, "percent": null, "projects": [{"questions": [67], "project_id": 8}]}, {"name": "MSh", "type": "MSh", "delta": 0, "percent": 88, "projects": [{"questions": [44, 46, 45], "project_id": 6}]}, {"name": "NPS", "type": "NPS", "delta": 0, "percent": 0, "projects": []}, {"name": "CES", "type": "CES", "delta": 0, "percent": 50, "projects": [{"questions": [71, 72, 73], "project_id": 10}]}]}, {"icon": 1, "name": "Frr", "delta": 0, "quote": "Customers overall had mixed feelings about the initial greeting. Some felt the approach was very polite and attentive, while others mentioned that it felt mechanical with no real connection.", "percent": 0, "indicator": [{"name": "CES", "type": "CES", "delta": 0, "percent": 50, "projects": [{"questions": [71, 72, 73], "project_id": 10}]}, {"name": "MSh", "type": "MSh", "delta": 0, "percent": 81, "projects": [{"questions": [61, 62], "project_id": 7}, {"questions": [133, 120, 128, 137, 143, 111], "project_id": 12}]}, {"name": "CSI", "type": "CSI", "delta": 0, "percent": 0, "projects": []}]}, {"icon": 2, "name": "Product Presentation", "delta": 0, "quote": "Customers overall were happy but complained about slight difficulty getting all info. Everything was smooth and easy. Some delays, but overall acceptable.", "percent": 0, "indicator": [{"name": "NPS", "type": "NPS", "delta": 0, "percent": 0, "projects": [{"questions": [68], "project_id": 9}]}, {"name": "MSh", "type": "MSh", "delta": 0, "percent": 67, "projects": [{"questions": [45, 50, 55, 52], "project_id": 6}]}, {"name": "CES", "type": "CES", "delta": 0, "percent": 50, "projects": [{"questions": [71, 72], "project_id": 10}]}]}, {"icon": 3, "name": "New ", "delta": 0, "quote": "Customers overall were happy but complained that good needs clarification and could offer options more actively.", "percent": 0, "indicator": [{"name": "MSh", "type": "MSh", "delta": 0, "percent": 72, "projects": [{"questions": [84, 79, 92, 99, 89, 76, 98, 103, 106, 87, 77, 93, 82, 110, 91, 97, 90, 100, 104, 107, 108, 81, 78, 101, 105, 86, 94, 88, 83, 95, 80, 85, 96, 102, 109, 147], "project_id": 11}]}]}, {"icon": 1, "name": "New stage 7b19c497", "delta": 0, "quote": "-", "percent": 0, "indicator": []}, {"icon": 3, "name": "Return", "delta": 0, "quote": "Customers overall were happy but complained about the lack of involvement and some feeling of forcing the return.", "percent": 0, "indicator": [{"name": "MSh", "type": "MSh", "delta": 0, "percent": 75, "projects": [{"questions": [78, 101, 105, 86, 94], "project_id": 11}]}]}]}], "client_id": 6, "date_start": "2024-10-01T00:00:00.000Z", "location_type": 1}	gog@mail.com	14343434434
2	4		2025-03-19 09:24:18.674	2025-04-08 14:51:58.64	{"componentsOrder":["AreaChartComponent","Box","BasicTables"],"lineChartData":[{"id":"lineValue1","title":"32.5","subTitle":"Lorem","data":[820,932,901,934,1290,1330,1320,820,932,901,934,1290,1330,1320],"color":"#FFA500"},{"id":"lineValue2","title":"65.0","subTitle":"Lorem","data":[820,932,901,934,1290,1330,1320],"color":"#3F56CB"},{"id":"lineValue3","title":"86.8","subTitle":"Lorem","data":[820,932,901,934,1290,1330,1320],"color":"#0D8F6F"},{"id":"lineValue4","title":"74.8","subTitle":"Lorem","data":[820,932,901,934,1290,1330,1320],"color":"#D82700"}],"sliderValues":[4,5,5,5]}	[]	{"background": "", "cell_color": "", "text_color": "", "chart_color": "", "button_color": "", "overlay_color": "", "submenu_color": "", "surveyTextColor": "", "top_panel_color": "", "background_color": "", "title_on_widgets": "", "bottom_cell_color": "", "surveyHeaderColor": "", "button_hover_color": "", "surveySectionColor": "", "surveyBackgroundColor": "", "surveyHeaderBackground": "", "surveySectionBackground": "", "text_color_in_sub_buttons": ""}	\N	\N	\N	\N
5	17	https://proxy.happeas.space/file/read/local/4/43ee82e633a310c7684df867adef722e.png	2025-05-14 16:31:30.427	2025-05-14 16:42:23.805457	""	[4,5,7]	{"cell_color": "#000000", "text_color": "#FFA800", "chart_color": "#000000", "button_color": "#FFA800", "overlay_color": "#000000", "submenu_color": "#000000", "top_panel_color": "#000000", "background_color": "#FFA800", "title_on_widgets": "#000000", "bottom_cell_color": "#000000", "button_hover_color": "#FFA800", "text_color_in_sub_buttons": "#000000"}	\N	\N	vic@phantomshopping.hu	36
6	19	https://proxy.happeas.space/file/read/local/4/865d1497646bdbe64bf9d67e2d1c692f.png	2025-06-03 13:20:39.348	2025-06-03 13:20:39.348	""	[]	{"cell_color": "#000000", "text_color": "#FFA800", "chart_color": "#000000", "button_color": "#FFA800", "overlay_color": "#000000", "submenu_color": "#000000", "top_panel_color": "#000000", "background_color": "#FFA800", "title_on_widgets": "#000000", "bottom_cell_color": "#000000", "button_hover_color": "#FFA800", "text_color_in_sub_buttons": "#000000"}	\N	\N	aakarsh.choudhary@floorwalk.in	919589941298
\.


--
-- Data for Name: user_comments; Type: TABLE DATA; Schema: public; Owner: pma
--

COPY public.user_comments (id, who_created, user_id, comment, created_at, updated_at, deleted_at) FROM stdin;
\.


--
-- Data for Name: user_country_access; Type: TABLE DATA; Schema: public; Owner: pma
--

COPY public.user_country_access (id, worker_group_id, country_id, user_id, group_id) FROM stdin;
4	\N	HU	10	\N
13	\N	HU	9	\N
15	\N	IN	20	\N
\.


--
-- Data for Name: user_favorites; Type: TABLE DATA; Schema: public; Owner: pma
--

COPY public.user_favorites (id, user_id, shop_id, created_at) FROM stdin;
1	1	25	2025-04-09 10:53:48.344778
4	14	17	2025-04-09 20:15:06.720665
5	14	23	2025-04-09 20:15:09.522915
\.


--
-- Data for Name: user_handbook; Type: TABLE DATA; Schema: public; Owner: pma
--

COPY public.user_handbook (id, name, type, handbook_group_id, sort, status, code) FROM stdin;
1	If you have a car?	radio	1	1	t	have_car
2	Where are you willing to visit?	radio	1	1	t	willing_visit
3	Zip code	input	1	1	t	zip_code
4	Language	select	1	2	t	language
6	Office address	input	2	4	t	office_address
7	Contract end date	input	2	5	t	contract_end_date
8	Contract person name	input	2	6	t	contract_person_name
9	Competitor client	input	2	7	t	competitor_client
10	Subdivisions client	multiselect	2	8	t	subdivisions_client
11	Date of birth	date	3	1	t	date_of_birth
12	Reliable transportation	select	4	2	t	reliable_transportation
13	Highest completed educational(optional)	select	4	3	t	completed_educational
14	Current job(optional)	input	4	4	t	current_job
15	Income level	input	4	5	t	income_level
16	Employment type	select	4	6	t	employment_type
17	Partner employment type	input	4	7	t	partner_employment_type
18	Number of children(optional)	select	4	8	t	number_of_children
19	Where did you hear from us?	select	4	9	t	here_from_us
20	Postal code	input	4	10	t	postal_code
21	PayPal address	input	4	11	t	paypal_address
22	Do you like to travel?	select	4	12	t	like_travel
23	Pets(optional)	input	4	13	t	pets
24	Do you have a valid driver’s licence?	select	4	14	t	driver_licence
38	Colour	input	5	2	t	colour_competitor
39	Competitor location	input	5	1	t	location_competitor
26	Bank	select	3	2	t	bank
27	Currency	select	3	3	t	currencies
28	MSP Logo	input	6	1	t	logo
29	MSP App Logo	input	6	2	t	app_logo
30	MSP Main Color	input	6	3	t	main_color
31	MSP Text Color	input	6	4	t	text_color
32	MSP Sub Menu Color	input	6	5	t	sub_menu_color
33	MSP Sub Menu Text Color	input	6	6	t	sub_menu_text_color
34	Address	input	1	9	t	address
35	Sub MSP Name	input	1	10	t	sub_msp_name
36	Manager Link	input	1	11	t	manager_link
37	Shopper Link	input	1	12	t	shopper_link
25	Driving Experience	select	3	1	t	driving_experience
5	Industry	select	2	3	t	industry
\.


--
-- Data for Name: user_handbook_filling; Type: TABLE DATA; Schema: public; Owner: pma
--

COPY public.user_handbook_filling (id, user_id, handbook_id, value, json_value, color) FROM stdin;
2	6	4	en	\N	\N
3	6	5	enertainment	\N	\N
4	6	3	3243	\N	\N
5	6	6	Heroluepe 23	\N	\N
7	6	8	Valera Patron	\N	\N
8	6	7	2034-03-07	\N	\N
9	7	3	31233	\N	\N
10	7	4	en	\N	\N
11	8	4	en	\N	\N
12	8	34	123 weewrw	\N	\N
13	8	3	4323	\N	\N
14	12	3	3233	\N	\N
15	12	4	en	\N	\N
16	12	5	car_wash	\N	\N
17	12	5	car_wash	\N	\N
18	12	8	Dsad Mane	\N	\N
19	12	10		[]	\N
20	12	10		[]	\N
21	12	6	wqqw 32	\N	\N
22	12	7	2025-05-15	\N	\N
1	6	5	6	\N	\N
6	6	10		[]	\N
23	17	10		[]	\N
24	17	5	1	\N	\N
25	17	7	2025-12-31	\N	\N
26	17	8	Vivien	\N	\N
27	17	6	Ürömi utca 43.	\N	\N
28	17	10		[]	\N
29	17	5	1	\N	\N
30	17	4	en	\N	\N
31	19	3	122002	\N	\N
32	19	5	1	\N	\N
33	19	4	en	\N	\N
34	19	5	1	\N	\N
35	19	10		[]	\N
36	19	8	Demo Person	\N	\N
37	19	10		[]	\N
38	19	6	Empire Square, MR-I, Unit 1, 3rd Floor  MG Road Gurugram, Haryana	\N	\N
39	19	7	2025-07-31	\N	\N
40	1	3	122002	\N	\N
41	1	4	en	\N	\N
42	1	34	445 metro tower gurugram	\N	\N
43	21	4	en	\N	\N
44	21	3	122002	\N	\N
45	21	34	445 gurgaon 	\N	\N
\.


--
-- Data for Name: user_handbook_group; Type: TABLE DATA; Schema: public; Owner: pma
--

COPY public.user_handbook_group (id, name, sort, status) FROM stdin;
1	Additional data	1	t
2	Client	1	t
3	Profile(Shopper general)	1	t
4	Profile(Shopper additional)	1	t
5	Competitor	1	t
6	Customizations	1	t
\.


--
-- Data for Name: user_handbook_link; Type: TABLE DATA; Schema: public; Owner: pma
--

COPY public.user_handbook_link (id, handbook_id, handbook_group_id, role_id, group_id) FROM stdin;
4	0	1	3	0
5	0	1	3	0
1	0	2	2	0
3	0	1	2	0
6	0	3	1	0
7	0	4	1	0
2	0	1	1	0
8	0	5	5	0
9	5	0	5	0
10	10	0	5	0
11	0	1	6	0
12	0	6	6	0
13	0	1	3	0
14	0	1	3	0
15	0	2	2	0
16	0	1	2	0
17	0	3	1	0
18	0	4	1	0
19	0	1	1	0
20	0	5	5	0
21	5	0	5	0
22	10	0	5	0
23	0	1	6	0
24	0	6	6	0
25	43	0	6	0
26	3	0	6	0
27	42	0	6	0
29	34	0	6	0
30	0	6	6	0
31	29	0	6	0
32	30	0	6	0
33	28	0	6	0
34	32	0	6	0
35	33	0	6	0
36	31	0	6	0
\.


--
-- Data for Name: user_handbook_value; Type: TABLE DATA; Schema: public; Owner: pma
--

COPY public.user_handbook_value (id, handbook_id, label, value, sort, color, image) FROM stdin;
1	1	Yes, the car is on gas	if_car_1	1	\N	\N
2	1	Yes, petrol car	if_car_2	1	\N	\N
3	1	Yes, electric	if_car_3	1	\N	\N
4	1	No	if_car_4	2	\N	\N
5	2	in your area	willing_visit_1	2	\N	\N
6	2	city	willing_visit_2	2	\N	\N
7	2	region	willing_visit_3	2	\N	\N
8	12	Yes	reliable_transportation_1	1	\N	\N
9	12	No	reliable_transportation_2	2	\N	\N
10	13	High school	completed_educational_1	1	\N	\N
11	13	College	completed_educational_2	2	\N	\N
12	13	University	completed_educational_3	3	\N	\N
13	13	Master	completed_educational_4	4	\N	\N
14	13	PhD	completed_educational_5	5	\N	\N
15	16	Full-time	employment_type_1	1	\N	\N
16	16	Part-time	employment_type_2	2	\N	\N
17	16	Freelance	employment_type_3	3	\N	\N
18	16	Contract	employment_type_4	4	\N	\N
19	18	0	number_of_children_1	1	\N	\N
20	18	1	number_of_children_2	2	\N	\N
21	18	2	number_of_children_3	3	\N	\N
22	18	3	number_of_children_4	4	\N	\N
23	18	4	number_of_children_5	5	\N	\N
24	18	5	number_of_children_6	6	\N	\N
25	18	6	number_of_children_7	7	\N	\N
26	18	7	number_of_children_8	8	\N	\N
27	18	8	number_of_children_9	9	\N	\N
28	18	9	number_of_children_10	10	\N	\N
29	19	Google	here_from_us_1	1	\N	\N
30	19	Facebook	here_from_us_2	2	\N	\N
31	19	Instagram	here_from_us_3	3	\N	\N
32	19	Friends	here_from_us_4	4	\N	\N
33	19	Other	here_from_us_5	5	\N	\N
34	22	Yes	like_travel_1	1	\N	\N
35	22	No	like_travel_2	2	\N	\N
36	24	Yes	driver_licence_1	1	\N	\N
37	243	No	driver_licence_2	2	\N	\N
38	4	English	en	1	\N	\N
39	4	German	de	2	\N	\N
40	4	French	fr	3	\N	\N
41	10	Wood	wood	1	\N	\N
42	10	Sanitary	sanitary	2	\N	\N
43	10	Tiles	tiles	3	\N	\N
44	10	Life insurance	life_insurance	4	\N	\N
177	5	Automotive	1	1	#000000	https://proxy.happeas.space/file/read/local/2/4770305be22dcaa11569d5cc102ef1f8.png
183	5	Grocery	13	5	#000000	https://proxy.happeas.space/file/read/local/2/e878652319b0c5aee99078dfc6875823.png
186	5	Real estate	18	5	#000000	https://proxy.happeas.space/file/read/local/2/1e8b5fb774b73971ffe69fb9f29d1001.png
193	5	Other	25	5	#000000	\N
195	5	Telecommunication	22	5	#000000	https://proxy.happeas.space/file/read/local/2/a98cadd1e71aae634cf88c56adeb2d1e.png
50	10	Vehicle insurance	vehicle_insurance	5	\N	\N
51	10	Property insurance	property_insurance	5	\N	\N
52	10	Garden	garden	5	\N	\N
53	10	Building material	building_material	5	\N	\N
54	10	Electric	electric	5	\N	\N
55	10	Customer service	customer_service	5	\N	\N
56	10	TV-Hifi	tv_hifi	5	\N	\N
57	10	Photo/Telecommunication	photo_telecommunication	5	\N	\N
58	10	Computer Software	computer_software	5	\N	\N
84	26	PrivatBank	bank_1	1	\N	\N
85	26	Monobank	bank_2	2	\N	\N
86	26	Oschadbank	bank_3	3	\N	\N
87	26	Raiffeisen Bank Aval	bank_4	4	\N	\N
88	27	USD	usd	1	\N	\N
89	27	EUR	eur	2	\N	\N
90	27	UAH	uah	3	\N	\N
91	27	HUF	huf	4	\N	\N
92	27	RUB	rub	5	\N	\N
119	25	0-1 year	driving_experience_1	1	#000000	\N
120	25	5-10 years	driving_experience_4	4	#000000	\N
121	25	3-5 years	driving_experience_3	3	#000000	\N
122	25	1-3 years	driving_experience_2	2	#000000	\N
123	25	10+ years	driving_experience_5	5	#000000	\N
178	5	Car wash	3	3	#000000	https://proxy.happeas.space/file/read/local/2/4770305be22dcaa11569d5cc102ef1f8.png
184	5	Health Care	14	5	#000000	https://proxy.happeas.space/file/read/local/2/5dd58c12d32fb5b5c2cdbafc08cea642.png
189	5	Retail	19	5	#000000	https://proxy.happeas.space/file/read/local/2/1e8b5fb774b73971ffe69fb9f29d1001.png
192	5	Training	23	5	#000000	\N
200	5	Wholesale	24	5	#000000	\N
202	5	Financial consultancy	8	5	#000000	\N
179	5	Business-to-Business	2	2	#000000	https://proxy.happeas.space/file/read/local/2/f20cbdbe10894a5006370288d7c49c9d.png
185	5	Lodging, accommodation	15	5	#000000	https://proxy.happeas.space/file/read/local/2/1e8b5fb774b73971ffe69fb9f29d1001.png
190	5	Pharmacies	17	5	#000000	https://proxy.happeas.space/file/read/local/2/5dd58c12d32fb5b5c2cdbafc08cea642.png
196	5	Enertainment	6	5	#000000	https://proxy.happeas.space/file/read/local/2/ffd3ee2e1c93b47703952cfa714d06ff.png
197	5	Construction	5	5	#000000	\N
180	5	Convenience Stores	4	4	#000000	https://proxy.happeas.space/file/read/local/2/e878652319b0c5aee99078dfc6875823.png
187	5	Government	12	5	#000000	https://proxy.happeas.space/file/read/local/2/9598c917690c64c8804548131f144157.png
191	5	Storage	21	5	#000000	https://proxy.happeas.space/file/read/local/2/9598c917690c64c8804548131f144157.png
198	5	Gas Stations	11	5	#000000	\N
199	5	FMCG	9	5	#000000	\N
181	5	Financial	7	5	#000000	https://proxy.happeas.space/file/read/local/2/e47bda8cf968cedf038d25d22f513aee.png
194	5	Food service	10	5	#000000	https://proxy.happeas.space/file/read/local/2/e878652319b0c5aee99078dfc6875823.png
203	5	Enertainment	enertainment	5	\N	\N
182	5	Lottery store	16	5	#000000	https://proxy.happeas.space/file/read/local/2/4b225259acd0fff3ffa487736aefb5a7.png
188	5	Shipping, transportation	20	5	#000000	https://proxy.happeas.space/file/read/local/2/4770305be22dcaa11569d5cc102ef1f8.png
201	5	Car_wash	car_wash	5	#000000	\N
\.


--
-- Data for Name: user_integrations; Type: TABLE DATA; Schema: public; Owner: pma
--

COPY public.user_integrations (id, user_id, service, token, data, created_at, updated_at) FROM stdin;
\.


--
-- Data for Name: user_location_access; Type: TABLE DATA; Schema: public; Owner: pma
--

COPY public.user_location_access (id, worker_group_id, location_id, user_id, group_id) FROM stdin;
\.


--
-- Data for Name: user_notes; Type: TABLE DATA; Schema: public; Owner: pma
--

COPY public.user_notes (id, user_id, theme, comment, created_at, who_created) FROM stdin;
\.


--
-- Data for Name: user_notifications; Type: TABLE DATA; Schema: public; Owner: pma
--

COPY public.user_notifications (id, user_id, action_id, notification, status, created_at, updated_at) FROM stdin;
2	10	0	<p><a href="https://happeas.space/client/management/questionnaire/6">New questionnaire</a> for review, check the <strong>management</strong> tab.</p>	new	2025-03-20 09:42:46.606619	2025-03-20 09:42:46.606619
4	10	0	<p><a href="https://happeas.space/client/management/questionnaire/5">New questionnaire</a> for review, check the <strong>management</strong> tab.</p>	new	2025-03-20 10:12:10.918469	2025-03-20 10:12:10.918469
6	10	0	<p><a href="https://happeas.space/client/management/questionnaire/5">New questionnaire</a> for review, check the <strong>management</strong> tab.</p>	new	2025-03-20 10:12:31.909055	2025-03-20 10:12:31.909055
8	10	0	<p><a href="https://happeas.space/client/management/questionnaire/6">New questionnaire</a> for review, check the <strong>management</strong> tab.</p>	new	2025-03-20 16:36:09.965933	2025-03-20 16:36:09.965933
10	10	0	<p><a href="https://happeas.space/client/management/questionnaire/6">New questionnaire</a> for review, check the <strong>management</strong> tab.</p>	new	2025-03-26 21:49:54.023728	2025-03-26 21:49:54.023728
3	9	0	<p><a href="https://happeas.space/client/management/questionnaire/5">New questionnaire</a> for review, check the <strong>management</strong> tab.</p>	read	2025-03-20 10:12:10.90054	2025-03-20 10:12:10.90054
1	9	0	<p><a href="https://happeas.space/client/management/questionnaire/6">New questionnaire</a> for review, check the <strong>management</strong> tab.</p>	read	2025-03-20 09:42:46.577157	2025-03-20 09:42:46.577157
9	9	0	<p><a href="https://happeas.space/client/management/questionnaire/6">New questionnaire</a> for review, check the <strong>management</strong> tab.</p>	read	2025-03-26 21:49:53.995345	2025-03-26 21:49:53.995345
7	9	0	<p><a href="https://happeas.space/client/management/questionnaire/6">New questionnaire</a> for review, check the <strong>management</strong> tab.</p>	read	2025-03-20 16:36:09.939398	2025-03-20 16:36:09.939398
5	9	0	<p><a href="https://happeas.space/client/management/questionnaire/5">New questionnaire</a> for review, check the <strong>management</strong> tab.</p>	read	2025-03-20 10:12:31.902788	2025-03-20 10:12:31.902788
11	10	0	<p><a href="https://happeas.space/client/management/questionnaire/4">New questionnaire</a> for review, check the <strong>management</strong> tab.</p>	new	2025-03-28 13:50:20.218458	2025-03-28 13:50:20.218458
12	9	0	<p><a href="https://happeas.space/client/management/questionnaire/4">New questionnaire</a> for review, check the <strong>management</strong> tab.</p>	new	2025-03-28 13:50:20.234987	2025-03-28 13:50:20.234987
13	10	0	<p><a href="https://happeas.space/client/management/questionnaire/5">New questionnaire</a> for review, check the <strong>management</strong> tab.</p>	new	2025-03-28 13:50:27.324222	2025-03-28 13:50:27.324222
14	9	0	<p><a href="https://happeas.space/client/management/questionnaire/5">New questionnaire</a> for review, check the <strong>management</strong> tab.</p>	new	2025-03-28 13:50:27.36921	2025-03-28 13:50:27.36921
15	10	0	<p><a href="https://happeas.space/client/management/questionnaire/6">New questionnaire</a> for review, check the <strong>management</strong> tab.</p>	new	2025-03-28 13:50:33.270893	2025-03-28 13:50:33.270893
16	9	0	<p><a href="https://happeas.space/client/management/questionnaire/6">New questionnaire</a> for review, check the <strong>management</strong> tab.</p>	new	2025-03-28 13:50:33.276987	2025-03-28 13:50:33.276987
17	10	0	<p><a href="https://happeas.space/client/management/questionnaire/3">New questionnaire</a> for review, check the <strong>management</strong> tab.</p>	new	2025-03-28 13:50:39.447999	2025-03-28 13:50:39.447999
20	10	0	<p><a href="https://happeas.space/client/management/questionnaire/127">New questionnaire</a> for review, check the <strong>management</strong> tab.</p>	new	2025-03-29 13:00:38.973639	2025-03-29 13:00:38.973639
22	10	0	<p><a href="https://happeas.space/client/management/questionnaire/128">New questionnaire</a> for review, check the <strong>management</strong> tab.</p>	new	2025-03-29 13:00:55.73229	2025-03-29 13:00:55.73229
24	10	0	<p><a href="https://happeas.space/client/management/questionnaire/129">New questionnaire</a> for review, check the <strong>management</strong> tab.</p>	new	2025-03-29 13:01:15.918434	2025-03-29 13:01:15.918434
26	10	0	<p><a href="https://happeas.space/client/management/questionnaire/130">New questionnaire</a> for review, check the <strong>management</strong> tab.</p>	new	2025-03-29 13:01:33.725808	2025-03-29 13:01:33.725808
28	10	0	<p><a href="https://happeas.space/client/management/questionnaire/131">New questionnaire</a> for review, check the <strong>management</strong> tab.</p>	new	2025-03-29 13:01:47.437979	2025-03-29 13:01:47.437979
30	10	0	<p><a href="https://happeas.space/client/management/questionnaire/133">New questionnaire</a> for review, check the <strong>management</strong> tab.</p>	new	2025-03-29 13:02:00.116978	2025-03-29 13:02:00.116978
32	10	0	<p><a href="https://happeas.space/client/management/questionnaire/132">New questionnaire</a> for review, check the <strong>management</strong> tab.</p>	new	2025-03-29 13:02:10.381673	2025-03-29 13:02:10.381673
34	10	0	<p><a href="https://happeas.space/client/management/questionnaire/129">New questionnaire</a> for review, check the <strong>management</strong> tab.</p>	new	2025-04-03 00:24:30.820935	2025-04-03 00:24:30.820935
36	10	0	<p><a href="https://happeas.space/client/management/questionnaire/129">New questionnaire</a> for review, check the <strong>management</strong> tab.</p>	new	2025-04-03 00:24:50.837431	2025-04-03 00:24:50.837431
21	9	0	<p><a href="https://happeas.space/client/management/questionnaire/128">New questionnaire</a> for review, check the <strong>management</strong> tab.</p>	read	2025-03-29 13:00:55.71996	2025-03-29 13:00:55.71996
29	9	0	<p><a href="https://happeas.space/client/management/questionnaire/133">New questionnaire</a> for review, check the <strong>management</strong> tab.</p>	read	2025-03-29 13:02:00.0945	2025-03-29 13:02:00.0945
19	9	0	<p><a href="https://happeas.space/client/management/questionnaire/127">New questionnaire</a> for review, check the <strong>management</strong> tab.</p>	read	2025-03-29 13:00:38.959512	2025-03-29 13:00:38.959512
18	9	0	<p><a href="https://happeas.space/client/management/questionnaire/3">New questionnaire</a> for review, check the <strong>management</strong> tab.</p>	read	2025-03-28 13:50:39.560087	2025-03-28 13:50:39.560087
35	9	0	<p><a href="https://happeas.space/client/management/questionnaire/129">New questionnaire</a> for review, check the <strong>management</strong> tab.</p>	read	2025-04-03 00:24:50.82312	2025-04-03 00:24:50.82312
31	9	0	<p><a href="https://happeas.space/client/management/questionnaire/132">New questionnaire</a> for review, check the <strong>management</strong> tab.</p>	read	2025-03-29 13:02:10.365997	2025-03-29 13:02:10.365997
27	9	0	<p><a href="https://happeas.space/client/management/questionnaire/131">New questionnaire</a> for review, check the <strong>management</strong> tab.</p>	read	2025-03-29 13:01:47.416143	2025-03-29 13:01:47.416143
25	9	0	<p><a href="https://happeas.space/client/management/questionnaire/130">New questionnaire</a> for review, check the <strong>management</strong> tab.</p>	read	2025-03-29 13:01:33.699181	2025-03-29 13:01:33.699181
33	9	0	<p><a href="https://happeas.space/client/management/questionnaire/129">New questionnaire</a> for review, check the <strong>management</strong> tab.</p>	read	2025-04-03 00:24:30.808908	2025-04-03 00:24:30.808908
23	9	0	<p><a href="https://happeas.space/client/management/questionnaire/129">New questionnaire</a> for review, check the <strong>management</strong> tab.</p>	read	2025-03-29 13:01:15.886432	2025-03-29 13:01:15.886432
\.


--
-- Data for Name: user_payment_methods; Type: TABLE DATA; Schema: public; Owner: pma
--

COPY public.user_payment_methods (id, payment_method, icon, details) FROM stdin;
\.


--
-- Data for Name: user_payments_data; Type: TABLE DATA; Schema: public; Owner: pma
--

COPY public.user_payments_data (id, user_id, payment_method_id, code, type, value) FROM stdin;
\.


--
-- Data for Name: user_region_access; Type: TABLE DATA; Schema: public; Owner: pma
--

COPY public.user_region_access (id, worker_group_id, region_id, user_id, group_id) FROM stdin;
2	\N	IN-10	20	\N
\.


--
-- Data for Name: user_settings; Type: TABLE DATA; Schema: public; Owner: pma
--

COPY public.user_settings (id, code, value, value_json) FROM stdin;
1	language	en	[]
2	currencies	eur	[]
3	clients_roles		[2]
4	shoppers_roles		[1]
6	time_zone	europe/kiev	[]
7	manager_roles		[3]
8	worker_roles		[4]
9	competitor_roles		[5]
10	msp_roles		[6]
11	currency	usd	[]
13	appeals_status		["Unintelligible request", "Justified request, incorrect", "Justified request, inaccurate role", "Questionable or subjective marking", "Unjustified request"]
12	customizations		{"logo": "https://proxy.happeas.space/file/read/local/2/4a47f46ab67dbf8d53c4c6bf2e68f1e3.png", "app_logo": "/logo.png", "background": "https://proxy.happeas.space/file/read/local/2/1e02ef2846546a1330b7228890e5cb5d.png", "cell_color": "#000000", "text_color": "#333333", "chart_color": "#000000", "button_color": "#FF5733", "overlay_color": "#000000", "submenu_color": "#000000", "surveyTextColor": "#212121", "top_panel_color": "#000000", "background_color": "#FFFFFF", "title_on_widgets": "#000000", "bottom_cell_color": "#000000", "surveyHeaderColor": "#737373", "button_hover_color": "#C70039", "surveySectionColor": "#b0b0b0", "surveyBackgroundColor": "#c5fb74", "surveyHeaderBackground": "#b0fe7c", "surveySectionBackground": "#c2c2c2", "text_color_in_sub_buttons": "#000000"}
5	default_role	1	[]
\.


--
-- Data for Name: user_worker_feedback; Type: TABLE DATA; Schema: public; Owner: pma
--

COPY public.user_worker_feedback (id, who_created, answer_id, comment, extra_points, status, client_id, created_at, updated_at, answer, employ_id, employ_comment, final_comment) FROM stdin;
1	9	5	Feedback	0	2	6	2025-03-21 09:07:58.203871	2025-03-21 09:09:19.71682	t	10	WORKERE	fsdfsdf
2	9	6	Test feedback	1	2	6	2025-04-01 08:21:26.815277	2025-04-01 08:48:40.475916	t	10	Comment by employee	Yes
3	9	131	dsaddas	2	0	6	2025-04-14 12:21:05.672503	2025-04-14 12:21:05.672503	f	\N	\N	\N
\.


--
-- Data for Name: user_worker_groups; Type: TABLE DATA; Schema: public; Owner: pma
--

COPY public.user_worker_groups (id, client_id, name, created_at, updated_at, deleted_at, feedback_write, feedback_answer, task_create, ask_question, write_claim) FROM stdin;
1	6	Regeonal manager	2025-06-05 10:50:42.26008	2025-06-05 10:50:42.26008	\N	f	f	f	f	f
\.


--
-- Data for Name: user_worker_task; Type: TABLE DATA; Schema: public; Owner: pma
--

COPY public.user_worker_task (id, answer_id, worker_id, status, type_task, client_id, date_start, date_end, attachment, created_at, updated_at, task, who_created, employee_id, employee_comment, employee_files, employee_created_at, final_comment, final_created_at, task_files) FROM stdin;
13	129	10	5	0	6	2025-04-30 00:00:00	2025-04-30 00:00:00	0	2025-04-30 15:38:18.556886	2025-05-01 00:00:00.930813	testt	9	\N	\N	\N	\N	\N	\N	[]
10	157	9	5	0	6	2025-03-27 00:00:00	2025-03-28 00:00:00	0	2025-03-27 14:48:39.946732	2025-03-28 00:00:00.167768	Okkk	9	\N	\N	\N	\N	\N	\N	[]
11	160	9	5	0	6	2025-04-03 00:00:00	2025-04-03 00:00:00	0	2025-04-03 09:50:11.129578	2025-04-04 00:00:00.038666	test	9	\N	\N	\N	\N	\N	\N	[]
12	150	9	5	0	6	2025-04-03 00:00:00	2025-04-03 00:00:00	0	2025-04-03 09:52:52.003668	2025-04-04 00:00:00.038666	test 2	9	\N	\N	\N	\N	\N	\N	[]
1	179	9	5	0	6	2025-03-19 00:00:00	2025-03-25 00:00:00	0	2025-03-19 09:48:04.475451	2025-03-19 10:35:44.178639	Task for employee	9	\N	\N	\N	\N	\N	\N	[]
2	178	10	2	0	6	2025-03-26 00:00:00	2025-03-31 00:00:00	0	2025-03-19 09:52:25.049971	2025-03-24 14:53:38.86588	Task for worker	9	10	Answer by worker	[]	2025-03-19	\N	\N	[]
3	179	10	5	0	6	2025-03-20 00:00:00	2025-03-29 00:00:00	1	2025-03-20 16:27:08.816607	2025-03-21 16:16:55.527947	Test work! need clean bar e	9	\N	\N	\N	\N	\N	\N	[]
4	179	9	5	0	6	2025-03-10 00:00:00	2025-03-29 00:00:00	0	2025-03-21 08:49:47.821956	2025-03-21 10:25:57.326674	цйкцууц	9	\N	\N	\N	\N	\N	\N	["https://proxy.happeas.space/file/read/local/9/cff2b6e10ec8bef896bafa4e0e0728ed.xls", "https://proxy.happeas.space/file/read/local/9/a68949c2b808d61c4591becd26302532.png"]
5	129	10	2	0	6	2025-03-27 00:00:00	2025-03-31 00:00:00	1	2025-03-21 09:02:14.636587	2025-03-27 13:49:30.390191	Test task	9	10	eerter22222222	["https://proxy.happeas.space/file/read/local/10/a54ec3dd989e9aaa3ff301be4f62a296.png"]	2025-03-21	\N	\N	["https://proxy.happeas.space/file/read/local/9/e965c616eb12859af016fe6f047e9f6a.jpg"]
6	129	9	5	0	6	2025-03-27 00:00:00	2025-03-28 00:00:00	0	2025-03-27 12:48:37.757606	2025-03-28 00:00:00.167768	text	9	\N	\N	\N	\N	\N	\N	[]
7	160	9	5	0	6	2025-03-27 00:00:00	2025-03-28 00:00:00	0	2025-03-27 13:04:16.049913	2025-03-28 00:00:00.167768	Lorem ipsum	9	\N	\N	\N	\N	\N	\N	[]
8	160	9	5	0	6	2025-03-27 00:00:00	2025-03-28 00:00:00	0	2025-03-27 13:41:07.12123	2025-03-28 00:00:00.167768	lorem 2	9	\N	\N	\N	\N	\N	\N	[]
9	157	10	5	0	6	2025-03-27 00:00:00	2025-03-27 00:00:00	0	2025-03-27 14:16:23.388982	2025-03-28 00:00:00.167768	ok	9	\N	\N	\N	\N	\N	\N	[]
\.


--
-- Data for Name: user_workers; Type: TABLE DATA; Schema: public; Owner: pma
--

COPY public.user_workers (id, client_id, user_id, status, created_at, updated_at, "position", department, email_work, phone_work, language, permission_group, feedback_write, feedback_answer, task_create, ask_question, write_claim, xm_settings, cjm_setting) FROM stdin;
2	6	10	0	2025-03-19 09:39:06.304158	2025-03-21 08:52:06.993413	\N	\N	worker@gmail.com	+13242423233	en	\N	f	t	f	f	f	\N	\N
1	6	9	0	2025-03-19 09:38:25.838417	2025-04-23 17:50:35.773779	\N	\N	client@gmail.com	+12342342343	en	\N	t	t	t	t	t	\N	\N
3	19	20	0	2025-06-03 13:24:33.373072	2025-06-04 09:02:36.849365	\N	\N	aakarsh.choudhary@floorwalk.in	919589941298	en	\N	t	t	t	t	f	\N	\N
\.


--
-- Data for Name: users; Type: TABLE DATA; Schema: public; Owner: pma
--

COPY public.users (id, email, phone, activation, password, role_id, created_at, updated_at, last_activity, password_recovery_hash, password_recovery_date, password_recovery_type, name, last_name, country, region, city, address, is_worker, gender, deleted_at, "handbookFillings2Id", status, delete_at, rating) FROM stdin;
16	faizullina09@gmail.com	36705264645	f	$2b$10$NecrqDdKjxkaqSe8yrLMbetnasHjsEvJ647fvoFK3N7E8.VqTNlUi	1	2025-04-23 12:12:57.776405	2025-04-23 12:12:57.799719	\N	F2DA	2025-04-23 12:12:57.774	\N	Elvira	Fo	HU	HU-05	25919	\N	f	\N	\N	\N	0	\N	\N
2	admin2@gmail.com	123412212111	t	$2b$10$Tk5XV1MkzBbQgm69zrQhPOF3U3r6/sVzFrutcqX5ZgO.7.NsCBiWe	7	2025-03-19 08:28:26.984196	2025-06-05 10:50:24.555763	2025-06-05 10:50:24.551	E080	2025-03-19 08:28:26.982	\N	Admin	Adminovich	UA	UA-08	39454	\N	f	\N	\N	\N	0	\N	\N
15	qweq2@mail.co	12222222222	f	$2b$10$IMkKxX/gaSqJnXm6ZesLweBDOux0UoSMpXx8fIJr1FbhfUL0/78.W	1	2025-04-03 13:16:16.196923	2025-04-03 13:16:23.865845	2025-04-03 13:16:23.863	F966	2025-04-03 13:16:16.186	\N	dsds	erqweq	AX	None	4572	\N	f	\N	\N	\N	0	\N	\N
13	test@mail.ru	55555555	f	$2b$10$NH21wf7kh3jgreFdR8Xt5ue1dHIrZT4daM4WGDdJG5DphpJ5yhfrm	1	2025-03-26 08:59:07.158887	2025-03-26 08:59:07.243424	\N	A99D	2025-03-26 08:59:07.15	\N	Test	Test	AX	None	4572	\N	f	\N	\N	\N	0	\N	\N
3	shop1@gmail.com	89991001010	t	$2b$10$WU2fuEZRlyWEsU2UT0wvu.NpKSKE.7GEXeLh3dg/zRmUIWVheN1P6	1	2025-03-19 08:29:09.82518	2025-05-23 00:00:05.974697	2025-05-16 13:39:45.925	79AF	2025-03-19 08:29:09.82	\N	Alexander	Pushkin	HU	HU-05	25919	\N	f	\N	\N	\N	0	\N	6
9	client@gmail.com	+12342342343	f	$2b$10$5Sx9AymyL2lK4GQ2C9zwCuXSq0hrCMyU6fRsD.BwK5INTGBRoR.am	4	2025-03-19 09:38:25.711954	2025-06-06 16:05:57.132724	2025-06-06 16:05:57.126	990F	2025-03-19 09:38:25.696	\N	Client	Rob	HU	\N	\N	\N	t	\N	\N	\N	0	\N	0
8	validator@gmail.com	13212312323	f	$2b$10$dc4/LtSYJSBVEtFreFcdzOSiPCXMX7a69M.TNlA8EX7Gle2Xw5wsK	6	2025-03-19 08:53:33.996056	2025-05-21 14:49:00.797797	2025-05-21 14:49:00.796	8E04	2025-03-19 08:53:33.994	\N	Validator	JKepo	HU	HU-05	25919	\N	f	\N	\N	\N	0	\N	\N
17	\N	\N	f	$2b$10$bnNrHkYOAHDynQw2i94dfOXwrIW/NhCHw6UY/ygQgQco1bUGbOpKy	2	2025-05-14 16:31:30.375912	2025-05-14 16:31:30.402649	\N	479C	2025-05-14 16:31:30.373	\N	Vivi's Client		HU	HU-05	25919	\N	f	\N	\N	\N	0	\N	\N
11	shopper2@mail.com	13123123	f	$2b$10$3mYSn5j71/OgEKGWz1Fda.mM2KwhXdhsEVRy1qpzRR7NQbts/X/gi	1	2025-03-20 17:16:18.179867	2025-05-16 15:44:19.268078	2025-03-28 13:23:12.681	CF7A	2025-03-20 17:16:18.178	\N	wq	qweqw	AL	AL-41	56	\N	f	\N	\N	\N	0	\N	6
19	\N	\N	f	$2b$10$x7h8LH/NkZHCYH0jdSsLO.Vx6lk7GNmact710/L7BfpYCZixCej6K	2	2025-06-03 13:20:38.666803	2025-06-03 13:20:39.045909	\N	7443	2025-06-03 13:20:38.658	\N	FloorWalk		IN	IN-10	27160	\N	f	\N	\N	\N	0	\N	\N
6	\N	\N	f	$2b$10$lM650l4H7Ig8Ij15KQVT9OMECRHq201NIDSH68jNhaEEG5msEScTa	2	2025-03-19 08:34:06.67474	2025-05-20 08:53:41.488713	\N	8B4C	2025-03-19 08:34:06.673	\N	Google	\N	HU	HU-20	25668	\N	f	\N	\N	\N	0	\N	\N
12	\N	\N	f	$2b$10$CHpjH7w9RnTOhOJA1n9UCe7nUMBaeTTA9eNEDQ/s2iZI7Dc5iXHUq	2	2025-03-21 07:29:41.802792	2025-03-24 11:13:18.85867	\N	16EE	2025-03-21 07:29:41.798	\N	Test	\N	AI	AI-00	51	\N	f	\N	\N	\N	0	\N	\N
18	lenie@gmail.com	00 33 1 42 96 70 00	f	$2b$10$74l9vKNzwszmE03Bc2J9nOLVF8aLxrtQ1nqQKPZnjD/mPDCVbB0W.	1	2025-05-15 04:18:21.18873	2025-06-04 13:55:48.987574	2025-05-15 18:23:03.78	364B	2025-05-15 04:18:21.187	\N	Leni	Abl	FR	FR-A6	17559	\N	f	\N	\N	\N	0	\N	0
1	aakarsh0712@gmail.com	9589941298	f	$2b$10$w0MgVbXAkVNv3C/ETjUNbuF75GtKgohQuZvhtMrw4hy8hhvcVrOfa	1	2025-03-19 08:26:48.922451	2025-06-03 14:19:00.556883	2025-06-03 14:19:00.55	D7D1C0	2025-06-03 14:19:00.55	\N	Demo Aakarsh	Floorwalk	IO	RU-48	36557	\N	f	\N	\N	\N	0	\N	5.916666666666667
5	shop2@gmail.com	6786960235	f	$2b$10$L2Ml7Y/AqcM5T5CgaiWEgupqa8mPwjoTSjEeqY7WFBHy9bvjp6NkW	1	2025-03-19 08:31:27.496895	2025-06-04 16:22:39.981473	2025-06-04 16:22:39.967	AC5E	2025-03-19 08:31:27.49	\N	Lev	Tolstoy	US	US-AL	39998	\N	f	\N	\N	\N	0	\N	3.6666666666666665
21	pooja.satfale@floorwalk.in	919691169469	f	$2b$10$0YOiGEhxvVMEQczPtjTrWOyJPK3wMsK8doL5RITjoqVubCvH6cH6O	6	2025-06-04 09:51:13.082287	2025-06-04 09:53:21.721039	2025-06-04 09:53:21.718	661E	2025-06-04 09:51:13.077	\N	Aakarsh 	FloorWalk	IN	IN-10	27160	\N	f	\N	\N	\N	0	\N	\N
7	sheduler@gmail.com	14345435345	f	$2b$10$TDALRn9HmKRp/OyxPSMZe.oZLgbD52FG6EPmL7fg/uzTw54aoPx66	6	2025-03-19 08:52:45.632573	2025-05-29 13:34:32.21829	2025-05-29 13:34:32.213	31CB	2025-03-19 08:52:45.631	\N	Sheduler	Leder	CZ	CZ-79	9826	\N	f	\N	\N	\N	0	\N	\N
20	aakarsh.choudhary@floorwalk.in	919589941298	f	$2b$10$0j0rMYlEWlqFfGgfiEnqkOtlXIHeUAaciDEA2LeG9INQqzML0CKSC	4	2025-06-03 13:24:33.328735	2025-06-04 09:57:05.960944	2025-06-04 09:57:05.955	874FA0	2025-06-04 09:57:05.955	\N	Demo 	User	IN	\N	\N	\N	t	\N	\N	\N	0	\N	\N
10	worker@gmail.com	+13242423233	f	$2b$10$WdEx0CHZ2R0TtNQJChyKyu98teZHfgCeaseFt95PEW5kGvfrzd3MG	4	2025-03-19 09:39:06.218372	2025-05-29 13:35:25.07841	2025-05-29 13:35:25.076	CAAF	2025-03-19 09:39:06.211	\N	Worker	Bob	HU	\N	\N	\N	t	\N	\N	\N	0	\N	\N
4	herczegz@yahoo.com	424323242333	t	$2b$10$72AQ4tCczIMIFdMYHF4bhurAXhhyNQqxMMc4EIvNifoMS0.pX.Ju2	7	2025-03-19 08:29:37.099331	2025-06-04 13:48:00.70802	2025-06-04 13:48:00.701	1175	2025-03-19 08:29:37.097	\N	Zolton	Herczegz	HU	HU-05	25919	\N	f	\N	\N	\N	0	\N	\N
14	rere@gmail.com	6045678989	f	$2b$10$a6MxTA4spSjjc5ntMcWpnukv.tskQGfDLWczCNUDLs1cByxeR7Uom	1	2025-03-26 18:08:56.47286	2025-06-05 03:53:58.185137	2025-06-05 03:53:58.179	7726	2025-03-26 18:08:56.468	\N	jkjk	jkjk	AU	AU-03	2086	\N	f	\N	\N	\N	0	\N	6
\.


--
-- Data for Name: waves; Type: TABLE DATA; Schema: public; Owner: pma
--

COPY public.waves (id, name, created_at, updated_at, client_id, project_id) FROM stdin;
1	05.2025	2025-05-19 17:13:39.081611	2025-05-19 17:13:39.081611	\N	\N
\.


--
-- Data for Name: widget_to_client; Type: TABLE DATA; Schema: public; Owner: pma
--

COPY public.widget_to_client (id, name, filters, widget_id, creation_date, who_created, sort, "position", type) FROM stdin;
34	TXM	{"client_id": 6}	7	2025-04-22 15:33:42.725482	9	1	{"h": 20, "w": 5, "x": 0, "y": 0}	dashboard
6	Action Request	{"client_id": 1, "trend_report": 1}	2	2025-04-10 09:35:42.629932	9	1	{"h": 13, "w": 3, "x": 9, "y": 7}	dashboard
31	EX Index	{"type": "ex", "client_id": 6}	6	2025-04-21 16:05:07.305824	9	1	{"h": 5, "w": 4, "x": 5, "y": 10}	dashboard
68	CJM Widget	{"projects": [{"color": "#d44065", "date_end": "2026-01-01", "date_start": "2024-01-01", "project_id": 12}, {"color": "#2bcc28", "date_end": "2025-05-20", "date_start": "2024-01-02", "project_id": 13}], "client_id": 6}	13	2025-05-19 16:13:47.479279	9	1	{"h": 19, "w": 12, "x": 0, "y": 20}	dashboard
82	dd	{"date_end": "2025-06-04T14:49:07.352Z", "client_id": 6, "comparison": [{"id": "Wed Jun 04 2025", "name": "Comparison 1", "type": "", "left_comparison_type": {"name": "comparison_key_1", "label": "Type", "value": {"id": 1, "type": "select", "label": "Country", "point": "/locations/countries", "value": 1}, "optionLabel": "label"}, "left_comparison_color": {"name": "comparison_color_1", "value": "#cccccc"}, "left_comparison_value": {"name": "comparison_value_1", "type": "select", "label": "Country", "value": {"id": 99, "key": "99Wed Jun 04 2025 17:49:10 GMT+0300 (Восточная Европа, летнее время)", "code": "HU", "name_en": "Hungary", "name_ru": "Венгрия", "name_uk": "Угорщина"}, "optionLabel": "name_en"}, "right_comparison_type": {"name": "comparison_key_2", "label": "Type", "value": null, "optionLabel": "label"}, "right_comparison_color": {"name": "comparison_color_2", "value": "#cccccc"}, "right_comparison_value": {"name": "comparison_value_2", "type": "select", "label": "Country", "value": null, "optionLabel": "name_en"}}], "date_start": "2024-12-31T22:00:00.000Z", "program_id": null, "project_id": null, "date_period": 5, "survey_score": 1, "trend_report": 5}	16	2025-06-04 16:52:40.768959	9	1	{"h": 16, "w": 6, "x": 0, "y": 39}	dashboard
83	Comparison widget	{"date_end": "2025-06-05T07:57:45.289Z", "client_id": 6, "comparison": [{"id": "Thu Jun 05 2025", "name": "Comparison 1", "type": "", "left_comparison_type": {"name": "comparison_key_1", "label": "Type", "value": {"id": 1, "type": "select", "label": "Country", "point": "/locations/countries", "value": 1}, "optionLabel": "label"}, "left_comparison_color": {"name": "comparison_color_1", "value": "#cccccc"}, "left_comparison_value": {"name": "comparison_value_1", "type": "select", "label": "Country", "value": {"id": 99, "key": "99Thu Jun 05 2025 12:13:41 GMT+0400 (GMT+04:00)", "code": "HU", "name_en": "Hungary", "name_ru": "Венгрия", "name_uk": "Угорщина"}, "optionLabel": "name_en"}, "right_comparison_type": {"name": "comparison_key_2", "label": "Type", "value": null, "optionLabel": "label"}, "right_comparison_color": {"name": "comparison_color_2", "value": "#cccccc"}, "right_comparison_value": {"name": "comparison_value_2", "type": "select", "label": "Country", "value": null, "optionLabel": "name_en"}}], "date_start": "2024-12-31T20:00:00.000Z", "program_id": null, "project_id": 12, "date_period": 5, "survey_score": 1, "trend_report": 8}	19	2025-06-05 13:51:48.378506	9	1	{"h": 17, "w": 6, "x": 6, "y": 39}	dashboard
32	UX index	{"type": "ux", "client_id": 6}	6	2025-04-21 16:09:06.122608	9	1	{"h": 5, "w": 4, "x": 5, "y": 5}	dashboard
54	CX Index	{"type": "cx", "client_id": 6}	6	2025-05-02 13:40:32.00635	9	1	{"h": 5, "w": 4, "x": 5, "y": 0}	dashboard
10	Action Request	{"client_id": 1, "trend_report": 1}	1	2025-04-10 10:34:38.299758	9	1	{"h": 7, "w": 3, "x": 9, "y": 0}	dashboard
20	ROX Index	{"client_id": 1, "trend_report": 1}	6	2025-04-11 16:35:32.95001	9	1	{"h": 5, "w": 4, "x": 5, "y": 15}	dashboard
\.


--
-- Data for Name: widgets; Type: TABLE DATA; Schema: public; Owner: pma
--

COPY public.widgets (id, name, component, type) FROM stdin;
1	Action Plan	ActionPlanWidget	0
2	Task calendar	TaskCalendarWidget	0
3	Education result	EducationResultWidget	0
4	Trend report	TrendReportWidget	0
5	Circular	CircularReport	0
6	Line report	LineReportWidget	0
7	TXM	TXMWidget	0
8	Section trend	SectionTrendWidget	0
9	Question trend	QuestionTrendWidget	0
10	BarReportWidget	BarReportWidget	0
12	Trend report XM	XMWidget	1
13	Customer Journey Map	CJMWidget	1
14	Rank linear (question)	RankLinearQuestion	0
15	Rank linear (section)	RankLinearSection	0
16	Questionnaires Statistic	QuestionnairesStatisticsWidget	0
17	Index of questionnaire	IndexQuestionnaireWidget	0
18	Index of questionnaire by location	QuestionnaireByLocationWidget	0
19	Comparison by questionnaire	ComparisonQuestionnaireWidget	0
\.


--
-- Name: actions_id_seq; Type: SEQUENCE SET; Schema: public; Owner: pma
--

SELECT pg_catalog.setval('public.actions_id_seq', 11, true);


--
-- Name: ai_provider_scenarios_id_seq; Type: SEQUENCE SET; Schema: public; Owner: pma
--

SELECT pg_catalog.setval('public.ai_provider_scenarios_id_seq', 2, true);


--
-- Name: ai_providers_id_seq; Type: SEQUENCE SET; Schema: public; Owner: pma
--

SELECT pg_catalog.setval('public.ai_providers_id_seq', 1, true);


--
-- Name: ai_scenarios_correct_id_seq; Type: SEQUENCE SET; Schema: public; Owner: pma
--

SELECT pg_catalog.setval('public.ai_scenarios_correct_id_seq', 1, false);


--
-- Name: ai_train_examples_id_seq; Type: SEQUENCE SET; Schema: public; Owner: pma
--

SELECT pg_catalog.setval('public.ai_train_examples_id_seq', 1, false);


--
-- Name: ai_trains_id_seq; Type: SEQUENCE SET; Schema: public; Owner: pma
--

SELECT pg_catalog.setval('public.ai_trains_id_seq', 1, false);


--
-- Name: appeals_id_seq; Type: SEQUENCE SET; Schema: public; Owner: pma
--

SELECT pg_catalog.setval('public.appeals_id_seq', 16, true);


--
-- Name: appeals_setting_id_seq; Type: SEQUENCE SET; Schema: public; Owner: pma
--

SELECT pg_catalog.setval('public.appeals_setting_id_seq', 4, true);


--
-- Name: bonus_system_id_seq; Type: SEQUENCE SET; Schema: public; Owner: pma
--

SELECT pg_catalog.setval('public.bonus_system_id_seq', 1, false);


--
-- Name: bonus_system_location_link_id_seq; Type: SEQUENCE SET; Schema: public; Owner: pma
--

SELECT pg_catalog.setval('public.bonus_system_location_link_id_seq', 1, false);


--
-- Name: cities_id_seq; Type: SEQUENCE SET; Schema: public; Owner: pma
--

SELECT pg_catalog.setval('public.cities_id_seq', 112651, true);


--
-- Name: client_competitors_id_seq; Type: SEQUENCE SET; Schema: public; Owner: pma
--

SELECT pg_catalog.setval('public.client_competitors_id_seq', 1, false);


--
-- Name: client_subdivisions_id_seq; Type: SEQUENCE SET; Schema: public; Owner: pma
--

SELECT pg_catalog.setval('public.client_subdivisions_id_seq', 12, true);


--
-- Name: communication_action_group_id_seq; Type: SEQUENCE SET; Schema: public; Owner: pma
--

SELECT pg_catalog.setval('public.communication_action_group_id_seq', 1, false);


--
-- Name: communication_action_role_id_seq; Type: SEQUENCE SET; Schema: public; Owner: pma
--

SELECT pg_catalog.setval('public.communication_action_role_id_seq', 1, false);


--
-- Name: communication_action_users_id_seq; Type: SEQUENCE SET; Schema: public; Owner: pma
--

SELECT pg_catalog.setval('public.communication_action_users_id_seq', 1, false);


--
-- Name: communication_chanel_users_id_seq; Type: SEQUENCE SET; Schema: public; Owner: pma
--

SELECT pg_catalog.setval('public.communication_chanel_users_id_seq', 4, true);


--
-- Name: communication_templates_id_seq; Type: SEQUENCE SET; Schema: public; Owner: pma
--

SELECT pg_catalog.setval('public.communication_templates_id_seq', 8, true);


--
-- Name: communications_id_seq; Type: SEQUENCE SET; Schema: public; Owner: pma
--

SELECT pg_catalog.setval('public.communications_id_seq', 4, true);


--
-- Name: competitor_link_id_seq; Type: SEQUENCE SET; Schema: public; Owner: pma
--

SELECT pg_catalog.setval('public.competitor_link_id_seq', 25, true);


--
-- Name: competitors_id_seq; Type: SEQUENCE SET; Schema: public; Owner: pma
--

SELECT pg_catalog.setval('public.competitors_id_seq', 2, true);


--
-- Name: countries_id_seq; Type: SEQUENCE SET; Schema: public; Owner: pma
--

SELECT pg_catalog.setval('public.countries_id_seq', 246, true);


--
-- Name: country_payment_link_id_seq; Type: SEQUENCE SET; Schema: public; Owner: pma
--

SELECT pg_catalog.setval('public.country_payment_link_id_seq', 1, false);


--
-- Name: file_manager_access_id_seq; Type: SEQUENCE SET; Schema: public; Owner: pma
--

SELECT pg_catalog.setval('public.file_manager_access_id_seq', 159, true);


--
-- Name: file_manager_folder_links_id_seq; Type: SEQUENCE SET; Schema: public; Owner: pma
--

SELECT pg_catalog.setval('public.file_manager_folder_links_id_seq', 1, false);


--
-- Name: file_manager_folders_id_seq; Type: SEQUENCE SET; Schema: public; Owner: pma
--

SELECT pg_catalog.setval('public.file_manager_folders_id_seq', 1, false);


--
-- Name: file_manager_id_seq; Type: SEQUENCE SET; Schema: public; Owner: pma
--

SELECT pg_catalog.setval('public.file_manager_id_seq', 159, true);


--
-- Name: file_manager_provider_id_seq; Type: SEQUENCE SET; Schema: public; Owner: pma
--

SELECT pg_catalog.setval('public.file_manager_provider_id_seq', 1, false);


--
-- Name: file_manager_public_link_id_seq; Type: SEQUENCE SET; Schema: public; Owner: pma
--

SELECT pg_catalog.setval('public.file_manager_public_link_id_seq', 1, false);


--
-- Name: file_manager_user_provider_id_seq; Type: SEQUENCE SET; Schema: public; Owner: pma
--

SELECT pg_catalog.setval('public.file_manager_user_provider_id_seq', 1, false);


--
-- Name: group_user_link_id_seq; Type: SEQUENCE SET; Schema: public; Owner: pma
--

SELECT pg_catalog.setval('public.group_user_link_id_seq', 7, true);


--
-- Name: groups_id_seq; Type: SEQUENCE SET; Schema: public; Owner: pma
--

SELECT pg_catalog.setval('public.groups_id_seq', 8, true);


--
-- Name: imports_id_seq; Type: SEQUENCE SET; Schema: public; Owner: pma
--

SELECT pg_catalog.setval('public.imports_id_seq', 19, true);


--
-- Name: location_categories_id_seq; Type: SEQUENCE SET; Schema: public; Owner: pma
--

SELECT pg_catalog.setval('public.location_categories_id_seq', 2, true);


--
-- Name: location_category_filling_id_seq; Type: SEQUENCE SET; Schema: public; Owner: pma
--

SELECT pg_catalog.setval('public.location_category_filling_id_seq', 150, true);


--
-- Name: location_category_options_id_seq; Type: SEQUENCE SET; Schema: public; Owner: pma
--

SELECT pg_catalog.setval('public.location_category_options_id_seq', 3, true);


--
-- Name: location_category_relations_id_seq; Type: SEQUENCE SET; Schema: public; Owner: pma
--

SELECT pg_catalog.setval('public.location_category_relations_id_seq', 1, false);


--
-- Name: location_category_values_id_seq; Type: SEQUENCE SET; Schema: public; Owner: pma
--

SELECT pg_catalog.setval('public.location_category_values_id_seq', 5, true);


--
-- Name: location_execution_access_id_seq; Type: SEQUENCE SET; Schema: public; Owner: pma
--

SELECT pg_catalog.setval('public.location_execution_access_id_seq', 7, true);


--
-- Name: location_execution_assessment_link_id_seq; Type: SEQUENCE SET; Schema: public; Owner: pma
--

SELECT pg_catalog.setval('public.location_execution_assessment_link_id_seq', 23, true);


--
-- Name: location_execution_bonus_links_id_seq; Type: SEQUENCE SET; Schema: public; Owner: pma
--

SELECT pg_catalog.setval('public.location_execution_bonus_links_id_seq', 1, false);


--
-- Name: location_execution_id_seq; Type: SEQUENCE SET; Schema: public; Owner: pma
--

SELECT pg_catalog.setval('public.location_execution_id_seq', 13, true);


--
-- Name: location_execution_instructions_id_seq; Type: SEQUENCE SET; Schema: public; Owner: pma
--

SELECT pg_catalog.setval('public.location_execution_instructions_id_seq', 19, true);


--
-- Name: location_execution_location_link_id_seq; Type: SEQUENCE SET; Schema: public; Owner: pma
--

SELECT pg_catalog.setval('public.location_execution_location_link_id_seq', 64, true);


--
-- Name: location_execution_manager_link_id_seq; Type: SEQUENCE SET; Schema: public; Owner: pma
--

SELECT pg_catalog.setval('public.location_execution_manager_link_id_seq', 1, false);


--
-- Name: location_execution_questionnaire_link_id_seq; Type: SEQUENCE SET; Schema: public; Owner: pma
--

SELECT pg_catalog.setval('public.location_execution_questionnaire_link_id_seq', 101, true);


--
-- Name: location_execution_type_id_seq; Type: SEQUENCE SET; Schema: public; Owner: pma
--

SELECT pg_catalog.setval('public.location_execution_type_id_seq', 6, true);


--
-- Name: location_execution_type_link_id_seq; Type: SEQUENCE SET; Schema: public; Owner: pma
--

SELECT pg_catalog.setval('public.location_execution_type_link_id_seq', 29, true);


--
-- Name: location_execution_user_group_link_id_seq; Type: SEQUENCE SET; Schema: public; Owner: pma
--

SELECT pg_catalog.setval('public.location_execution_user_group_link_id_seq', 1, false);


--
-- Name: location_execution_validator_link_id_seq; Type: SEQUENCE SET; Schema: public; Owner: pma
--

SELECT pg_catalog.setval('public.location_execution_validator_link_id_seq', 23, true);


--
-- Name: location_group_links_id_seq; Type: SEQUENCE SET; Schema: public; Owner: pma
--

SELECT pg_catalog.setval('public.location_group_links_id_seq', 1, false);


--
-- Name: location_group_parent_link_id_seq; Type: SEQUENCE SET; Schema: public; Owner: pma
--

SELECT pg_catalog.setval('public.location_group_parent_link_id_seq', 1, false);


--
-- Name: location_group_user_link_id_seq; Type: SEQUENCE SET; Schema: public; Owner: pma
--

SELECT pg_catalog.setval('public.location_group_user_link_id_seq', 1, false);


--
-- Name: location_groups_id_seq; Type: SEQUENCE SET; Schema: public; Owner: pma
--

SELECT pg_catalog.setval('public.location_groups_id_seq', 1, false);


--
-- Name: location_status_id_seq; Type: SEQUENCE SET; Schema: public; Owner: pma
--

SELECT pg_catalog.setval('public.location_status_id_seq', 1, false);


--
-- Name: location_user_id_seq; Type: SEQUENCE SET; Schema: public; Owner: pma
--

SELECT pg_catalog.setval('public.location_user_id_seq', 1, false);


--
-- Name: locations_id_seq; Type: SEQUENCE SET; Schema: public; Owner: pma
--

SELECT pg_catalog.setval('public.locations_id_seq', 9, true);


--
-- Name: migrations_id_seq; Type: SEQUENCE SET; Schema: public; Owner: pma
--

SELECT pg_catalog.setval('public.migrations_id_seq', 272, true);


--
-- Name: mystery_shopper_visit_id_seq; Type: SEQUENCE SET; Schema: public; Owner: pma
--

SELECT pg_catalog.setval('public.mystery_shopper_visit_id_seq', 1, false);


--
-- Name: program_type_access_id_seq; Type: SEQUENCE SET; Schema: public; Owner: pma
--

SELECT pg_catalog.setval('public.program_type_access_id_seq', 1, true);


--
-- Name: program_type_id_seq; Type: SEQUENCE SET; Schema: public; Owner: pma
--

SELECT pg_catalog.setval('public.program_type_id_seq', 4, true);


--
-- Name: program_type_intensive_id_seq; Type: SEQUENCE SET; Schema: public; Owner: pma
--

SELECT pg_catalog.setval('public.program_type_intensive_id_seq', 9, true);


--
-- Name: program_type_questionnaire_links_id_seq; Type: SEQUENCE SET; Schema: public; Owner: pma
--

SELECT pg_catalog.setval('public.program_type_questionnaire_links_id_seq', 107, true);


--
-- Name: questionnaire_answer_histories_id_seq; Type: SEQUENCE SET; Schema: public; Owner: pma
--

SELECT pg_catalog.setval('public.questionnaire_answer_histories_id_seq', 121, true);


--
-- Name: questionnaire_answer_link_status_id_seq; Type: SEQUENCE SET; Schema: public; Owner: pma
--

SELECT pg_catalog.setval('public.questionnaire_answer_link_status_id_seq', 289, true);


--
-- Name: questionnaire_answer_links_id_seq; Type: SEQUENCE SET; Schema: public; Owner: pma
--

SELECT pg_catalog.setval('public.questionnaire_answer_links_id_seq', 570, true);


--
-- Name: questionnaire_answer_statistics_id_seq; Type: SEQUENCE SET; Schema: public; Owner: pma
--

SELECT pg_catalog.setval('public.questionnaire_answer_statistics_id_seq', 2633, true);


--
-- Name: questionnaire_answer_validator_comment_id_seq; Type: SEQUENCE SET; Schema: public; Owner: pma
--

SELECT pg_catalog.setval('public.questionnaire_answer_validator_comment_id_seq', 1, false);


--
-- Name: questionnaire_answers_id_seq; Type: SEQUENCE SET; Schema: public; Owner: pma
--

SELECT pg_catalog.setval('public.questionnaire_answers_id_seq', 883, true);


--
-- Name: questionnaire_mistakes_id_seq; Type: SEQUENCE SET; Schema: public; Owner: pma
--

SELECT pg_catalog.setval('public.questionnaire_mistakes_id_seq', 17, true);


--
-- Name: questionnaire_mistakes_links_id_seq; Type: SEQUENCE SET; Schema: public; Owner: pma
--

SELECT pg_catalog.setval('public.questionnaire_mistakes_links_id_seq', 68, true);


--
-- Name: questionnaire_question_options_id_seq; Type: SEQUENCE SET; Schema: public; Owner: pma
--

SELECT pg_catalog.setval('public.questionnaire_question_options_id_seq', 367, true);


--
-- Name: questionnaire_questions_id_seq; Type: SEQUENCE SET; Schema: public; Owner: pma
--

SELECT pg_catalog.setval('public.questionnaire_questions_id_seq', 150, true);


--
-- Name: questionnaire_sections_id_seq; Type: SEQUENCE SET; Schema: public; Owner: pma
--

SELECT pg_catalog.setval('public.questionnaire_sections_id_seq', 46, true);


--
-- Name: questionnaires_id_seq; Type: SEQUENCE SET; Schema: public; Owner: pma
--

SELECT pg_catalog.setval('public.questionnaires_id_seq', 24, true);


--
-- Name: regions_id_seq; Type: SEQUENCE SET; Schema: public; Owner: pma
--

SELECT pg_catalog.setval('public.regions_id_seq', 4114, true);


--
-- Name: role_action_link_id_seq; Type: SEQUENCE SET; Schema: public; Owner: pma
--

SELECT pg_catalog.setval('public.role_action_link_id_seq', 1, false);


--
-- Name: role_actions_id_seq; Type: SEQUENCE SET; Schema: public; Owner: pma
--

SELECT pg_catalog.setval('public.role_actions_id_seq', 1, false);


--
-- Name: role_rules_id_seq; Type: SEQUENCE SET; Schema: public; Owner: pma
--

SELECT pg_catalog.setval('public.role_rules_id_seq', 17238, true);


--
-- Name: role_user_link_id_seq; Type: SEQUENCE SET; Schema: public; Owner: pma
--

SELECT pg_catalog.setval('public.role_user_link_id_seq', 21, true);


--
-- Name: roles_id_seq; Type: SEQUENCE SET; Schema: public; Owner: pma
--

SELECT pg_catalog.setval('public.roles_id_seq', 8, true);


--
-- Name: scheduling_shops_id_seq; Type: SEQUENCE SET; Schema: public; Owner: pma
--

SELECT pg_catalog.setval('public.scheduling_shops_id_seq', 118, true);


--
-- Name: shop_applications_id_seq; Type: SEQUENCE SET; Schema: public; Owner: pma
--

SELECT pg_catalog.setval('public.shop_applications_id_seq', 122, true);


--
-- Name: status_changes_id_seq; Type: SEQUENCE SET; Schema: public; Owner: pma
--

SELECT pg_catalog.setval('public.status_changes_id_seq', 4, true);


--
-- Name: user_city_access_id_seq; Type: SEQUENCE SET; Schema: public; Owner: pma
--

SELECT pg_catalog.setval('public.user_city_access_id_seq', 10, true);


--
-- Name: user_client_access_id_seq; Type: SEQUENCE SET; Schema: public; Owner: pma
--

SELECT pg_catalog.setval('public.user_client_access_id_seq', 1, true);


--
-- Name: user_client_xm_statistics_id_seq; Type: SEQUENCE SET; Schema: public; Owner: pma
--

SELECT pg_catalog.setval('public.user_client_xm_statistics_id_seq', 17, true);


--
-- Name: user_clients_id_seq; Type: SEQUENCE SET; Schema: public; Owner: pma
--

SELECT pg_catalog.setval('public.user_clients_id_seq', 6, true);


--
-- Name: user_comments_id_seq; Type: SEQUENCE SET; Schema: public; Owner: pma
--

SELECT pg_catalog.setval('public.user_comments_id_seq', 1, false);


--
-- Name: user_country_access_id_seq; Type: SEQUENCE SET; Schema: public; Owner: pma
--

SELECT pg_catalog.setval('public.user_country_access_id_seq', 15, true);


--
-- Name: user_favorites_id_seq; Type: SEQUENCE SET; Schema: public; Owner: pma
--

SELECT pg_catalog.setval('public.user_favorites_id_seq', 5, true);


--
-- Name: user_handbook_filling_id_seq; Type: SEQUENCE SET; Schema: public; Owner: pma
--

SELECT pg_catalog.setval('public.user_handbook_filling_id_seq', 45, true);


--
-- Name: user_handbook_group_id_seq; Type: SEQUENCE SET; Schema: public; Owner: pma
--

SELECT pg_catalog.setval('public.user_handbook_group_id_seq', 7, true);


--
-- Name: user_handbook_id_seq; Type: SEQUENCE SET; Schema: public; Owner: pma
--

SELECT pg_catalog.setval('public.user_handbook_id_seq', 41, true);


--
-- Name: user_handbook_link_id_seq; Type: SEQUENCE SET; Schema: public; Owner: pma
--

SELECT pg_catalog.setval('public.user_handbook_link_id_seq', 37, true);


--
-- Name: user_handbook_value_id_seq; Type: SEQUENCE SET; Schema: public; Owner: pma
--

SELECT pg_catalog.setval('public.user_handbook_value_id_seq', 203, true);


--
-- Name: user_integrations_id_seq; Type: SEQUENCE SET; Schema: public; Owner: pma
--

SELECT pg_catalog.setval('public.user_integrations_id_seq', 1, false);


--
-- Name: user_location_access_id_seq; Type: SEQUENCE SET; Schema: public; Owner: pma
--

SELECT pg_catalog.setval('public.user_location_access_id_seq', 8, true);


--
-- Name: user_notes_id_seq; Type: SEQUENCE SET; Schema: public; Owner: pma
--

SELECT pg_catalog.setval('public.user_notes_id_seq', 1, false);


--
-- Name: user_notifications_id_seq; Type: SEQUENCE SET; Schema: public; Owner: pma
--

SELECT pg_catalog.setval('public.user_notifications_id_seq', 36, true);


--
-- Name: user_payment_methods_id_seq; Type: SEQUENCE SET; Schema: public; Owner: pma
--

SELECT pg_catalog.setval('public.user_payment_methods_id_seq', 1, false);


--
-- Name: user_payments_data_id_seq; Type: SEQUENCE SET; Schema: public; Owner: pma
--

SELECT pg_catalog.setval('public.user_payments_data_id_seq', 1, false);


--
-- Name: user_region_access_id_seq; Type: SEQUENCE SET; Schema: public; Owner: pma
--

SELECT pg_catalog.setval('public.user_region_access_id_seq', 2, true);


--
-- Name: user_settings_id_seq; Type: SEQUENCE SET; Schema: public; Owner: pma
--

SELECT pg_catalog.setval('public.user_settings_id_seq', 14, true);


--
-- Name: user_worker_feedback_id_seq; Type: SEQUENCE SET; Schema: public; Owner: pma
--

SELECT pg_catalog.setval('public.user_worker_feedback_id_seq', 3, true);


--
-- Name: user_worker_groups_id_seq; Type: SEQUENCE SET; Schema: public; Owner: pma
--

SELECT pg_catalog.setval('public.user_worker_groups_id_seq', 1, true);


--
-- Name: user_worker_task_id_seq; Type: SEQUENCE SET; Schema: public; Owner: pma
--

SELECT pg_catalog.setval('public.user_worker_task_id_seq', 13, true);


--
-- Name: user_workers_id_seq; Type: SEQUENCE SET; Schema: public; Owner: pma
--

SELECT pg_catalog.setval('public.user_workers_id_seq', 3, true);


--
-- Name: users_id_seq; Type: SEQUENCE SET; Schema: public; Owner: pma
--

SELECT pg_catalog.setval('public.users_id_seq', 21, true);


--
-- Name: waves_id_seq; Type: SEQUENCE SET; Schema: public; Owner: pma
--

SELECT pg_catalog.setval('public.waves_id_seq', 1, true);


--
-- Name: widget_to_client_id_seq; Type: SEQUENCE SET; Schema: public; Owner: pma
--

SELECT pg_catalog.setval('public.widget_to_client_id_seq', 83, true);


--
-- Name: widgets_id_seq; Type: SEQUENCE SET; Schema: public; Owner: pma
--

SELECT pg_catalog.setval('public.widgets_id_seq', 19, true);


--
-- Name: user_settings PK_00f004f5922a0744d174530d639; Type: CONSTRAINT; Schema: public; Owner: pma
--

ALTER TABLE ONLY public.user_settings
    ADD CONSTRAINT "PK_00f004f5922a0744d174530d639" PRIMARY KEY (id);


--
-- Name: location_category_values PK_01ea9b5ecddaf9453f92897437a; Type: CONSTRAINT; Schema: public; Owner: pma
--

ALTER TABLE ONLY public.location_category_values
    ADD CONSTRAINT "PK_01ea9b5ecddaf9453f92897437a" PRIMARY KEY (id);


--
-- Name: location_execution_validator_link PK_02578a8d361603059b3650521a3; Type: CONSTRAINT; Schema: public; Owner: pma
--

ALTER TABLE ONLY public.location_execution_validator_link
    ADD CONSTRAINT "PK_02578a8d361603059b3650521a3" PRIMARY KEY (id);


--
-- Name: location_execution_access PK_06421e9620d318a16cf764ff268; Type: CONSTRAINT; Schema: public; Owner: pma
--

ALTER TABLE ONLY public.location_execution_access
    ADD CONSTRAINT "PK_06421e9620d318a16cf764ff268" PRIMARY KEY (id);


--
-- Name: location_category_relations PK_109a0d19770187f0c2b3f52ee3d; Type: CONSTRAINT; Schema: public; Owner: pma
--

ALTER TABLE ONLY public.location_category_relations
    ADD CONSTRAINT "PK_109a0d19770187f0c2b3f52ee3d" PRIMARY KEY (id);


--
-- Name: location_execution_user_group_link PK_17a539acebc5e4e2e78ea51ab45; Type: CONSTRAINT; Schema: public; Owner: pma
--

ALTER TABLE ONLY public.location_execution_user_group_link
    ADD CONSTRAINT "PK_17a539acebc5e4e2e78ea51ab45" PRIMARY KEY (id);


--
-- Name: user_handbook_group PK_1c6f944f7b1dfe0b6d290917f69; Type: CONSTRAINT; Schema: public; Owner: pma
--

ALTER TABLE ONLY public.user_handbook_group
    ADD CONSTRAINT "PK_1c6f944f7b1dfe0b6d290917f69" PRIMARY KEY (id);


--
-- Name: questionnaire_answer_validator_comment PK_1d4e7f9e79de253af2c9cf590d9; Type: CONSTRAINT; Schema: public; Owner: pma
--

ALTER TABLE ONLY public.questionnaire_answer_validator_comment
    ADD CONSTRAINT "PK_1d4e7f9e79de253af2c9cf590d9" PRIMARY KEY (id);


--
-- Name: file_manager_folders PK_229c742f236b237353ee3d9adc8; Type: CONSTRAINT; Schema: public; Owner: pma
--

ALTER TABLE ONLY public.file_manager_folders
    ADD CONSTRAINT "PK_229c742f236b237353ee3d9adc8" PRIMARY KEY (id);


--
-- Name: location_groups PK_28b724510af407838c620b6b9fc; Type: CONSTRAINT; Schema: public; Owner: pma
--

ALTER TABLE ONLY public.location_groups
    ADD CONSTRAINT "PK_28b724510af407838c620b6b9fc" PRIMARY KEY (id);


--
-- Name: communications PK_29ec793018d5d5ca19d40149e87; Type: CONSTRAINT; Schema: public; Owner: pma
--

ALTER TABLE ONLY public.communications
    ADD CONSTRAINT "PK_29ec793018d5d5ca19d40149e87" PRIMARY KEY (id);


--
-- Name: shop_applications PK_2b1ee1c5f1089c0fe397731eb66; Type: CONSTRAINT; Schema: public; Owner: pma
--

ALTER TABLE ONLY public.shop_applications
    ADD CONSTRAINT "PK_2b1ee1c5f1089c0fe397731eb66" PRIMARY KEY (id);


--
-- Name: ai_train_examples PK_2bb037df788a548839e2f847f22; Type: CONSTRAINT; Schema: public; Owner: pma
--

ALTER TABLE ONLY public.ai_train_examples
    ADD CONSTRAINT "PK_2bb037df788a548839e2f847f22" PRIMARY KEY (id);


--
-- Name: user_comments PK_2d1437dfa86fd64a7a784cd95a8; Type: CONSTRAINT; Schema: public; Owner: pma
--

ALTER TABLE ONLY public.user_comments
    ADD CONSTRAINT "PK_2d1437dfa86fd64a7a784cd95a8" PRIMARY KEY (id);


--
-- Name: appeals_setting PK_315358882c59623fa0812502655; Type: CONSTRAINT; Schema: public; Owner: pma
--

ALTER TABLE ONLY public.appeals_setting
    ADD CONSTRAINT "PK_315358882c59623fa0812502655" PRIMARY KEY (id);


--
-- Name: user_client_xm_statistics PK_31638af52eb3f01cac31e7428fb; Type: CONSTRAINT; Schema: public; Owner: pma
--

ALTER TABLE ONLY public.user_client_xm_statistics
    ADD CONSTRAINT "PK_31638af52eb3f01cac31e7428fb" PRIMARY KEY (id);


--
-- Name: questionnaire_answers PK_353fef8e031908634816fa91fd2; Type: CONSTRAINT; Schema: public; Owner: pma
--

ALTER TABLE ONLY public.questionnaire_answers
    ADD CONSTRAINT "PK_353fef8e031908634816fa91fd2" PRIMARY KEY (id);


--
-- Name: client_subdivisions PK_3ba25e44debfad2162263195716; Type: CONSTRAINT; Schema: public; Owner: pma
--

ALTER TABLE ONLY public.client_subdivisions
    ADD CONSTRAINT "PK_3ba25e44debfad2162263195716" PRIMARY KEY (id);


--
-- Name: user_payment_methods PK_3baaffbd29bfd03e2c9e9a1fd24; Type: CONSTRAINT; Schema: public; Owner: pma
--

ALTER TABLE ONLY public.user_payment_methods
    ADD CONSTRAINT "PK_3baaffbd29bfd03e2c9e9a1fd24" PRIMARY KEY (id);


--
-- Name: questionnaire_sections PK_3be4de6403d5f62f5f011923cb7; Type: CONSTRAINT; Schema: public; Owner: pma
--

ALTER TABLE ONLY public.questionnaire_sections
    ADD CONSTRAINT "PK_3be4de6403d5f62f5f011923cb7" PRIMARY KEY (id);


--
-- Name: file_manager_provider PK_3efc546e67f55a37fbf9adc4faa; Type: CONSTRAINT; Schema: public; Owner: pma
--

ALTER TABLE ONLY public.file_manager_provider
    ADD CONSTRAINT "PK_3efc546e67f55a37fbf9adc4faa" PRIMARY KEY (id);


--
-- Name: program_type_access PK_41ffbe61abd198237d0957dfe3d; Type: CONSTRAINT; Schema: public; Owner: pma
--

ALTER TABLE ONLY public.program_type_access
    ADD CONSTRAINT "PK_41ffbe61abd198237d0957dfe3d" PRIMARY KEY (id);


--
-- Name: location_execution_instructions PK_436ff69465af4fd9a55b3b4f5e4; Type: CONSTRAINT; Schema: public; Owner: pma
--

ALTER TABLE ONLY public.location_execution_instructions
    ADD CONSTRAINT "PK_436ff69465af4fd9a55b3b4f5e4" PRIMARY KEY (id);


--
-- Name: location_execution PK_442b50b56f3d06ce658e5ffe22d; Type: CONSTRAINT; Schema: public; Owner: pma
--

ALTER TABLE ONLY public.location_execution
    ADD CONSTRAINT "PK_442b50b56f3d06ce658e5ffe22d" PRIMARY KEY (id);


--
-- Name: program_type_questionnaire_links PK_467b4879b632e5cfbefb42c77ff; Type: CONSTRAINT; Schema: public; Owner: pma
--

ALTER TABLE ONLY public.program_type_questionnaire_links
    ADD CONSTRAINT "PK_467b4879b632e5cfbefb42c77ff" PRIMARY KEY (id);


--
-- Name: user_handbook_link PK_46b05c7f3a46203a08e0f97abf0; Type: CONSTRAINT; Schema: public; Owner: pma
--

ALTER TABLE ONLY public.user_handbook_link
    ADD CONSTRAINT "PK_46b05c7f3a46203a08e0f97abf0" PRIMARY KEY (id);


--
-- Name: program_type_intensive PK_4a106a053fe2b2b6d392daa3dcd; Type: CONSTRAINT; Schema: public; Owner: pma
--

ALTER TABLE ONLY public.program_type_intensive
    ADD CONSTRAINT "PK_4a106a053fe2b2b6d392daa3dcd" PRIMARY KEY (id);


--
-- Name: role_rules PK_4a1d1980852b67db5b8dcbc8e6e; Type: CONSTRAINT; Schema: public; Owner: pma
--

ALTER TABLE ONLY public.role_rules
    ADD CONSTRAINT "PK_4a1d1980852b67db5b8dcbc8e6e" PRIMARY KEY (id);


--
-- Name: location_categories PK_4e48dc4790629f70bbc060c46be; Type: CONSTRAINT; Schema: public; Owner: pma
--

ALTER TABLE ONLY public.location_categories
    ADD CONSTRAINT "PK_4e48dc4790629f70bbc060c46be" PRIMARY KEY (id);


--
-- Name: competitor_link PK_4ebfc1e74c1d5a1c4348a51c800; Type: CONSTRAINT; Schema: public; Owner: pma
--

ALTER TABLE ONLY public.competitor_link
    ADD CONSTRAINT "PK_4ebfc1e74c1d5a1c4348a51c800" PRIMARY KEY (id);


--
-- Name: questionnaire_questions PK_522868371a7e3e08cbd044d71b5; Type: CONSTRAINT; Schema: public; Owner: pma
--

ALTER TABLE ONLY public.questionnaire_questions
    ADD CONSTRAINT "PK_522868371a7e3e08cbd044d71b5" PRIMARY KEY (id);


--
-- Name: client_competitors PK_5553c4d1d6e2085d6c1a779b019; Type: CONSTRAINT; Schema: public; Owner: pma
--

ALTER TABLE ONLY public.client_competitors
    ADD CONSTRAINT "PK_5553c4d1d6e2085d6c1a779b019" PRIMARY KEY (id);


--
-- Name: user_notifications PK_569622b0fd6e6ab3661de985a2b; Type: CONSTRAINT; Schema: public; Owner: pma
--

ALTER TABLE ONLY public.user_notifications
    ADD CONSTRAINT "PK_569622b0fd6e6ab3661de985a2b" PRIMARY KEY (id);


--
-- Name: user_handbook_filling PK_5744e44b1c265c5cbbc95b7b2a5; Type: CONSTRAINT; Schema: public; Owner: pma
--

ALTER TABLE ONLY public.user_handbook_filling
    ADD CONSTRAINT "PK_5744e44b1c265c5cbbc95b7b2a5" PRIMARY KEY (id);


--
-- Name: questionnaire_answer_histories PK_5a2d2c52eaf9ab19af1a0705b96; Type: CONSTRAINT; Schema: public; Owner: pma
--

ALTER TABLE ONLY public.questionnaire_answer_histories
    ADD CONSTRAINT "PK_5a2d2c52eaf9ab19af1a0705b96" PRIMARY KEY (id);


--
-- Name: role_user_link PK_5a40e2449b87daa0c25fe814672; Type: CONSTRAINT; Schema: public; Owner: pma
--

ALTER TABLE ONLY public.role_user_link
    ADD CONSTRAINT "PK_5a40e2449b87daa0c25fe814672" PRIMARY KEY (id);


--
-- Name: role_actions PK_5ee58f1e3c6236c691f190e0781; Type: CONSTRAINT; Schema: public; Owner: pma
--

ALTER TABLE ONLY public.role_actions
    ADD CONSTRAINT "PK_5ee58f1e3c6236c691f190e0781" PRIMARY KEY (id);


--
-- Name: questionnaire_answer_links PK_60e93cdb40c8336ed3b177aa56c; Type: CONSTRAINT; Schema: public; Owner: pma
--

ALTER TABLE ONLY public.questionnaire_answer_links
    ADD CONSTRAINT "PK_60e93cdb40c8336ed3b177aa56c" PRIMARY KEY (id);


--
-- Name: user_location_access PK_6386b96e3a0c528f40149887d80; Type: CONSTRAINT; Schema: public; Owner: pma
--

ALTER TABLE ONLY public.user_location_access
    ADD CONSTRAINT "PK_6386b96e3a0c528f40149887d80" PRIMARY KEY (id);


--
-- Name: groups PK_659d1483316afb28afd3a90646e; Type: CONSTRAINT; Schema: public; Owner: pma
--

ALTER TABLE ONLY public.groups
    ADD CONSTRAINT "PK_659d1483316afb28afd3a90646e" PRIMARY KEY (id);


--
-- Name: communication_action_role PK_65c9dfb287d7dc82e83cc79756a; Type: CONSTRAINT; Schema: public; Owner: pma
--

ALTER TABLE ONLY public.communication_action_role
    ADD CONSTRAINT "PK_65c9dfb287d7dc82e83cc79756a" PRIMARY KEY (id);


--
-- Name: questionnaire_mistakes_links PK_67f38d8e2f5e6980418f39325ec; Type: CONSTRAINT; Schema: public; Owner: pma
--

ALTER TABLE ONLY public.questionnaire_mistakes_links
    ADD CONSTRAINT "PK_67f38d8e2f5e6980418f39325ec" PRIMARY KEY (id);


--
-- Name: ai_trains PK_685976824b62c35a99805a4359b; Type: CONSTRAINT; Schema: public; Owner: pma
--

ALTER TABLE ONLY public.ai_trains
    ADD CONSTRAINT "PK_685976824b62c35a99805a4359b" PRIMARY KEY (id);


--
-- Name: communication_action_users PK_68781403ba22399bdb935fdc7f7; Type: CONSTRAINT; Schema: public; Owner: pma
--

ALTER TABLE ONLY public.communication_action_users
    ADD CONSTRAINT "PK_68781403ba22399bdb935fdc7f7" PRIMARY KEY (id);


--
-- Name: user_client_access PK_6ad0a954ee6226c50c14f089945; Type: CONSTRAINT; Schema: public; Owner: pma
--

ALTER TABLE ONLY public.user_client_access
    ADD CONSTRAINT "PK_6ad0a954ee6226c50c14f089945" PRIMARY KEY (id);


--
-- Name: user_favorites PK_6c472a19a7423cfbbf6b7c75939; Type: CONSTRAINT; Schema: public; Owner: pma
--

ALTER TABLE ONLY public.user_favorites
    ADD CONSTRAINT "PK_6c472a19a7423cfbbf6b7c75939" PRIMARY KEY (id);


--
-- Name: file_manager_folder_links PK_6df630f7588a4a0bccc45470611; Type: CONSTRAINT; Schema: public; Owner: pma
--

ALTER TABLE ONLY public.file_manager_folder_links
    ADD CONSTRAINT "PK_6df630f7588a4a0bccc45470611" PRIMARY KEY (id);


--
-- Name: communication_action_group PK_7000e05b7f6c80db35eaaa1dd24; Type: CONSTRAINT; Schema: public; Owner: pma
--

ALTER TABLE ONLY public.communication_action_group
    ADD CONSTRAINT "PK_7000e05b7f6c80db35eaaa1dd24" PRIMARY KEY (id);


--
-- Name: location_execution_type PK_717e41929e4f68a8630e8ed8214; Type: CONSTRAINT; Schema: public; Owner: pma
--

ALTER TABLE ONLY public.location_execution_type
    ADD CONSTRAINT "PK_717e41929e4f68a8630e8ed8214" PRIMARY KEY (id);


--
-- Name: scheduling_shops PK_7226202681563692024de8c7024; Type: CONSTRAINT; Schema: public; Owner: pma
--

ALTER TABLE ONLY public.scheduling_shops
    ADD CONSTRAINT "PK_7226202681563692024de8c7024" PRIMARY KEY (id);


--
-- Name: file_manager PK_737201044e826a80ade8f858d81; Type: CONSTRAINT; Schema: public; Owner: pma
--

ALTER TABLE ONLY public.file_manager
    ADD CONSTRAINT "PK_737201044e826a80ade8f858d81" PRIMARY KEY (id);


--
-- Name: competitors PK_76a451dd0c8a51a0e0fb6284389; Type: CONSTRAINT; Schema: public; Owner: pma
--

ALTER TABLE ONLY public.competitors
    ADD CONSTRAINT "PK_76a451dd0c8a51a0e0fb6284389" PRIMARY KEY (id);


--
-- Name: location_category_filling PK_78c22dbe24fe94537dd1cb1d2c6; Type: CONSTRAINT; Schema: public; Owner: pma
--

ALTER TABLE ONLY public.location_category_filling
    ADD CONSTRAINT "PK_78c22dbe24fe94537dd1cb1d2c6" PRIMARY KEY (id);


--
-- Name: location_group_links PK_798e18d70fb56bfd81ca890024d; Type: CONSTRAINT; Schema: public; Owner: pma
--

ALTER TABLE ONLY public.location_group_links
    ADD CONSTRAINT "PK_798e18d70fb56bfd81ca890024d" PRIMARY KEY (id);


--
-- Name: group_user_link PK_7a64f6c4d4725362a2cc17dfa80; Type: CONSTRAINT; Schema: public; Owner: pma
--

ALTER TABLE ONLY public.group_user_link
    ADD CONSTRAINT "PK_7a64f6c4d4725362a2cc17dfa80" PRIMARY KEY (id);


--
-- Name: questionnaire_answer_link_status PK_7ab2ecf339d60dc99647de40d4c; Type: CONSTRAINT; Schema: public; Owner: pma
--

ALTER TABLE ONLY public.questionnaire_answer_link_status
    ADD CONSTRAINT "PK_7ab2ecf339d60dc99647de40d4c" PRIMARY KEY (id);


--
-- Name: actions PK_7bfb822f56be449c0b8adbf83cf; Type: CONSTRAINT; Schema: public; Owner: pma
--

ALTER TABLE ONLY public.actions
    ADD CONSTRAINT "PK_7bfb822f56be449c0b8adbf83cf" PRIMARY KEY (id);


--
-- Name: locations PK_7cc1c9e3853b94816c094825e74; Type: CONSTRAINT; Schema: public; Owner: pma
--

ALTER TABLE ONLY public.locations
    ADD CONSTRAINT "PK_7cc1c9e3853b94816c094825e74" PRIMARY KEY (id);


--
-- Name: user_worker_task PK_7effee13456fd42d843163f1e1d; Type: CONSTRAINT; Schema: public; Owner: pma
--

ALTER TABLE ONLY public.user_worker_task
    ADD CONSTRAINT "PK_7effee13456fd42d843163f1e1d" PRIMARY KEY (id);


--
-- Name: location_execution_location_link PK_8280508dd420a4d343bb68cf8d1; Type: CONSTRAINT; Schema: public; Owner: pma
--

ALTER TABLE ONLY public.location_execution_location_link
    ADD CONSTRAINT "PK_8280508dd420a4d343bb68cf8d1" PRIMARY KEY (id);


--
-- Name: user_workers PK_84da0f3ecea7da07b1700480d37; Type: CONSTRAINT; Schema: public; Owner: pma
--

ALTER TABLE ONLY public.user_workers
    ADD CONSTRAINT "PK_84da0f3ecea7da07b1700480d37" PRIMARY KEY (id);


--
-- Name: program_type PK_87763b5dc03ea0905b390bc5f9f; Type: CONSTRAINT; Schema: public; Owner: pma
--

ALTER TABLE ONLY public.program_type
    ADD CONSTRAINT "PK_87763b5dc03ea0905b390bc5f9f" PRIMARY KEY (id);


--
-- Name: location_status PK_8aaa0643a11576d67d6a29defc3; Type: CONSTRAINT; Schema: public; Owner: pma
--

ALTER TABLE ONLY public.location_status
    ADD CONSTRAINT "PK_8aaa0643a11576d67d6a29defc3" PRIMARY KEY (id);


--
-- Name: migrations PK_8c82d7f526340ab734260ea46be; Type: CONSTRAINT; Schema: public; Owner: pma
--

ALTER TABLE ONLY public.migrations
    ADD CONSTRAINT "PK_8c82d7f526340ab734260ea46be" PRIMARY KEY (id);


--
-- Name: location_group_parent_link PK_8d16e1360c527edecd5d2a39fc0; Type: CONSTRAINT; Schema: public; Owner: pma
--

ALTER TABLE ONLY public.location_group_parent_link
    ADD CONSTRAINT "PK_8d16e1360c527edecd5d2a39fc0" PRIMARY KEY (id);


--
-- Name: user_region_access PK_8e03eb2e8b8aaf1e1a0541068dd; Type: CONSTRAINT; Schema: public; Owner: pma
--

ALTER TABLE ONLY public.user_region_access
    ADD CONSTRAINT "PK_8e03eb2e8b8aaf1e1a0541068dd" PRIMARY KEY (id);


--
-- Name: user_clients PK_93fa1b9251af32ddc852b9eb787; Type: CONSTRAINT; Schema: public; Owner: pma
--

ALTER TABLE ONLY public.user_clients
    ADD CONSTRAINT "PK_93fa1b9251af32ddc852b9eb787" PRIMARY KEY (id);


--
-- Name: location_execution_bonus_links PK_94a99afd7a2bce565924e6233dd; Type: CONSTRAINT; Schema: public; Owner: pma
--

ALTER TABLE ONLY public.location_execution_bonus_links
    ADD CONSTRAINT "PK_94a99afd7a2bce565924e6233dd" PRIMARY KEY (id);


--
-- Name: location_execution_manager_link PK_94b70d3006457ae381b8bfe11c2; Type: CONSTRAINT; Schema: public; Owner: pma
--

ALTER TABLE ONLY public.location_execution_manager_link
    ADD CONSTRAINT "PK_94b70d3006457ae381b8bfe11c2" PRIMARY KEY (id);


--
-- Name: file_manager_user_provider PK_9ac44109307f6c44149bcc73c19; Type: CONSTRAINT; Schema: public; Owner: pma
--

ALTER TABLE ONLY public.file_manager_user_provider
    ADD CONSTRAINT "PK_9ac44109307f6c44149bcc73c19" PRIMARY KEY (id);


--
-- Name: widget_to_client PK_9c31d153786526512b9014ae4d1; Type: CONSTRAINT; Schema: public; Owner: pma
--

ALTER TABLE ONLY public.widget_to_client
    ADD CONSTRAINT "PK_9c31d153786526512b9014ae4d1" PRIMARY KEY (id);


--
-- Name: location_group_user_link PK_9c7864b4d9eea42760f6222016e; Type: CONSTRAINT; Schema: public; Owner: pma
--

ALTER TABLE ONLY public.location_group_user_link
    ADD CONSTRAINT "PK_9c7864b4d9eea42760f6222016e" PRIMARY KEY (id);


--
-- Name: role_action_link PK_9d3c0e7b7f8543fdd45cd661b26; Type: CONSTRAINT; Schema: public; Owner: pma
--

ALTER TABLE ONLY public.role_action_link
    ADD CONSTRAINT "PK_9d3c0e7b7f8543fdd45cd661b26" PRIMARY KEY (id);


--
-- Name: user_worker_groups PK_9d4cd9416026d37a0b3b0581685; Type: CONSTRAINT; Schema: public; Owner: pma
--

ALTER TABLE ONLY public.user_worker_groups
    ADD CONSTRAINT "PK_9d4cd9416026d37a0b3b0581685" PRIMARY KEY (id);


--
-- Name: mystery_shopper_visit PK_9dfc395172cbf3dd7032a547ac4; Type: CONSTRAINT; Schema: public; Owner: pma
--

ALTER TABLE ONLY public.mystery_shopper_visit
    ADD CONSTRAINT "PK_9dfc395172cbf3dd7032a547ac4" PRIMARY KEY (id);


--
-- Name: user_handbook_value PK_9fa969bd09add83f46b158ed019; Type: CONSTRAINT; Schema: public; Owner: pma
--

ALTER TABLE ONLY public.user_handbook_value
    ADD CONSTRAINT "PK_9fa969bd09add83f46b158ed019" PRIMARY KEY (id);


--
-- Name: questionnaires PK_a01d7cdea895ed9796b29233610; Type: CONSTRAINT; Schema: public; Owner: pma
--

ALTER TABLE ONLY public.questionnaires
    ADD CONSTRAINT "PK_a01d7cdea895ed9796b29233610" PRIMARY KEY (id);


--
-- Name: location_execution_scheduler_link PK_a1d2385a66c529571e763a6a32e; Type: CONSTRAINT; Schema: public; Owner: pma
--

ALTER TABLE ONLY public.location_execution_scheduler_link
    ADD CONSTRAINT "PK_a1d2385a66c529571e763a6a32e" PRIMARY KEY (id);


--
-- Name: file_manager_access PK_a2b1f887d9dacb5690b01b8cbba; Type: CONSTRAINT; Schema: public; Owner: pma
--

ALTER TABLE ONLY public.file_manager_access
    ADD CONSTRAINT "PK_a2b1f887d9dacb5690b01b8cbba" PRIMARY KEY (id);


--
-- Name: users PK_a3ffb1c0c8416b9fc6f907b7433; Type: CONSTRAINT; Schema: public; Owner: pma
--

ALTER TABLE ONLY public.users
    ADD CONSTRAINT "PK_a3ffb1c0c8416b9fc6f907b7433" PRIMARY KEY (id);


--
-- Name: location_execution_questionnaire_link PK_aec04266b9e952afd0970eb15be; Type: CONSTRAINT; Schema: public; Owner: pma
--

ALTER TABLE ONLY public.location_execution_questionnaire_link
    ADD CONSTRAINT "PK_aec04266b9e952afd0970eb15be" PRIMARY KEY (id);


--
-- Name: questionnaire_answer_statistics PK_af9b8472710414ede3d92ada96e; Type: CONSTRAINT; Schema: public; Owner: pma
--

ALTER TABLE ONLY public.questionnaire_answer_statistics
    ADD CONSTRAINT "PK_af9b8472710414ede3d92ada96e" PRIMARY KEY (id);


--
-- Name: status_changes PK_b09386c7bfe17fbe0b6d24e719e; Type: CONSTRAINT; Schema: public; Owner: pma
--

ALTER TABLE ONLY public.status_changes
    ADD CONSTRAINT "PK_b09386c7bfe17fbe0b6d24e719e" PRIMARY KEY (id);


--
-- Name: bonus_system_location_link PK_b3ec40b7ffd8d5d127b34b63aaf; Type: CONSTRAINT; Schema: public; Owner: pma
--

ALTER TABLE ONLY public.bonus_system_location_link
    ADD CONSTRAINT "PK_b3ec40b7ffd8d5d127b34b63aaf" PRIMARY KEY (id);


--
-- Name: user_worker_feedback PK_b441049fb11b43a70b4cd827498; Type: CONSTRAINT; Schema: public; Owner: pma
--

ALTER TABLE ONLY public.user_worker_feedback
    ADD CONSTRAINT "PK_b441049fb11b43a70b4cd827498" PRIMARY KEY (id);


--
-- Name: user_handbook PK_b5f08c27bc4d6ee8743905433c4; Type: CONSTRAINT; Schema: public; Owner: pma
--

ALTER TABLE ONLY public.user_handbook
    ADD CONSTRAINT "PK_b5f08c27bc4d6ee8743905433c4" PRIMARY KEY (id);


--
-- Name: ai_provider_scenarios PK_b84754d38856b552630f7bb230e; Type: CONSTRAINT; Schema: public; Owner: pma
--

ALTER TABLE ONLY public.ai_provider_scenarios
    ADD CONSTRAINT "PK_b84754d38856b552630f7bb230e" PRIMARY KEY (id);


--
-- Name: location_execution_type_link PK_b853e136068c470fd65279ef4b4; Type: CONSTRAINT; Schema: public; Owner: pma
--

ALTER TABLE ONLY public.location_execution_type_link
    ADD CONSTRAINT "PK_b853e136068c470fd65279ef4b4" PRIMARY KEY (id);


--
-- Name: waves PK_b9a2d49cb544011314ff8ce0fd6; Type: CONSTRAINT; Schema: public; Owner: pma
--

ALTER TABLE ONLY public.waves
    ADD CONSTRAINT "PK_b9a2d49cb544011314ff8ce0fd6" PRIMARY KEY (id);


--
-- Name: location_user PK_ba3b695bc9d4bd35cc12839507f; Type: CONSTRAINT; Schema: public; Owner: pma
--

ALTER TABLE ONLY public.location_user
    ADD CONSTRAINT "PK_ba3b695bc9d4bd35cc12839507f" PRIMARY KEY (id);


--
-- Name: communication_chanel_users PK_bea01a86781f912ba64569c43df; Type: CONSTRAINT; Schema: public; Owner: pma
--

ALTER TABLE ONLY public.communication_chanel_users
    ADD CONSTRAINT "PK_bea01a86781f912ba64569c43df" PRIMARY KEY (id);


--
-- Name: roles PK_c1433d71a4838793a49dcad46ab; Type: CONSTRAINT; Schema: public; Owner: pma
--

ALTER TABLE ONLY public.roles
    ADD CONSTRAINT "PK_c1433d71a4838793a49dcad46ab" PRIMARY KEY (id);


--
-- Name: user_integrations PK_c3de1a91ed82f698dbb15248eb0; Type: CONSTRAINT; Schema: public; Owner: pma
--

ALTER TABLE ONLY public.user_integrations
    ADD CONSTRAINT "PK_c3de1a91ed82f698dbb15248eb0" PRIMARY KEY (id);


--
-- Name: country_payment_link PK_c73c376684ade79baca4b83e0d6; Type: CONSTRAINT; Schema: public; Owner: pma
--

ALTER TABLE ONLY public.country_payment_link
    ADD CONSTRAINT "PK_c73c376684ade79baca4b83e0d6" PRIMARY KEY (id);


--
-- Name: communication_templates PK_ca5cd6c5ee3127e345e9d30a719; Type: CONSTRAINT; Schema: public; Owner: pma
--

ALTER TABLE ONLY public.communication_templates
    ADD CONSTRAINT "PK_ca5cd6c5ee3127e345e9d30a719" PRIMARY KEY (id);


--
-- Name: user_country_access PK_cfbb6349eaabd8619fa1c307e4b; Type: CONSTRAINT; Schema: public; Owner: pma
--

ALTER TABLE ONLY public.user_country_access
    ADD CONSTRAINT "PK_cfbb6349eaabd8619fa1c307e4b" PRIMARY KEY (id);


--
-- Name: location_category_options PK_d7009dcbadef4810efd8204ab57; Type: CONSTRAINT; Schema: public; Owner: pma
--

ALTER TABLE ONLY public.location_category_options
    ADD CONSTRAINT "PK_d7009dcbadef4810efd8204ab57" PRIMARY KEY (id);


--
-- Name: widgets PK_da23136dbcfc91424451e24b725; Type: CONSTRAINT; Schema: public; Owner: pma
--

ALTER TABLE ONLY public.widgets
    ADD CONSTRAINT "PK_da23136dbcfc91424451e24b725" PRIMARY KEY (id);


--
-- Name: location_questionnaire PK_dd79662de1c8daa137817723f98; Type: CONSTRAINT; Schema: public; Owner: pma
--

ALTER TABLE ONLY public.location_questionnaire
    ADD CONSTRAINT "PK_dd79662de1c8daa137817723f98" PRIMARY KEY (location_id, questionnaire_id);


--
-- Name: ai_providers PK_de28ebefc0fb425c37b27a4c0a7; Type: CONSTRAINT; Schema: public; Owner: pma
--

ALTER TABLE ONLY public.ai_providers
    ADD CONSTRAINT "PK_de28ebefc0fb425c37b27a4c0a7" PRIMARY KEY (id);


--
-- Name: user_payments_data PK_df81d31dfeb17d609c46960203d; Type: CONSTRAINT; Schema: public; Owner: pma
--

ALTER TABLE ONLY public.user_payments_data
    ADD CONSTRAINT "PK_df81d31dfeb17d609c46960203d" PRIMARY KEY (id);


--
-- Name: file_manager_public_link PK_dff253d2ff322eabba153031787; Type: CONSTRAINT; Schema: public; Owner: pma
--

ALTER TABLE ONLY public.file_manager_public_link
    ADD CONSTRAINT "PK_dff253d2ff322eabba153031787" PRIMARY KEY (id);


--
-- Name: user_notes PK_e6cd579b582af97475256da96fb; Type: CONSTRAINT; Schema: public; Owner: pma
--

ALTER TABLE ONLY public.user_notes
    ADD CONSTRAINT "PK_e6cd579b582af97475256da96fb" PRIMARY KEY (id);


--
-- Name: imports PK_ea10c62f5eb1d75e83d8b5225db; Type: CONSTRAINT; Schema: public; Owner: pma
--

ALTER TABLE ONLY public.imports
    ADD CONSTRAINT "PK_ea10c62f5eb1d75e83d8b5225db" PRIMARY KEY (id);


--
-- Name: appeals PK_ebd2050a02aa78081b5346152bc; Type: CONSTRAINT; Schema: public; Owner: pma
--

ALTER TABLE ONLY public.appeals
    ADD CONSTRAINT "PK_ebd2050a02aa78081b5346152bc" PRIMARY KEY (id);


--
-- Name: user_city_access PK_f03287707f1ed4ae8918bc03b1f; Type: CONSTRAINT; Schema: public; Owner: pma
--

ALTER TABLE ONLY public.user_city_access
    ADD CONSTRAINT "PK_f03287707f1ed4ae8918bc03b1f" PRIMARY KEY (id);


--
-- Name: questionnaire_question_options PK_f1267de7b2b23d2d659b48a5abf; Type: CONSTRAINT; Schema: public; Owner: pma
--

ALTER TABLE ONLY public.questionnaire_question_options
    ADD CONSTRAINT "PK_f1267de7b2b23d2d659b48a5abf" PRIMARY KEY (id);


--
-- Name: ai_scenarios_correct PK_f46497a43214ac0b4886b721fb1; Type: CONSTRAINT; Schema: public; Owner: pma
--

ALTER TABLE ONLY public.ai_scenarios_correct
    ADD CONSTRAINT "PK_f46497a43214ac0b4886b721fb1" PRIMARY KEY (id);


--
-- Name: questionnaire_mistakes PK_f4aee02975f2a35dcd6630995dc; Type: CONSTRAINT; Schema: public; Owner: pma
--

ALTER TABLE ONLY public.questionnaire_mistakes
    ADD CONSTRAINT "PK_f4aee02975f2a35dcd6630995dc" PRIMARY KEY (id);


--
-- Name: bonus_system PK_ff0dfde69a957452abfdc62a745; Type: CONSTRAINT; Schema: public; Owner: pma
--

ALTER TABLE ONLY public.bonus_system
    ADD CONSTRAINT "PK_ff0dfde69a957452abfdc62a745" PRIMARY KEY (id);


--
-- Name: ai_providers UQ_977b5cdcd754ad0457cf80a3fe0; Type: CONSTRAINT; Schema: public; Owner: pma
--

ALTER TABLE ONLY public.ai_providers
    ADD CONSTRAINT "UQ_977b5cdcd754ad0457cf80a3fe0" UNIQUE (name);


--
-- Name: location_execution_type_link UQ_execution_type_link; Type: CONSTRAINT; Schema: public; Owner: pma
--

ALTER TABLE ONLY public.location_execution_type_link
    ADD CONSTRAINT "UQ_execution_type_link" UNIQUE (execution_type_id, execution_id);


--
-- Name: locations UQ_location_unique_id_client_id; Type: CONSTRAINT; Schema: public; Owner: pma
--

ALTER TABLE ONLY public.locations
    ADD CONSTRAINT "UQ_location_unique_id_client_id" UNIQUE (unique_id, client_id);


--
-- Name: cities cities_pkey; Type: CONSTRAINT; Schema: public; Owner: pma
--

ALTER TABLE ONLY public.cities
    ADD CONSTRAINT cities_pkey PRIMARY KEY (id);


--
-- Name: countries countries_pkey; Type: CONSTRAINT; Schema: public; Owner: pma
--

ALTER TABLE ONLY public.countries
    ADD CONSTRAINT countries_pkey PRIMARY KEY (id);


--
-- Name: regions regions_pkey; Type: CONSTRAINT; Schema: public; Owner: pma
--

ALTER TABLE ONLY public.regions
    ADD CONSTRAINT regions_pkey PRIMARY KEY (id);


--
-- Name: IDX_ANSWER_STATISTIC_LINK_ID; Type: INDEX; Schema: public; Owner: pma
--

CREATE INDEX "IDX_ANSWER_STATISTIC_LINK_ID" ON public.questionnaire_answer_statistics USING btree (answer_link_id);


--
-- Name: IDX_APPEALS_SETTING_EXECUTION_ID; Type: INDEX; Schema: public; Owner: pma
--

CREATE INDEX "IDX_APPEALS_SETTING_EXECUTION_ID" ON public.appeals_setting USING btree (execution_id);


--
-- Name: IDX_BONUS_SYSTEM_CLIENT_ID; Type: INDEX; Schema: public; Owner: pma
--

CREATE INDEX "IDX_BONUS_SYSTEM_CLIENT_ID" ON public.bonus_system USING btree (client_id);


--
-- Name: IDX_BONUS_SYSTEM_LOCATION_GROUP_BONUS_SYSTEM_ID; Type: INDEX; Schema: public; Owner: pma
--

CREATE INDEX "IDX_BONUS_SYSTEM_LOCATION_GROUP_BONUS_SYSTEM_ID" ON public.bonus_system_location_link USING btree (bonus_system_id);


--
-- Name: IDX_BONUS_SYSTEM_TYPE; Type: INDEX; Schema: public; Owner: pma
--

CREATE INDEX "IDX_BONUS_SYSTEM_TYPE" ON public.bonus_system USING btree (type);


--
-- Name: IDX_BONUS_SYSTEM_WHO_CREATE; Type: INDEX; Schema: public; Owner: pma
--

CREATE INDEX "IDX_BONUS_SYSTEM_WHO_CREATE" ON public.bonus_system USING btree (who_create);


--
-- Name: IDX_CLIENT_COMPETITORS_CLIENT_ID; Type: INDEX; Schema: public; Owner: pma
--

CREATE INDEX "IDX_CLIENT_COMPETITORS_CLIENT_ID" ON public.client_competitors USING btree (client_id);


--
-- Name: IDX_CLIENT_COMPETITORS_COMPETITOR_ID; Type: INDEX; Schema: public; Owner: pma
--

CREATE INDEX "IDX_CLIENT_COMPETITORS_COMPETITOR_ID" ON public.client_competitors USING btree (competitor_id);


--
-- Name: IDX_CLIENT_SUBDIVISIONS_CLIENT_ID; Type: INDEX; Schema: public; Owner: pma
--

CREATE INDEX "IDX_CLIENT_SUBDIVISIONS_CLIENT_ID" ON public.client_subdivisions USING btree (client_id);


--
-- Name: IDX_COMMUNICATION_ACTION_GROUP_ACTION_ID; Type: INDEX; Schema: public; Owner: pma
--

CREATE INDEX "IDX_COMMUNICATION_ACTION_GROUP_ACTION_ID" ON public.communication_action_group USING btree (action_id);


--
-- Name: IDX_COMMUNICATION_ACTION_ROLE_ACTION_ID; Type: INDEX; Schema: public; Owner: pma
--

CREATE INDEX "IDX_COMMUNICATION_ACTION_ROLE_ACTION_ID" ON public.communication_action_role USING btree (action_id);


--
-- Name: IDX_COMPETITOR_LINK; Type: INDEX; Schema: public; Owner: pma
--

CREATE INDEX "IDX_COMPETITOR_LINK" ON public.competitor_link USING btree (competitor_id, client_id);


--
-- Name: IDX_HANDBOOK_GROUP_ID; Type: INDEX; Schema: public; Owner: pma
--

CREATE INDEX "IDX_HANDBOOK_GROUP_ID" ON public.user_handbook USING btree (handbook_group_id);


--
-- Name: IDX_IS_REQUIRED; Type: INDEX; Schema: public; Owner: pma
--

CREATE INDEX "IDX_IS_REQUIRED" ON public.questionnaire_questions USING btree (is_required);


--
-- Name: IDX_LOCATION_CATEGORY_FILLING_CATEGORY_ID; Type: INDEX; Schema: public; Owner: pma
--

CREATE INDEX "IDX_LOCATION_CATEGORY_FILLING_CATEGORY_ID" ON public.location_category_filling USING btree (category_id);


--
-- Name: IDX_LOCATION_CATEGORY_FILLING_LOCATION_ID; Type: INDEX; Schema: public; Owner: pma
--

CREATE INDEX "IDX_LOCATION_CATEGORY_FILLING_LOCATION_ID" ON public.location_category_filling USING btree (location_id);


--
-- Name: IDX_LOCATION_CATEGORY_FILLING_VALUE_ID; Type: INDEX; Schema: public; Owner: pma
--

CREATE INDEX "IDX_LOCATION_CATEGORY_FILLING_VALUE_ID" ON public.location_category_filling USING btree (value_id);


--
-- Name: IDX_LOCATION_CATEGORY_OPTIONS_CATEGORY_VALUE_ID; Type: INDEX; Schema: public; Owner: pma
--

CREATE INDEX "IDX_LOCATION_CATEGORY_OPTIONS_CATEGORY_VALUE_ID" ON public.location_category_options USING btree (category_value_id);


--
-- Name: IDX_LOCATION_CITY_ID; Type: INDEX; Schema: public; Owner: pma
--

CREATE INDEX "IDX_LOCATION_CITY_ID" ON public.locations USING btree (city_id);


--
-- Name: IDX_LOCATION_COUNTRY_ID; Type: INDEX; Schema: public; Owner: pma
--

CREATE INDEX "IDX_LOCATION_COUNTRY_ID" ON public.locations USING btree (country_id);


--
-- Name: IDX_LOCATION_EXECUTION_ACCESS_CLIENT_ID; Type: INDEX; Schema: public; Owner: pma
--

CREATE INDEX "IDX_LOCATION_EXECUTION_ACCESS_CLIENT_ID" ON public.location_execution_access USING btree (user_id);


--
-- Name: IDX_LOCATION_EXECUTION_ACCESS_EXECUTION_ID; Type: INDEX; Schema: public; Owner: pma
--

CREATE INDEX "IDX_LOCATION_EXECUTION_ACCESS_EXECUTION_ID" ON public.location_execution_access USING btree (execution_id);


--
-- Name: IDX_LOCATION_EXECUTION_DATE_END; Type: INDEX; Schema: public; Owner: pma
--

CREATE INDEX "IDX_LOCATION_EXECUTION_DATE_END" ON public.location_execution USING btree (data_end);


--
-- Name: IDX_LOCATION_EXECUTION_DATE_START; Type: INDEX; Schema: public; Owner: pma
--

CREATE INDEX "IDX_LOCATION_EXECUTION_DATE_START" ON public.location_execution USING btree (data_start);


--
-- Name: IDX_LOCATION_EXECUTION_LOCATION_LOCATION_EXECUTION_ID; Type: INDEX; Schema: public; Owner: pma
--

CREATE INDEX "IDX_LOCATION_EXECUTION_LOCATION_LOCATION_EXECUTION_ID" ON public.location_execution_location_link USING btree (location_execution_id);


--
-- Name: IDX_LOCATION_EXECUTION_LOCATION_LOCATION_ID; Type: INDEX; Schema: public; Owner: pma
--

CREATE INDEX "IDX_LOCATION_EXECUTION_LOCATION_LOCATION_ID" ON public.location_execution_location_link USING btree (location_id);


--
-- Name: IDX_LOCATION_EXECUTION_PAYMENT_METHOD; Type: INDEX; Schema: public; Owner: pma
--

CREATE INDEX "IDX_LOCATION_EXECUTION_PAYMENT_METHOD" ON public.location_execution USING btree (payment_method);


--
-- Name: IDX_LOCATION_EXECUTION_QUESTIONNAIRE_ID; Type: INDEX; Schema: public; Owner: pma
--

CREATE INDEX "IDX_LOCATION_EXECUTION_QUESTIONNAIRE_ID" ON public.location_execution USING btree (questionnaire_id);


--
-- Name: IDX_LOCATION_EXECUTION_STATUS; Type: INDEX; Schema: public; Owner: pma
--

CREATE INDEX "IDX_LOCATION_EXECUTION_STATUS" ON public.location_execution USING btree (status);


--
-- Name: IDX_LOCATION_EXECUTION_USER_GROUP_LINK_GROUP_ID; Type: INDEX; Schema: public; Owner: pma
--

CREATE INDEX "IDX_LOCATION_EXECUTION_USER_GROUP_LINK_GROUP_ID" ON public.location_execution_user_group_link USING btree (group_id);


--
-- Name: IDX_LOCATION_EXECUTION_USER_GROUP_LINK_LOCATION_EXECUTION_ID; Type: INDEX; Schema: public; Owner: pma
--

CREATE INDEX "IDX_LOCATION_EXECUTION_USER_GROUP_LINK_LOCATION_EXECUTION_ID" ON public.location_execution_user_group_link USING btree (location_execution_id);


--
-- Name: IDX_LOCATION_EXECUTION_USER_GROUP_USER_ID; Type: INDEX; Schema: public; Owner: pma
--

CREATE INDEX "IDX_LOCATION_EXECUTION_USER_GROUP_USER_ID" ON public.location_execution_user_group_link USING btree (user_id);


--
-- Name: IDX_LOCATION_EXECUTION_WHO_CREATED; Type: INDEX; Schema: public; Owner: pma
--

CREATE INDEX "IDX_LOCATION_EXECUTION_WHO_CREATED" ON public.location_execution USING btree (who_created);


--
-- Name: IDX_LOCATION_GROUP_PARENT_LINK_GROUP_ID; Type: INDEX; Schema: public; Owner: pma
--

CREATE INDEX "IDX_LOCATION_GROUP_PARENT_LINK_GROUP_ID" ON public.location_group_parent_link USING btree (group_id);


--
-- Name: IDX_LOCATION_GROUP_PARENT_LINK_PARENT_ID; Type: INDEX; Schema: public; Owner: pma
--

CREATE INDEX "IDX_LOCATION_GROUP_PARENT_LINK_PARENT_ID" ON public.location_group_parent_link USING btree (parent_id);


--
-- Name: IDX_LOCATION_GROUP_USER_LINK; Type: INDEX; Schema: public; Owner: pma
--

CREATE INDEX "IDX_LOCATION_GROUP_USER_LINK" ON public.location_group_user_link USING btree (client_id, group_id);


--
-- Name: IDX_LOCATION_GROUP_UUID; Type: INDEX; Schema: public; Owner: pma
--

CREATE INDEX "IDX_LOCATION_GROUP_UUID" ON public.location_groups USING btree (uuid);


--
-- Name: IDX_LOCATION_REGION_ID; Type: INDEX; Schema: public; Owner: pma
--

CREATE INDEX "IDX_LOCATION_REGION_ID" ON public.locations USING btree (region_id);


--
-- Name: IDX_LOCATION_STATUS; Type: INDEX; Schema: public; Owner: pma
--

CREATE INDEX "IDX_LOCATION_STATUS" ON public.locations USING btree (status);


--
-- Name: IDX_LOCATION_UNIQUE_ID; Type: INDEX; Schema: public; Owner: pma
--

CREATE INDEX "IDX_LOCATION_UNIQUE_ID" ON public.locations USING btree (unique_id);


--
-- Name: IDX_LOCATION_WHO_CREATE; Type: INDEX; Schema: public; Owner: pma
--

CREATE INDEX "IDX_LOCATION_WHO_CREATE" ON public.locations USING btree (who_create);


--
-- Name: IDX_MYSTERY_SHOPPER_VISIT_LOCATION_EXECUTION_ID; Type: INDEX; Schema: public; Owner: pma
--

CREATE INDEX "IDX_MYSTERY_SHOPPER_VISIT_LOCATION_EXECUTION_ID" ON public.mystery_shopper_visit USING btree (location_execution_id);


--
-- Name: IDX_MYSTERY_SHOPPER_VISIT_LOCATION_ID; Type: INDEX; Schema: public; Owner: pma
--

CREATE INDEX "IDX_MYSTERY_SHOPPER_VISIT_LOCATION_ID" ON public.mystery_shopper_visit USING btree (location_id);


--
-- Name: IDX_MYSTERY_SHOPPER_VISIT_STATUS; Type: INDEX; Schema: public; Owner: pma
--

CREATE INDEX "IDX_MYSTERY_SHOPPER_VISIT_STATUS" ON public.mystery_shopper_visit USING btree (status);


--
-- Name: IDX_MYSTERY_SHOPPER_VISIT_USER_ID; Type: INDEX; Schema: public; Owner: pma
--

CREATE INDEX "IDX_MYSTERY_SHOPPER_VISIT_USER_ID" ON public.mystery_shopper_visit USING btree (user_id);


--
-- Name: IDX_PROGRAM_TYPE_ACCESS_PROGRAM_ID; Type: INDEX; Schema: public; Owner: pma
--

CREATE INDEX "IDX_PROGRAM_TYPE_ACCESS_PROGRAM_ID" ON public.program_type_access USING btree (program_id);


--
-- Name: IDX_PROGRAM_TYPE_ACCESS_USER_ID; Type: INDEX; Schema: public; Owner: pma
--

CREATE INDEX "IDX_PROGRAM_TYPE_ACCESS_USER_ID" ON public.program_type_access USING btree (user_id);


--
-- Name: IDX_PROGRAM_TYPE_CLIENT_ID; Type: INDEX; Schema: public; Owner: pma
--

CREATE INDEX "IDX_PROGRAM_TYPE_CLIENT_ID" ON public.program_type USING btree (client_id);


--
-- Name: IDX_PROGRAM_TYPE_INTENSIVE; Type: INDEX; Schema: public; Owner: pma
--

CREATE INDEX "IDX_PROGRAM_TYPE_INTENSIVE" ON public.program_type_intensive USING btree (id);


--
-- Name: IDX_PROGRAM_TYPE_INTENSIVE_BONUS; Type: INDEX; Schema: public; Owner: pma
--

CREATE INDEX "IDX_PROGRAM_TYPE_INTENSIVE_BONUS" ON public.program_type_intensive USING btree (bonus_type);


--
-- Name: IDX_PROGRAM_TYPE_INTENSIVE_TYPE; Type: INDEX; Schema: public; Owner: pma
--

CREATE INDEX "IDX_PROGRAM_TYPE_INTENSIVE_TYPE" ON public.program_type_intensive USING btree (type);


--
-- Name: IDX_PROGRAM_TYPE_PROGRAM_TYPE; Type: INDEX; Schema: public; Owner: pma
--

CREATE INDEX "IDX_PROGRAM_TYPE_PROGRAM_TYPE" ON public.program_type USING btree (program_type);


--
-- Name: IDX_PROGRAM_TYPE_QUESTIONNAIRE_LINKS; Type: INDEX; Schema: public; Owner: pma
--

CREATE INDEX "IDX_PROGRAM_TYPE_QUESTIONNAIRE_LINKS" ON public.program_type_questionnaire_links USING btree (questionnaire_id, program_type_id);


--
-- Name: IDX_PROJECT_CODE; Type: INDEX; Schema: public; Owner: pma
--

CREATE INDEX "IDX_PROJECT_CODE" ON public.location_execution USING btree (project_code);


--
-- Name: IDX_PROJECT_TYPE; Type: INDEX; Schema: public; Owner: pma
--

CREATE INDEX "IDX_PROJECT_TYPE" ON public.location_execution USING btree (project_type);


--
-- Name: IDX_PUBLIC_LINK_HASH; Type: INDEX; Schema: public; Owner: pma
--

CREATE UNIQUE INDEX "IDX_PUBLIC_LINK_HASH" ON public.file_manager_public_link USING btree (hash);


--
-- Name: IDX_QUESTIONNAIRE_ANSWER_ANSWER_LINK; Type: INDEX; Schema: public; Owner: pma
--

CREATE INDEX "IDX_QUESTIONNAIRE_ANSWER_ANSWER_LINK" ON public.questionnaire_answers USING btree (questionnaire_answer_link);


--
-- Name: IDX_QUESTIONNAIRE_ANSWER_ID_HISTORIES; Type: INDEX; Schema: public; Owner: pma
--

CREATE INDEX "IDX_QUESTIONNAIRE_ANSWER_ID_HISTORIES" ON public.questionnaire_answer_histories USING btree (answer_id);


--
-- Name: IDX_QUESTIONNAIRE_ANSWER_LINKS_SHOP_ID; Type: INDEX; Schema: public; Owner: pma
--

CREATE INDEX "IDX_QUESTIONNAIRE_ANSWER_LINKS_SHOP_ID" ON public.questionnaire_answer_links USING btree (shop_id);


--
-- Name: IDX_QUESTIONNAIRE_ANSWER_LINK_CITY_ID; Type: INDEX; Schema: public; Owner: pma
--

CREATE INDEX "IDX_QUESTIONNAIRE_ANSWER_LINK_CITY_ID" ON public.questionnaire_answer_links USING btree (city_id);


--
-- Name: IDX_QUESTIONNAIRE_ANSWER_LINK_CUSTOM_NAME; Type: INDEX; Schema: public; Owner: pma
--

CREATE INDEX "IDX_QUESTIONNAIRE_ANSWER_LINK_CUSTOM_NAME" ON public.questionnaire_answer_links USING btree (custom_name);


--
-- Name: IDX_QUESTIONNAIRE_ANSWER_LINK_ID; Type: INDEX; Schema: public; Owner: pma
--

CREATE INDEX "IDX_QUESTIONNAIRE_ANSWER_LINK_ID" ON public.questionnaire_answers USING btree (link_id);


--
-- Name: IDX_QUESTIONNAIRE_ANSWER_LINK_LOCATION_ID; Type: INDEX; Schema: public; Owner: pma
--

CREATE INDEX "IDX_QUESTIONNAIRE_ANSWER_LINK_LOCATION_ID" ON public.questionnaire_answer_links USING btree (location_id);


--
-- Name: IDX_QUESTIONNAIRE_ANSWER_LINK_QUESTIONNAIRE_ID; Type: INDEX; Schema: public; Owner: pma
--

CREATE INDEX "IDX_QUESTIONNAIRE_ANSWER_LINK_QUESTIONNAIRE_ID" ON public.questionnaire_answer_links USING btree (questionnaire_id);


--
-- Name: IDX_QUESTIONNAIRE_ANSWER_LINK_STATUS; Type: INDEX; Schema: public; Owner: pma
--

CREATE INDEX "IDX_QUESTIONNAIRE_ANSWER_LINK_STATUS" ON public.questionnaire_answer_links USING btree (status);


--
-- Name: IDX_QUESTIONNAIRE_ANSWER_LINK_WHO_CREATED; Type: INDEX; Schema: public; Owner: pma
--

CREATE INDEX "IDX_QUESTIONNAIRE_ANSWER_LINK_WHO_CREATED" ON public.questionnaire_answer_links USING btree (who_created);


--
-- Name: IDX_QUESTIONNAIRE_ANSWER_QUESTIONNAIRE_ID; Type: INDEX; Schema: public; Owner: pma
--

CREATE INDEX "IDX_QUESTIONNAIRE_ANSWER_QUESTIONNAIRE_ID" ON public.questionnaire_answers USING btree (questionnaire_id);


--
-- Name: IDX_QUESTIONNAIRE_ANSWER_QUESTIONNAIRE_QUESTION_ID; Type: INDEX; Schema: public; Owner: pma
--

CREATE INDEX "IDX_QUESTIONNAIRE_ANSWER_QUESTIONNAIRE_QUESTION_ID" ON public.questionnaire_answers USING btree (questionnaire_question_id);


--
-- Name: IDX_QUESTIONNAIRE_ANSWER_QUESTIONNAIRE_SECTION_ID; Type: INDEX; Schema: public; Owner: pma
--

CREATE INDEX "IDX_QUESTIONNAIRE_ANSWER_QUESTIONNAIRE_SECTION_ID" ON public.questionnaire_questions USING btree (questionnaire_section_id);


--
-- Name: IDX_QUESTIONNAIRE_ANSWER_STATISTICS_IDENTIFICATION; Type: INDEX; Schema: public; Owner: pma
--

CREATE INDEX "IDX_QUESTIONNAIRE_ANSWER_STATISTICS_IDENTIFICATION" ON public.questionnaire_answer_statistics USING btree (identification);


--
-- Name: IDX_QUESTIONNAIRE_ANSWER_STATISTICS_QUESTIONNAIRE_ID; Type: INDEX; Schema: public; Owner: pma
--

CREATE INDEX "IDX_QUESTIONNAIRE_ANSWER_STATISTICS_QUESTIONNAIRE_ID" ON public.questionnaire_answer_statistics USING btree (questionnaire_id);


--
-- Name: IDX_QUESTIONNAIRE_ANSWER_STATISTICS_TYPE; Type: INDEX; Schema: public; Owner: pma
--

CREATE INDEX "IDX_QUESTIONNAIRE_ANSWER_STATISTICS_TYPE" ON public.questionnaire_answer_statistics USING btree (type);


--
-- Name: IDX_QUESTIONNAIRE_ANSWER_VALIDATOR_COMMENT_ANSWER_LINK_ID; Type: INDEX; Schema: public; Owner: pma
--

CREATE INDEX "IDX_QUESTIONNAIRE_ANSWER_VALIDATOR_COMMENT_ANSWER_LINK_ID" ON public.questionnaire_answer_validator_comment USING btree (answer_link_id);


--
-- Name: IDX_QUESTIONNAIRE_ANSWER_VALIDATOR_COMMENT_SHOPPER_ID; Type: INDEX; Schema: public; Owner: pma
--

CREATE INDEX "IDX_QUESTIONNAIRE_ANSWER_VALIDATOR_COMMENT_SHOPPER_ID" ON public.questionnaire_answer_validator_comment USING btree (shopper_id);


--
-- Name: IDX_QUESTIONNAIRE_ANSWER_VALIDATOR_COMMENT_TYPE; Type: INDEX; Schema: public; Owner: pma
--

CREATE INDEX "IDX_QUESTIONNAIRE_ANSWER_VALIDATOR_COMMENT_TYPE" ON public.questionnaire_answer_validator_comment USING btree (type);


--
-- Name: IDX_QUESTIONNAIRE_ANSWER_VALIDATOR_COMMENT_VALIDATOR_ID; Type: INDEX; Schema: public; Owner: pma
--

CREATE INDEX "IDX_QUESTIONNAIRE_ANSWER_VALIDATOR_COMMENT_VALIDATOR_ID" ON public.questionnaire_answer_validator_comment USING btree (validator_id);


--
-- Name: IDX_QUESTIONNAIRE_CLIENT_ID; Type: INDEX; Schema: public; Owner: pma
--

CREATE INDEX "IDX_QUESTIONNAIRE_CLIENT_ID" ON public.questionnaires USING btree (client_id);


--
-- Name: IDX_QUESTIONNAIRE_IDENTIFICATION; Type: INDEX; Schema: public; Owner: pma
--

CREATE INDEX "IDX_QUESTIONNAIRE_IDENTIFICATION" ON public.questionnaires USING btree (identification);


--
-- Name: IDX_QUESTIONNAIRE_QUESTIONS_IDENTIFICATION; Type: INDEX; Schema: public; Owner: pma
--

CREATE INDEX "IDX_QUESTIONNAIRE_QUESTIONS_IDENTIFICATION" ON public.questionnaire_questions USING btree (identification);


--
-- Name: IDX_QUESTIONNAIRE_QUESTION_QUESTIONNAIRE_ID; Type: INDEX; Schema: public; Owner: pma
--

CREATE INDEX "IDX_QUESTIONNAIRE_QUESTION_QUESTIONNAIRE_ID" ON public.questionnaire_questions USING btree (questionnaire_id);


--
-- Name: IDX_QUESTIONNAIRE_SECTIONS_IDENTIFICATION; Type: INDEX; Schema: public; Owner: pma
--

CREATE INDEX "IDX_QUESTIONNAIRE_SECTIONS_IDENTIFICATION" ON public.questionnaire_sections USING btree (identification);


--
-- Name: IDX_QUESTIONNAIRE_SECTION_QUESTIONNAIRE_ID; Type: INDEX; Schema: public; Owner: pma
--

CREATE INDEX "IDX_QUESTIONNAIRE_SECTION_QUESTIONNAIRE_ID" ON public.questionnaire_sections USING btree (questionnaire_id);


--
-- Name: IDX_QUESTIONNAIRE_USER_ID; Type: INDEX; Schema: public; Owner: pma
--

CREATE INDEX "IDX_QUESTIONNAIRE_USER_ID" ON public.questionnaires USING btree (user_id);


--
-- Name: IDX_QUESTION_TYPE; Type: INDEX; Schema: public; Owner: pma
--

CREATE INDEX "IDX_QUESTION_TYPE" ON public.questionnaire_questions USING btree (question_type);


--
-- Name: IDX_ROLES_NAME; Type: INDEX; Schema: public; Owner: pma
--

CREATE UNIQUE INDEX "IDX_ROLES_NAME" ON public.roles USING btree (name);


--
-- Name: IDX_ROLE_ACTIONS_ROLE_ID; Type: INDEX; Schema: public; Owner: pma
--

CREATE INDEX "IDX_ROLE_ACTIONS_ROLE_ID" ON public.role_actions USING btree (role_id);


--
-- Name: IDX_ROLE_RULES_ROLE_ID; Type: INDEX; Schema: public; Owner: pma
--

CREATE INDEX "IDX_ROLE_RULES_ROLE_ID" ON public.role_rules USING btree (role_id);


--
-- Name: IDX_SCHEDULING_SHOPS_LOCATION_ID; Type: INDEX; Schema: public; Owner: pma
--

CREATE INDEX "IDX_SCHEDULING_SHOPS_LOCATION_ID" ON public.scheduling_shops USING btree (location_id);


--
-- Name: IDX_SCHEDULING_SHOPS_PROJECT_ID; Type: INDEX; Schema: public; Owner: pma
--

CREATE INDEX "IDX_SCHEDULING_SHOPS_PROJECT_ID" ON public.scheduling_shops USING btree (project_id);


--
-- Name: IDX_SCHEDULING_SHOPS_RESPONDENT_ID; Type: INDEX; Schema: public; Owner: pma
--

CREATE INDEX "IDX_SCHEDULING_SHOPS_RESPONDENT_ID" ON public.scheduling_shops USING btree (respondent_id);


--
-- Name: IDX_SCHEDULING_SHOPS_SCHEDULER_ID; Type: INDEX; Schema: public; Owner: pma
--

CREATE INDEX "IDX_SCHEDULING_SHOPS_SCHEDULER_ID" ON public.scheduling_shops USING btree (scheduler_id);


--
-- Name: IDX_SHOP_ID; Type: INDEX; Schema: public; Owner: pma
--

CREATE INDEX "IDX_SHOP_ID" ON public.mystery_shopper_visit USING btree (shop_id);


--
-- Name: IDX_STATUS_CHANGES_CHANGED_AT; Type: INDEX; Schema: public; Owner: pma
--

CREATE INDEX "IDX_STATUS_CHANGES_CHANGED_AT" ON public.status_changes USING btree (changed_at);


--
-- Name: IDX_STATUS_CHANGES_ENTITY_ID; Type: INDEX; Schema: public; Owner: pma
--

CREATE INDEX "IDX_STATUS_CHANGES_ENTITY_ID" ON public.status_changes USING btree (entity_id);


--
-- Name: IDX_STATUS_CHANGES_ENTITY_TYPE; Type: INDEX; Schema: public; Owner: pma
--

CREATE INDEX "IDX_STATUS_CHANGES_ENTITY_TYPE" ON public.status_changes USING btree (entity_type);


--
-- Name: IDX_STATUS_CHANGES_USER_ID; Type: INDEX; Schema: public; Owner: pma
--

CREATE INDEX "IDX_STATUS_CHANGES_USER_ID" ON public.status_changes USING btree (user_id);


--
-- Name: IDX_USERS_EMAIL; Type: INDEX; Schema: public; Owner: pma
--

CREATE UNIQUE INDEX "IDX_USERS_EMAIL" ON public.users USING btree (email);


--
-- Name: IDX_USERS_PHONE; Type: INDEX; Schema: public; Owner: pma
--

CREATE UNIQUE INDEX "IDX_USERS_PHONE" ON public.users USING btree (phone);


--
-- Name: IDX_USER_CLIENTS_CREATED_AT; Type: INDEX; Schema: public; Owner: pma
--

CREATE INDEX "IDX_USER_CLIENTS_CREATED_AT" ON public.user_clients USING btree (created_at);


--
-- Name: IDX_USER_CLIENTS_UPDATED_AT; Type: INDEX; Schema: public; Owner: pma
--

CREATE INDEX "IDX_USER_CLIENTS_UPDATED_AT" ON public.user_clients USING btree (updated_at);


--
-- Name: IDX_USER_CLIENTS_USER_ID; Type: INDEX; Schema: public; Owner: pma
--

CREATE INDEX "IDX_USER_CLIENTS_USER_ID" ON public.user_clients USING btree (user_id);


--
-- Name: IDX_USER_CLIENT_ACCESS_CLIENT_ID; Type: INDEX; Schema: public; Owner: pma
--

CREATE INDEX "IDX_USER_CLIENT_ACCESS_CLIENT_ID" ON public.user_client_access USING btree (client_id);


--
-- Name: IDX_USER_CLIENT_ACCESS_USER_ID; Type: INDEX; Schema: public; Owner: pma
--

CREATE INDEX "IDX_USER_CLIENT_ACCESS_USER_ID" ON public.user_client_access USING btree (user_id);


--
-- Name: IDX_USER_COMMENTS_USER_ID; Type: INDEX; Schema: public; Owner: pma
--

CREATE INDEX "IDX_USER_COMMENTS_USER_ID" ON public.user_comments USING btree (user_id);


--
-- Name: IDX_USER_COMMENTS_WHO_CREATED; Type: INDEX; Schema: public; Owner: pma
--

CREATE INDEX "IDX_USER_COMMENTS_WHO_CREATED" ON public.user_comments USING btree (who_created);


--
-- Name: IDX_USER_FAVORITE_UNIQUE; Type: INDEX; Schema: public; Owner: pma
--

CREATE UNIQUE INDEX "IDX_USER_FAVORITE_UNIQUE" ON public.user_favorites USING btree (user_id, shop_id);


--
-- Name: IDX_USER_HANDBOOK_CODE; Type: INDEX; Schema: public; Owner: pma
--

CREATE INDEX "IDX_USER_HANDBOOK_CODE" ON public.user_handbook USING btree (code);


--
-- Name: IDX_USER_HANDBOOK_LINK_HANDBOOK_ID; Type: INDEX; Schema: public; Owner: pma
--

CREATE INDEX "IDX_USER_HANDBOOK_LINK_HANDBOOK_ID" ON public.user_handbook_link USING btree (handbook_id);


--
-- Name: IDX_USER_HANDBOOK_LINK_ROLE_ID; Type: INDEX; Schema: public; Owner: pma
--

CREATE INDEX "IDX_USER_HANDBOOK_LINK_ROLE_ID" ON public.user_handbook_link USING btree (role_id);


--
-- Name: IDX_USER_HANDBOOK_NAME; Type: INDEX; Schema: public; Owner: pma
--

CREATE INDEX "IDX_USER_HANDBOOK_NAME" ON public.user_handbook USING btree (name);


--
-- Name: IDX_USER_INTEGRATIONS_SERVICE; Type: INDEX; Schema: public; Owner: pma
--

CREATE INDEX "IDX_USER_INTEGRATIONS_SERVICE" ON public.user_integrations USING btree (service);


--
-- Name: IDX_USER_INTEGRATIONS_USER_ID; Type: INDEX; Schema: public; Owner: pma
--

CREATE INDEX "IDX_USER_INTEGRATIONS_USER_ID" ON public.user_integrations USING btree (user_id);


--
-- Name: IDX_USER_NOTIFICATIONS_USER_ID; Type: INDEX; Schema: public; Owner: pma
--

CREATE INDEX "IDX_USER_NOTIFICATIONS_USER_ID" ON public.user_notifications USING btree (user_id);


--
-- Name: IDX_USER_SETTINGS_CODE; Type: INDEX; Schema: public; Owner: pma
--

CREATE INDEX "IDX_USER_SETTINGS_CODE" ON public.user_settings USING btree (code);


--
-- Name: IDX_USER_WORKERS_CLIENT_ID; Type: INDEX; Schema: public; Owner: pma
--

CREATE INDEX "IDX_USER_WORKERS_CLIENT_ID" ON public.user_workers USING btree (client_id);


--
-- Name: IDX_USER_WORKERS_USER_ID; Type: INDEX; Schema: public; Owner: pma
--

CREATE INDEX "IDX_USER_WORKERS_USER_ID" ON public.user_workers USING btree (user_id);


--
-- Name: IDX_USER_WORKER_FEEDBACK_ANSWER_ID; Type: INDEX; Schema: public; Owner: pma
--

CREATE INDEX "IDX_USER_WORKER_FEEDBACK_ANSWER_ID" ON public.user_worker_feedback USING btree (answer_id);


--
-- Name: IDX_USER_WORKER_FEEDBACK_CLIENT_ID; Type: INDEX; Schema: public; Owner: pma
--

CREATE INDEX "IDX_USER_WORKER_FEEDBACK_CLIENT_ID" ON public.user_worker_feedback USING btree (client_id);


--
-- Name: IDX_USER_WORKER_FEEDBACK_STATUS; Type: INDEX; Schema: public; Owner: pma
--

CREATE INDEX "IDX_USER_WORKER_FEEDBACK_STATUS" ON public.user_worker_feedback USING btree (status);


--
-- Name: IDX_USER_WORKER_TASK_ANSWER_ID; Type: INDEX; Schema: public; Owner: pma
--

CREATE INDEX "IDX_USER_WORKER_TASK_ANSWER_ID" ON public.user_worker_task USING btree (answer_id);


--
-- Name: IDX_USER_WORKER_TASK_STATUS; Type: INDEX; Schema: public; Owner: pma
--

CREATE INDEX "IDX_USER_WORKER_TASK_STATUS" ON public.user_worker_task USING btree (status);


--
-- Name: IDX_USER_WORKER_TASK_WORKER_ID; Type: INDEX; Schema: public; Owner: pma
--

CREATE INDEX "IDX_USER_WORKER_TASK_WORKER_ID" ON public.user_worker_task USING btree (worker_id);


--
-- Name: IDX_U_NOTES_THEME; Type: INDEX; Schema: public; Owner: pma
--

CREATE INDEX "IDX_U_NOTES_THEME" ON public.user_notes USING btree (theme);


--
-- Name: IDX_location_execution_access_group_id_execution_id; Type: INDEX; Schema: public; Owner: pma
--

CREATE UNIQUE INDEX "IDX_location_execution_access_group_id_execution_id" ON public.location_execution_access USING btree (group_id, execution_id);


--
-- Name: IDX_program_type_access_group_id_program_id; Type: INDEX; Schema: public; Owner: pma
--

CREATE UNIQUE INDEX "IDX_program_type_access_group_id_program_id" ON public.program_type_access USING btree (group_id, program_id);


--
-- Name: IDX_user_city_access_group_id_city_id; Type: INDEX; Schema: public; Owner: pma
--

CREATE UNIQUE INDEX "IDX_user_city_access_group_id_city_id" ON public.user_city_access USING btree (group_id, city_id);


--
-- Name: IDX_user_city_access_worker_group_id_city_id; Type: INDEX; Schema: public; Owner: pma
--

CREATE UNIQUE INDEX "IDX_user_city_access_worker_group_id_city_id" ON public.user_city_access USING btree (worker_group_id, city_id);


--
-- Name: IDX_user_client_access_group_id_client_id; Type: INDEX; Schema: public; Owner: pma
--

CREATE UNIQUE INDEX "IDX_user_client_access_group_id_client_id" ON public.user_client_access USING btree (group_id, client_id);


--
-- Name: IDX_user_country_access_group_id_country_id; Type: INDEX; Schema: public; Owner: pma
--

CREATE UNIQUE INDEX "IDX_user_country_access_group_id_country_id" ON public.user_country_access USING btree (group_id, country_id);


--
-- Name: IDX_user_country_access_worker_group_id_country_id; Type: INDEX; Schema: public; Owner: pma
--

CREATE UNIQUE INDEX "IDX_user_country_access_worker_group_id_country_id" ON public.user_country_access USING btree (worker_group_id, country_id);


--
-- Name: IDX_user_location_access_group_id_location_id; Type: INDEX; Schema: public; Owner: pma
--

CREATE UNIQUE INDEX "IDX_user_location_access_group_id_location_id" ON public.user_location_access USING btree (group_id, location_id);


--
-- Name: IDX_user_location_access_worker_group_id_location_id; Type: INDEX; Schema: public; Owner: pma
--

CREATE UNIQUE INDEX "IDX_user_location_access_worker_group_id_location_id" ON public.user_location_access USING btree (worker_group_id, location_id);


--
-- Name: IDX_user_region_access_group_id_region_id; Type: INDEX; Schema: public; Owner: pma
--

CREATE UNIQUE INDEX "IDX_user_region_access_group_id_region_id" ON public.user_region_access USING btree (group_id, region_id);


--
-- Name: IDX_user_region_access_worker_group_id_region_id; Type: INDEX; Schema: public; Owner: pma
--

CREATE UNIQUE INDEX "IDX_user_region_access_worker_group_id_region_id" ON public.user_region_access USING btree (worker_group_id, region_id);


--
-- Name: SCHEDULING_SHOPS_HASH_INDEX; Type: INDEX; Schema: public; Owner: pma
--

CREATE INDEX "SCHEDULING_SHOPS_HASH_INDEX" ON public.scheduling_shops USING btree (hash);


--
-- Name: actions_code_index; Type: INDEX; Schema: public; Owner: pma
--

CREATE INDEX actions_code_index ON public.actions USING btree (code);


--
-- Name: communication_action_users_index; Type: INDEX; Schema: public; Owner: pma
--

CREATE INDEX communication_action_users_index ON public.communication_action_users USING btree (action_id);


--
-- Name: communication_action_users_user_index; Type: INDEX; Schema: public; Owner: pma
--

CREATE INDEX communication_action_users_user_index ON public.communication_action_users USING btree (user_id);


--
-- Name: communication_chanel_users_index; Type: INDEX; Schema: public; Owner: pma
--

CREATE INDEX communication_chanel_users_index ON public.communication_chanel_users USING btree (communication_id);


--
-- Name: communication_chanel_users_user_index; Type: INDEX; Schema: public; Owner: pma
--

CREATE INDEX communication_chanel_users_user_index ON public.communication_chanel_users USING btree (user_id);


--
-- Name: communication_index; Type: INDEX; Schema: public; Owner: pma
--

CREATE INDEX communication_index ON public.communications USING btree (provider);


--
-- Name: communication_templates_action_index; Type: INDEX; Schema: public; Owner: pma
--

CREATE INDEX communication_templates_action_index ON public.communication_templates USING btree (action_id);


--
-- Name: communication_templates_index; Type: INDEX; Schema: public; Owner: pma
--

CREATE INDEX communication_templates_index ON public.communication_templates USING btree (communication_id);


--
-- Name: group_user_link_group_id; Type: INDEX; Schema: public; Owner: pma
--

CREATE INDEX group_user_link_group_id ON public.group_user_link USING btree (group_id);


--
-- Name: group_user_link_user_id; Type: INDEX; Schema: public; Owner: pma
--

CREATE INDEX group_user_link_user_id ON public.group_user_link USING btree (user_id);


--
-- Name: idx_execution_type_link_execution_id; Type: INDEX; Schema: public; Owner: pma
--

CREATE INDEX idx_execution_type_link_execution_id ON public.location_execution_type_link USING btree (execution_id);


--
-- Name: idx_execution_type_link_type_id; Type: INDEX; Schema: public; Owner: pma
--

CREATE INDEX idx_execution_type_link_type_id ON public.location_execution_type_link USING btree (execution_type_id);


--
-- Name: idx_program_type_intensive_date_end; Type: INDEX; Schema: public; Owner: pma
--

CREATE INDEX idx_program_type_intensive_date_end ON public.program_type_intensive USING btree (date_end);


--
-- Name: idx_program_type_intensive_date_start; Type: INDEX; Schema: public; Owner: pma
--

CREATE INDEX idx_program_type_intensive_date_start ON public.program_type_intensive USING btree (date_start);


--
-- Name: idx_user_worker_group_cities_user_id; Type: INDEX; Schema: public; Owner: pma
--

CREATE INDEX idx_user_worker_group_cities_user_id ON public.user_city_access USING btree (user_id);


--
-- Name: idx_user_worker_group_countries_user_id; Type: INDEX; Schema: public; Owner: pma
--

CREATE INDEX idx_user_worker_group_countries_user_id ON public.user_country_access USING btree (user_id);


--
-- Name: idx_user_worker_group_locations_user_id; Type: INDEX; Schema: public; Owner: pma
--

CREATE INDEX idx_user_worker_group_locations_user_id ON public.user_location_access USING btree (user_id);


--
-- Name: idx_user_worker_group_regions_user_id; Type: INDEX; Schema: public; Owner: pma
--

CREATE INDEX idx_user_worker_group_regions_user_id ON public.user_region_access USING btree (user_id);


--
-- Name: role_action_link_index; Type: INDEX; Schema: public; Owner: pma
--

CREATE INDEX role_action_link_index ON public.role_action_link USING btree (role_id, action_id);


--
-- Name: role_user_link_role_id; Type: INDEX; Schema: public; Owner: pma
--

CREATE INDEX role_user_link_role_id ON public.role_user_link USING btree (role_id);


--
-- Name: role_user_link_role_user_id; Type: INDEX; Schema: public; Owner: pma
--

CREATE INDEX role_user_link_role_user_id ON public.role_user_link USING btree (user_id);


--
-- Name: user_handbook_filling_handbook_id; Type: INDEX; Schema: public; Owner: pma
--

CREATE INDEX user_handbook_filling_handbook_id ON public.user_handbook_filling USING btree (handbook_id);


--
-- Name: user_handbook_filling_user_id; Type: INDEX; Schema: public; Owner: pma
--

CREATE INDEX user_handbook_filling_user_id ON public.user_handbook_filling USING btree (user_id);


--
-- Name: user_handbook_value_handbook_id; Type: INDEX; Schema: public; Owner: pma
--

CREATE INDEX user_handbook_value_handbook_id ON public.user_handbook_value USING btree (handbook_id);


--
-- Name: widget_to_client FK_094ca2830ddb75a61dfc4d220bb; Type: FK CONSTRAINT; Schema: public; Owner: pma
--

ALTER TABLE ONLY public.widget_to_client
    ADD CONSTRAINT "FK_094ca2830ddb75a61dfc4d220bb" FOREIGN KEY (widget_id) REFERENCES public.widgets(id) ON DELETE CASCADE;


--
-- Name: ai_trains FK_1910b37f15ae51b3513a7b9dc76; Type: FK CONSTRAINT; Schema: public; Owner: pma
--

ALTER TABLE ONLY public.ai_trains
    ADD CONSTRAINT "FK_1910b37f15ae51b3513a7b9dc76" FOREIGN KEY (scenario_id) REFERENCES public.ai_provider_scenarios(id) ON DELETE CASCADE;


--
-- Name: file_manager_public_link FK_1e44e2588e21361fc7b9fe9385a; Type: FK CONSTRAINT; Schema: public; Owner: pma
--

ALTER TABLE ONLY public.file_manager_public_link
    ADD CONSTRAINT "FK_1e44e2588e21361fc7b9fe9385a" FOREIGN KEY (file_id) REFERENCES public.file_manager(id) ON DELETE CASCADE;


--
-- Name: file_manager_public_link FK_23b3e5b35974cbb18d46c8184a4; Type: FK CONSTRAINT; Schema: public; Owner: pma
--

ALTER TABLE ONLY public.file_manager_public_link
    ADD CONSTRAINT "FK_23b3e5b35974cbb18d46c8184a4" FOREIGN KEY (provider_id) REFERENCES public.file_manager_provider(id) ON DELETE CASCADE;


--
-- Name: file_manager_folder_links FK_23c4cf479bf726a73866c1b15c5; Type: FK CONSTRAINT; Schema: public; Owner: pma
--

ALTER TABLE ONLY public.file_manager_folder_links
    ADD CONSTRAINT "FK_23c4cf479bf726a73866c1b15c5" FOREIGN KEY ("fileId") REFERENCES public.file_manager(id);


--
-- Name: location_execution_type_link FK_25a0fa55ddcc0de10c3eed7888e; Type: FK CONSTRAINT; Schema: public; Owner: pma
--

ALTER TABLE ONLY public.location_execution_type_link
    ADD CONSTRAINT "FK_25a0fa55ddcc0de10c3eed7888e" FOREIGN KEY (execution_id) REFERENCES public.location_execution(id);


--
-- Name: location_user FK_2a187ea153b876cca3b5d82190b; Type: FK CONSTRAINT; Schema: public; Owner: pma
--

ALTER TABLE ONLY public.location_user
    ADD CONSTRAINT "FK_2a187ea153b876cca3b5d82190b" FOREIGN KEY (user_id) REFERENCES public.users(id) ON DELETE CASCADE;


--
-- Name: role_actions FK_2ed4344d4ad234b70b11e3014ed; Type: FK CONSTRAINT; Schema: public; Owner: pma
--

ALTER TABLE ONLY public.role_actions
    ADD CONSTRAINT "FK_2ed4344d4ad234b70b11e3014ed" FOREIGN KEY (role_id) REFERENCES public.roles(id) ON DELETE CASCADE;


--
-- Name: location_execution_type_link FK_3b1f2b93914dfe58e7bb518a537; Type: FK CONSTRAINT; Schema: public; Owner: pma
--

ALTER TABLE ONLY public.location_execution_type_link
    ADD CONSTRAINT "FK_3b1f2b93914dfe58e7bb518a537" FOREIGN KEY (execution_type_id) REFERENCES public.location_execution_type(id);


--
-- Name: location_category_relations FK_414f8740b1a1145f616560d203a; Type: FK CONSTRAINT; Schema: public; Owner: pma
--

ALTER TABLE ONLY public.location_category_relations
    ADD CONSTRAINT "FK_414f8740b1a1145f616560d203a" FOREIGN KEY (location_category_value_id) REFERENCES public.location_category_values(id) ON DELETE CASCADE;


--
-- Name: user_payments_data FK_4244d561ca164c4a91eb672a30d; Type: FK CONSTRAINT; Schema: public; Owner: pma
--

ALTER TABLE ONLY public.user_payments_data
    ADD CONSTRAINT "FK_4244d561ca164c4a91eb672a30d" FOREIGN KEY (payment_method_id) REFERENCES public.user_payment_methods(id) ON DELETE SET NULL;


--
-- Name: location_category_relations FK_56f7202b0920aa8d86c48e4073b; Type: FK CONSTRAINT; Schema: public; Owner: pma
--

ALTER TABLE ONLY public.location_category_relations
    ADD CONSTRAINT "FK_56f7202b0920aa8d86c48e4073b" FOREIGN KEY (location_category_id) REFERENCES public.location_categories(id) ON DELETE CASCADE;


--
-- Name: bonus_system_location_link FK_56fe776f8012e10da66ec66a5ea; Type: FK CONSTRAINT; Schema: public; Owner: pma
--

ALTER TABLE ONLY public.bonus_system_location_link
    ADD CONSTRAINT "FK_56fe776f8012e10da66ec66a5ea" FOREIGN KEY (bonus_system_id) REFERENCES public.bonus_system(id) ON DELETE CASCADE;


--
-- Name: file_manager_folder_links FK_5c76f9a5dda6fb1e54bf705743c; Type: FK CONSTRAINT; Schema: public; Owner: pma
--

ALTER TABLE ONLY public.file_manager_folder_links
    ADD CONSTRAINT "FK_5c76f9a5dda6fb1e54bf705743c" FOREIGN KEY ("folderId") REFERENCES public.file_manager_folders(id);


--
-- Name: file_manager_public_link FK_5cb50204074ba724d29efd3228c; Type: FK CONSTRAINT; Schema: public; Owner: pma
--

ALTER TABLE ONLY public.file_manager_public_link
    ADD CONSTRAINT "FK_5cb50204074ba724d29efd3228c" FOREIGN KEY (who_created) REFERENCES public.users(id) ON DELETE SET NULL;


--
-- Name: country_payment_link FK_6eacc6086559082beb6ac2c3244; Type: FK CONSTRAINT; Schema: public; Owner: pma
--

ALTER TABLE ONLY public.country_payment_link
    ADD CONSTRAINT "FK_6eacc6086559082beb6ac2c3244" FOREIGN KEY (payment_method_id) REFERENCES public.user_payment_methods(id) ON DELETE CASCADE;


--
-- Name: user_payments_data FK_6f71c8eca8b2c1e447e7ea107a9; Type: FK CONSTRAINT; Schema: public; Owner: pma
--

ALTER TABLE ONLY public.user_payments_data
    ADD CONSTRAINT "FK_6f71c8eca8b2c1e447e7ea107a9" FOREIGN KEY (user_id) REFERENCES public.users(id) ON DELETE SET NULL;


--
-- Name: appeals_setting FK_712d084ba7c4e719fef784e507d; Type: FK CONSTRAINT; Schema: public; Owner: pma
--

ALTER TABLE ONLY public.appeals_setting
    ADD CONSTRAINT "FK_712d084ba7c4e719fef784e507d" FOREIGN KEY (execution_id) REFERENCES public.location_execution(id) ON DELETE CASCADE;


--
-- Name: file_manager_folders FK_7c82e3daaf80678ef0a7880bd15; Type: FK CONSTRAINT; Schema: public; Owner: pma
--

ALTER TABLE ONLY public.file_manager_folders
    ADD CONSTRAINT "FK_7c82e3daaf80678ef0a7880bd15" FOREIGN KEY ("parentsId") REFERENCES public.file_manager_folders(id);


--
-- Name: shop_applications FK_87ed66ce28d6b49865f42815a28; Type: FK CONSTRAINT; Schema: public; Owner: pma
--

ALTER TABLE ONLY public.shop_applications
    ADD CONSTRAINT "FK_87ed66ce28d6b49865f42815a28" FOREIGN KEY (shop_id) REFERENCES public.scheduling_shops(id) ON DELETE CASCADE;


--
-- Name: ai_train_examples FK_8e9a44d52649036605b44e5ce7b; Type: FK CONSTRAINT; Schema: public; Owner: pma
--

ALTER TABLE ONLY public.ai_train_examples
    ADD CONSTRAINT "FK_8e9a44d52649036605b44e5ce7b" FOREIGN KEY (train_id) REFERENCES public.ai_trains(id) ON DELETE CASCADE;


--
-- Name: location_execution_manager_link FK_8feef2960bdb5ecf503eed4622c; Type: FK CONSTRAINT; Schema: public; Owner: pma
--

ALTER TABLE ONLY public.location_execution_manager_link
    ADD CONSTRAINT "FK_8feef2960bdb5ecf503eed4622c" FOREIGN KEY (execution_id) REFERENCES public.location_execution(id) ON DELETE CASCADE;


--
-- Name: ai_scenarios_correct FK_94584a332bb9756587dc3e02ed0; Type: FK CONSTRAINT; Schema: public; Owner: pma
--

ALTER TABLE ONLY public.ai_scenarios_correct
    ADD CONSTRAINT "FK_94584a332bb9756587dc3e02ed0" FOREIGN KEY (scenario_id) REFERENCES public.ai_provider_scenarios(id) ON DELETE CASCADE;


--
-- Name: user_favorites FK_USER_FAVORITES_SHOP; Type: FK CONSTRAINT; Schema: public; Owner: pma
--

ALTER TABLE ONLY public.user_favorites
    ADD CONSTRAINT "FK_USER_FAVORITES_SHOP" FOREIGN KEY (shop_id) REFERENCES public.scheduling_shops(id) ON DELETE CASCADE;


--
-- Name: user_favorites FK_USER_FAVORITES_USER; Type: FK CONSTRAINT; Schema: public; Owner: pma
--

ALTER TABLE ONLY public.user_favorites
    ADD CONSTRAINT "FK_USER_FAVORITES_USER" FOREIGN KEY (user_id) REFERENCES public.users(id) ON DELETE CASCADE;


--
-- Name: questionnaire_question_options FK_b03cbbfbdd6c16281fefce7e27b; Type: FK CONSTRAINT; Schema: public; Owner: pma
--

ALTER TABLE ONLY public.questionnaire_question_options
    ADD CONSTRAINT "FK_b03cbbfbdd6c16281fefce7e27b" FOREIGN KEY (questionnaire_id) REFERENCES public.questionnaires(id) ON DELETE CASCADE;


--
-- Name: groups FK_b5ec4f59d8703473034ee7d89b2; Type: FK CONSTRAINT; Schema: public; Owner: pma
--

ALTER TABLE ONLY public.groups
    ADD CONSTRAINT "FK_b5ec4f59d8703473034ee7d89b2" FOREIGN KEY (role_id) REFERENCES public.roles(id) ON DELETE CASCADE;


--
-- Name: location_category_values FK_b98e7c028e855f230ace1f7588e; Type: FK CONSTRAINT; Schema: public; Owner: pma
--

ALTER TABLE ONLY public.location_category_values
    ADD CONSTRAINT "FK_b98e7c028e855f230ace1f7588e" FOREIGN KEY (location_category_id) REFERENCES public.location_categories(id) ON DELETE CASCADE;


--
-- Name: ai_provider_scenarios FK_bb5904c16c2d8b1b8838e37ac1e; Type: FK CONSTRAINT; Schema: public; Owner: pma
--

ALTER TABLE ONLY public.ai_provider_scenarios
    ADD CONSTRAINT "FK_bb5904c16c2d8b1b8838e37ac1e" FOREIGN KEY (provider_id) REFERENCES public.ai_providers(id) ON DELETE CASCADE;


--
-- Name: shop_applications FK_d486d9ea399da1b80700e5e26c3; Type: FK CONSTRAINT; Schema: public; Owner: pma
--

ALTER TABLE ONLY public.shop_applications
    ADD CONSTRAINT "FK_d486d9ea399da1b80700e5e26c3" FOREIGN KEY (manager_id) REFERENCES public.users(id) ON DELETE SET NULL;


--
-- Name: role_rules FK_e7d47723580483911e488ac65ba; Type: FK CONSTRAINT; Schema: public; Owner: pma
--

ALTER TABLE ONLY public.role_rules
    ADD CONSTRAINT "FK_e7d47723580483911e488ac65ba" FOREIGN KEY (role_id) REFERENCES public.roles(id) ON DELETE CASCADE;


--
-- Name: scheduling_shops FK_e7efdfb1c10e0e083b2d7f51ba4; Type: FK CONSTRAINT; Schema: public; Owner: pma
--

ALTER TABLE ONLY public.scheduling_shops
    ADD CONSTRAINT "FK_e7efdfb1c10e0e083b2d7f51ba4" FOREIGN KEY (wave_id) REFERENCES public.waves(id) ON DELETE SET NULL;


--
-- Name: questionnaire_answer_validator_comment FK_e961589e2100ef4a3dc232456b1; Type: FK CONSTRAINT; Schema: public; Owner: pma
--

ALTER TABLE ONLY public.questionnaire_answer_validator_comment
    ADD CONSTRAINT "FK_e961589e2100ef4a3dc232456b1" FOREIGN KEY (answer_link_id) REFERENCES public.questionnaire_answer_links(id) ON DELETE SET NULL;


--
-- Name: questionnaire_question_options FK_eddae6045305349006dc10f4fbe; Type: FK CONSTRAINT; Schema: public; Owner: pma
--

ALTER TABLE ONLY public.questionnaire_question_options
    ADD CONSTRAINT "FK_eddae6045305349006dc10f4fbe" FOREIGN KEY (question_id) REFERENCES public.questionnaire_questions(id) ON DELETE CASCADE;


--
-- Name: shop_applications FK_eeb65c8481493b6836633077cfe; Type: FK CONSTRAINT; Schema: public; Owner: pma
--

ALTER TABLE ONLY public.shop_applications
    ADD CONSTRAINT "FK_eeb65c8481493b6836633077cfe" FOREIGN KEY (shopper_id) REFERENCES public.users(id) ON DELETE CASCADE;


--
-- Name: location_questionnaire FK_ef5722a445e5a9fdd1c01f0dc2f; Type: FK CONSTRAINT; Schema: public; Owner: pma
--

ALTER TABLE ONLY public.location_questionnaire
    ADD CONSTRAINT "FK_ef5722a445e5a9fdd1c01f0dc2f" FOREIGN KEY (location_id) REFERENCES public.locations(id);


--
-- Name: location_user FK_fe9d703fffbdc0d46e648e59ba3; Type: FK CONSTRAINT; Schema: public; Owner: pma
--

ALTER TABLE ONLY public.location_user
    ADD CONSTRAINT "FK_fe9d703fffbdc0d46e648e59ba3" FOREIGN KEY (location_id) REFERENCES public.locations(id) ON DELETE CASCADE;


--
-- Name: scheduling_shops FK_shop_wave; Type: FK CONSTRAINT; Schema: public; Owner: pma
--

ALTER TABLE ONLY public.scheduling_shops
    ADD CONSTRAINT "FK_shop_wave" FOREIGN KEY (wave_id) REFERENCES public.waves(id) ON DELETE SET NULL;


--
-- Name: answer_link_client_view; Type: MATERIALIZED VIEW DATA; Schema: public; Owner: pma
--

REFRESH MATERIALIZED VIEW public.answer_link_client_view;


--
--

