-- Data for Name: role_action_link; Type: TABLE DATA; Schema: public; Owner: pma
--

COPY public.role_action_link (id, role_id, action_id) FROM stdin;
\.


--
-- Data for Name: role_actions; Type: TABLE DATA; Schema: public; Owner: pma
--

COPY public.role_actions (id, role_id, action) FROM stdin;
\.


--
-- Data for Name: role_rules; Type: TABLE DATA; Schema: public; Owner: pma
--

COPY public.role_rules (id, role_id, action, route, "V", "C", "E", "D") FROM stdin;
6038	2		/user/healthController	t	f	f	f
6039	2		/user/cacheReset	t	f	f	f
6040	2		/user/access	t	f	f	f
6041	2		/user/verify-contact	t	f	f	f
6042	2		/user/check-contact	t	f	f	f
6043	2		/user/auth/sign-up	t	t	f	f
6044	2		/user/auth/sign-in	t	f	f	f
6045	2		/user/auth/forgot-password	t	t	f	f
6046	2		/user/auth/reset-password	t	t	f	f
6047	2		/user/auth/confirm-account	t	t	f	f
6048	2		/user/auth/check-code	t	f	f	f
6049	2		/user/me	t	f	f	f
6050	2		/user/user-additional	t	f	f	f
6051	2		/user/refresh-token	t	f	f	f
6052	2		/user/auth/auto-login	t	f	f	f
6053	2		/user/role	t	f	f	f
6054	2		/user/role/:id	t	f	f	f
6055	2		/user/role/:id/set	t	t	f	f
6056	2		/user/role/:id/unset	t	f	f	t
6057	2		/user/group	t	t	f	f
6058	2		/user/group/:id	t	f	f	f
6059	2		/user/group/:id/set	t	t	f	f
6060	2		/user/group/:id/unset	t	t	f	f
6061	2		/user/action	t	f	f	f
6062	2		/user/action/:id	t	f	f	f
6063	2		/user/handbook/groups	t	f	f	f
6064	2		/user/handbook/groups/:id	t	f	f	f
6065	2		/user/handbook	t	f	f	f
6066	2		/user/handbook/:id	t	f	f	f
6067	2		/user/handbook/code/:code	t	f	f	f
6068	2		/user/handbook/set	t	f	f	f
6069	2		/user/handbook/unset	t	f	f	f
6070	2		/user/users	t	f	f	f
6071	2		/user/shoppers	t	f	f	f
6072	2		/user/users/:id/base	t	f	f	f
6073	2		/user/users/:id/fields	t	f	f	f
6074	2		/user/users/:id	t	f	f	f
6075	2		/user/users/ids	t	f	f	f
6076	2		/user/users/restore	t	f	f	f
6077	2		/user/access/client/set	t	f	f	f
6078	2		/user/access/client/unset	t	f	f	f
6079	2		/user/access/client/flush	t	f	f	f
6080	2		/user/users/:id/activity-status	t	f	f	f
6081	2		/user/settings	t	f	f	f
6082	2		/user/comments	t	t	f	f
6083	2		/user/comments/:id	t	f	t	t
6084	2		/user/competitors	t	t	f	f
6085	2		/user/competitors/:id	t	f	t	t
6086	2		/user/competitors/bind	t	f	t	f
6087	2		/user/competitors/unbind	t	f	t	f
6088	2		/user/clients	t	f	f	f
6089	2		/user/client/:id/settings	t	f	f	f
6090	2		/user/client/settings	t	f	t	f
6091	2		/user/client/:id/workers	t	f	f	f
6092	2		/user/client/:id/worker/:workerId	t	f	f	t
6093	2		/user/client	t	t	f	f
6094	2		/user/client/:id/worker	t	t	f	f
6095	2		/user/client/:id/level	t	t	f	f
6096	2		/user/msp/sub	t	f	f	f
6097	2		/user/msp	t	f	f	f
6098	2		/file/healthController	t	f	f	f
6099	2		/file/providers	t	f	f	f
6100	2		/file/provider/:id	t	f	f	f
6101	2		/file/provider	t	f	f	f
6102	2		/file/provider/set-user-provider	t	f	f	f
6103	2		/file/make-workspace	t	f	f	f
6104	2		/file/upload	t	t	f	f
6105	2		/file/uploads	t	t	f	f
6106	2		/file/read/:provider/*	t	f	f	f
6107	2		/notifications/healthController	t	f	f	f
6108	2		/notifications/actions	t	f	f	f
6109	2		/notifications/action/code/:code	t	f	f	f
6110	2		/notifications/action/:id	t	f	f	f
6111	2		/notifications/action	t	f	f	f
6112	2		/notifications/communication/:id	t	f	f	f
6113	2		/notifications/communications	t	f	f	f
6114	2		/notifications/communication	t	f	f	f
6115	2		/notifications/communication/:id/set	t	f	f	f
6116	2		/notifications/communication/:id/delete	t	f	f	f
6117	2		/notifications/communication/:id/users	t	f	f	f
6118	2		/notifications/communication/:id/update	t	f	f	f
6119	2		/notifications/templates	t	f	f	f
6120	2		/notifications/template/:id	t	f	f	f
6121	2		/notifications/template/communication/:communicationId	t	f	f	f
6122	2		/notifications/template/action/:actionId	t	f	f	f
6123	2		/notifications/template	t	f	f	f
6124	2		/notifications/template/render/:id	t	f	f	f
6125	2		/notifications/send	t	f	f	f
6126	2		/locations/healthController	t	f	f	f
6127	2		/locations/group/change-locations	t	f	f	f
6128	2		/locations/group-client-set	t	f	f	f
6129	2		/locations/groups	t	f	f	f
6130	2		/locations/group/:id	t	f	f	f
6131	2		/locations/group	t	f	f	f
6132	2		/locations/locations	t	f	f	f
6133	2		/locations/location/:id	t	f	f	f
6134	2		/locations/locations/ids	t	f	f	f
6135	2		/locations/location/test	t	f	f	f
6136	2		/locations/location/status	t	f	f	f
6137	2		/locations/location-status/:id	t	f	f	f
6138	2		/locations/countries	t	f	f	f
6139	2		/locations/countries/:countryCode/city	t	f	f	f
6140	2		/locations/countries/:countryCode/regions	t	f	f	f
6141	2		/locations/regions/:regionId/cities	t	f	f	f
6142	2		/locations/countries/:countryCode	t	f	f	f
6143	2		/locations/regions/:regionId	t	f	f	f
6144	2		/locations/cities/:cityId	t	f	f	f
6145	2		/locations/locationInfo	t	f	f	f
6146	2		/locations/shopping/executions	t	f	f	f
6147	2		/locations/shopping/executions-confirm	t	f	f	f
6148	2		/locations/shopping/executions-submit	t	f	f	f
6149	2		/locations/shopping/executions-duplicate	t	f	f	f
6150	2		/locations/shopping/received-visit/:id	t	f	f	f
6151	2		/locations/shopping/visit-list	t	f	f	f
6152	2		/locations/shopping/execution-list	t	f	f	f
6153	2		/locations/shopping/executions/status	t	f	f	f
6154	2		/locations/shopping/executions/:id	t	f	f	f
6155	2		/locations/shopping/executions/delete-all	t	f	f	f
6156	2		/locations/program-types	t	f	f	f
6157	2		/locations/program-type/status	t	f	f	f
6158	2		/locations/program-type/delete-all	t	f	f	f
6159	2		/locations/program-type/:id	t	f	f	f
6160	2		/locations/bonus	t	f	f	f
6161	2		/locations/bonus/delete-all	t	f	f	f
6162	2		/locations/bonus/status	t	f	f	f
6163	2		/locations/bonus/:id	t	f	f	f
6164	2		/locations/client/:id/level	t	f	f	f
6165	2		/locations/access/execution/:user_id	t	f	f	f
6166	2		/locations/access/program/:user_id	t	f	f	f
6167	2		/locations/access/execution/set	t	f	f	f
6168	2		/locations/access/execution/unset	t	f	f	f
6169	2		/locations/access/program/set	t	f	f	f
6170	2		/locations/access/program/unset	t	f	f	f
6171	2		/locations/access/program/flush	t	f	f	f
6172	2		/locations/access/execution/flush	t	f	f	f
6173	2		/import-export/healthController	t	f	f	f
6174	2		/import-export/export/answer-list	t	f	f	f
6175	2		/import-export/export/workers	t	f	f	f
6176	2		/import-export/export/clients	t	f	f	f
6177	2		/import-export/export/shoppers	t	f	f	f
6178	2		/import-export/export/users	t	f	f	f
6179	2		/import-export/export/msp	t	f	f	f
6180	2		/import-export/export/locations	t	f	f	f
6181	2		/import-export/export/location-groups	t	f	f	f
6182	2		/import-export/export/executions	t	f	f	f
6183	2		/import-export/export/program-types	t	f	f	f
6184	2		/import-export/export/pdf/locations	t	f	f	f
6185	2		/import-export/export/pdf/location-groups	t	f	f	f
6186	2		/import-export/export/pdf/workers	t	f	f	f
6187	2		/import-export/export/pdf/clients	t	f	f	f
6188	2		/import-export/export/pdf/shoppers	t	f	f	f
6189	2		/import-export/export/pdf/users	t	f	f	f
6190	2		/import-export/export/pdf/msp	t	f	f	f
6191	2		/import-export/export/pdf/executions	t	f	f	f
6192	2		/import-export/export/pdf/program-types	t	f	f	f
6193	2		/import-export/import/users	t	f	f	f
6194	2		/import-export/import/clients	t	f	f	f
6195	2		/import-export/import/workers	t	f	f	f
6196	2		/import-export/import/msp	t	f	f	f
6197	2		/import-export/import/myMo	t	f	f	f
6198	2		/import-export/import/parse	t	f	f	f
6199	2		/import-export/import/locations	t	f	f	f
6200	2		/import-export/import/programs	t	f	f	f
6201	2		/questionnaire/healthController	t	f	f	f
6202	2		/questionnaire/quest	t	f	f	f
6203	2		/questionnaire/quest/:id	t	f	f	f
6204	2		/questionnaire/test	t	f	f	f
6205	2		/questionnaire/answer/stats	t	f	f	f
6206	2		/questionnaire/answer/stats/sections	t	f	f	f
6207	2		/questionnaire/answers	t	f	f	f
6208	2		/questionnaire/answer/:id	t	f	f	f
6209	2		/questionnaire/answer/:id/:status	t	f	f	f
6210	2		/questionnaire/answer/create-execution-link	t	f	f	f
6211	2		/questionnaire/appeal	t	f	f	f
6212	2		/questionnaire/appeal/:id	t	f	f	f
6213	2		/questionnaire/appeal/reply/:appealId	t	f	f	f
6214	2		/questionnaire/appeal/manager-reply/:appealId	t	f	f	f
6215	2		/questionnaire/integration/v1/sign-in	t	f	f	f
6216	2		/questionnaire/integration/v1/all	t	f	f	f
6217	2		/questionnaire/integration/v1/answer/:id	t	f	f	f
6218	2		/questionnaire/integration/v2/sign-in	t	f	f	f
6219	2		/questionnaire/integration/v2/all	t	f	f	f
6220	2		/questionnaire/integration/v2/answer/:id	t	f	f	f
6221	2		/social-service/healthController	t	f	f	f
6222	2		/social-service/statistics	t	f	f	f
6223	2		/backup/healthController	t	f	f	f
6224	2		/backup/list	t	f	f	f
6225	2		/backup/	t	f	f	f
6226	2		/backup/restore	t	f	f	f
12963	4		/user/healthController	t	t	t	t
12964	4		/user/access	t	t	t	t
12965	4		/user/verify-contact	t	t	t	t
12966	4		/user/check-contact	t	t	t	t
12967	4		/user/auth/sign-up	t	t	t	t
12968	4		/user/auth/sign-in	t	t	t	t
12969	4		/user/auth/forgot-password	t	t	t	t
12970	4		/user/auth/reset-password	t	t	t	t
12971	4		/user/auth/confirm-account	t	t	t	t
12972	4		/user/auth/check-code	t	t	t	t
12973	4		/user/me	t	t	t	t
12974	4		/user/user-additional	t	t	t	t
12975	4		/user/refresh-token	t	t	t	t
12976	4		/user/role	t	t	t	t
12977	4		/user/role/:id	t	t	t	t
12978	4		/user/role/:id/set	t	t	t	t
12979	4		/user/role/:id/unset	t	t	t	t
12980	4		/user/group	t	t	t	t
12981	4		/user/group/:id	t	t	t	t
12982	4		/user/group/:id/set	t	t	t	t
12983	4		/user/group/:id/unset	t	t	t	t
12984	4		/user/action	t	t	t	t
12985	4		/user/action/:id	t	t	t	t
12986	4		/user/handbook/groups	t	t	t	t
12987	4		/user/handbook/groups/:id	t	t	t	t
12988	4		/user/handbook	t	t	t	t
12989	4		/user/handbook/:id	t	t	t	t
12990	4		/user/handbook/code/:code	t	t	t	t
12991	4		/user/handbook/set	t	t	t	t
12992	4		/user/handbook/unset	t	t	t	t
12993	4		/user/users	t	t	t	t
12994	4		/user/shoppers	t	t	t	t
12995	4		/user/users/:id/base	t	t	t	t
12996	4		/user/users/:id/fields	t	t	t	t
12997	4		/user/users/:id	t	t	t	t
12998	4		/user/users/ids	t	t	t	t
12999	4		/user/users/restore	t	t	t	t
13000	4		/user/access/client/set	t	t	t	t
13001	4		/user/access/client/unset	t	t	t	t
13002	4		/user/access/client/flush	t	t	t	t
13003	4		/user/users/:id/activity-status	t	t	t	t
13004	4		/user/settings	t	t	t	t
13005	4		/user/comments	t	t	t	t
13006	4		/user/comments/:id	t	t	t	t
13007	4		/user/competitors	t	t	t	t
13008	4		/user/competitors/:id	t	t	t	t
13009	4		/user/competitors/bind	t	f	f	f
13010	4		/user/competitors/unbind	t	f	f	f
13011	4		/user/clients	t	t	t	t
13012	4		/user/client/:id/settings	t	t	t	t
13013	4		/user/client/settings	t	t	t	t
13014	4		/user/client/:id/workers	t	t	t	t
13015	4		/user/client/:id/worker/:workerId	t	t	t	t
13016	4		/user/client	t	t	t	t
13017	4		/user/client/:id/worker	t	t	t	t
13018	4		/user/client/:id/level	t	t	t	t
13019	4		/user/msp/sub	t	t	t	t
13020	4		/user/msp	t	t	t	t
13021	4		/file/provider	t	f	f	f
13022	4		/file/provider/set-user-provider	t	f	f	f
13023	4		/file/make-workspace	t	t	f	f
13024	4		/file/upload	t	t	f	f
13025	4		/file/uploads	t	t	f	f
13026	4		/file/read/:provider/*	t	f	f	f
13027	4		/notifications/healthController	t	f	f	f
13028	4		/notifications/actions	t	f	f	f
13029	4		/notifications/action/code/:code	t	f	f	f
13030	4		/notifications/action/:id	t	f	f	f
13031	4		/notifications/action	t	f	f	f
13032	4		/notifications/communication/:id	t	f	f	f
13033	4		/notifications/communications	t	f	f	f
13034	4		/notifications/communication	t	f	f	f
13035	4		/notifications/communication/:id/set	t	f	f	f
13036	4		/notifications/communication/:id/delete	t	f	f	f
13037	4		/notifications/communication/:id/users	t	f	f	f
13038	4		/notifications/communication/:id/update	t	f	f	f
13039	4		/notifications/templates	t	f	f	f
13040	4		/notifications/template/:id	t	f	f	f
13041	4		/notifications/template/communication/:communicationId	t	f	f	f
13042	4		/notifications/template/action/:actionId	t	f	f	f
13043	4		/notifications/template	t	f	f	f
13044	4		/notifications/template/render/:id	t	f	f	f
13045	4		/notifications/send	t	f	f	f
13046	4		/locations/healthController	t	f	f	f
13047	4		/locations/group/change-locations	t	f	f	f
13048	4		/locations/group-client-set	t	f	f	f
13049	4		/locations/groups	t	f	f	f
13050	4		/locations/group/:id	t	f	f	f
13051	4		/locations/group	t	f	f	f
13052	4		/locations/locations	t	f	f	f
13053	4		/locations/location/:id	t	f	f	f
13054	4		/locations/locations/ids	t	f	f	f
13055	4		/locations/location/test	t	f	f	f
13056	4		/locations/location/status	t	f	f	f
13057	4		/locations/location-status/:id	t	f	f	f
13058	4		/locations/countries	t	f	f	f
13059	4		/locations/countries/:countryCode/city	t	f	f	f
13060	4		/locations/countries/:countryCode/regions	t	f	f	f
13061	4		/locations/regions/:regionId/cities	t	f	f	f
13062	4		/locations/countries/:countryCode	t	f	f	f
13063	4		/locations/regions/:regionId	t	f	f	f
13064	4		/locations/cities/:cityId	t	f	f	f
13065	4		/locations/locationInfo	t	f	f	f
13066	4		/locations/shopping/executions	t	f	f	f
13067	4		/locations/shopping/executions-confirm	t	f	f	f
13068	4		/locations/shopping/executions-submit	t	f	f	f
13069	4		/locations/shopping/executions-duplicate	t	f	f	f
13070	4		/locations/shopping/received-visit/:id	t	f	f	f
13071	4		/locations/shopping/visit-list	t	f	f	f
13072	4		/locations/shopping/execution-list	t	f	f	f
13073	4		/locations/shopping/executions/status	t	f	f	f
13074	4		/locations/shopping/executions/:id	t	f	f	f
13075	4		/locations/shopping/executions/delete-all	t	f	f	f
13076	4		/locations/program-types	t	f	f	f
13077	4		/locations/program-type/status	t	f	f	f
13078	4		/locations/program-type/delete-all	t	f	f	f
13079	4		/locations/program-type/:id	t	f	f	f
13080	4		/locations/bonus	t	f	f	f
13081	4		/locations/bonus/delete-all	t	f	f	f
13082	4		/locations/bonus/status	t	f	f	f
13083	4		/locations/bonus/:id	t	f	f	f
13084	4		/locations/client/:id/level	t	f	f	f
13085	4		/locations/access/execution/:user_id	t	f	f	f
13086	4		/locations/access/program/:user_id	t	f	f	f
13087	4		/locations/access/execution/set	t	f	f	f
13088	4		/locations/access/execution/unset	t	f	f	f
13089	4		/locations/access/program/set	t	f	f	f
13090	4		/locations/access/program/unset	t	f	f	f
13091	4		/locations/access/program/flush	t	f	f	f
13092	4		/locations/access/execution/flush	t	f	f	f
13093	4		/import-export/healthController	t	f	f	f
13094	4		/import-export/export/answer-list	t	f	f	f
13095	4		/import-export/export/workers	t	f	f	f
13096	4		/import-export/export/clients	t	f	f	f
13097	4		/import-export/export/shoppers	t	f	f	f
13098	4		/import-export/export/users	t	f	f	f
13099	4		/import-export/export/msp	t	f	f	f
13100	4		/import-export/export/locations	t	f	f	f
13101	4		/import-export/export/location-groups	t	f	f	f
13102	4		/import-export/export/executions	t	f	f	f
13103	4		/import-export/export/program-types	t	f	f	f
13104	4		/import-export/export/pdf/locations	t	f	f	f
13105	4		/import-export/export/pdf/location-groups	t	f	f	f
13106	4		/import-export/export/pdf/workers	t	f	f	f
13107	4		/import-export/export/pdf/clients	t	f	f	f
13108	4		/import-export/export/pdf/shoppers	t	f	f	f
13109	4		/import-export/export/pdf/users	t	f	f	f
13110	4		/import-export/export/pdf/msp	t	f	f	f
13111	4		/import-export/export/pdf/executions	t	f	f	f
13112	4		/import-export/export/pdf/program-types	t	f	f	f
13113	4		/import-export/import/users	t	f	f	f
13114	4		/import-export/import/clients	t	f	f	f
13115	4		/import-export/import/workers	t	f	f	f
13116	4		/import-export/import/msp	t	f	f	f
13117	4		/import-export/import/myMo	t	f	f	f
13118	4		/import-export/import/parse	t	f	f	f
13119	4		/import-export/import/locations	t	f	f	f
13120	4		/import-export/import/programs	t	f	f	f
13121	4		/questionnaire/healthController	t	f	f	f
13122	4		/questionnaire/quest	t	f	f	f
13123	4		/questionnaire/quest/:id	t	f	f	f
13124	4		/questionnaire/test	t	f	f	f
13125	4		/questionnaire/answer/stats	t	f	f	f
13126	4		/questionnaire/answer/stats/sections	t	f	f	f
13127	4		/questionnaire/answers	t	f	f	f
13128	4		/questionnaire/answer/:id	t	f	f	f
13129	4		/questionnaire/answer/:id/:status	t	f	t	f
13130	4		/questionnaire/answer/create-execution-link	t	f	f	f
13131	4		/questionnaire/appeal	t	t	f	f
13132	4		/questionnaire/appeal/:id	t	f	f	f
13133	4		/questionnaire/appeal/reply/:appealId	t	f	f	f
13134	4		/questionnaire/appeal/manager-reply/:appealId	t	f	f	f
13135	4		/questionnaire/integration/v1/sign-in	t	f	f	f
13136	4		/questionnaire/integration/v1/all	t	f	f	f
13137	4		/questionnaire/integration/v1/answer/:id	t	f	f	f
13138	4		/questionnaire/integration/v2/sign-in	t	f	f	f
13139	4		/questionnaire/integration/v2/all	t	f	f	f
13140	4		/questionnaire/integration/v2/answer/:id	t	f	f	f
13141	4		/social-service/healthController	t	f	f	f
13142	4		/social-service/statistics	t	f	f	f
13143	4		/backup/healthController	t	f	f	f
13144	4		/backup/	t	f	f	f
13145	4		/backup/restore	t	f	f	f
13146	4		/backup/:fileName	t	f	f	f
13147	4		/user/cacheReset	t	t	t	t
13148	4		/user/auth/auto-login	t	t	t	t
13149	4		/user/customizations	t	t	t	t
13150	4		/import-export/import/sub-msp	t	f	f	f
13151	4		/import-export/export/sub-msp	t	f	f	f
13152	4		/questionnaire/appeal/group	t	f	f	f
13153	4		/questionnaire/client/answers	t	f	f	f
13154	4		/import-export/export/shops	t	f	f	f
6227	2		/backup/:fileName	t	f	f	f
6228	2		/import-export/export/sub-msp	t	f	f	f
6229	2		/import-export/export/pdf/sub-msp	t	f	f	f
6230	2		/import-export/import/sub-msp	t	f	f	f
6231	2		/locations/shops/:id	t	f	f	f
6232	2		/locations/shops/by-respondent/:respondent_id	t	f	f	f
6233	2		/locations/shops/check-location	t	f	f	f
6234	2		/locations/shops	t	f	f	f
13155	4		/questionnaire/client/answers/:id	t	f	f	f
13156	4		/user/feedback-clients/:id	t	t	t	t
13157	4		/user/feedback-clients	t	t	t	t
13158	4		/user/handbook/:handbook_code	f	t	t	t
13159	4		/user/handbook/:handbook_code/:value_code	f	t	t	t
13160	4		/user/shopper/:id/rating	f	t	t	t
13161	4		/user/user-worker-groups	f	t	t	t
13162	4		/user/user-worker-groups/:id	f	t	t	t
13163	4		/user/tasks	t	t	t	t
13164	4		/user/tasks/:id	t	t	t	t
13165	4		/user/feedback-clients/employ	f	t	t	t
13166	4		/user/feedback-clients/closed	f	t	t	t
13167	4		/import-export/export/client-answers	t	f	f	f
13168	4		/notifications/user/notification	t	f	f	f
13169	4		/notifications/read/:id	f	f	t	f
13170	4		/locations/category/client-rules/:client_id	t	f	f	f
13171	4		/locations/category/values/:id	f	f	f	t
13172	4		/user/tasks/:id/employee-comment	f	t	t	f
13173	4		/user/task/education	f	t	f	f
13174	4		/user/tasks/close/:id	f	f	t	f
13175	4		/file/read/client/answer/:id/files	t	f	f	f
13176	4		/questionnaire/client/answers/:id/files	t	f	f	f
13177	4		/notifications/communication/:user_id/users	t	f	f	f
13178	4		/notifications/actions/list	t	f	f	f
7441	3		/import-export/export/program-types	t	t	t	t
7442	3		/import-export/export/pdf/locations	t	t	t	t
7443	3		/import-export/export/pdf/location-groups	t	t	t	t
7444	3		/import-export/export/pdf/workers	t	t	t	t
7445	3		/import-export/export/pdf/clients	t	t	t	t
7446	3		/import-export/export/pdf/shoppers	t	t	t	t
7447	3		/import-export/export/pdf/users	t	t	t	t
7448	3		/import-export/export/pdf/msp	t	t	t	t
7449	3		/import-export/export/pdf/executions	t	t	t	t
7450	3		/import-export/export/pdf/program-types	t	t	t	t
7451	3		/import-export/import/users	t	t	t	t
7452	3		/import-export/import/clients	t	t	t	t
7453	3		/import-export/import/workers	t	t	t	t
7454	3		/import-export/import/msp	t	t	t	t
7455	3		/import-export/import/myMo	t	t	t	t
7456	3		/import-export/import/parse	t	t	t	t
7457	3		/import-export/import/locations	t	t	t	t
7458	3		/import-export/import/programs	t	t	t	t
7459	3		/questionnaire/healthController	t	t	t	t
7460	3		/questionnaire/quest	t	t	t	t
7461	3		/questionnaire/quest/:id	t	t	t	t
7462	3		/questionnaire/test	t	t	t	t
7463	3		/questionnaire/answer/stats	t	t	t	t
7464	3		/questionnaire/answer/stats/sections	t	t	t	t
7465	3		/questionnaire/answers	t	t	t	t
7466	3		/questionnaire/answer/:id	t	t	t	t
7467	3		/questionnaire/answer/:id/:status	t	t	t	t
7468	3		/questionnaire/answer/create-execution-link	t	t	t	t
7469	3		/questionnaire/appeal	t	t	t	t
7470	3		/questionnaire/appeal/:id	t	t	t	t
7471	3		/questionnaire/appeal/reply/:appealId	t	t	t	t
7472	3		/questionnaire/appeal/manager-reply/:appealId	t	t	t	t
7473	3		/questionnaire/integration/v1/sign-in	t	t	t	t
7474	3		/questionnaire/integration/v1/all	t	t	t	t
7475	3		/questionnaire/integration/v1/answer/:id	t	t	t	t
7476	3		/questionnaire/integration/v2/sign-in	t	t	t	t
7477	3		/questionnaire/integration/v2/all	t	t	t	t
7478	3		/questionnaire/integration/v2/answer/:id	t	t	t	t
7479	3		/social-service/healthController	t	t	t	t
7480	3		/social-service/statistics	t	t	t	t
7481	3		/backup/healthController	t	t	f	t
7482	3		/backup/list	t	t	f	t
7483	3		/backup/	t	t	f	t
7484	3		/backup/restore	t	t	f	t
7485	3		/backup/:fileName	t	t	f	t
7486	3		/locations/shops/set-respondent	t	t	t	t
7487	3		/locations/shops/:id	t	t	t	t
7488	3		/locations/status	t	t	t	t
7489	3		/notifications/communication/:user_id/users	t	t	t	t
7490	3		/notifications/communication/:user_id/clear	t	t	t	t
7491	3		/locations/shops	t	t	t	t
7492	3		/import-export/import/sub-msp	t	t	t	t
7493	3		/import-export/export/pdf/sub-msp	t	t	t	t
7494	3		/import-export/export/sub-msp	t	t	t	t
7495	3		/locations/shopping/executions/connect-questionnaire	t	t	t	t
7496	3		/locations/program-type/connect-questionnaire	t	t	t	t
7497	3		/locations/shops/by-respondent/:respondent_id	t	t	t	t
7498	3		/locations/shops/check-location	t	t	t	t
7499	3		/questionnaire/integration/v2/links/:id	t	t	t	t
7500	3		/questionnaire/integration/v2/store-questionnaire	t	t	t	t
7501	3		/questionnaire/integration/v2/create-link/:id	t	t	t	t
7502	3		/questionnaire/quest/all	t	t	t	t
7503	3		/user/customizations	t	t	t	t
7504	3		/notifications/actions/list	t	t	t	t
7505	3		/notifications/sender	t	t	t	t
7506	3		/notifications/user/notification	t	t	t	t
7507	3		/notifications/read/:id	t	t	t	t
7508	3		/locations/categories	t	t	t	t
7509	3		/locations/category/:id	t	t	t	t
7510	3		/locations/category	t	t	t	t
7511	3		/locations/category/values/:id	t	t	t	t
7512	3		/locations/category/client-rules/:client_id	t	t	t	t
7513	3		/questionnaire/integration/v2/sync/:id	t	t	t	t
7103	5		/user/healthController	t	f	f	f
7104	5		/user/cacheReset	t	f	f	f
9361	1		/user/healthController	t	t	t	f
9362	1		/user/cacheReset	t	t	t	f
9363	1		/user/access	t	t	t	f
9364	1		/user/verify-contact	t	t	t	f
9365	1		/user/check-contact	t	t	t	f
9366	1		/user/auth/sign-up	t	t	t	f
9367	1		/user/auth/sign-in	t	t	t	f
9368	1		/user/auth/forgot-password	t	t	t	f
9369	1		/user/auth/reset-password	t	t	t	f
9370	1		/user/auth/confirm-account	t	t	t	f
9371	1		/user/auth/check-code	t	t	t	f
9372	1		/user/me	t	t	t	f
9373	1		/user/user-additional	t	t	t	f
9374	1		/user/refresh-token	t	t	t	f
9375	1		/user/auth/auto-login	t	t	t	f
9376	1		/user/role	t	t	t	f
9377	1		/user/role/:id	t	t	t	f
9378	1		/user/role/:id/set	t	t	t	f
9379	1		/user/role/:id/unset	t	t	t	f
9380	1		/user/group	t	t	t	f
9381	1		/user/group/:id	t	t	t	f
9382	1		/user/group/:id/set	t	t	t	f
9383	1		/user/group/:id/unset	t	t	t	f
9384	1		/user/action	t	t	t	f
9385	1		/user/action/:id	t	t	t	f
9386	1		/user/handbook/groups	t	t	t	f
9387	1		/user/handbook/groups/:id	t	t	t	f
9388	1		/user/handbook	t	t	t	f
9389	1		/user/handbook/:id	t	t	t	f
9390	1		/user/handbook/code/:code	t	t	t	f
9391	1		/user/handbook/set	t	t	t	f
9392	1		/user/handbook/unset	t	t	t	f
9393	1		/user/handbook/:handbook_code	t	t	t	f
9394	1		/user/handbook/:handbook_code/:value_code	t	t	t	f
9395	1		/user/users	t	t	t	f
9396	1		/user/shoppers	t	t	t	f
9397	1		/user/users/:id/base	t	t	t	f
9398	1		/user/users/:id/fields	t	t	t	f
9399	1		/user/users/:id	t	t	t	f
9400	1		/user/shopper/:id/rating	t	t	t	f
9401	1		/user/users/ids	t	t	t	f
9402	1		/user/users/restore	t	t	t	f
9403	1		/user/access/client/set	t	t	t	f
9404	1		/user/access/client/unset	t	t	t	f
9405	1		/user/access/client/flush	t	t	t	f
9406	1		/user/users/:id/activity-status	t	t	t	f
9407	1		/user/settings	t	t	t	f
9408	1		/user/customizations	t	t	t	f
9409	1		/user/comments	t	t	t	f
9410	1		/user/comments/:id	t	t	t	f
9411	1		/user/competitors	t	t	t	f
9412	1		/user/competitors/:id	t	t	t	f
9413	1		/user/competitors/bind	t	t	t	f
9414	1		/user/competitors/unbind	t	t	t	f
9415	1		/user/clients	t	t	t	f
9416	1		/user/client/:id/settings	t	t	t	f
9417	1		/user/client/settings	t	t	t	f
9418	1		/user/client/:id/workers	t	t	t	f
9419	1		/user/client/:id/worker/:workerId	t	t	t	f
9420	1		/user/client	t	t	t	f
9421	1		/user/client/:id/worker	t	t	t	f
9422	1		/user/client/:id/level	t	t	t	f
9423	1		/user/msp/sub	t	t	t	f
9424	1		/user/msp	t	t	t	f
9425	1		/user/user-worker-groups	t	t	t	f
9426	1		/user/user-worker-groups/:id	t	t	t	f
9427	1		/file/healthController	t	t	t	f
9428	1		/file/providers	t	t	t	f
9429	1		/file/provider/:id	t	t	t	f
9430	1		/file/provider	t	t	t	f
9431	1		/file/provider/set-user-provider	t	t	t	f
9432	1		/file/make-workspace	t	t	t	f
9433	1		/file/upload	t	t	t	f
9434	1		/file/uploads	t	t	t	f
9435	1		/file/read/:provider/*	t	t	t	f
9436	1		/notifications/healthController	t	t	t	f
9437	1		/notifications/actions	t	t	t	f
9438	1		/notifications/action/code/:code	t	t	t	f
9439	1		/notifications/action/:id	t	t	t	f
9440	1		/notifications/action	t	t	t	f
9441	1		/notifications/actions/list	t	t	t	f
9442	1		/notifications/communication/:id	t	t	t	f
9443	1		/notifications/communications	t	t	t	f
9444	1		/notifications/communication	t	t	t	f
9445	1		/notifications/communication/:user_id/users	t	t	t	f
9446	1		/notifications/communication/:id/set	t	t	t	f
9447	1		/notifications/communication/:id/delete	t	t	t	f
9448	1		/notifications/communication/:id/users	t	t	t	f
9449	1		/notifications/communication/:user_id/clear	t	t	t	f
9450	1		/notifications/communication/:id/update	t	t	t	f
9451	1		/notifications/templates	t	t	t	f
9452	1		/notifications/template/:id	t	t	t	f
9453	1		/notifications/template/communication/:communicationId	t	t	t	f
9454	1		/notifications/template/action/:actionId	t	t	t	f
9455	1		/notifications/template	t	t	t	f
9456	1		/notifications/template/render/:id	t	t	t	f
9457	1		/notifications/send	t	t	t	f
9458	1		/notifications/sender	t	t	t	f
9459	1		/notifications/user/notification	t	t	t	f
9460	1		/notifications/read/:id	t	t	t	f
9461	1		/locations/healthController	t	t	t	f
9462	1		/locations/group/change-locations	t	t	t	f
9463	1		/locations/status	t	t	t	f
9464	1		/locations/group-client-set	t	t	t	f
9465	1		/locations/groups	t	t	t	f
9466	1		/locations/group/:id	t	t	t	f
9467	1		/locations/group	t	t	t	f
9468	1		/locations/locations	t	t	t	f
9469	1		/locations/location/:id	t	t	t	f
9470	1		/locations/locations/ids	t	t	t	f
9471	1		/locations/location/test	t	t	t	f
9472	1		/locations/location-status/:id	t	t	t	f
9473	1		/locations/categories	t	t	t	f
9474	1		/locations/category/:id	t	t	t	f
9475	1		/locations/category	t	t	t	f
9476	1		/locations/category/values/:id	t	t	t	f
9477	1		/locations/category/client-rules/:client_id	t	t	t	f
9478	1		/locations/countries	t	t	t	f
9479	1		/locations/regions/ids	t	t	t	f
9480	1		/locations/cities/ids	t	t	t	f
9481	1		/locations/countries/:countryCode/city	t	t	t	f
9482	1		/locations/countries/:countryCode/regions	t	t	t	f
9483	1		/locations/regions/:regionId/cities	t	t	t	f
9484	1		/locations/countries/:countryCode	t	t	t	f
9485	1		/locations/regions/:regionId	t	t	t	f
9486	1		/locations/cities/:cityId	t	t	t	f
9487	1		/locations/locationInfo	t	t	t	f
9488	1		/locations/shopping/executions	t	t	t	f
9489	1		/locations/shopping/executions-submit	t	t	t	f
9490	1		/locations/shopping/executions-duplicate	t	t	t	f
9491	1		/locations/shopping/received-visit/:id	t	t	t	f
9492	1		/locations/shopping/visit-list	t	t	t	f
9493	1		/locations/shopping/execution-list	t	t	t	f
9494	1		/locations/shopping/executions/status	t	t	t	f
9495	1		/locations/shopping/executions/:id	t	t	t	f
9496	1		/locations/shopping/executions/delete-all	t	t	t	f
9497	1		/locations/shopping/executions/connect-questionnaire	t	t	t	f
9498	1		/locations/shopping/executions/disconnect-questionnaire	t	t	t	f
9499	1		/locations/shopping/executions/:id/start-project	t	t	t	f
9500	1		/locations/program-types	t	t	t	f
9501	1		/locations/program-type/:id	t	t	t	f
9502	1		/locations/program-type/status	t	t	t	f
9503	1		/locations/program-type/delete-all	t	t	t	f
9504	1		/locations/program-type/connect-questionnaire	t	t	t	f
9505	1		/locations/program-type/disconnect-questionnaire	t	t	t	f
9506	1		/locations/bonus	t	t	t	f
9507	1		/locations/bonus/delete-all	t	t	t	f
9508	1		/locations/bonus/status	t	t	t	f
9509	1		/locations/bonus/:id	t	t	t	f
9510	1		/locations/client/:id/level	t	t	t	f
9511	1		/locations/access/execution/:user_id	t	t	t	f
9512	1		/locations/access/program/:user_id	t	t	t	f
9513	1		/locations/access/execution/set	t	t	t	f
9514	1		/locations/access/execution/unset	t	t	t	f
9515	1		/locations/access/program/set	t	t	t	f
7514	3		/questionnaire/answer/send	t	t	t	t
7515	6		/backup/	t	t	t	t
7516	6		/user/healthController	t	t	t	t
7517	6		/user/cacheReset	t	t	t	t
7518	6		/user/access	t	t	t	t
7519	6		/user/verify-contact	t	t	t	t
7520	6		/user/check-contact	t	t	t	t
7521	6		/user/auth/sign-up	t	t	t	t
7522	6		/user/auth/sign-in	t	t	t	t
7523	6		/user/auth/forgot-password	t	t	t	t
7524	6		/user/auth/reset-password	t	t	t	t
7525	6		/user/auth/confirm-account	t	t	t	t
7526	6		/user/auth/check-code	t	t	t	t
7527	6		/user/me	t	t	t	t
7528	6		/user/user-additional	t	t	t	t
7529	6		/user/refresh-token	t	t	t	t
7530	6		/user/auth/auto-login	t	t	t	t
7531	6		/user/role	t	t	t	t
7532	6		/user/role/:id	t	t	t	t
7533	6		/user/role/:id/set	t	t	t	t
7534	6		/user/role/:id/unset	t	t	t	t
7535	6		/user/group	t	t	t	t
7536	6		/user/group/:id	t	t	t	t
7537	6		/user/group/:id/set	t	t	t	t
7538	6		/user/group/:id/unset	t	t	t	t
7539	6		/user/action	t	t	t	t
7540	6		/user/action/:id	t	t	t	t
7541	6		/user/handbook/groups	t	t	t	t
7542	6		/user/handbook/groups/:id	t	t	t	t
7543	6		/user/handbook	t	t	t	t
7544	6		/user/handbook/:id	t	t	t	t
7545	6		/user/handbook/code/:code	t	t	t	t
7546	6		/user/handbook/set	t	t	t	t
7547	6		/user/handbook/unset	t	t	t	t
7548	6		/user/users	t	t	t	t
7549	6		/user/shoppers	t	t	t	t
7550	6		/user/users/:id/base	t	t	t	t
7551	6		/user/users/:id/fields	t	t	t	t
7552	6		/user/users/:id	t	t	t	t
7553	6		/user/users/ids	t	t	t	t
7554	6		/user/users/restore	t	t	t	t
7555	6		/user/access/client/set	t	t	t	t
7556	6		/user/access/client/unset	t	t	t	t
7557	6		/user/access/client/flush	t	t	t	t
7558	6		/user/users/:id/activity-status	t	t	t	t
7559	6		/user/settings	t	t	t	t
7560	6		/user/comments	t	t	t	t
7561	6		/user/comments/:id	t	t	t	t
7562	6		/user/competitors	t	t	t	t
7563	6		/user/competitors/:id	t	t	t	t
7564	6		/user/competitors/bind	t	t	t	t
7565	6		/user/competitors/unbind	t	t	t	t
7566	6		/user/clients	t	t	t	t
7567	6		/user/client/:id/settings	t	t	t	t
7568	6		/user/client/settings	t	t	t	t
7569	6		/user/client/:id/workers	t	t	t	t
7570	6		/user/client/:id/worker/:workerId	t	t	t	t
7571	6		/user/client	t	t	t	t
7572	6		/user/client/:id/worker	t	t	t	t
7573	6		/user/client/:id/level	t	t	t	t
7574	6		/user/msp/sub	t	t	t	t
7575	6		/user/msp	t	t	t	t
7576	6		/file/healthController	t	t	t	t
7577	6		/file/providers	t	t	t	t
7578	6		/file/provider/:id	t	t	t	t
7579	6		/file/provider	t	t	t	t
7580	6		/file/provider/set-user-provider	t	t	t	t
7581	6		/file/make-workspace	t	t	t	t
7582	6		/file/upload	t	t	t	t
7583	6		/file/uploads	t	t	t	t
7584	6		/file/read/:provider/*	t	t	t	t
7585	6		/notifications/healthController	t	t	t	t
7586	6		/notifications/actions	t	t	t	t
7587	6		/notifications/action/code/:code	t	t	t	t
7588	6		/notifications/action/:id	t	t	t	t
7589	6		/notifications/action	t	t	t	t
7590	6		/notifications/communication/:id	t	t	t	t
7591	6		/notifications/communications	t	t	t	t
7592	6		/notifications/communication	t	t	t	t
7593	6		/notifications/communication/:user_id/users	t	t	t	t
7296	3		/notifications/communication/:id	t	t	t	t
7297	3		/notifications/communications	t	t	t	t
7298	3		/notifications/communication	t	t	t	t
7299	3		/notifications/communication/:id/set	t	t	t	t
7300	3		/notifications/communication/:id/delete	t	t	t	t
7301	3		/notifications/communication/:id/users	t	t	t	t
7302	3		/notifications/communication/:id/update	t	t	t	t
7303	3		/notifications/templates	t	t	t	t
7304	3		/notifications/template/:id	t	t	t	t
7305	3		/notifications/template/communication/:communicationId	t	t	t	t
7306	3		/notifications/template/action/:actionId	t	t	t	t
7307	3		/notifications/template	t	t	t	t
7308	3		/notifications/template/render/:id	t	t	t	t
7309	3		/notifications/send	t	t	t	t
7310	3		/locations/healthController	t	t	t	t
7311	3		/locations/group/change-locations	t	t	t	t
7312	3		/locations/group-client-set	t	t	t	t
7313	3		/locations/groups	t	t	t	t
9516	1		/locations/access/program/unset	t	t	t	f
9517	1		/locations/access/program/flush	t	t	t	f
9518	1		/locations/access/execution/flush	t	t	t	f
9519	1		/locations/shops/approve-application	t	t	t	f
9520	1		/locations/shops/available	t	t	t	f
9521	1		/locations/shops/update-status	t	t	t	f
9522	1		/locations/shops	t	t	t	f
9523	1		/locations/shops/:id	t	t	t	f
9524	1		/locations/shops/set-respondent	t	t	t	f
9525	1		/locations/shops/:id/pay-and-rating	t	t	t	f
9526	1		/locations/shops/by-respondent/:respondent_id	t	t	t	f
9527	1		/locations/shops/check-location	t	t	t	f
9528	1		/locations/shops/by-hash/:hash	t	t	t	f
9529	1		/locations/shops/:id/status	t	t	t	f
9530	1		/locations/shops/:id/progress	t	t	t	f
9531	1		/locations/shops/:id/set-answer	t	t	t	f
9532	1		/locations/shops/:id/apply-for-current-user	t	t	t	f
9533	1		/locations/shops/applications/pending	t	t	t	f
9534	1		/locations/quality-control/executions-stats	t	t	t	f
9535	1		/locations/execution-type	t	t	t	f
9536	1		/locations/execution-type/:id	t	t	t	f
9537	1		/locations/execution/:id/types	t	t	t	f
9538	1		/locations/wave	t	t	t	f
9539	1		/locations/wave/:waveId	t	t	t	f
9540	1		/locations/wave/:waveId/shops	t	t	t	f
9541	1		/locations/shops/:shopId/wave	t	t	t	f
9542	1		/import-export/healthController	t	t	t	f
9543	1		/import-export/export/answer-list	t	t	t	f
9544	1		/import-export/export/workers	t	t	t	f
9545	1		/import-export/export/clients	t	t	t	f
9546	1		/import-export/export/shoppers	t	t	t	f
9547	1		/import-export/export/users	t	t	t	f
9548	1		/import-export/export/msp	t	t	t	f
9549	1		/import-export/export/sub-msp	t	t	t	f
9550	1		/import-export/export/locations	t	t	t	f
9551	1		/import-export/export/location-visit	t	t	t	f
9552	1		/import-export/export/location-groups	t	t	t	f
9553	1		/import-export/export/executions	t	t	t	f
9554	1		/import-export/export/program-types	t	t	t	f
9555	1		/import-export/export/pdf/locations	t	t	t	f
9556	1		/import-export/export/pdf/location-groups	t	t	t	f
9557	1		/import-export/export/pdf/workers	t	t	t	f
9558	1		/import-export/export/pdf/clients	t	t	t	f
9559	1		/import-export/export/pdf/shoppers	t	t	t	f
9560	1		/import-export/export/pdf/users	t	t	t	f
9561	1		/import-export/export/pdf/msp	t	t	t	f
9562	1		/import-export/export/pdf/sub-msp	t	t	t	f
9563	1		/import-export/export/pdf/executions	t	t	t	f
9564	1		/import-export/export/pdf/program-types	t	t	t	f
9565	1		/import-export/import/users	t	t	t	f
9566	1		/import-export/import/clients	t	t	t	f
9567	1		/import-export/import/workers	t	t	t	f
9568	1		/import-export/import/msp	t	t	t	f
9569	1		/import-export/import/sub-msp	t	t	t	f
9570	1		/import-export/import/myMo	t	t	t	f
9571	1		/import-export/import/parse	t	t	t	f
9572	1		/import-export/import/locations	t	t	t	f
9573	1		/import-export/import/location-visits	t	t	t	f
9574	1		/import-export/import/programs	t	t	t	f
9575	1		/questionnaire/healthController	t	t	t	f
9576	1		/questionnaire/answer/validator/send	t	t	t	f
9577	1		/questionnaire/answer/validation/:id/status	t	t	t	f
9578	1		/questionnaire/answer/validation/:id/publish	t	t	t	f
9579	1		/questionnaire/answer/validation/:id/unpublish	t	t	t	f
9580	1		/questionnaire/answer/validation/:id	t	t	t	f
9581	1		/questionnaire/answer/validation/:id/accept	t	t	t	f
9582	1		/questionnaire/answer/validation/:id/reject	t	t	t	f
9583	1		/questionnaire/answer/send	t	t	t	f
9584	1		/questionnaire/quest	t	t	t	f
9585	1		/questionnaire/quest/:id	t	t	t	f
9586	1		/questionnaire/quest-by-shop/:id	t	t	t	f
9587	1		/questionnaire/quest/:id/customization	t	t	t	f
9588	1		/questionnaire/quest/all	t	t	t	f
9589	1		/questionnaire/quest/:id/section	t	t	t	f
9590	1		/questionnaire/quest/:id/nps	t	t	t	f
9591	1		/questionnaire/answer/stats	t	t	t	f
9592	1		/questionnaire/answer/stats/sections	t	t	t	f
9593	1		/questionnaire/answers	t	t	t	f
9594	1		/questionnaire/answer/:id	t	t	t	f
9595	1		/questionnaire/answer/create-execution-link	t	t	t	f
9596	1		/questionnaire/answer/:id/:status	t	t	t	f
9597	1		/questionnaire/answer-by-shop-ids	t	t	t	f
9598	1		/questionnaire/appeal/group	t	t	t	f
9599	1		/questionnaire/appeal	t	t	t	f
9600	1		/questionnaire/appeal/:id	t	t	t	f
9601	1		/questionnaire/appeal/reply/:appealId	t	t	t	f
9602	1		/questionnaire/appeal-setting/:id	t	t	t	f
9603	1		/questionnaire/appeal-setting	t	t	t	f
9604	1		/questionnaire/appeal/connect-to-questionnaire	t	t	t	f
9605	1		/questionnaire/appeal/manager-reply/:appealId	t	t	t	f
9606	1		/questionnaire/integration/v1/sign-in	t	t	t	f
9607	1		/questionnaire/integration/v1/all	t	t	t	f
9608	1		/questionnaire/integration/v1/answer/:id	t	t	t	f
9609	1		/questionnaire/integration/v2/sign-in	t	t	t	f
9610	1		/questionnaire/integration/v2/all	t	t	t	f
9611	1		/questionnaire/integration/v2/answer/:id	t	t	t	f
9612	1		/questionnaire/integration/v2/links/:id	t	t	t	f
9613	1		/questionnaire/integration/v2/create-link/:id	t	t	t	f
9614	1		/questionnaire/integration/v2/store-questionnaire	t	t	t	f
9615	1		/questionnaire/integration/v2/sync/:id	t	t	t	f
9616	1		/questionnaire/mistakes	t	t	t	f
9617	1		/questionnaire/mistakes/:id	t	t	t	f
9618	1		/questionnaire/validator-comments	t	t	t	f
9619	1		/questionnaire/validator-comment/:id	t	t	t	f
9620	1		/questionnaire/validator-comment	t	t	t	f
9621	1		/questionnaire/answer-histories	t	t	t	f
7314	3		/locations/group/:id	t	t	t	t
7315	3		/locations/group	t	t	t	t
7316	3		/locations/locations	t	t	t	t
7317	3		/locations/location/:id	t	t	t	t
7318	3		/locations/locations/ids	t	t	t	t
7319	3		/locations/location/test	t	t	t	t
7320	3		/locations/location/status	t	t	f	t
7321	3		/locations/location-status/:id	t	t	t	t
7322	3		/locations/countries	t	t	t	t
7323	3		/locations/countries/:countryCode/city	t	t	t	t
7324	3		/locations/countries/:countryCode/regions	t	t	t	t
7325	3		/locations/regions/:regionId/cities	t	t	t	t
7326	3		/locations/countries/:countryCode	t	t	t	t
7327	3		/locations/regions/:regionId	t	t	t	t
7328	3		/locations/cities/:cityId	t	t	t	t
7329	3		/locations/locationInfo	t	t	t	t
7330	3		/locations/shopping/executions	t	t	t	t
7331	3		/locations/shopping/executions-confirm	t	t	t	t
7332	3		/locations/shopping/executions-submit	t	t	t	t
7333	3		/locations/shopping/executions-duplicate	t	t	t	t
7334	3		/locations/shopping/received-visit/:id	t	t	t	t
7335	3		/user/healthController	t	t	t	t
7336	3		/user/cacheReset	t	t	t	t
7337	3		/user/access	t	t	t	t
7338	3		/user/verify-contact	t	t	t	t
7339	3		/user/check-contact	t	t	t	t
7340	3		/user/auth/sign-up	t	t	t	t
7341	3		/user/auth/sign-in	t	t	t	t
7342	3		/user/auth/forgot-password	t	t	t	t
7343	3		/user/auth/reset-password	t	t	t	t
7344	3		/user/auth/confirm-account	t	t	t	t
7345	3		/user/auth/check-code	t	t	t	t
7346	3		/user/me	t	t	t	t
7347	3		/user/user-additional	t	t	t	t
7348	3		/user/refresh-token	t	t	t	t
7349	3		/user/auth/auto-login	t	t	t	t
7350	3		/user/role	t	t	t	t
7351	3		/user/role/:id	t	t	t	t
7352	3		/user/role/:id/set	t	t	t	t
7353	3		/user/role/:id/unset	t	t	t	t
7354	3		/user/group	t	t	t	t
9622	1		/questionnaire/answer-history/:id	t	t	t	f
9623	1		/questionnaire/answer-history	t	t	t	f
9624	1		/social-service/healthController	t	t	t	f
9625	1		/social-service/statistics	t	t	t	f
9626	1		/backup/healthController	t	t	t	f
9627	1		/backup/list	t	t	t	f
9628	1		/backup/	t	t	t	f
9629	1		/backup/restore	t	t	t	f
9630	1		/backup/:fileName	t	t	t	f
9631	1		/locations/shops/job/:id	t	f	f	f
7355	3		/user/group/:id	t	t	t	t
7356	3		/user/group/:id/set	t	t	t	t
7357	3		/user/group/:id/unset	t	t	t	t
7358	3		/user/action	t	t	t	t
7359	3		/user/action/:id	t	t	t	t
7360	3		/user/handbook/groups	t	t	t	t
7361	3		/user/handbook/groups/:id	t	t	t	t
7362	3		/user/handbook	t	t	t	t
7363	3		/user/handbook/:id	t	t	t	t
7364	3		/user/handbook/code/:code	t	t	t	t
7365	3		/user/handbook/set	t	t	t	t
7366	3		/user/handbook/unset	t	t	t	t
7367	3		/user/users	t	t	t	t
7368	3		/user/shoppers	t	t	t	t
7369	3		/user/users/:id/base	t	t	t	t
7370	3		/user/users/:id/fields	t	t	t	t
7371	3		/user/users/:id	t	t	t	t
7372	3		/user/users/ids	t	t	t	t
7373	3		/user/users/restore	t	t	t	t
7374	3		/user/access/client/set	t	t	t	t
7375	3		/user/access/client/unset	t	t	t	t
7376	3		/user/access/client/flush	t	t	t	t
7377	3		/user/users/:id/activity-status	t	t	t	t
7378	3		/user/settings	t	t	t	t
7379	3		/user/comments	t	t	t	t
7380	3		/user/comments/:id	t	t	t	t
7381	3		/user/competitors	t	t	t	t
7382	3		/user/competitors/:id	t	t	t	t
7383	3		/user/competitors/bind	t	t	t	t
7384	3		/user/competitors/unbind	t	t	t	t
7385	3		/user/clients	t	t	t	t
7386	3		/user/client/:id/settings	t	t	t	t
7387	3		/user/client/settings	t	t	t	t
7388	3		/user/client/:id/workers	t	t	t	t
7389	3		/user/client/:id/worker/:workerId	t	t	t	t
7390	3		/user/client	t	t	t	t
7391	3		/user/client/:id/worker	t	t	t	t
7392	3		/user/client/:id/level	t	t	t	t
7393	3		/user/msp/sub	t	t	t	t
7394	3		/user/msp	t	t	t	t
7395	3		/file/healthController	t	t	t	t
7396	3		/file/providers	t	t	t	t
7397	3		/file/provider/:id	t	t	t	t
7398	3		/file/provider	t	t	t	t
7399	3		/file/provider/set-user-provider	t	t	t	t
7400	3		/file/make-workspace	t	t	t	t
7401	3		/file/upload	t	t	t	t
7402	3		/file/uploads	t	t	t	t
7403	3		/file/read/:provider/*	t	t	t	t
7404	3		/notifications/healthController	t	t	t	t
7405	3		/notifications/actions	t	t	t	t
7406	3		/notifications/action/code/:code	t	t	t	t
7407	3		/notifications/action/:id	t	t	t	t
7408	3		/notifications/action	t	t	t	t
7409	3		/locations/shopping/visit-list	t	t	t	t
7410	3		/locations/shopping/execution-list	t	t	t	t
7411	3		/locations/shopping/executions/status	t	t	t	t
7412	3		/locations/shopping/executions/:id	t	t	t	t
7413	3		/locations/shopping/executions/delete-all	t	t	t	t
7414	3		/locations/program-types	t	t	t	t
7415	3		/locations/program-type/status	t	t	t	t
7416	3		/locations/program-type/delete-all	t	t	t	t
7417	3		/locations/program-type/:id	t	t	t	t
7418	3		/locations/bonus	t	t	t	t
7419	3		/locations/bonus/delete-all	t	t	t	t
7420	3		/locations/bonus/status	t	t	t	t
7421	3		/locations/bonus/:id	t	t	t	t
7422	3		/locations/client/:id/level	t	t	t	t
7423	3		/locations/access/execution/:user_id	t	t	t	t
7424	3		/locations/access/program/:user_id	t	t	t	t
7425	3		/locations/access/execution/set	t	t	t	t
7426	3		/locations/access/execution/unset	t	t	t	t
7427	3		/locations/access/program/set	t	t	t	t
7428	3		/locations/access/program/unset	t	t	t	t
7429	3		/locations/access/program/flush	t	t	t	t
7430	3		/locations/access/execution/flush	t	t	t	t
7431	3		/import-export/healthController	t	t	t	t
7432	3		/import-export/export/answer-list	t	t	t	t
7433	3		/import-export/export/workers	t	t	t	t
7434	3		/import-export/export/clients	t	t	t	t
7435	3		/import-export/export/shoppers	t	t	t	t
7436	3		/import-export/export/users	t	t	t	t
7437	3		/import-export/export/msp	t	t	t	t
7438	3		/import-export/export/locations	t	t	t	t
7439	3		/import-export/export/location-groups	t	t	t	t
7440	3		/import-export/export/executions	t	t	t	t
7594	6		/notifications/communication/:id/set	t	t	t	t
7595	6		/notifications/communication/:id/delete	t	t	t	t
7596	6		/notifications/communication/:id/users	t	t	t	t
7597	6		/notifications/communication/:user_id/clear	t	t	t	t
7598	6		/notifications/communication/:id/update	t	t	t	t
7599	6		/notifications/templates	t	t	t	t
7600	6		/notifications/template/:id	t	t	t	t
7601	6		/notifications/template/communication/:communicationId	t	t	t	t
7602	6		/notifications/template/action/:actionId	t	t	t	t
7603	6		/notifications/template	t	t	t	t
7604	6		/notifications/template/render/:id	t	t	t	t
7605	6		/notifications/send	t	t	t	t
7606	6		/locations/healthController	t	t	t	t
7607	6		/locations/group/change-locations	t	t	t	t
7608	6		/locations/status	t	t	t	t
7609	6		/locations/group-client-set	t	t	t	t
7610	6		/locations/groups	t	t	t	t
7611	6		/locations/group/:id	t	t	t	t
7612	6		/locations/group	t	t	t	t
7613	6		/locations/locations	t	t	t	t
7614	6		/locations/location/:id	t	t	t	t
7615	6		/locations/locations/ids	t	t	t	t
7616	6		/locations/location/test	t	t	t	t
7617	6		/locations/location-status/:id	t	t	t	t
7618	6		/locations/countries	t	t	t	t
7619	6		/locations/countries/:countryCode/city	t	t	t	t
7620	6		/locations/countries/:countryCode/regions	t	t	t	t
7621	6		/locations/regions/:regionId/cities	t	t	t	t
7622	6		/locations/countries/:countryCode	t	t	t	t
7623	6		/locations/regions/:regionId	t	t	t	t
7624	6		/locations/cities/:cityId	t	t	t	t
7625	6		/locations/locationInfo	t	t	t	t
7626	6		/locations/shopping/executions	t	t	t	t
7627	6		/locations/shopping/executions-confirm	t	t	t	t
7628	6		/locations/shopping/executions-submit	t	t	t	t
7629	6		/locations/shopping/executions-duplicate	t	t	t	t
7630	6		/locations/shopping/received-visit/:id	t	t	t	t
7631	6		/locations/shopping/visit-list	t	t	t	t
7632	6		/locations/shopping/execution-list	t	t	t	t
7633	6		/locations/shopping/executions/status	t	t	t	t
7634	6		/locations/shopping/executions/:id	t	t	t	t
7635	6		/locations/shopping/executions/delete-all	t	t	t	t
7636	6		/locations/program-types	t	t	t	t
7637	6		/locations/program-type/status	t	t	t	t
7638	6		/locations/program-type/delete-all	t	t	t	t
7639	6		/locations/program-type/:id	t	t	t	t
7640	6		/locations/bonus	t	t	t	t
7641	6		/locations/bonus/delete-all	t	t	t	t
7642	6		/locations/bonus/status	t	t	t	t
7643	6		/locations/bonus/:id	t	t	t	t
7644	6		/locations/client/:id/level	t	t	t	t
7645	6		/locations/access/execution/:user_id	t	t	t	t
7646	6		/locations/access/program/:user_id	t	t	t	t
7647	6		/locations/access/execution/set	t	t	t	t
7648	6		/locations/access/execution/unset	t	t	t	t
7649	6		/locations/access/program/set	t	t	t	t
7650	6		/locations/access/program/unset	t	t	t	t
7651	6		/locations/access/program/flush	t	t	t	t
7652	6		/locations/access/execution/flush	t	t	t	t
7653	6		/import-export/healthController	t	t	t	t
7654	6		/import-export/export/answer-list	t	t	t	t
7655	6		/import-export/export/workers	t	t	t	t
7656	6		/import-export/export/clients	t	t	t	t
7657	6		/import-export/export/shoppers	t	t	t	t
7658	6		/import-export/export/users	t	t	t	t
7659	6		/import-export/export/msp	t	t	t	t
7660	6		/import-export/export/sub-msp	t	t	t	t
7661	6		/import-export/export/locations	t	t	t	t
7662	6		/import-export/export/location-groups	t	t	t	t
7663	6		/import-export/export/executions	t	t	t	t
7664	6		/import-export/export/program-types	t	t	t	t
7665	6		/import-export/export/pdf/locations	t	t	t	t
7666	6		/import-export/export/pdf/location-groups	t	t	t	t
7667	6		/import-export/export/pdf/workers	t	t	t	t
7668	6		/import-export/export/pdf/clients	t	t	t	t
7669	6		/import-export/export/pdf/shoppers	t	t	t	t
7670	6		/import-export/export/pdf/users	t	t	t	t
7671	6		/import-export/export/pdf/msp	t	t	t	t
7672	6		/import-export/export/pdf/sub-msp	t	t	t	t
7673	6		/import-export/export/pdf/executions	t	t	t	t
7674	6		/import-export/export/pdf/program-types	t	t	t	t
7675	6		/import-export/import/users	t	t	t	t
7676	6		/import-export/import/clients	t	t	t	t
7677	6		/import-export/import/workers	t	t	t	t
7678	6		/import-export/import/msp	t	t	t	t
7679	6		/import-export/import/sub-msp	t	t	t	t
7680	6		/import-export/import/myMo	t	t	t	t
7681	6		/import-export/import/parse	t	t	t	t
7682	6		/import-export/import/locations	t	t	t	t
7683	6		/import-export/import/programs	t	t	t	t
7684	6		/questionnaire/healthController	t	t	t	t
7685	6		/questionnaire/quest	t	t	t	t
7686	6		/questionnaire/quest/:id	t	t	t	t
7687	6		/questionnaire/test	t	t	t	t
7688	6		/questionnaire/answer/stats	t	t	t	t
7689	6		/questionnaire/answer/stats/sections	t	t	t	t
7690	6		/questionnaire/answers	t	t	t	t
7691	6		/questionnaire/answer/:id	t	t	t	t
7692	6		/questionnaire/answer/:id/:status	t	t	t	t
7693	6		/questionnaire/answer/create-execution-link	t	t	t	t
7694	6		/questionnaire/appeal	t	t	t	t
7695	6		/questionnaire/appeal/:id	t	t	t	t
7696	6		/questionnaire/appeal/reply/:appealId	t	t	t	t
7697	6		/questionnaire/appeal/manager-reply/:appealId	t	t	t	t
7698	6		/questionnaire/integration/v1/sign-in	t	t	t	t
7699	6		/questionnaire/integration/v1/all	t	t	t	t
7700	6		/questionnaire/integration/v1/answer/:id	t	t	t	t
7701	6		/questionnaire/integration/v2/sign-in	t	t	t	t
7702	6		/questionnaire/integration/v2/all	t	t	t	t
7703	6		/questionnaire/integration/v2/answer/:id	t	t	t	t
7704	6		/social-service/healthController	t	t	t	t
7705	6		/social-service/statistics	t	t	t	t
7706	6		/backup/healthController	t	t	t	t
7707	6		/backup/list	t	t	t	t
7708	6		/backup/restore	t	t	t	t
7709	6		/backup/:fileName	t	t	t	t
7710	6		/user/customizations	t	t	t	t
7711	6		/locations/shopping/executions/connect-questionnaire	t	t	t	t
7712	6		/locations/program-type/connect-questionnaire	t	t	t	t
7713	6		/locations/shops	t	t	t	t
7714	6		/locations/shops/:id	t	t	t	t
7715	6		/locations/shops/set-respondent	t	t	t	t
7716	6		/locations/shops/by-respondent/:respondent_id	t	t	t	t
7717	6		/locations/shops/check-location	t	t	t	t
7718	6		/questionnaire/quest/all	t	t	t	t
7719	6		/questionnaire/integration/v2/links/:id	t	t	t	t
7720	6		/questionnaire/integration/v2/create-link/:id	t	t	t	t
7721	6		/questionnaire/integration/v2/store-questionnaire	t	t	t	t
7722	6		/notifications/actions/list	t	t	t	t
7723	6		/notifications/sender	t	t	t	t
7724	6		/notifications/user/notification	t	t	t	t
7725	6		/notifications/read/:id	t	t	t	t
7726	6		/locations/categories	t	t	t	t
7727	6		/locations/category/:id	t	t	t	t
7728	6		/locations/category	t	t	t	t
7729	6		/locations/category/values/:id	t	t	t	t
7730	6		/locations/category/client-rules/:client_id	t	t	t	t
7731	6		/questionnaire/answer/send	f	t	f	f
\.


--
-- Data for Name: role_user_link; Type: TABLE DATA; Schema: public; Owner: pma
--

COPY public.role_user_link (id, role_id, user_id) FROM stdin;
1	7	1
2	1	2
3	2	3
4	2	4
6	2	6
7	2	8
8	2	9
9	2	10
10	2	11
5	7	5
12	1	13
13	2	14
14	4	15
15	4	16
16	4	17
17	4	18
22	6	23
23	6	24
24	2	25
26	1	27
27	2	28
28	2	29
29	2	30
30	2	31
31	2	32
32	2	33
25	4	26
21	4	22
20	4	21
19	4	20
18	4	19
11	4	12
33	4	34
34	4	35
35	4	36
36	6	37
37	6	38
38	6	39
39	4	40
41	2	42
42	4	43
43	2	44
44	2	45
45	4	46
46	4	47
47	4	48
48	4	50
49	4	51
50	4	52
51	4	53
52	2	57
53	1	58
54	1	59
55	2	60
56	2	61
57	2	62
58	4	63
59	2	64
60	4	65
62	4	41
63	4	66
\.


--
-- Data for Name: roles; Type: TABLE DATA; Schema: public; Owner: pma
--

COPY public.roles (id, name, default_role, access_pages, deleted_at, delete_at, access_page_manager) FROM stdin;
2	Client	f	[{"name": "User", "path": "/crm/users", "view": true, "routes": [{"name": "User List", "path": "/crm/users", "view": true}, {"name": "Clients", "path": "/crm/users/clients", "view": true}, {"name": "Shoppers", "path": "/crm/users/shoppers", "view": true}, {"name": "Group", "path": "/crm/users/groups", "view": true}, {"name": "Role", "path": "/crm/users/role", "view": true}, {"name": "Settings", "path": "/crm/users/settings/edit", "view": true}]}, {"name": "Handbook", "path": "/crm/handbook", "view": true, "routes": [{"name": "Group", "path": "/crm/handbook/group", "view": true}, {"name": "Handbook", "path": "/crm/handbook", "view": true}]}, {"name": "Notifications", "path": "/notifications", "view": true, "routes": [{"name": "Providers", "path": "/crm/notifications/providers", "view": true}, {"name": "Templates", "path": "/crm/notifications/templates", "view": true}, {"name": "Action", "path": "/crm/notifications/actions", "view": true}]}, {"name": "Locations", "path": "/crm/locations", "view": true, "routes": [{"name": "Locations Group", "path": "/crm/locations/groups?page=1&parent_id=0", "view": true}, {"name": "Locations", "path": "/crm/locations", "view": true}]}]	\N	\N	{}
5	Competitor	f	[{"name": "User", "path": "/crm/users", "view": true, "routes": [{"name": "User List", "path": "/crm/users", "view": true}, {"name": "Clients", "path": "/crm/users/clients", "view": true}, {"name": "Shoppers", "path": "/crm/users/shoppers", "view": true}, {"name": "Group", "path": "/crm/users/groups", "view": true}, {"name": "Role", "path": "/crm/users/role", "view": true}, {"name": "Settings", "path": "/crm/users/settings/edit", "view": true}]}, {"name": "Handbook", "path": "/crm/handbook", "view": true, "routes": [{"name": "Group", "path": "/crm/handbook/group", "view": true}, {"name": "Handbook", "path": "/crm/handbook", "view": true}]}, {"name": "Notifications", "path": "/notifications", "view": true, "routes": [{"name": "Providers", "path": "/crm/notifications/providers", "view": true}, {"name": "Templates", "path": "/crm/notifications/templates", "view": true}, {"name": "Action", "path": "/crm/notifications/actions", "view": true}]}, {"name": "Locations", "path": "/crm/locations", "view": true, "routes": [{"name": "Locations Group", "path": "/crm/locations/groups", "view": true}, {"name": "Locations", "path": "/crm/locations", "view": true}]}, {"name": "Backup", "path": "/crm/backup-service", "view": true, "routes": [{"name": "Backup List", "path": "/crm/backup-service", "view": true}]}]	\N	\N	{}
6	MSP	f	[{"name": "User", "path": "/crm/users", "view": true, "routes": [{"name": "User List", "path": "/crm/users", "view": true}, {"name": "Clients", "path": "/crm/users/clients", "view": true}, {"name": "Shoppers", "path": "/crm/users/shoppers", "view": true}, {"name": "Group", "path": "/crm/users/groups", "view": true}, {"name": "Role", "path": "/crm/users/role", "view": true}, {"name": "Settings", "path": "/crm/users/settings/edit", "view": true}]}, {"name": "Handbook", "path": "/crm/handbook", "view": true, "routes": [{"name": "Group", "path": "/crm/handbook/group", "view": true}, {"name": "Handbook", "path": "/crm/handbook", "view": true}]}, {"name": "Notifications", "path": "/notifications", "view": true, "routes": [{"name": "Providers", "path": "/crm/notifications/providers", "view": true}, {"name": "Templates", "path": "/crm/notifications/templates", "view": true}, {"name": "Action", "path": "/crm/notifications/actions", "view": true}]}, {"name": "Locations", "path": "/crm/locations", "view": true, "routes": [{"name": "Locations Group", "path": "/crm/locations/groups", "view": true}, {"name": "Locations", "path": "/crm/locations", "view": true}]}, {"name": "Backup", "path": "/crm/backup-service", "view": true, "routes": [{"name": "Backup List", "path": "/crm/backup-service", "view": true}]}]	\N	\N	{}
4	Worker	f	[{"name": "User", "path": "/crm/users", "view": true, "routes": [{"name": "User List", "path": "/crm/users", "view": true}, {"name": "Clients", "path": "/crm/users/clients", "view": true}, {"name": "Shoppers", "path": "/crm/users/shoppers", "view": true}, {"name": "Group", "path": "/crm/users/groups", "view": true}, {"name": "Role", "path": "/crm/users/role", "view": true}, {"name": "Settings", "path": "/crm/users/settings/edit", "view": true}]}, {"name": "Handbook", "path": "/crm/handbook", "view": true, "routes": [{"name": "Group", "path": "/crm/handbook/group", "view": true}, {"name": "Handbook", "path": "/crm/handbook", "view": true}]}, {"name": "Notifications", "path": "/notifications", "view": true, "routes": [{"name": "Providers", "path": "/crm/notifications/providers", "view": true}, {"name": "Templates", "path": "/crm/notifications/templates", "view": true}, {"name": "Action", "path": "/crm/notifications/actions", "view": true}]}, {"name": "Locations", "path": "/crm/locations", "view": true, "routes": [{"name": "Locations Group", "path": "/crm/locations/groups", "view": true}, {"name": "Locations", "path": "/crm/locations", "view": true}]}, {"name": "Backup", "path": "/crm/backup-service", "view": true, "routes": [{"name": "Backup List", "path": "/crm/backup-service", "view": true}]}]	\N	\N	[{"icon": {"src": "/_next/static/media/assistant_on_hub.9a71e975.svg", "width": 24, "height": 24, "blurWidth": 0, "blurHeight": 0}, "path": "/manager", "view": true, "title": "dashboard"}, {"icon": {"src": "/_next/static/media/search_hands_free.09b2c6db.svg", "width": 20, "height": 20, "blurWidth": 0, "blurHeight": 0}, "path": "/manager/scheduling", "view": true, "title": "scheduling", "options": [{"path": "/manager/scheduling", "view": true, "title": "shops"}, {"path": "/manager/scheduling/applicants", "view": true, "title": "applicants"}, {"path": "/manager/scheduling/route-applicants", "view": true, "title": "routeApplicants"}]}, {"icon": {"src": "/_next/static/media/user_3.c7d03726.svg", "width": 20, "height": 16, "blurWidth": 0, "blurHeight": 0}, "path": "/manager/quality-control", "view": true, "title": "qualityControl", "options": [{"path": "/manager/quality-control/project-surveys", "view": true, "title": "project-surveys"}, {"path": "/manager/quality-control/appeals", "view": true, "title": "appeals"}, {"path": "/manager/quality-control/ai-trust-score", "view": true, "title": "ai-trust-score"}, {"path": "/manager/quality-control/survey-queue", "view": true, "title": "survey-queue"}]}, {"icon": {"src": "/_next/static/media/search_hands_free.09b2c6db.svg", "width": 20, "height": 20, "blurWidth": 0, "blurHeight": 0}, "path": "manager/survey-management/project-surveys", "view": true, "title": "surveysManagement", "options": [{"path": "/manager/survey-management/project-surveys", "view": true, "title": "projectSurveys"}]}, {"icon": {"src": "/_next/static/media/vue_sax.8645ea47.svg", "width": 19, "height": 19, "blurWidth": 0, "blurHeight": 0}, "path": "/manager/shopper-database", "view": true, "title": "shopperDatabase", "options": [{"path": "/manager/shopper-database/shoppers", "view": true, "title": "shoppers"}, {"path": "/manager/shopper-database/shopper-routes", "view": true, "title": "shopperRoutes"}]}, {"icon": {"src": "/_next/static/media/apps.c83c30be.svg", "width": 19, "height": 20, "blurWidth": 0, "blurHeight": 0}, "path": "/manager/projects", "view": true, "title": "projects", "options": [{"path": "/manager/projects", "view": true, "title": "project"}, {"path": "/manager/projects/surveys", "view": true, "title": "surveys"}, {"path": "/manager/projects/swap-shops", "view": true, "title": "swapShops"}]}, {"icon": {"src": "/_next/static/media/clock_loader.c75fc8c7.svg", "width": 23, "height": 23, "blurWidth": 0, "blurHeight": 0}, "path": "/manager/programs", "view": true, "title": "programs"}, {"icon": {"src": "/_next/static/media/person_apron.8810452f.svg", "width": 19, "height": 20, "blurWidth": 0, "blurHeight": 0}, "path": "/manager/clients", "view": true, "title": "clients", "options": [{"path": "/manager/clients", "view": true, "title": "clients"}, {"path": "/manager/clients/locations/groups", "view": true, "title": "location_groups"}, {"path": "/manager/clients/locations", "view": true, "title": "locations"}, {"path": "/manager/clients/client-level", "view": true, "title": "clientLevel"}, {"path": "/manager/clients/client-users", "view": true, "title": "clientUsers"}, {"path": "/manager/clients/client-groups", "view": true, "title": "clientGroups"}]}, {"icon": {"src": "/_next/static/media/badge.19ddda87.svg", "width": 20, "height": 21, "blurWidth": 0, "blurHeight": 0}, "path": "/manager/staff", "view": true, "title": "staff", "options": [{"path": "/manager/staff/msp-users", "view": true, "title": "mspUsers"}, {"path": "/manager/staff/sub-msp", "view": true, "title": "subMSPs"}, {"path": "/manager/settings", "view": true, "title": "settings"}]}, {"icon": {"src": "/_next/static/media/monetization.4185c074.svg", "width": 20, "height": 21, "blurWidth": 0, "blurHeight": 0}, "path": "/manager/payment", "view": true, "title": "payment", "options": [{"path": "/manager/payments/package", "view": true, "title": "paymentPackage"}, {"path": "/manager/payments/setting", "view": true, "title": "paymentSetting"}]}, {"icon": {"src": "/_next/static/media/settings_manager.63be6fff.svg", "width": 24, "height": 25, "blurWidth": 0, "blurHeight": 0}, "path": "/manager/settings", "view": true, "title": "settings", "options": [{"path": "/manager/settings/personal-data", "view": true, "title": "personalData"}, {"path": "/manager/settings/notification-settings", "view": true, "title": "notificationSettings"}, {"path": "/manager/settings/msp-customization", "view": true, "title": "mspCustomization"}, {"path": "/manager/settings/msp-dictionary", "view": true, "title": "mspDictionary"}]}]
3	Manager	f	[{"name": "User", "path": "/crm/users", "view": true, "routes": [{"name": "User List", "path": "/crm/users", "view": true}, {"name": "Clients", "path": "/crm/users/clients", "view": true}, {"name": "Shoppers", "path": "/crm/users/shoppers", "view": true}, {"name": "Group", "path": "/crm/users/groups", "view": true}, {"name": "Role", "path": "/crm/users/role", "view": true}, {"name": "Settings", "path": "/crm/users/settings/edit", "view": true}]}, {"name": "Handbook", "path": "/crm/handbook", "view": true, "routes": [{"name": "Group", "path": "/crm/handbook/group", "view": true}, {"name": "Handbook", "path": "/crm/handbook", "view": true}]}, {"name": "Notifications", "path": "/notifications", "view": true, "routes": [{"name": "Providers", "path": "/crm/notifications/providers", "view": true}, {"name": "Templates", "path": "/crm/notifications/templates", "view": true}, {"name": "Action", "path": "/crm/notifications/actions", "view": true}]}, {"name": "Locations", "path": "/crm/locations", "view": true, "routes": [{"name": "Locations Group", "path": "/crm/locations/groups", "view": true}, {"name": "Locations", "path": "/crm/locations", "view": true}]}, {"name": "Backup", "path": "/crm/backup-service", "view": true, "routes": [{"name": "Backup List", "path": "/crm/backup-service", "view": true}]}]	\N	\N	{}
7	Admin	f	[{"name": "User", "path": "/crm/users", "view": true, "routes": [{"name": "User List", "path": "/crm/users", "view": true}, {"name": "Clients", "path": "/crm/users/clients", "view": true}, {"name": "Shoppers", "path": "/crm/users/shoppers", "view": true}, {"name": "Group", "path": "/crm/users/groups", "view": true}, {"name": "Role", "path": "/crm/users/role", "view": true}, {"name": "Settings", "path": "/crm/users/settings/edit", "view": true}]}, {"name": "Handbook", "path": "/crm/handbook", "view": true, "routes": [{"name": "Group", "path": "/crm/handbook/group", "view": true}, {"name": "Handbook", "path": "/crm/handbook", "view": true}]}, {"name": "Notifications", "path": "/notifications", "view": true, "routes": [{"name": "Providers", "path": "/crm/notifications/providers", "view": true}, {"name": "Templates", "path": "/crm/notifications/templates", "view": true}, {"name": "Action", "path": "/crm/notifications/actions", "view": true}]}, {"name": "Locations", "path": "/crm/locations", "view": true, "routes": [{"name": "Locations Group", "path": "/crm/locations/groups", "view": true}, {"name": "Locations", "path": "/crm/locations", "view": true}]}, {"name": "Backup", "path": "/crm/backup-service", "view": true, "routes": [{"name": "Backup List", "path": "/crm/backup-service", "view": true}]}, {"name": "Appeals", "path": "/crm/appeals", "view": true, "routes": [{"name": "Statuses", "path": "/crm/appeals/statuses", "view": true}]}]	\N	\N	[{"icon": {"src": "/_next/static/media/assistant_on_hub.9a71e975.svg", "width": 24, "height": 24, "blurWidth": 0, "blurHeight": 0}, "path": "/manager", "view": true, "title": "dashboard"}, {"icon": {"src": "/_next/static/media/search_hands_free.09b2c6db.svg", "width": 20, "height": 20, "blurWidth": 0, "blurHeight": 0}, "path": "/manager/scheduling", "view": true, "title": "scheduling", "options": [{"path": "/manager/scheduling", "view": true, "title": "shops"}, {"path": "/manager/scheduling/applicants", "view": true, "title": "applicants"}, {"path": "/manager/scheduling/route-applicants", "view": true, "title": "routeApplicants"}]}, {"icon": {"src": "/_next/static/media/user_3.c7d03726.svg", "width": 20, "height": 16, "blurWidth": 0, "blurHeight": 0}, "path": "/manager/quality-control", "view": true, "title": "qualityControl", "options": [{"path": "/manager/quality-control/project-surveys", "view": true, "title": "project-surveys"}, {"path": "/manager/quality-control/appeals", "view": true, "title": "appeals"}, {"path": "/manager/quality-control/ai-trust-score", "view": true, "title": "ai-trust-score"}, {"path": "/manager/quality-control/survey-queue", "view": true, "title": "survey-queue"}]}, {"icon": {"src": "/_next/static/media/search_hands_free.09b2c6db.svg", "width": 20, "height": 20, "blurWidth": 0, "blurHeight": 0}, "path": "manager/survey-management/project-surveys", "view": true, "title": "surveysManagement", "options": [{"path": "/manager/survey-management/project-surveys", "view": true, "title": "projectSurveys"}]}, {"icon": {"src": "/_next/static/media/vue_sax.8645ea47.svg", "width": 19, "height": 19, "blurWidth": 0, "blurHeight": 0}, "path": "/manager/shopper-database", "view": true, "title": "shopperDatabase", "options": [{"path": "/manager/shopper-database/shoppers", "view": true, "title": "shoppers"}, {"path": "/manager/shopper-database/shopper-routes", "view": true, "title": "shopperRoutes"}]}, {"icon": {"src": "/_next/static/media/apps.c83c30be.svg", "width": 19, "height": 20, "blurWidth": 0, "blurHeight": 0}, "path": "/manager/projects", "view": true, "title": "projects", "options": [{"path": "/manager/projects", "view": true, "title": "project"}, {"path": "/manager/projects/surveys", "view": true, "title": "surveys"}, {"path": "/manager/projects/swap-shops", "view": true, "title": "swapShops"}]}, {"icon": {"src": "/_next/static/media/clock_loader.c75fc8c7.svg", "width": 23, "height": 23, "blurWidth": 0, "blurHeight": 0}, "path": "/manager/programs", "view": true, "title": "programs"}, {"icon": {"src": "/_next/static/media/person_apron.8810452f.svg", "width": 19, "height": 20, "blurWidth": 0, "blurHeight": 0}, "path": "/manager/clients", "view": true, "title": "clients", "options": [{"path": "/manager/clients", "view": true, "title": "clients"}, {"path": "/manager/clients/locations/groups", "view": true, "title": "location_groups"}, {"path": "/manager/clients/locations", "view": true, "title": "locations"}, {"path": "/manager/clients/client-level", "view": false, "title": "clientLevel"}, {"path": "/manager/clients/client-users", "view": true, "title": "clientUsers"}, {"path": "/manager/clients/client-groups", "view": true, "title": "clientGroups"}]}, {"icon": {"src": "/_next/static/media/badge.19ddda87.svg", "width": 20, "height": 21, "blurWidth": 0, "blurHeight": 0}, "path": "/manager/staff", "view": true, "title": "staff", "options": [{"path": "/manager/staff/msp-users", "view": true, "title": "mspUsers"}, {"path": "/manager/staff/sub-msp", "view": true, "title": "subMSPs"}, {"path": "/manager/settings", "view": true, "title": "settings"}]}, {"icon": {"src": "/_next/static/media/monetization.4185c074.svg", "width": 20, "height": 21, "blurWidth": 0, "blurHeight": 0}, "path": "/manager/payment", "view": true, "title": "payment", "options": [{"path": "/manager/payments/package", "view": false, "title": "paymentPackage"}, {"path": "/manager/payments/setting", "view": false, "title": "paymentSetting"}]}, {"icon": {"src": "/_next/static/media/settings_manager.63be6fff.svg", "width": 24, "height": 25, "blurWidth": 0, "blurHeight": 0}, "path": "/manager/settings", "view": true, "title": "settings", "options": [{"path": "/manager/settings/personal-data", "view": true, "title": "personalData"}, {"path": "/manager/settings/notification-settings", "view": false, "title": "notificationSettings"}, {"path": "/manager/settings/msp-customization", "view": false, "title": "mspCustomization"}, {"path": "/manager/settings/msp-dictionary", "view": false, "title": "mspDictionary"}]}]
1	Shopper	t	[{"name": "User", "path": "/crm/users", "view": true, "routes": [{"name": "User List", "path": "/crm/users", "view": true}, {"name": "Clients", "path": "/crm/users/clients", "view": true}, {"name": "Shoppers", "path": "/crm/users/shoppers", "view": true}, {"name": "Group", "path": "/crm/users/groups", "view": true}, {"name": "Role", "path": "/crm/users/role", "view": true}, {"name": "Settings", "path": "/crm/users/settings/edit", "view": true}]}, {"name": "Handbook", "path": "/crm/handbook", "view": true, "routes": [{"name": "Group", "path": "/crm/handbook/group", "view": true}, {"name": "Handbook", "path": "/crm/handbook", "view": true}]}, {"name": "Notifications", "path": "/notifications", "view": true, "routes": [{"name": "Providers", "path": "/crm/notifications/providers", "view": true}, {"name": "Templates", "path": "/crm/notifications/templates", "view": true}, {"name": "Action", "path": "/crm/notifications/actions", "view": true}]}, {"name": "Locations", "path": "/crm/locations", "view": true, "routes": [{"name": "Locations Group", "path": "/crm/locations/groups", "view": true}, {"name": "Locations", "path": "/crm/locations", "view": true}]}, {"name": "Backup", "path": "/crm/backup-service", "view": true, "routes": [{"name": "Backup List", "path": "/crm/backup-service", "view": true}]}, {"name": "Appeals", "path": "/crm/appeals", "view": true, "routes": [{"name": "Statuses", "path": "/crm/appeals/statuses", "view": true}]}]	\N	\N	[{"icon": {"src": "/_next/static/media/assistant_on_hub.9a71e975.svg", "width": 24, "height": 24, "blurWidth": 0, "blurHeight": 0}, "path": "/manager", "view": true, "title": "dashboard"}, {"icon": {"src": "/_next/static/media/search_hands_free.09b2c6db.svg", "width": 20, "height": 20, "blurWidth": 0, "blurHeight": 0}, "path": "/manager/scheduling", "view": true, "title": "scheduling", "options": [{"path": "/manager/scheduling", "view": true, "title": "shops"}, {"path": "/manager/scheduling/applicants", "view": true, "title": "applicants"}, {"path": "/manager/scheduling/route-applicants", "view": true, "title": "routeApplicants"}]}, {"icon": {"src": "/_next/static/media/user_3.c7d03726.svg", "width": 20, "height": 16, "blurWidth": 0, "blurHeight": 0}, "path": "/manager/quality-control", "view": true, "title": "qualityControl", "options": [{"path": "/manager/quality-control/project-surveys", "view": true, "title": "project-surveys"}, {"path": "/manager/quality-control/appeals", "view": true, "title": "appeals"}, {"path": "/manager/quality-control/ai-trust-score", "view": true, "title": "ai-trust-score"}, {"path": "/manager/quality-control/survey-queue", "view": true, "title": "survey-queue"}]}, {"icon": {"src": "/_next/static/media/search_hands_free.09b2c6db.svg", "width": 20, "height": 20, "blurWidth": 0, "blurHeight": 0}, "path": "manager/survey-management/project-surveys", "view": true, "title": "surveysManagement", "options": [{"path": "/manager/survey-management/project-surveys", "view": true, "title": "projectSurveys"}]}, {"icon": {"src": "/_next/static/media/vue_sax.8645ea47.svg", "width": 19, "height": 19, "blurWidth": 0, "blurHeight": 0}, "path": "/manager/shopper-database", "view": true, "title": "shopperDatabase", "options": [{"path": "/manager/shopper-database/shoppers", "view": true, "title": "shoppers"}, {"path": "/manager/shopper-database/shopper-routes", "view": true, "title": "shopperRoutes"}]}, {"icon": {"src": "/_next/static/media/apps.c83c30be.svg", "width": 19, "height": 20, "blurWidth": 0, "blurHeight": 0}, "path": "/manager/projects", "view": true, "title": "projects", "options": [{"path": "/manager/projects", "view": true, "title": "project"}, {"path": "/manager/projects/surveys", "view": true, "title": "surveys"}, {"path": "/manager/projects/swap-shops", "view": true, "title": "swapShops"}]}, {"icon": {"src": "/_next/static/media/clock_loader.c75fc8c7.svg", "width": 23, "height": 23, "blurWidth": 0, "blurHeight": 0}, "path": "/manager/programs", "view": true, "title": "programs"}, {"icon": {"src": "/_next/static/media/person_apron.8810452f.svg", "width": 19, "height": 20, "blurWidth": 0, "blurHeight": 0}, "path": "/manager/clients", "view": true, "title": "clients", "options": [{"path": "/manager/clients", "view": true, "title": "clients"}, {"path": "/manager/clients/locations/groups", "view": true, "title": "location_groups"}, {"path": "/manager/clients/locations", "view": true, "title": "locations"}, {"path": "/manager/clients/client-level", "view": true, "title": "clientLevel"}, {"path": "/manager/clients/client-users", "view": true, "title": "clientUsers"}, {"path": "/manager/clients/client-groups", "view": true, "title": "clientGroups"}]}, {"icon": {"src": "/_next/static/media/badge.19ddda87.svg", "width": 20, "height": 21, "blurWidth": 0, "blurHeight": 0}, "path": "/manager/staff", "view": true, "title": "staff", "options": [{"path": "/manager/staff/msp-users", "view": true, "title": "mspUsers"}, {"path": "/manager/staff/sub-msp", "view": true, "title": "subMSPs"}, {"path": "/manager/settings", "view": true, "title": "settings"}]}, {"icon": {"src": "/_next/static/media/monetization.4185c074.svg", "width": 20, "height": 21, "blurWidth": 0, "blurHeight": 0}, "path": "/manager/payment", "view": true, "title": "payment", "options": [{"path": "/manager/payments/package", "view": true, "title": "paymentPackage"}, {"path": "/manager/payments/setting", "view": true, "title": "paymentSetting"}]}, {"icon": {"src": "/_next/static/media/settings_manager.63be6fff.svg", "width": 24, "height": 25, "blurWidth": 0, "blurHeight": 0}, "path": "/manager/settings", "view": true, "title": "settings", "options": [{"path": "/manager/settings/personal-data", "view": true, "title": "personalData"}, {"path": "/manager/settings/notification-settings", "view": true, "title": "notificationSettings"}, {"path": "/manager/settings/msp-customization", "view": true, "title": "mspCustomization"}, {"path": "/manager/settings/msp-dictionary", "view": true, "title": "mspDictionary"}]}]
\.


--
-- Data for Name: scheduling_shops; Type: TABLE DATA; Schema: public; Owner: pma
--

COPY public.scheduling_shops (id, name, location_name, project_id, location_id, respondent_id, status, scheduler_id, data_start, date_visit_start, visit_price, bank, course, expense_price, expense_bank, expense_course, incentive_price, incentive_bank, incentive_course, reimbursement_price, reimbursement_bank, reimbursement_course, special_price, special_bank, special_course, special_description, hash, progress, visit_bonus, answer_id, wave_id, shopper_percent_pay, shopper_rating, date_visit_end, data_end, date_visiting_hours, client_pay) FROM stdin;
141	Новый Арбат_2	Новый Арбат	15	30	\N	1	1	2024-12-18	2024-12-18	300	bank_1	usd	0	bank_1	usd	0	bank_1	usd	0	bank_1	usd	0	bank_1	usd		7650462550	\N	0	\N	\N	\N	\N	\N	\N	\N	0.00
177	Ma_3	Ma	31	43	\N	1	1	2025-02-28	2025-02-28	0	bank_1	usd	0	bank_1	usd	0	bank_1	usd	0	bank_1	usd	0	bank_1	usd		4969274571	\N	0	\N	\N	\N	\N	2025-02-28	2025-02-28	08:00	0.00
143	Тверская_2	Тверская	15	31	\N	1	1	2024-12-18	2024-12-18	300	bank_1	usd	0	bank_1	usd	0	bank_1	usd	0	bank_1	usd	0	bank_1	usd		8895558199	\N	0	\N	\N	\N	\N	\N	\N	\N	0.00
168	Test name 1_9	Test name 1	14	21	2	9	1	2024-12-18	2024-12-18	3	bank_1	usd	0	bank_1	usd	0	bank_1	usd	0	bank_1	usd	0	bank_1	usd		7738535395	\N	0	\N	\N	\N	\N	2024-12-31	2024-12-31	03:15	43.00
145	Михайловский проезд_2	Михайловский проезд	15	29	\N	1	1	2024-12-18	2024-12-18	300	bank_1	usd	0	bank_1	usd	0	bank_1	usd	0	bank_1	usd	0	bank_1	usd		2332397254	\N	0	\N	\N	\N	\N	\N	\N	\N	0.00
160	Test name 2_5	Test name 2	21	20	\N	9	1	2025-01-08	2025-01-08	0	bank_1	usd	0	bank_1	usd	0	bank_1	usd	0	bank_1	usd	0	bank_1	usd		7568154172	\N	0	\N	\N	\N	\N	\N	\N	\N	0.00
144	Тверская_2_1	Тверская	15	31	27	2	1	2024-12-18	2024-12-18	300	bank_1	usd	0	bank_1	usd	0	bank_1	usd	0	bank_1	usd	0	bank_1	usd		9047964317	\N	0	\N	\N	\N	\N	\N	\N	\N	0.00
156	Test name 1_3_1	Test name 1	19	21	\N	1	1	2024-12-26	2024-12-26	10	bank_1	usd	0	bank_1	usd	0	bank_1	usd	0	bank_1	usd	0	bank_1	usd		1324706413	\N	0	\N	\N	\N	\N	\N	\N	\N	0.00
157	Test name 2_3	Test name 2	19	20	\N	1	1	2024-12-26	2024-12-26	10	bank_1	usd	0	bank_1	usd	0	bank_1	usd	0	bank_1	usd	0	bank_1	usd		4961962079	\N	0	\N	\N	\N	\N	\N	\N	\N	0.00
179	Name loc_2	Name loc	32	44	\N	11	1	2025-02-28	2025-03-01	50	bank_1	usd	0	bank_1	usd	0	bank_1	usd	0	bank_1	usd	5	bank_1	PLN		3417469557	100	0	32	\N	120	6	2025-03-31	2025-03-31	08:00	75.00
169	Test name 2_9	Test name 2	14	20	59	2	1	2024-12-18	2024-12-18	3	bank_1	usd	0	bank_1	usd	0	bank_1	usd	0	bank_1	usd	0	bank_1	usd		2412876773	\N	0	31	\N	120	6	2024-12-31	2024-12-31	03:15	43.00
162	Test name 1_5	Test name 1	23	21	13	2	1	2025-01-08	2025-01-08	0	bank_1	usd	0	bank_1	usd	0	bank_1	usd	0	bank_1	usd	0	bank_1	usd		5804283233	\N	0	\N	\N	\N	\N	\N	\N	\N	0.00
153	Михайловский проезд_2_1	Михайловский проезд	15	29	27	11	1	2024-12-27	2024-12-18	300	bank_1	usd	0	bank_1	usd	0	bank_1	usd	0	bank_1	usd	90	bank_1	usd		8188637110	100	0	12	\N	80	0	\N	\N	\N	0.00
172	Test name 1_10	Test name 1	26	21	\N	1	1	2024-12-26	2024-12-26	10	bank_1	usd	0	bank_1	usd	0	bank_1	usd	0	bank_1	usd	0	bank_1	usd		8419699177	\N	0	\N	\N	\N	\N	2024-12-26	2024-12-26	08:00	12.00
173	Test name 1_10_1	Test name 1	26	21	\N	1	1	2024-12-26	2024-12-26	10	bank_1	usd	0	bank_1	usd	0	bank_1	usd	0	bank_1	usd	0	bank_1	usd		0948974052	\N	0	\N	\N	\N	\N	2024-12-26	2024-12-26	08:00	12.00
174	Test name 2_10	Test name 2	26	20	\N	1	1	2024-12-26	2024-12-26	10	bank_1	usd	0	bank_1	usd	0	bank_1	usd	0	bank_1	usd	0	bank_1	usd		6389832388	\N	0	\N	\N	\N	\N	2024-12-26	2024-12-26	08:00	12.00
180	Name loc_2_1	Name loc	32	44	\N	8	1	2025-02-28	2025-03-01	50	bank_1	usd	0	bank_1	usd	0	bank_1	usd	0	bank_1	usd	5	bank_1	PLN		8118439586	\N	0	\N	\N	\N	\N	2025-03-31	2025-03-31	08:00	75.00
142	Новый Арбат_2_1	Новый Арбат	15	30	27	11	1	2024-12-18	2024-12-18	300	bank_1	usd	0	bank_1	usd	0	bank_1	usd	0	bank_1	usd	0	bank_1	usd		6819285146	13	0	17	\N	80	0	\N	\N	\N	0.00
146	Михайловский проезд_2_1	Михайловский проезд	15	29	27	11	1	2024-12-18	2024-12-18	300	bank_1	usd	0	bank_1	usd	0	bank_1	usd	0	bank_1	usd	0	bank_1	usd		7972280675	100	0	11	\N	80	2	\N	\N	\N	0.00
163	Test name 1_5	Test name 1	24	21	27	2	1	2025-01-10	2025-01-10	0	bank_1	usd	0	bank_1	usd	0	bank_1	usd	0	bank_1	usd	0	bank_1	usd		7748446632	\N	0	\N	\N	\N	\N	\N	\N	\N	0.00
164	Test name 2_5	Test name 2	24	20	27	2	1	2025-01-09	2024-12-31	0	bank_1	usd	0	bank_1	usd	0	bank_1	usd	0	bank_1	usd	0	bank_1	usd		1689440975	\N	0	\N	\N	120	6	2025-01-07	2025-01-16	2025-02-02T23:15:00.000Z	0.00
165	Test name 2_5_1	Test name 2	24	20	27	2	1	2025-01-06	2024-12-31	0	bank_1	usd	0	bank_1	usd	0	bank_1	usd	0	bank_1	usd	0	bank_1	usd		4143197706	\N	0	\N	\N	120	6	2025-01-08	2025-01-14	2025-02-02T23:02:00.000Z	0.00
152	Михайловский проезд_2	Михайловский проезд	15	29	27	13	1	2024-12-18	2024-12-18	300	bank_1	usd	0	bank_1	usd	0	bank_1	usd	0	bank_1	usd	0	bank_1	usd		0693806047	100	0	15	\N	80	2	\N	\N	\N	0.00
155	Test name 1_3	Test name 1	19	21	27	2	1	2024-12-26	2024-12-26	10	bank_1	usd	0	bank_1	usd	0	bank_1	usd	0	bank_1	usd	0	bank_1	usd		6132269170	\N	0	\N	\N	\N	\N	\N	\N	\N	0.00
158	Test name 1_4	Test name 1	20	21	27	2	1	2025-01-08	2025-01-08	2	bank_1	usd	0	bank_1	usd	0	bank_1	usd	0	bank_1	usd	0	bank_1	usd		3849237084	\N	0	\N	\N	\N	\N	\N	\N	\N	0.00
139	Test name 1_2	Test name 1	12	21	27	11	1	2024-12-17	2024-12-17	50	bank_1	usd	0	bank_1	usd	0	bank_1	usd	0	bank_1	usd	10	bank_1	usd		4860889238	100	0	28	\N	120	5	\N	\N	\N	0.00
178	Test name 2_11	Test name 2	29	20	\N	1	1	2025-02-28	2025-02-26	0	bank_1	usd	0	bank_1	usd	0	bank_1	usd	0	bank_1	usd	0	bank_1	usd		4151162165	\N	0	\N	\N	\N	\N	2025-02-26	2025-03-08	08:00	0.00
170	Locakskds_2	Locakskds	27	36	27	11	1	2025-02-07	2025-02-07	100	bank_1	usd	0	bank_1	usd	0	bank_1	usd	0	bank_1	usd	0	bank_1	usd		9904477590	100	0	29	\N	120	6	2025-02-28	2025-02-28	08:00	120.00
140	Test name 2_2	Test name 2	12	20	27	11	1	2024-12-17	2024-12-17	50	bank_1	usd	0	bank_1	usd	0	bank_1	usd	0	bank_1	usd	10	bank_1	usd		4593312813	100	0	18	\N	80	0	\N	\N	\N	0.00
175	MagaZine_2	MagaZine	30	42	\N	9	1	2025-02-28	2025-02-28	25	bank_1	usd	0	bank_1	usd	0	bank_1	usd	0	bank_1	usd	2	bank_1	usd		6816433345	\N	0	\N	\N	\N	\N	2025-03-31	2025-03-31	08:00	30.00
176	Ma_2	Ma	30	43	\N	9	1	2025-02-28	2025-02-28	25	bank_1	usd	0	bank_1	usd	0	bank_1	usd	0	bank_1	usd	2	bank_1	usd		7065089481	\N	0	\N	\N	\N	\N	2025-03-31	2025-03-31	08:00	30.00
167	Test name 2_8	Test name 2	13	20	27	9	1	2024-12-18	2024-12-18	11	bank_1	usd	0	bank_1	usd	0	bank_1	usd	0	bank_1	usd	0	bank_1	usd		0186199495	\N	0	\N	\N	\N	\N	2024-12-25	2024-12-26	03:10	11.00
181	Test name 1_11	Test name 1	33	21	\N	1	27	2025-03-14	2025-03-14	30	bank_1	usd	0	bank_1	usd	0	bank_1	usd	0	bank_1	usd	5	bank_1	usd		7658802852	\N	0	\N	\N	\N	\N	2025-04-30	2025-04-30	08:00	45.00
182	Test name 1_11_1	Test name 1	33	21	\N	1	27	2025-03-14	2025-03-14	30	bank_1	usd	0	bank_1	usd	0	bank_1	usd	0	bank_1	usd	5	bank_1	usd		8857515553	\N	0	\N	\N	\N	\N	2025-04-30	2025-04-30	08:00	45.00
147	Тверская_2	Тверская	15	31	\N	9	1	2024-12-18	2024-12-18	300	bank_1	usd	0	bank_1	usd	0	bank_1	usd	0	bank_1	usd	0	bank_1	usd		5179739879	\N	0	\N	\N	\N	\N	\N	\N	\N	0.00
183	Test name 2_12	Test name 2	33	20	27	2	27	2025-03-14	2025-03-14	30	bank_1	usd	0	bank_1	usd	0	bank_1	usd	0	bank_1	usd	5	bank_1	usd		0303629194	\N	0	\N	\N	\N	\N	2025-04-30	2025-04-30	08:00	45.00
159	Test name 2_4	Test name 2	20	20	27	2	1	2025-01-08	2025-01-08	2	bank_1	usd	0	bank_1	usd	0	bank_1	usd	0	bank_1	usd	0	bank_1	usd		0478481073	\N	0	\N	\N	\N	\N	\N	\N	\N	0.00
148	Тверская_2_1	Тверская	15	31	\N	9	1	2024-12-18	2024-12-18	300	bank_1	usd	0	bank_1	usd	0	bank_1	usd	0	bank_1	usd	0	bank_1	usd		6573862614	\N	0	\N	\N	\N	\N	\N	\N	\N	0.00
184	test 23_2	test 23	33	54	27	2	27	2025-03-14	2025-03-14	30	bank_1	usd	0	bank_1	usd	0	bank_1	usd	0	bank_1	usd	5	bank_1	usd		0900890951	\N	0	\N	\N	\N	\N	2025-04-30	2025-04-30	08:00	45.00
171	12312_2	12312	27	37	13	1	1	2025-02-07	2025-02-07	100	bank_1	usd	0	bank_1	usd	0	bank_1	usd	0	bank_1	usd	0	bank_1	usd		9191892730	\N	0	\N	\N	\N	\N	2025-02-28	2025-02-28	08:00	120.00
161	Test name 2_5	Test name 2	22	20	\N	9	1	2025-01-08	2025-01-08	0	bank_1	usd	0	bank_1	usd	0	bank_1	usd	0	bank_1	usd	0	bank_1	usd		1535472816	\N	0	\N	\N	\N	\N	\N	\N	\N	0.00
166	Test name 1_8	Test name 1	13	21	\N	9	1	2024-12-18	2024-12-18	11	bank_1	usd	0	bank_1	usd	0	bank_1	usd	0	bank_1	usd	0	bank_1	usd		2585430298	\N	0	\N	\N	\N	\N	2024-12-25	2024-12-26	03:10	11.00
154	Михайловский проезд_2	Михайловский проезд	15	29	\N	9	1	2024-12-18	2024-12-18	300	bank_1	usd	3	bank_1	GOLD	2	bank_1	huf	4	bank_1	rub	1	bank_1	PLN		1173631751	\N	0	\N	\N	\N	\N	\N	\N	\N	0.00
149	Тверская_2_2	Тверская	15	31	\N	9	1	2024-12-18	2024-12-18	300	bank_1	usd	0	bank_1	usd	0	bank_1	usd	0	bank_1	usd	0	bank_1	usd		5351847111	\N	0	\N	\N	\N	\N	\N	\N	\N	0.00
150	Тверская_2_3	Тверская	15	31	\N	9	1	2024-12-18	2024-12-18	300	bank_1	usd	0	bank_1	usd	0	bank_1	usd	0	bank_1	usd	0	bank_1	usd		3763260816	\N	0	\N	\N	\N	\N	\N	\N	\N	0.00
151	Новый Арбат_2	Новый Арбат	15	30	\N	9	1	2024-12-18	2024-12-18	300	bank_1	usd	0	bank_1	usd	0	bank_1	usd	0	bank_1	usd	0	bank_1	usd		9182914501	\N	0	\N	\N	\N	\N	\N	\N	\N	0.00
\.


--
-- Data for Name: shop_applications; Type: TABLE DATA; Schema: public; Owner: pma
--

COPY public.shop_applications (id, shop_id, shopper_id, status, is_manager_initiated, created_at, decision_at, manager_id) FROM stdin;
14	169	59	APPROVED_BY_BOTH_SIDES	f	2025-02-21 16:28:58.098104	2025-02-21 16:32:46.13	1
15	179	27	APPROVED_BY_BOTH_SIDES	f	2025-02-28 17:10:58.7019	2025-02-28 17:11:54.753	1
\.


--
-- Data for Name: status_changes; Type: TABLE DATA; Schema: public; Owner: pma
--

COPY public.status_changes (id, entity_id, entity_type, user_id, old_status, new_status, changed_at) FROM stdin;
1	11	user	1	0	1	2024-10-03 11:26:53.491889
2	11	user	1	1	0	2024-10-03 11:27:05.461988
3	28	user	1	0	1	2024-12-17 14:18:21.51485
4	28	user	1	1	0	2024-12-17 14:19:16.429719
5	12	user	1	0	1	2024-12-20 16:16:36.761131
6	12	user	1	1	0	2024-12-20 16:16:40.75751
7	10	user	1	0	1	2025-02-10 16:21:21.738602
8	10	user	1	1	0	2025-02-10 16:21:29.768434
9	59	user	1	0	0	2025-03-11 21:04:37.012795
10	58	user	1	0	0	2025-03-11 21:04:37.294689
11	59	user	1	0	0	2025-03-11 21:04:45.386985
12	58	user	1	0	0	2025-03-11 21:04:45.487466
13	27	user	1	0	0	2025-03-11 21:04:45.617325
14	59	user	1	0	0	2025-03-11 21:04:53.333431
15	58	user	1	0	0	2025-03-11 21:04:53.356293
16	27	user	1	0	0	2025-03-11 21:04:53.377804
17	13	user	1	0	0	2025-03-11 21:04:53.393544
18	2	user	1	0	0	2025-03-11 21:04:53.407097
\.


--
-- Data for Name: user_client_access; Type: TABLE DATA; Schema: public; Owner: pma
--

COPY public.user_client_access (id, client_id, user_id) FROM stdin;
1	14	23
2	10	23
7	11	24
8	10	24
21	30	37
22	11	37
3	11	23
\.


--
-- Data for Name: user_clients; Type: TABLE DATA; Schema: public; Owner: pma
--

COPY public.user_clients (id, user_id, logo, created_at, updated_at, dashboard_positions, levels, customization) FROM stdin;
1	3	https://proxy.happeas.space/file/read/local/1/Google_2015_logo.svg.png	2024-10-01 12:42:03.367	2024-10-01 12:42:03.367	\N	\N	\N
2	4	https://proxy.happeas.space/file/read/local/1/Google_2015_logo.svg.png	2024-10-01 12:45:50.209	2024-10-01 12:45:50.209	\N	\N	\N
3	6	https://proxy.happeas.space/file/read/local/1/Google_2015_logo.svg.png	2024-10-02 15:55:49.173	2024-10-02 15:55:49.173	\N	\N	\N
4	8	https://proxy.happeas.space/file/read/local/1/Google_2015_logo.svg.png	2024-10-02 15:58:59.402	2024-10-02 15:58:59.402	\N	\N	\N
5	9	https://proxy.happeas.space/file/read/local/1/Google_2015_logo.svg.png	2024-10-02 16:00:29.55	2024-10-02 16:00:29.55	\N	\N	\N
6	10	https://proxy.happeas.space/file/read/local/1/Google_2015_logo.svg.png	2024-10-02 16:11:38.853	2024-10-02 16:11:38.853	\N	\N	\N
21	60		2025-02-28 07:59:09.644	2025-02-28 07:59:58.337	""	[]	{"background": "", "cell_color": "#000000", "text_color": "#FFA800", "chart_color": "#000000", "button_color": "#FFA800", "overlay_color": "#000000", "submenu_color": "#000000", "surveyTextColor": "#000000", "top_panel_color": "#000000", "background_color": "#FFA800", "title_on_widgets": "#000000", "bottom_cell_color": "#000000", "surveyHeaderColor": "#000000", "button_hover_color": "#FFA800", "surveySectionColor": "#000000", "surveyBackgroundColor": "#000000", "surveyHeaderBackground": "#000000", "surveySectionBackground": "#000000", "text_color_in_sub_buttons": "#000000"}
23	62	https://proxy.happeas.space/file/read/local/1/de537700a9756a88781721fce17117ae.png	2025-02-28 09:32:52.827	2025-02-28 09:32:52.827	""	[]	{"background": "https://proxy.happeas.space/file/read/local/1/0f790db80054fdcbcb496b369afcd538.png", "cell_color": "#000000", "text_color": "#FFA800", "chart_color": "#000000", "button_color": "#FFA800", "overlay_color": "#000000", "submenu_color": "#000000", "top_panel_color": "#000000", "background_color": "#FFA800", "title_on_widgets": "#000000", "bottom_cell_color": "#000000", "button_hover_color": "#FFA800", "text_color_in_sub_buttons": "#000000"}
11	28	https://proxy.happeas.space/file/read/local/1/ava.png	2024-11-12 10:14:36.481	2024-12-09 07:26:48.613	""	[]	{"background": "", "cell_color": "#000000", "text_color": "#000000", "chart_color": "#000000", "button_color": "#000000", "overlay_color": "#000000", "submenu_color": "#000000", "surveyTextColor": "#000000", "top_panel_color": "#000000", "background_color": "#000000", "title_on_widgets": "#000000", "bottom_cell_color": "#000000", "surveyHeaderColor": "#000000", "button_hover_color": "#e13333", "surveySectionColor": "#ff1414", "surveyBackgroundColor": "#000000", "surveyHeaderBackground": "#63a810", "surveySectionBackground": "#000000", "text_color_in_sub_buttons": "#000000"}
10	25	https://proxy.happeas.space/file/read/local/1/Screenshot at Oct 30 10-09-34.png	2024-10-30 08:11:36.044	2024-12-13 09:59:23.986	""	[]	{"background": "", "cell_color": "#000000", "text_color": "#000000", "chart_color": "#000000", "button_color": "#000000", "overlay_color": "#000000", "submenu_color": "#000000", "surveyTextColor": "#000000", "top_panel_color": "#000000", "background_color": "#000000", "title_on_widgets": "#000000", "bottom_cell_color": "#000000", "surveyHeaderColor": "#000000", "button_hover_color": "#000000", "surveySectionColor": "#000000", "surveyBackgroundColor": "#000000", "surveyHeaderBackground": "#000000", "surveySectionBackground": "#000000", "text_color_in_sub_buttons": "#000000"}
9	14	https://proxy.happeas.space/file/read/local/1/ÃÂ»ÃÂ¸ÃÂÃÂÃÂ¾ÃÂ½.jpg	2024-10-17 13:23:19.357	2024-12-13 10:01:28.085	""	[]	{"background": "", "cell_color": "#000000", "text_color": "#000000", "chart_color": "#000000", "button_color": "#000000", "overlay_color": "#000000", "submenu_color": "#000000", "surveyTextColor": "#000000", "top_panel_color": "#000000", "background_color": "#000000", "title_on_widgets": "#000000", "bottom_cell_color": "#000000", "surveyHeaderColor": "#000000", "button_hover_color": "#000000", "surveySectionColor": "#000000", "surveyBackgroundColor": "#000000", "surveyHeaderBackground": "#000000", "surveySectionBackground": "#000000", "text_color_in_sub_buttons": "#000000"}
7	11	https://proxy.happeas.space/file/read/local/1/5581197.png	2024-10-03 11:26:07.593	2024-12-13 10:02:12.606	""	[]	{"background": "https://proxy.happeas.space/file/read/local/1/5581197.png", "cell_color": "#000000", "text_color": "#000000", "chart_color": "#000000", "button_color": "#000000", "overlay_color": "#000000", "submenu_color": "#000000", "surveyTextColor": "#000000", "top_panel_color": "#196728", "background_color": "#e22828", "title_on_widgets": "#000000", "bottom_cell_color": "#000000", "surveyHeaderColor": "#f5f5f5", "button_hover_color": "#000000", "surveySectionColor": "#ededed", "surveyBackgroundColor": "#1babf3", "surveyHeaderBackground": "#1c1b46", "surveySectionBackground": "#0c0e41", "text_color_in_sub_buttons": "#000000"}
12	29	https://proxy.happeas.space/file/read/local/1/image 1.png	2024-12-18 08:20:25.257	2024-12-18 08:20:25.257	""	[]	{"background": "https://proxy.happeas.space/file/read/local/1/PING.png", "cell_color": "#000000", "text_color": "#FFA800", "chart_color": "#000000", "button_color": "#FFA800", "overlay_color": "#000000", "submenu_color": "#000000", "top_panel_color": "#000000", "background_color": "#FFA800", "title_on_widgets": "#000000", "bottom_cell_color": "#000000", "button_hover_color": "#FFA800", "text_color_in_sub_buttons": "#000000"}
13	30	https://proxy.happeas.space/file/read/local/1/images (1).png	2024-12-18 08:23:38.249	2024-12-18 12:49:25.079	""	[]	{"background": "https://proxy.happeas.space/file/read/local/1/images (1).png", "cell_color": "#000000", "text_color": "#FFA800", "chart_color": "#000000", "button_color": "#FFA800", "overlay_color": "#000000", "submenu_color": "#000000", "surveyTextColor": "#000000", "top_panel_color": "#000000", "background_color": "#FFA800", "title_on_widgets": "#000000", "bottom_cell_color": "#000000", "surveyHeaderColor": "#000000", "button_hover_color": "#FFA800", "surveySectionColor": "#000000", "surveyBackgroundColor": "#000000", "surveyHeaderBackground": "#000000", "surveySectionBackground": "#000000", "text_color_in_sub_buttons": "#000000"}
14	31	https://proxy.happeas.space/file/read/local/1/PING.png	2024-12-18 12:54:40.546	2024-12-18 12:54:40.546	""	[]	{"background": "https://proxy.happeas.space/file/read/local/1/PING.png", "cell_color": "#000000", "text_color": "#FFA800", "chart_color": "#000000", "button_color": "#FFA800", "overlay_color": "#000000", "submenu_color": "#000000", "top_panel_color": "#000000", "background_color": "#FFA800", "title_on_widgets": "#000000", "bottom_cell_color": "#000000", "button_hover_color": "#FFA800", "text_color_in_sub_buttons": "#000000"}
22	61	https://proxy.happeas.space/file/read/local/1/cf704b5fa4e095f0c941fedd79aed8e3.png	2025-02-28 08:02:39.439	2025-02-28 08:02:39.439	""	[]	{"background": "https://proxy.happeas.space/file/read/local/1/cf704b5fa4e095f0c941fedd79aed8e3.png", "cell_color": "#000000", "text_color": "#715c32", "chart_color": "#000000", "button_color": "#2d8b80", "overlay_color": "#000000", "submenu_color": "#000000", "top_panel_color": "#000000", "background_color": "#00ffb3", "title_on_widgets": "#000000", "bottom_cell_color": "#000000", "button_hover_color": "#4e3687", "text_color_in_sub_buttons": "#000000"}
15	32	https://proxy.happeas.space/file/read/local/1/PING.png	2024-12-18 12:55:40.094	2024-12-18 12:58:15.08	""	[]	{"background": "https://proxy.happeas.space/file/read/local/1/PING.png", "cell_color": "#000000", "text_color": "#FFA800", "chart_color": "#000000", "button_color": "#FFA800", "overlay_color": "#000000", "submenu_color": "#000000", "surveyTextColor": "#000000", "top_panel_color": "#000000", "background_color": "#FFA800", "title_on_widgets": "#000000", "bottom_cell_color": "#000000", "surveyHeaderColor": "#000000", "button_hover_color": "#FFA800", "surveySectionColor": "#000000", "surveyBackgroundColor": "#000000", "surveyHeaderBackground": "#000000", "surveySectionBackground": "#000000", "text_color_in_sub_buttons": "#000000"}
24	64	https://proxy.happeas.space/file/read/local/1/667c06d7994d62284cb1ad536870ba8e.png	2025-02-28 16:11:58.663	2025-03-08 09:28:29.592	""	[]	{"background": "https://proxy.happeas.space/file/read/local/1/667c06d7994d62284cb1ad536870ba8e.png", "cell_color": "#000000", "text_color": "#FFA800", "chart_color": "#000000", "button_color": "#134e1a", "overlay_color": "#000000", "submenu_color": "#000000", "surveyTextColor": "#000000", "top_panel_color": "#000000", "background_color": "#23d186", "title_on_widgets": "#000000", "bottom_cell_color": "#000000", "surveyHeaderColor": "#000000", "button_hover_color": "#FFA800", "surveySectionColor": "#000000", "surveyBackgroundColor": "#000000", "surveyHeaderBackground": "#000000", "surveySectionBackground": "#000000", "text_color_in_sub_buttons": "#000000"}
16	33	https://proxy.happeas.space/file/read/local/1/53eaab7a1f19ebe42b0b2667ef0abf64.jpg	2024-12-20 12:16:09.93	2025-01-08 07:56:01.191	""	[]	{"background": "https://proxy.happeas.space/file/read/local/1/53eaab7a1f19ebe42b0b2667ef0abf64.jpg", "cell_color": "#000000", "text_color": "#FFA800", "chart_color": "#000000", "button_color": "#FFA800", "overlay_color": "#000000", "submenu_color": "#000000", "surveyTextColor": "#000000", "top_panel_color": "#000000", "background_color": "#FFA800", "title_on_widgets": "#000000", "bottom_cell_color": "#000000", "surveyHeaderColor": "#000000", "button_hover_color": "#FFA800", "surveySectionColor": "#000000", "surveyBackgroundColor": "#000000", "surveyHeaderBackground": "#000000", "surveySectionBackground": "#000000", "text_color_in_sub_buttons": "#000000"}
17	42		2025-02-07 12:37:08.351	2025-02-10 16:16:20.193	""	[]	{"background": "https://proxy.happeas.space/file/read/local/1/da93dcbaed701d458020a793064b32c6.png", "cell_color": "#000000", "text_color": "#FFA800", "chart_color": "#000000", "button_color": "#FFA800", "overlay_color": "#000000", "submenu_color": "#000000", "surveyTextColor": "#000000", "top_panel_color": "#000000", "background_color": "#FFA800", "title_on_widgets": "#000000", "bottom_cell_color": "#000000", "surveyHeaderColor": "#000000", "button_hover_color": "#FFA800", "surveySectionColor": "#000000", "surveyBackgroundColor": "#000000", "surveyHeaderBackground": "#000000", "surveySectionBackground": "#000000", "text_color_in_sub_buttons": "#000000"}
18	44		2025-02-10 16:45:47.779	2025-02-12 15:37:36.489152	""	[4,5]	{"background": "https://proxy.happeas.space/file/read/local/1/43ee82e633a310c7684df867adef722e.png", "cell_color": "#000000", "text_color": "#FFA800", "chart_color": "#000000", "button_color": "#6e6e6e", "overlay_color": "#ff1414", "submenu_color": "#000000", "surveyTextColor": "#1e00ff", "top_panel_color": "#000000", "background_color": "#ffffff", "title_on_widgets": "#000000", "bottom_cell_color": "#000000", "surveyHeaderColor": "#ff0000", "button_hover_color": "#00ff88", "surveySectionColor": "#000000", "surveyBackgroundColor": "#000000", "surveyHeaderBackground": "#000000", "surveySectionBackground": "#000000", "text_color_in_sub_buttons": "#000000"}
20	57		2025-02-14 13:33:34.976	2025-02-18 11:06:51.515	""	[]	{"background": "", "cell_color": "#000000", "text_color": "#FFA800", "chart_color": "#000000", "button_color": "#FFA800", "overlay_color": "#000000", "submenu_color": "#000000", "surveyTextColor": "#000000", "top_panel_color": "#000000", "background_color": "#FFA800", "title_on_widgets": "#000000", "bottom_cell_color": "#000000", "surveyHeaderColor": "#000000", "button_hover_color": "#FFA800", "surveySectionColor": "#000000", "surveyBackgroundColor": "#000000", "surveyHeaderBackground": "#000000", "surveySectionBackground": "#000000", "text_color_in_sub_buttons": "#000000"}
19	45		2025-02-12 13:35:28.937	2025-02-18 11:07:47.425	""	[]	{"background": "", "cell_color": "#ccf0f5", "text_color": "#64a0ce", "chart_color": "#05a872", "button_color": "#9cb1d3", "overlay_color": "#467891", "submenu_color": "#000000", "surveyTextColor": "#000000", "top_panel_color": "#cdf4c3", "background_color": "#00d5ff", "title_on_widgets": "#2bda3f", "bottom_cell_color": "#000000", "surveyHeaderColor": "#000000", "button_hover_color": "#4f2cce", "surveySectionColor": "#000000", "surveyBackgroundColor": "#000000", "surveyHeaderBackground": "#000000", "surveySectionBackground": "#000000", "text_color_in_sub_buttons": "#000000"}
8	1		2024-10-11 09:43:20.576	2025-02-24 09:16:24.273	{"componentsOrder":["AreaChartComponent","Box","BasicTables"],"lineChartData":[{"id":"lineValue1","title":"32.5","subTitle":"Lorem","data":[820,932,901,934,1290,1330,1320,820,932,901,934,1290,1330,1320],"color":"#FFA500"},{"id":"lineValue3","title":"86.8","subTitle":"Lorem","data":[820,932,901,934,1290,1330,1320],"color":"#0D8F6F"},{"id":"lineValue2","title":"65.0","subTitle":"Lorem","data":[820,932,901,934,1290,1330,1320],"color":"#3F56CB"},{"id":"lineValue4","title":"74.8","subTitle":"Lorem","data":[820,932,901,934,1290,1330,1320],"color":"#D82700"}],"sliderValues":[13,6,3,2]}	[]	{"background": "", "cell_color": "", "text_color": "", "chart_color": "", "button_color": "", "overlay_color": "", "submenu_color": "", "surveyTextColor": "", "top_panel_color": "", "background_color": "", "title_on_widgets": "", "bottom_cell_color": "", "surveyHeaderColor": "", "button_hover_color": "", "surveySectionColor": "", "surveyBackgroundColor": "", "surveyHeaderBackground": "", "surveySectionBackground": "", "text_color_in_sub_buttons": ""}
25	41		2025-03-06 13:45:37.614	2025-03-14 06:48:31.361	{"componentsOrder":["AreaChartComponent","Box","BasicTables"],"lineChartData":[{"id":"lineValue1","title":"32.5","subTitle":"Lorem","data":[820,932,901,934,1290,1330,1320,820,932,901,934,1290,1330,1320],"color":"#FFA500"},{"id":"lineValue2","title":"65.0","subTitle":"Lorem","data":[820,932,901,934,1290,1330,1320],"color":"#3F56CB"},{"id":"lineValue3","title":"86.8","subTitle":"Lorem","data":[820,932,901,934,1290,1330,1320],"color":"#0D8F6F"},{"id":"lineValue4","title":"74.8","subTitle":"Lorem","data":[820,932,901,934,1290,1330,1320],"color":"#D82700"}],"sliderValues":[5,5,5,5]}	[]	{"background": "", "cell_color": "", "text_color": "", "chart_color": "", "button_color": "", "overlay_color": "", "submenu_color": "", "surveyTextColor": "", "top_panel_color": "", "background_color": "", "title_on_widgets": "", "bottom_cell_color": "", "surveyHeaderColor": "", "button_hover_color": "", "surveySectionColor": "", "surveyBackgroundColor": "", "surveyHeaderBackground": "", "surveySectionBackground": "", "text_color_in_sub_buttons": ""}
\.


--
-- Data for Name: user_comments; Type: TABLE DATA; Schema: public; Owner: pma
--

COPY public.user_comments (id, who_created, user_id, comment, created_at, updated_at, deleted_at) FROM stdin;
2	1	27	<p>new comment</p>	2025-01-30 07:36:05.752842	2025-01-30 07:36:05.752842	\N
3	1	27	<p>ttttt</p>	2025-01-31 16:58:45.117017	2025-01-31 16:58:45.117017	\N
4	1	27	<p>New comment by 19.02</p>	2025-02-19 13:13:32.772655	2025-02-19 13:13:32.772655	\N
5	1	27	<p>новый коментарий</p>	2025-02-19 13:40:31.124797	2025-02-19 13:44:10.69239	2025-02-19 13:44:10.69239
6	1	27	<p>Новый комент 3</p>	2025-02-19 13:44:21.757872	2025-02-19 13:44:57.436701	\N
1	1	27	<p>qwe wqeqeq update</p>	2025-01-29 08:15:38.436019	2025-02-19 13:45:55.876011	\N
7	1	27	<p>new com 2</p>	2025-02-19 13:45:11.932185	2025-02-20 07:55:25.461365	\N
8	1	59	<p>tttt</p>	2025-02-21 18:29:24.224584	2025-02-21 18:29:24.224584	\N
9	1	59	<p>Good shopper</p>	2025-02-21 18:29:34.622783	2025-02-21 18:29:34.622783	\N
\.


--
-- Data for Name: user_handbook; Type: TABLE DATA; Schema: public; Owner: pma
--

COPY public.user_handbook (id, name, type, handbook_group_id, sort, status, code) FROM stdin;
1	If you have a car?	radio	1	1	t	have_car
2	Where are you willing to visit?	radio	1	1	t	willing_visit
3	Zip code	input	1	1	t	zip_code
6	Office address	input	2	4	t	office_address
7	Contract end date	input	2	5	t	contract_end_date
8	Contract person name	input	2	6	t	contract_person_name
9	Competitor client	input	2	7	t	competitor_client
11	Date of birth	date	3	1	t	date_of_birth
12	Reliable transportation	select	4	2	t	reliable_transportation
13	Highest completed educational(optional)	select	4	3	t	completed_educational
14	Current job(optional)	input	4	4	t	current_job
15	Income level	input	4	5	t	income_level
16	Employment type	select	4	6	t	employment_type
17	Partner employment type	input	4	7	t	partner_employment_type
18	Number of children(optional)	select	4	8	t	number_of_children
19	Where did you hear from us?	select	4	9	t	here_from_us
20	Postal code	input	4	10	t	postal_code
21	PayPal address	input	4	11	t	paypal_address
22	Do you like to travel?	select	4	12	t	like_travel
23	Pets(optional)	input	4	13	t	pets
24	Do you have a valid driver’s licence?	select	4	14	t	driver_licence
38	Colour	input	5	2	t	colour_competitor
39	Competitor location	input	5	1	t	location_competitor
25	Driving Experience	select	3	1	t	driving_experience
27	Currency	select	3	3	t	currencies
28	MSP Logo	input	6	1	t	logo
29	MSP App Logo	input	6	2	t	app_logo
30	MSP Main Color	input	6	3	t	main_color
31	MSP Text Color	input	6	4	t	text_color
32	MSP Sub Menu Color	input	6	5	t	sub_menu_color
33	MSP Sub Menu Text Color	input	6	6	t	sub_menu_text_color
34	Address	input	1	9	t	address
35	Sub MSP Name	input	1	10	t	sub_msp_name
36	Manager Link	input	1	11	t	manager_link
37	Shopper Link	input	1	12	t	shopper_link
26	Bank	select	3	2	t	bank
4	Language	select	1	2	t	language
10	Subdivisions client	multiselect	2	8	t	subdivisions_client
5	Industry	select	2	3	t	industry
41	Test handbook	input	2	1	t	test-handbook
\.


--
-- Data for Name: user_handbook_filling; Type: TABLE DATA; Schema: public; Owner: pma
--

COPY public.user_handbook_filling (id, user_id, handbook_id, value, json_value, color) FROM stdin;
1	3	3	3334	\N	\N
2	3	5	convenience_stores	\N	\N
3	3	4	en	\N	\N
4	3	6	wqewqe	\N	\N
5	3	7	2024-10-31	\N	\N
6	3	9	eqweq	\N	\N
7	3	8	Petro	\N	\N
8	3	10		["customer_service"]	\N
9	4	3	32123	\N	\N
10	4	5	enertainment	\N	\N
11	4	4	en	\N	\N
12	4	7	2024-10-22	\N	\N
13	4	8	qweweqw	\N	\N
14	4	9	32423	\N	\N
15	4	6	wqewqq	\N	\N
16	4	10		["customer_service"]	\N
17	6	3	23323	\N	\N
18	6	5	automotive	\N	\N
19	6	4	en	\N	\N
20	6	6	TestCompany	\N	\N
21	6	9	TestCompany	\N	\N
22	6	7	2024-10-31	\N	\N
23	6	10		["tv_hifi"]	\N
24	6	8	TestCompany	\N	\N
25	8	10		["customer_service"]	\N
26	8	3	2333	\N	\N
27	8	6	dev2studio2018@gmail.com\t	\N	\N
28	8	4	en	\N	\N
29	8	8	dev2studio2018@gmail.com\t	\N	\N
30	8	5	business_to_business	\N	\N
31	8	7	2024-10-24	\N	\N
32	8	9	qwqww	\N	\N
33	9	5	car_wash	\N	\N
34	9	4	en	\N	\N
35	9	3	2323	\N	\N
36	9	7	2024-10-15	\N	\N
37	9	8	dev2studio2018@gmail.com\t	\N	\N
38	9	10		["customer_service"]	\N
39	9	9	sdsdf	\N	\N
40	9	6	sadasa	\N	\N
41	10	3	3333	\N	\N
42	10	5	automotive	\N	\N
43	10	6	werwe	\N	\N
44	10	4	en	\N	\N
45	10	7	2024-10-23	\N	\N
46	10	10		["customer_service"]	\N
47	10	8	qwwqeq	\N	\N
48	10	9	wqewqq	\N	\N
49	11	3	1024	\N	\N
50	11	6	31. Lövőház u.	\N	\N
51	11	4	en	\N	\N
53	11	7	2024-10-31	\N	\N
54	11	8	Zoltan Herczeg	\N	\N
55	11	9	Competitor 1	\N	\N
94	29	6	1221	\N	\N
95	29	10		[]	\N
96	29	10		[]	\N
98	30	4	Русский	\N	\N
99	30	5	Одежда	\N	\N
100	30	6	тест	\N	\N
101	30	3	000000	\N	\N
102	30	9	нет конкурентов	\N	\N
52	11	5	automotive	\N	\N
103	30	8	Соловьева Оксана	\N	\N
104	30	10		[]	\N
105	30	10		[]	\N
106	30	7	2025-01-22	\N	\N
58	14	6	г. Москва, Гамсоновский переулок, 1, строение 3	\N	\N
59	14	4	Русский	\N	\N
60	14	3	123456	\N	\N
61	14	8	Иванов Иван Иванович	\N	\N
63	14	7	2025-10-17	\N	\N
64	14	9	тест	\N	\N
97	30	5	Одежда	\N	\N
107	31	3	2323	\N	\N
65	23	3	3333	\N	\N
66	23	34	test	\N	\N
67	23	4	Русский	\N	\N
68	24	34	test2	\N	\N
69	24	3	33333	\N	\N
70	24	4	Русский	\N	\N
108	31	5	qweq	\N	\N
71	25	3	123123	\N	\N
72	25	4	Русский	\N	\N
73	25	6	Moskow	\N	\N
75	25	7	2024-10-31	\N	\N
76	25	8	Александр Сергеевич Пушкин	\N	\N
77	25	9	Лермонтов	\N	\N
79	28	5	qweq	\N	\N
80	28	6	eqewwq	\N	\N
81	28	3	21233	\N	\N
82	28	4	en	\N	\N
83	28	7	2024-11-23	\N	\N
84	28	8	qweqwe	\N	\N
86	28	9	qweq	\N	\N
109	31	5	qweq	\N	\N
110	31	4	Русский	\N	\N
111	31	6	qewqeqw	\N	\N
85	28	10		["tv_hifi"]	\N
112	31	8	23423	\N	\N
113	31	7	2024-12-20	\N	\N
114	31	10		[]	\N
115	31	10		[]	\N
116	32	3	1221	\N	\N
117	32	4	en	\N	\N
74	25	5	dev	\N	\N
120	32	7	2024-12-26	\N	\N
78	25	10		["wood","tiles","life_insurance"]	\N
121	32	8	qweqweqw	\N	\N
122	32	6	qwewqe	\N	\N
123	32	10		[]	\N
57	14	5	Dev	\N	\N
124	32	10		[]	\N
62	14	10		["wood"]	\N
130	33	7	2024-12-27	\N	\N
56	11	10		["wood","sanitary"]	\N
87	29	5	qweq	\N	\N
88	29	3	2122	\N	\N
89	29	5	qweq	\N	\N
90	29	4	Русский	\N	\N
91	29	9	12131212	\N	\N
92	29	8	123123	\N	\N
93	29	7	2024-12-26	\N	\N
119	32	5	одежда	\N	\N
131	33	10		[]	\N
118	32	5	одежда	\N	\N
125	32	9	 йуй	\N	\N
126	33	4	en	\N	\N
127	33	3	72634	\N	\N
133	33	8	jkfsdhkfj	\N	\N
132	33	6	fds22	\N	\N
128	33	5	training	\N	\N
134	33	9	231231	\N	\N
129	33	5	одежда	\N	\N
135	37	4	Русский	\N	\N
136	37	3	344234	\N	\N
137	37	34	test address	\N	\N
138	38	3	343434	\N	\N
139	38	34	test 2	\N	\N
140	38	4	Русский	\N	\N
141	39	4	Русский	\N	\N
142	39	3	543543	\N	\N
144	42	6	2322 wq wq	\N	\N
145	42	5	Develop	\N	\N
146	42	8	Billi Moej	\N	\N
147	42	7	2025-02-28	\N	\N
148	42	10		[]	\N
149	42	4	en	\N	\N
143	42	5	Develop	\N	\N
150	44	4	Hungarian	\N	\N
151	44	5	other	\N	\N
152	44	3	1023	\N	\N
153	44	5	other	\N	\N
154	44	6	Ürömi utca 43	\N	\N
156	44	8	Vivien Czakó	\N	\N
157	44	10		["electric","garden"]	\N
158	44	7	2025-12-31	\N	\N
155	44	10		[]	\N
159	45	5	financial_consultancy	\N	\N
160	45	6	Москва, Гамсоновский переулок, 1, строение 2	\N	\N
161	45	4	Русский	\N	\N
162	45	5	financial_consultancy	\N	\N
163	45	7	2025-12-31	\N	\N
164	45	10		[]	\N
165	45	8	Оксана Соловьева	\N	\N
166	45	10		[]	\N
167	49	38	#fafafa	\N	\N
168	54	38	#8bc841	\N	\N
169	55	38	#3f74a6	\N	\N
170	56	38	#e69951	\N	\N
172	57	4	en	\N	\N
171	57	3	2343	\N	\N
176	57	6	ewdfsfds	\N	\N
177	57	7	2025-02-20	\N	\N
173	57	5	qweq	\N	\N
178	57	8	sdfsdsdf	\N	\N
174	57	5	qweq	\N	\N
175	57	10		["property_insurance"]	\N
180	60	5	1	\N	\N
181	60	5	1	\N	\N
182	60	4	en	\N	\N
179	60	6	dsjJDKf	\N	\N
184	60	8	Person	\N	\N
185	60	10		[]	\N
186	60	7	2025-03-14	\N	\N
183	60	10		["wood"]	\N
187	61	4	en	\N	\N
188	61	5	4	\N	\N
190	61	5	4	\N	\N
189	61	6	пвап	\N	\N
191	61	8	вапвап	\N	\N
192	61	7	2025-03-14	\N	\N
193	61	10		["wood"]	\N
194	61	10		["wood"]	\N
195	62	5	2	\N	\N
196	62	5	2	\N	\N
197	62	6	Horlovka 23	\N	\N
198	62	4	en	\N	\N
199	62	10		[]	\N
200	62	8	Viko Nols	\N	\N
201	62	10		[]	\N
202	62	7	2025-05-31	\N	\N
203	64	5	4	\N	\N
204	64	5	4	\N	\N
206	64	4	Hungarian	\N	\N
205	64	6	Test adress	\N	\N
208	64	7	2025-05-08	\N	\N
210	64	8	Valenco	\N	\N
209	64	10		["adidas_nike","wood"]	\N
207	64	10		["wood","building_material","tiles"]	\N
211	41	4	en	\N	\N
212	41	41	12312	\N	\N
213	27	24	driver_licence_1	\N	\N
\.


--
-- Data for Name: user_handbook_group; Type: TABLE DATA; Schema: public; Owner: pma
--

COPY public.user_handbook_group (id, name, sort, status) FROM stdin;
1	Additional data	1	t
2	Client	1	t
3	Profile(Shopper general)	1	t
4	Profile(Shopper additional)	1	t
5	Competitor	1	t
6	Customizations	1	t
\.


--
-- Data for Name: user_handbook_link; Type: TABLE DATA; Schema: public; Owner: pma
--

COPY public.user_handbook_link (id, handbook_id, handbook_group_id, role_id, group_id) FROM stdin;
4	0	1	3	0
5	0	1	3	0
1	0	2	2	0
3	0	1	2	0
6	0	3	1	0
7	0	4	1	0
2	0	1	1	0
8	0	5	5	0
9	5	0	5	0
10	10	0	5	0
11	0	1	6	0
12	0	6	6	0
13	0	1	3	0
14	0	1	3	0
15	0	2	2	0
16	0	1	2	0
17	0	3	1	0
18	0	4	1	0
19	0	1	1	0
20	0	5	5	0
21	5	0	5	0
22	10	0	5	0
23	0	1	6	0
24	0	6	6	0
25	43	0	6	0
26	3	0	6	0
27	42	0	6	0
28	41	0	6	0
29	34	0	6	0
30	0	6	6	0
31	29	0	6	0
32	30	0	6	0
33	28	0	6	0
34	32	0	6	0
35	33	0	6	0
36	31	0	6	0
38	41	0	2	0
39	41	0	4	0
\.


--
-- Data for Name: user_handbook_value; Type: TABLE DATA; Schema: public; Owner: pma
--

COPY public.user_handbook_value (id, handbook_id, label, value, sort, color) FROM stdin;
1	1	Yes, the car is on gas	if_car_1	1	\N
2	1	Yes, petrol car	if_car_2	1	\N
3	1	Yes, electric	if_car_3	1	\N
4	1	No	if_car_4	2	\N
5	2	in your area	willing_visit_1	2	\N
6	2	city	willing_visit_2	2	\N
7	2	region	willing_visit_3	2	\N
8	12	Yes	reliable_transportation_1	1	\N
9	12	No	reliable_transportation_2	2	\N
10	13	High school	completed_educational_1	1	\N
11	13	College	completed_educational_2	2	\N
12	13	University	completed_educational_3	3	\N
13	13	Master	completed_educational_4	4	\N
14	13	PhD	completed_educational_5	5	\N
15	16	Full-time	employment_type_1	1	\N
16	16	Part-time	employment_type_2	2	\N
17	16	Freelance	employment_type_3	3	\N
18	16	Contract	employment_type_4	4	\N
19	18	0	number_of_children_1	1	\N
20	18	1	number_of_children_2	2	\N
21	18	2	number_of_children_3	3	\N
22	18	3	number_of_children_4	4	\N
23	18	4	number_of_children_5	5	\N
24	18	5	number_of_children_6	6	\N
25	18	6	number_of_children_7	7	\N
26	18	7	number_of_children_8	8	\N
27	18	8	number_of_children_9	9	\N
28	18	9	number_of_children_10	10	\N
29	19	Google	here_from_us_1	1	\N
30	19	Facebook	here_from_us_2	2	\N
31	19	Instagram	here_from_us_3	3	\N
32	19	Friends	here_from_us_4	4	\N
33	19	Other	here_from_us_5	5	\N
34	22	Yes	like_travel_1	1	\N
35	22	No	like_travel_2	2	\N
36	24	Yes	driver_licence_1	1	\N
37	243	No	driver_licence_2	2	\N
683	5	Automotive industry	1	1	#000000
693	5	Retail trade (goods for leisure and hobbies)	11	11	#000000
701	5	Construction	18	18	#000000
79	25	0-1 year	driving_experience_1	1	\N
80	25	1-3 years	driving_experience_2	2	\N
81	25	3-5 years	driving_experience_3	3	\N
82	25	5-10 years	driving_experience_4	4	\N
83	25	10+ years	driving_experience_5	5	\N
88	27	USD	usd	1	\N
89	27	EUR	eur	2	\N
90	27	UAH	uah	3	\N
91	27	HUF	huf	4	\N
92	27	RUB	rub	5	\N
684	5	Retail trade of household appliances and household goods	8	8	#000000
698	5	Real estate	15	13	#000000
685	5	B2B and government services	2	2	#000000
694	5	Retail (food and beverages)	12	12	#000000
700	5	Education and training	19	19	#000000
686	5	Retail (clothing, footwear and cosmetics)	10	10	#000000
687	5	Healthcare and Pharma	6	6	#000000
699	5	Logistics and storage	17	17	#000000
688	5	Financial services	4	4	#000000
695	5	Retail (hypermarkets and department stores)	13	12	#000000
689	5	Entertainment and sports	3	3	#000000
697	5	Telecommunications	16	16	#000000
163	26	PrivatBank	bank_1	1	#000000
691	5	Retail (electronics and technology)	9	9	#000000
164	26	Monobank	bank_2	2	#000000
692	5	Food and catering	5	5	#000000
696	5	Wholesale	14	14	#000000
165	26	Raiffeisen Bank Aval	bank_4	4	#000000
690	5	Hospitality and Leisure	7	5	#000000
166	26	Oschadbank	bank_3	3	#000000
631	10	adidas nike	adidas_nike	0	#000000
634	10	Garden	garden	5	#000000
643	10	Vehicle insurance	vehicle_insurance	5	#000000
632	10	Photo/Telecommunication	photo_telecommunication	5	#000000
640	10	Electric	electric	5	#000000
633	10	Wood	wood	1	#000000
216	4	Русский	Русский	0	#000000
217	4	English	en	1	#000000
259	4	Hunga	Hunga	0	#000000
260	4	Hungarian	Hungarian	0	#000000
635	10	new sudn	new_sudn	4	#000000
646	10	New subdivision	new_subdivision	8	#000000
218	4	German	de	2	#000000
636	10	Customer service	customer_service	5	#000000
645	10	Building material	building_material	5	#000000
219	4	French	fr	3	#000000
637	10	Property insurance	property_insurance	5	#000000
642	10	TV-Hifi	tv_hifi	5	#000000
638	10	Sanitary	sanitary	2	#000000
639	10	Life insurance	life_insurance	4	#000000
641	10	Tiles	tiles	3	#000000
644	10	Computer Software	computer_software	5	#000000
248	27	PLN	PLN	0	#000000
249	26	PayPal	PayPal	0	#000000
250	27	GOLD	GOLD	0	#000000
\.


--
-- Data for Name: user_integrations; Type: TABLE DATA; Schema: public; Owner: pma
--

COPY public.user_integrations (id, user_id, service, token, data, created_at, updated_at) FROM stdin;
\.


--
-- Data for Name: user_notes; Type: TABLE DATA; Schema: public; Owner: pma
--

COPY public.user_notes (id, user_id, theme, comment, created_at, who_created) FROM stdin;
\.


--
-- Data for Name: user_notifications; Type: TABLE DATA; Schema: public; Owner: pma
--

COPY public.user_notifications (id, user_id, action_id, notification, status, created_at, updated_at) FROM stdin;
1	1	0	<p>New client <strong>Google &nbsp;</strong></p>	read	2024-10-01 12:42:03.485315	2024-10-01 12:42:03.485315
2	1	0	<p>New client <a href="https://happeas.space/manager/clients#4"><strong>Jeio &nbsp;</strong></a>qwewqe qweqqw eqweqwewqe</p>	read	2024-10-01 12:45:50.293444	2024-10-01 12:45:50.293444
7	1	0	<p>Test local Zoltan Test Client</p>	read	2024-10-15 09:40:09.0882	2024-10-15 09:40:09.0882
8	1	0	<p>Test local Zoltan Test Client</p>	read	2024-10-15 09:40:19.551275	2024-10-15 09:40:19.551275
12	1	0	<p>Test local Zoltan Test Client</p>	read	2024-10-15 15:49:44.229038	2024-10-15 15:49:44.229038
3	1	0	<p>Test local Zoltan Test Client</p>	read	2024-10-14 16:37:43.427111	2024-10-14 16:37:43.427111
4	1	0	<p>Test local Zoltan Test Client</p>	read	2024-10-14 16:38:10.479292	2024-10-14 16:38:10.479292
5	1	0	<p>Test local Zoltan Test Client</p>	read	2024-10-14 16:38:49.20569	2024-10-14 16:38:49.20569
6	1	0	<p>Test local Zoltan Test Client</p>	read	2024-10-14 16:41:31.879149	2024-10-14 16:41:31.879149
9	1	0	<p>Test local Zoltan Test Client</p>	read	2024-10-15 15:46:38.913859	2024-10-15 15:46:38.913859
10	1	0	<p>Test local Zoltan Test Client</p>	read	2024-10-15 15:47:17.928842	2024-10-15 15:47:17.928842
11	1	0	<p>Test local Zoltan Test Client</p>	read	2024-10-15 15:49:34.356234	2024-10-15 15:49:34.356234
13	1	0	<p>Test local Zoltan Test Client</p>	read	2024-10-15 15:53:39.892708	2024-10-15 15:53:39.892708
14	1	0	<p>Test local Zoltan Test Client</p>	read	2024-10-15 15:54:56.145187	2024-10-15 15:54:56.145187
15	1	0	<p>Test local Zoltan Test Client</p>	read	2024-10-15 15:55:49.079003	2024-10-15 15:55:49.079003
16	1	0	<p>Test local Zoltan Test Client</p>	read	2024-10-16 13:14:29.968254	2024-10-16 13:14:29.968254
17	1	0	<p>Test local Zoltan Test Client</p>	read	2024-10-16 13:14:38.03267	2024-10-16 13:14:38.03267
18	1	0	<p>Test local Zoltan Test Client</p>	read	2024-10-16 13:14:45.730794	2024-10-16 13:14:45.730794
19	1	0	<p>Test local Sneakerbox.ru</p>	read	2024-10-18 09:18:57.025748	2024-10-18 09:18:57.025748
20	1	0	<p>Test local Sneakerbox.ru</p>	read	2024-10-18 09:19:20.342613	2024-10-18 09:19:20.342613
21	1	0	<p>Test local Zoltan Test Client</p>	read	2024-10-18 09:19:39.963867	2024-10-18 09:19:39.963867
22	1	0	<p>Test local Sneakerbox.ru</p>	read	2024-10-18 10:35:52.192132	2024-10-18 10:35:52.192132
23	1	0	<p>Test local Sneakerbox.ru</p>	read	2024-10-18 10:39:45.728425	2024-10-18 10:39:45.728425
24	1	0	<p>Test local Pushkin</p>	read	2024-11-12 10:12:50.164846	2024-11-12 10:12:50.164846
25	1	0	<p>Test local qwewqeqw</p>	read	2024-11-12 10:14:56.007694	2024-11-12 10:14:56.007694
26	1	0	<p>Test local Zoltan Test Client</p>	read	2024-11-15 09:52:30.865288	2024-11-15 09:52:30.865288
27	1	0	<p>Test local Zoltan Test Client</p>	read	2024-11-15 09:52:41.015167	2024-11-15 09:52:41.015167
28	1	0	<p>Test local Zoltan Test Client</p>	read	2024-11-15 09:52:55.066979	2024-11-15 09:52:55.066979
29	1	0	<p>Test local qwewqeqw</p>	read	2024-11-15 10:57:58.939595	2024-11-15 10:57:58.939595
30	1	0	<p>Test local Zoltan Test Client</p>	read	2024-11-21 10:40:51.127727	2024-11-21 10:40:51.127727
31	1	0	<p>Test local Zoltan Test Client</p>	read	2024-11-21 10:46:57.758293	2024-11-21 10:46:57.758293
32	1	0	<p>Test local Zoltan Test Client</p>	read	2024-11-21 10:51:41.678248	2024-11-21 10:51:41.678248
35	1	0	<p>Test local qwewqeqw</p>	read	2024-12-09 07:26:48.743729	2024-12-09 07:26:48.743729
33	1	0	<p>Test local Zoltan Test Client</p>	read	2024-11-22 07:39:12.162578	2024-11-22 07:39:12.162578
34	1	0	<p>Test local Zoltan Test Client</p>	read	2024-11-22 07:39:55.856191	2024-11-22 07:39:55.856191
36	1	0	<p>Test local Pushkin</p>	read	2024-12-10 13:26:31.607558	2024-12-10 13:26:31.607558
37	1	0	<p>Test local Zoltan Test Client</p>	read	2024-12-10 13:27:46.904187	2024-12-10 13:27:46.904187
38	1	0	<p>Test local Sneakerbox.ru</p>	read	2024-12-13 09:17:20.685776	2024-12-13 09:17:20.685776
47	1	0	<p>Test local fd</p>	read	2024-12-20 15:54:53.578696	2024-12-20 15:54:53.578696
39	1	0	<p>Test local Pushkin</p>	read	2024-12-13 09:59:24.097719	2024-12-13 09:59:24.097719
40	1	0	<p>Test local Sneakerbox.ru</p>	read	2024-12-13 10:00:04.522146	2024-12-13 10:00:04.522146
41	1	0	<p>Test local Sneakerbox.ru</p>	read	2024-12-13 10:01:28.248905	2024-12-13 10:01:28.248905
42	1	0	<p>Test local Zoltan Test Client</p>	read	2024-12-13 10:02:12.7679	2024-12-13 10:02:12.7679
43	1	0	<p>Test local Борн</p>	read	2024-12-18 12:49:25.25953	2024-12-18 12:49:25.25953
44	1	0	<p>Test local qweqw2</p>	read	2024-12-18 12:57:56.138442	2024-12-18 12:57:56.138442
45	1	0	<p>Test local qweqw2</p>	read	2024-12-18 12:58:06.608294	2024-12-18 12:58:06.608294
46	1	0	<p>Test local qweqw2</p>	read	2024-12-18 12:58:15.278026	2024-12-18 12:58:15.278026
48	1	0	<p>Test local fd</p>	read	2025-01-02 10:40:16.140241	2025-01-02 10:40:16.140241
49	1	0	<p>Test local fd</p>	read	2025-01-02 10:40:43.408869	2025-01-02 10:40:43.408869
50	1	0	<p>Test local fd</p>	read	2025-01-02 13:22:48.63498	2025-01-02 13:22:48.63498
51	1	0	<p>Test local fd</p>	read	2025-01-08 07:56:01.3085	2025-01-08 07:56:01.3085
52	1	0	<p>Test local Фёдор</p>	read	2025-01-08 09:21:20.763605	2025-01-08 09:21:20.763605
53	1	0	<p>Test local Фёдор</p>	read	2025-01-08 09:21:38.504256	2025-01-08 09:21:38.504256
54	1	0	<p>Test local Фёдор</p>	read	2025-01-08 09:21:43.664421	2025-01-08 09:21:43.664421
55	1	0	<p>Test local Фёдор</p>	read	2025-01-08 12:49:35.948585	2025-01-08 12:49:35.948585
56	1	0	<p>Test local 211</p>	read	2025-01-08 13:02:32.708111	2025-01-08 13:02:32.708111
57	1	0	<p>Test local test</p>	read	2025-01-08 13:03:04.22628	2025-01-08 13:03:04.22628
58	1	0	<p>Test local test</p>	read	2025-01-08 13:06:57.698005	2025-01-08 13:06:57.698005
59	1	0	<p>Test local test</p>	read	2025-01-08 14:49:16.973668	2025-01-08 14:49:16.973668
60	1	0	<p>Test local Test</p>	read	2025-01-09 09:47:05.129039	2025-01-09 09:47:05.129039
61	1	0	<p>Test local Test</p>	read	2025-01-09 11:14:17.402823	2025-01-09 11:14:17.402823
62	1	0	<p>Test local Valeria</p>	read	2025-01-09 11:14:55.161915	2025-01-09 11:14:55.161915
63	1	0	<p>Test local Valeria</p>	read	2025-01-09 11:15:05.72577	2025-01-09 11:15:05.72577
64	1	0	<p>Test local Valeria</p>	read	2025-01-09 11:17:43.26537	2025-01-09 11:17:43.26537
65	1	0	<p>Test local test2</p>	read	2025-01-10 10:17:31.170088	2025-01-10 10:17:31.170088
107	1	0	<p>Test local Test client</p>	read	2025-02-28 07:59:58.433577	2025-02-28 07:59:58.433577
80	1	0	<p>Test local fsdfsf</p>	read	2025-02-04 13:11:25.171113	2025-02-04 13:11:25.171113
79	1	0	<p>Test local fsdfsf</p>	read	2025-02-03 09:02:07.410619	2025-02-03 09:02:07.410619
66	1	0	<p>Test local TEst 2</p>	read	2025-01-15 15:04:10.633244	2025-01-15 15:04:10.633244
67	1	0	<p>Test local TEst 2</p>	read	2025-01-15 15:06:56.056748	2025-01-15 15:06:56.056748
68	1	0	<p>Test local TEst 2</p>	read	2025-01-15 15:07:42.82602	2025-01-15 15:07:42.82602
69	1	0	<p>Test local TEst 2</p>	read	2025-01-15 15:08:22.317356	2025-01-15 15:08:22.317356
70	1	0	<p>Test local TEst 2</p>	read	2025-01-15 15:09:34.989445	2025-01-15 15:09:34.989445
71	1	0	<p>Test local TEst 2</p>	read	2025-01-15 15:10:10.456169	2025-01-15 15:10:10.456169
72	1	0	<p>Test local TEst 2</p>	read	2025-01-16 07:40:33.299102	2025-01-16 07:40:33.299102
73	1	0	<p>Test local new test</p>	read	2025-01-16 08:31:31.795166	2025-01-16 08:31:31.795166
74	1	0	<p>Test local new test</p>	read	2025-01-16 08:31:55.640998	2025-01-16 08:31:55.640998
75	1	0	<p>Test local TEst 2</p>	read	2025-01-16 11:54:45.718006	2025-01-16 11:54:45.718006
76	1	0	<p>Test local Test</p>	read	2025-02-03 08:08:27.871217	2025-02-03 08:08:27.871217
77	1	0	<p>Test local Test</p>	read	2025-02-03 08:10:07.635034	2025-02-03 08:10:07.635034
78	1	0	<p>Test local fsdfsf</p>	read	2025-02-03 08:16:37.750339	2025-02-03 08:16:37.750339
81	1	0	<p>Test local Google</p>	read	2025-02-10 16:16:20.673793	2025-02-10 16:16:20.673793
82	1	0	<p>Test local Vivi's Client</p>	read	2025-02-10 16:47:06.249291	2025-02-10 16:47:06.249291
83	1	0	<p>Test local Google</p>	read	2025-02-11 08:35:31.912347	2025-02-11 08:35:31.912347
84	1	0	<p>Test local ВТБ тест</p>	read	2025-02-12 13:38:16.16372	2025-02-12 13:38:16.16372
85	1	0	<p>Test local Dorka</p>	read	2025-02-12 16:00:12.395986	2025-02-12 16:00:12.395986
86	1	0	<p>Test local Vivien</p>	read	2025-02-12 16:04:40.736538	2025-02-12 16:04:40.736538
87	1	0	<p>Test local Dorka</p>	read	2025-02-12 16:06:12.348766	2025-02-12 16:06:12.348766
88	1	0	<p>Test local Test competitors</p>	read	2025-02-14 13:42:01.941041	2025-02-14 13:42:01.941041
89	1	0	<p>Test local Test competitors</p>	read	2025-02-17 11:39:52.026416	2025-02-17 11:39:52.026416
90	1	0	<p>Test local Test competitors</p>	read	2025-02-17 13:13:21.587278	2025-02-17 13:13:21.587278
91	1	0	<p>Test local Test competitors</p>	read	2025-02-17 15:54:23.957626	2025-02-17 15:54:23.957626
92	1	0	<p>Test local Test competitors</p>	read	2025-02-17 16:43:38.834479	2025-02-17 16:43:38.834479
93	1	0	<p>Test local Test competitors</p>	read	2025-02-17 16:44:04.749798	2025-02-17 16:44:04.749798
94	1	0	<p>Test local Test competitors</p>	read	2025-02-18 07:53:30.361856	2025-02-18 07:53:30.361856
95	1	0	<p>Test local Test competitors</p>	read	2025-02-18 10:18:09.025573	2025-02-18 10:18:09.025573
96	1	0	<p>Test local Test competitors</p>	read	2025-02-18 10:37:57.993163	2025-02-18 10:37:57.993163
97	1	0	<p>Test local Test competitors</p>	read	2025-02-18 11:06:51.660972	2025-02-18 11:06:51.660972
98	1	0	<p>Test local ВТБ тест</p>	read	2025-02-18 11:07:47.940343	2025-02-18 11:07:47.940343
99	1	0	<p>Test local TEst 2</p>	read	2025-02-20 10:54:56.033414	2025-02-20 10:54:56.033414
100	1	0	<p>Test local TEst 2</p>	read	2025-02-20 10:56:39.825341	2025-02-20 10:56:39.825341
101	1	0	<p>Test local TEst 2</p>	read	2025-02-20 10:59:22.022782	2025-02-20 10:59:22.022782
102	1	0	<p>Test local TEst 2</p>	read	2025-02-20 10:59:41.128837	2025-02-20 10:59:41.128837
103	1	0	<p>Test local TEst 2</p>	read	2025-02-20 11:01:37.09218	2025-02-20 11:01:37.09218
104	1	0	<p>Test local TEst 2</p>	read	2025-02-20 11:02:05.812458	2025-02-20 11:02:05.812458
105	1	0	<p>Test local fsdfsf</p>	read	2025-02-21 17:22:04.265687	2025-02-21 17:22:04.265687
106	1	0	<p>Test local fsdfsf</p>	read	2025-02-24 09:18:05.958807	2025-02-24 09:18:05.958807
108	1	0	<p>Test local SystemNew</p>	read	2025-02-28 16:12:41.466828	2025-02-28 16:12:41.466828
109	1	0	<p>Test local SystemNew</p>	new	2025-03-03 08:58:23.88332	2025-03-03 08:58:23.88332
110	1	0	<p>Test local SystemNew</p>	new	2025-03-03 09:20:07.107629	2025-03-03 09:20:07.107629
111	1	0	<p>Test local SystemNew</p>	new	2025-03-03 09:20:20.753034	2025-03-03 09:20:20.753034
112	1	0	<p>Test local fsdfsf</p>	new	2025-03-06 10:39:22.449617	2025-03-06 10:39:22.449617
113	1	0	<p>Test local fsdfsf</p>	new	2025-03-06 10:43:47.546779	2025-03-06 10:43:47.546779
114	1	0	<p>Test local fsdfsf</p>	new	2025-03-06 11:14:50.729204	2025-03-06 11:14:50.729204
115	1	0	<p>Test local fsdfsf</p>	new	2025-03-06 11:20:34.274426	2025-03-06 11:20:34.274426
116	1	0	<p>Test local Client side</p>	new	2025-03-06 13:46:49.671353	2025-03-06 13:46:49.671353
117	1	0	<p>Test local Client side</p>	new	2025-03-07 11:02:28.585686	2025-03-07 11:02:28.585686
118	1	0	<p>Test local Test</p>	new	2025-03-07 11:24:36.199778	2025-03-07 11:24:36.199778
119	1	0	<p>Test local Alexander</p>	new	2025-03-07 11:48:51.227233	2025-03-07 11:48:51.227233
120	1	0	<p>Test local Alexander</p>	new	2025-03-07 11:50:10.533577	2025-03-07 11:50:10.533577
121	1	0	<p>Test local Alexander</p>	new	2025-03-07 11:50:35.109278	2025-03-07 11:50:35.109278
122	1	0	<p>Test local Alexander</p>	new	2025-03-07 11:54:58.701614	2025-03-07 11:54:58.701614
123	1	0	<p>Test local Alexander</p>	new	2025-03-07 12:00:55.217281	2025-03-07 12:00:55.217281
124	1	0	<p>Test local Alexander</p>	new	2025-03-07 12:08:04.613793	2025-03-07 12:08:04.613793
125	1	0	<p>Test local Alexander</p>	new	2025-03-07 12:51:09.622395	2025-03-07 12:51:09.622395
126	1	0	<p>Test local Alexander</p>	new	2025-03-07 14:50:21.135397	2025-03-07 14:50:21.135397
127	1	0	<p>Test local Alexander</p>	new	2025-03-07 14:50:35.892756	2025-03-07 14:50:35.892756
128	1	0	<p>Test local Alexander</p>	new	2025-03-07 14:50:47.408802	2025-03-07 14:50:47.408802
129	1	0	<p>Test local SystemNew</p>	read	2025-03-08 09:28:29.959676	2025-03-08 09:28:29.959676
131	1	0	<p>Test local Alexander</p>	read	2025-03-10 10:59:04.431478	2025-03-10 10:59:04.431478
132	1	0	<p>Test local Test</p>	read	2025-03-10 12:02:30.812119	2025-03-10 12:02:30.812119
133	27	0	<p>Test local Shopper</p>	new	2025-03-14 15:01:06.449124	2025-03-14 15:01:06.449124
134	27	0	<p>Test local Shopper</p>	new	2025-03-14 15:01:11.414107	2025-03-14 15:01:11.414107
135	27	0	<p>Test local Shopper</p>	new	2025-03-14 15:01:20.568773	2025-03-14 15:01:20.568773
136	27	0	<p>Test local Shopper</p>	new	2025-03-14 15:03:39.849774	2025-03-14 15:03:39.849774
137	27	0	<p>Test local Dima</p>	new	2025-03-14 15:54:13.660116	2025-03-14 15:54:13.660116
138	27	0	<p>Test local Dima</p>	new	2025-03-14 15:54:29.770558	2025-03-14 15:54:29.770558
130	41	0	<p>Test local Alexander</p>	read	2025-03-10 10:56:08.829031	2025-03-10 10:56:08.829031
139	27	0	<p>Test local Alexander update setting to client</p>	new	2025-03-14 16:22:41.489503	2025-03-14 16:22:41.489503
140	27	0	<p>Test local Dima update setting to client</p>	new	2025-03-14 16:23:41.558854	2025-03-14 16:23:41.558854
141	41	0	<p>Test local Alexander update setting to client</p>	new	2025-03-14 16:24:30.566596	2025-03-14 16:24:30.566596
\.


--
-- Data for Name: user_payment_methods; Type: TABLE DATA; Schema: public; Owner: pma
--

COPY public.user_payment_methods (id, payment_method, icon) FROM stdin;
\.


--
-- Data for Name: user_settings; Type: TABLE DATA; Schema: public; Owner: pma
--

COPY public.user_settings (id, code, value, value_json) FROM stdin;
2	currencies	eur	[]
12	customizations		{"logo": "https://proxy.happeas.space/file/read/local/1/2382f32dd938f98916f2739102624a2a.png", "app_logo": "https://proxy.happeas.space/file/read/local/1/find-your-inner-rhythm-with-black-and-light-blue-heartbeat-mbunn0r2lh3rkm73.jpg", "background": "https://proxy.happeas.space/file/read/local/1/6e1059f1ced03569068cb09f9bcb789a.png", "cell_color": "#000000", "text_color": "#333333", "chart_color": "#000000", "button_color": "#659806", "overlay_color": "#000000", "submenu_color": "#000000", "surveyTextColor": "#000000", "top_panel_color": "#000000", "background_color": "#FFFFFF", "title_on_widgets": "#000000", "bottom_cell_color": "#000000", "surveyHeaderColor": "#000000", "button_hover_color": "#32a950", "surveySectionColor": "#000000", "surveyBackgroundColor": "#adffca", "surveyHeaderBackground": "#88fb9b", "surveySectionBackground": "#e6e6e6", "text_color_in_sub_buttons": "#000000"}
14	appeals_status		["test", "New test", "New option"]
5	default_role	1	[]
1	language	en	[]
11	currency	USD	[]
3	clients_roles		[2]
4	shoppers_roles		[1]
7	manager_roles		[3]
8	worker_roles		[4]
9	competitor_roles		[5]
10	msp_roles		[6]
15	shopper_type_score	1	[]
6	time_zone	europe/kiev	[]
16	live_chat	111232	[]
\.


--
-- Data for Name: user_worker_feedback; Type: TABLE DATA; Schema: public; Owner: pma
--

COPY public.user_worker_feedback (id, who_created, answer_id, comment, extra_points, status, client_id, created_at, updated_at, answer, employ_id, employ_comment, final_comment) FROM stdin;
10	41	27	Comment from 1 form: Alexander Pushkin	5	2	11	2025-03-07 11:32:51.548214	2025-03-07 13:15:52.132079	f	40	Comment by Employee 2 form	Final comment by Admin
12	41	18	First comment by Admin	2	2	11	2025-03-07 14:10:41.762415	2025-03-07 14:16:18.507181	t	40	Comment by Employee	Comment by Admin - final comment
\.


--
-- Data for Name: user_worker_group_cities; Type: TABLE DATA; Schema: public; Owner: pma
--

COPY public.user_worker_group_cities (id, group_id, city_id, user_id) FROM stdin;
7	3	36557	\N
12	2	34724	\N
14	\N	5077	36
28	11	34	0
32	\N	25919	47
33	\N	25919	48
48	6	36553	\N
49	6	37093	\N
53	1	34724	\N
54	1	34725	\N
55	1	34728	\N
\.


--
-- Data for Name: user_worker_group_countries; Type: TABLE DATA; Schema: public; Owner: pma
--

COPY public.user_worker_group_countries (id, group_id, country_id, user_id) FROM stdin;
71	1	PL	\N
9	2	UA	\N
10	2	PL	\N
13	\N	AD	36
14	\N	BG	36
15	10	RU	0
16	\N	AS	22
37	\N	RU	37
42	11	AF	0
46	\N	HU	47
47	\N	HU	48
63	\N	FR	38
64	\N	RU	38
65	\N	CA	38
69	6	RU	\N
\.


--
-- Data for Name: user_worker_group_locations; Type: TABLE DATA; Schema: public; Owner: pma
--

COPY public.user_worker_group_locations (id, group_id, location_id, user_id) FROM stdin;
10	2	21	\N
12	\N	21	36
13	\N	20	36
20	\N	30	37
21	\N	21	37
32	\N	38	47
33	\N	40	48
34	\N	39	48
35	\N	38	48
43	6	21	\N
45	1	21	\N
47	\N	21	66
\.


--
-- Data for Name: user_worker_group_regions; Type: TABLE DATA; Schema: public; Owner: pma
--

COPY public.user_worker_group_regions (id, group_id, region_id, user_id) FROM stdin;
5	3	RU-20	\N
10	2	UA-01	\N
11	2	UA-02	\N
13	\N	AD-06	36
14	10	RU-09	0
35	\N	RU-07	37
43	\N	HU-05	47
44	\N	HU-05	48
55	6	RU-07	\N
58	1	PL-81	\N
59	1	PL-82	\N
\.


--
-- Data for Name: user_worker_groups; Type: TABLE DATA; Schema: public; Owner: pma
--

COPY public.user_worker_groups (id, client_id, name, created_at, updated_at, deleted_at, feedback_write, feedback_answer, task_create, ask_question) FROM stdin;
2	11	Team	2025-01-07 08:27:40.99698	2025-01-07 08:27:40.99698	\N	f	f	f	f
6	11	New Test	2025-01-07 14:49:29.273746	2025-01-07 14:49:29.273746	\N	f	f	f	f
10	25	teeee	2025-01-09 11:14:44.452993	2025-01-09 11:14:44.452993	\N	f	f	f	f
11	42	Main	2025-02-07 12:41:14.059974	2025-02-07 12:41:14.059974	\N	f	f	f	f
1	11	Updated Development Team	2025-01-06 14:02:27.209434	2025-01-06 14:02:27.209434	\N	t	f	f	f
\.


--
-- Data for Name: user_worker_task; Type: TABLE DATA; Schema: public; Owner: pma
--

COPY public.user_worker_task (id, answer_id, worker_id, status, type_task, client_id, date_start, date_end, attachment, created_at, updated_at, task, who_created, employee_id, employee_comment, employee_files, employee_created_at, final_comment, final_created_at) FROM stdin;
4	27	40	0	0	11	2025-03-26 00:00:00	2025-03-31 00:00:00	1	2025-03-12 09:38:29.113074	2025-03-12 09:38:29.113074	New task	41	\N	\N	\N	\N	\N	\N
3	27	40	2	0	11	2025-03-11 00:00:00	2025-03-18 00:00:00	1	2025-03-10 12:05:42.711184	2025-03-13 13:00:53.97999	Task for worker	41	41	Answer by employee	["https://proxy.happeas.space/file/read/local/41/e965c616eb12859af016fe6f047e9f6a.jpg"]	2025-03-13	\N	\N
6	27	41	5	0	11	2025-03-13 00:00:00	2025-03-31 00:00:00	3	2025-03-13 09:15:31.313604	2025-03-14 10:04:28.455614	Task for employee 2	41	\N	\N	\N	\N	\N	\N
7	27	40	5	0	11	2025-03-13 00:00:00	2025-03-22 00:00:00	1	2025-03-13 16:43:03.905672	2025-03-14 10:04:28.455614	к цукцкцукуцкцук уц	41	\N	\N	\N	\N	\N	\N
5	27	40	2	0	11	2025-03-12 00:00:00	2025-03-25 00:00:00	2	2025-03-12 14:55:36.877126	2025-03-14 10:32:49.104275	Task Audio attach	41	41	Submit test	["https://proxy.happeas.space/file/read/local/41/b3334103f94f3afdcf4f1a95c24863e2.mp3"]	2025-03-13	\N	\N
9	27	40	4	0	11	2025-03-20 00:00:00	2025-03-30 00:00:00	1	2025-03-14 11:06:24.351526	2025-03-14 11:09:07.203942	Test task	41	40	Comment by Lev	["https://proxy.happeas.space/file/read/local/40/e965c616eb12859af016fe6f047e9f6a.jpg"]	2025-03-14	\N	\N
10	28	40	2	0	11	2025-03-21 00:00:00	2025-03-26 00:00:00	1	2025-03-14 16:40:23.01692	2025-03-14 16:49:13.053278	Test	41	40	Text by employee	["https://proxy.happeas.space/file/read/local/40/e965c616eb12859af016fe6f047e9f6a.jpg"]	2025-03-14	\N	\N
\.


--
-- Data for Name: user_workers; Type: TABLE DATA; Schema: public; Owner: pma
--

COPY public.user_workers (id, client_id, user_id, status, created_at, updated_at, "position", department, email_work, phone_work, language, permission_group, feedback_write, feedback_answer, task_create, ask_question) FROM stdin;
11	11	40	0	2025-01-20 08:23:36.491394	2025-03-10 12:02:30.687225	\N	\N	testfsd23423423f@gmail.com	+73434534534	en	1	f	t	f	f
4	14	21	0	2024-10-17 15:38:32.325829	2024-12-24 08:24:23.339268	\N	\N	dmitry.alpatkin4@sneakerbox.ru	79591175672	en	\N	f	f	f	f
3	14	20	0	2024-10-17 15:38:32.161018	2024-12-24 08:24:23.540104	\N	\N	ksenia.ivanova2@sneakerbox.ru	79591175673	ru	\N	f	f	f	f
2	14	19	0	2024-10-17 15:38:31.924529	2024-12-24 08:24:23.818737	\N	\N	lyubov.domanova1@sneakerbox.ru	79591175671	ru	\N	f	f	f	f
1	11	12	0	2024-10-03 11:52:55.85628	2024-12-24 08:24:24.057652	pos	dept	worker@email.ml	123123321	EN	\N	f	f	f	f
7	11	26	0	2024-12-24 08:24:22.869147	2025-01-08 12:49:35.805665	\N	\N	fmdostoevsky@yandex.ru	79119879876	Русский	\N	f	f	f	f
8	32	34	0	2025-01-08 12:59:27.374436	2025-01-08 13:02:32.617258	\N	\N	342342dsfw@mail.com	+12131231231	Русский	\N	f	f	f	f
21	11	66	0	2025-03-14 15:52:56.210385	2025-03-14 15:54:29.61458	\N	\N	client2@mail.com	+13232323323	Hunga	\N	f	f	f	f
9	11	35	0	2025-01-08 13:01:43.491948	2025-01-08 14:49:16.729128	\N	\N	test@test.ru	+	Русский	1	f	f	f	f
18	45	53	0	2025-02-13 11:03:14.383363	2025-03-14 16:23:41.190582	\N	\N	333423rdew@mailc.com	380431142457	Русский	\N	f	f	f	f
10	11	36	0	2025-01-08 15:35:33.821598	2025-01-09 11:14:17.284393	\N	\N	Test1dsa@test.ru	+12348728389	Русский	1	f	f	f	f
5	25	22	0	2024-10-17 15:38:32.506699	2025-01-09 11:17:43.168002	\N	\N	valeria.erkhov5a@sneakerbox.ru	79889450028	en	10	f	f	f	f
12	11	41	0	2025-02-03 08:14:49.298145	2025-03-14 16:25:06.181769	\N	\N	fdsfsdfs2@gmail.com	14324332468	en	1	t	f	t	t
13	42	43	0	2025-02-07 12:42:02.440118	2025-02-11 08:35:31.75823	\N	\N	gog@mail.com	+13333333333	Русский	11	f	f	f	f
14	45	46	0	2025-02-12 13:40:10.025725	2025-02-12 13:40:10.025725	\N	\N	\N	\N	Русский	\N	f	f	f	f
15	44	47	0	2025-02-12 15:54:07.270621	2025-02-12 16:04:40.200746	\N	\N	vic@phantomshopping.hu	+36704304234	Hungarian	\N	f	f	f	f
16	44	48	0	2025-02-12 15:57:57.756408	2025-02-12 16:06:11.960357	\N	\N	dl@phantomshopping.hu	+36704325656	Hungarian	\N	f	f	f	f
17	45	52	0	2025-02-13 10:50:54.497467	2025-02-13 10:50:54.497467	\N	\N	33423rdew@mailc.com	38031142457	\N	\N	f	f	f	f
19	62	63	0	2025-02-28 10:20:36.322	2025-02-28 10:20:36.322	\N	\N	\N	\N	Hunga	\N	f	f	f	f
20	64	65	0	2025-02-28 17:30:19.8288	2025-02-28 17:30:19.8288	\N	\N	\N	\N	Hunga	\N	f	f	f	f
\.


--
-- Data for Name: users; Type: TABLE DATA; Schema: public; Owner: pma
--

COPY public.users (id, email, phone, activation, password, role_id, created_at, updated_at, last_activity, password_recovery_hash, password_recovery_date, password_recovery_type, name, last_name, country, region, city, address, is_worker, gender, deleted_at, "handbookFillings2Id", status, delete_at, rating) FROM stdin;
5	famss09@gmail.com	323424443223	t	$2b$10$.vZtGIXrcXh5/0BFz.gSR.NpoPwX8/knGXbdocM4A9kwsh793MKOG	7	2024-10-02 15:54:38.925387	2024-10-04 11:51:07.776513	2024-10-04 11:51:07.772	AE13B4	2024-10-04 11:51:07.772	\N	Dima	Der	AF	AF-03	34	\N	f	\N	\N	\N	0	\N	\N
34	342342dsfw@mail.com	+12131231231	f	$2b$10$EAhUfRNJqY80YS7W0hsF8u3QdqjUkNb.dAxrQXMlPrvBUEm4pHkuK	4	2025-01-08 12:59:27.339764	2025-01-08 13:02:32.61351	\N	A8A6	2025-01-08 12:59:27.335	\N	211	3213	MD	\N	\N	\N	t	\N	\N	\N	0	\N	\N
25	aspushkin@gmail.com	79991231233	f	$2b$10$YlUA8oMjaCyxobZZ4tXV/uHYwNH3uHBAicMajdnvJeQ3aY5XaMDKi	2	2024-10-30 08:11:36.016786	2024-12-13 09:59:23.974641	\N	B9B6	2024-10-30 08:11:36.012	\N	Pushkin		RU	\N	36644	\N	f	\N	\N	\N	0	\N	\N
32	ewdqweeq@mailc.com	12131231231	f	$2b$10$rQIdaNOrFlNa9WUs0kXLl.S5oGvoe9B5ly3YF88C3XwBisahxoYs6	2	2024-12-18 12:55:40.04833	2024-12-18 12:58:15.060418	\N	1972	2024-12-18 12:55:40.044	\N	qweqw2	\N	AF	\N	40	\N	f	\N	\N	\N	0	\N	\N
3	dsfds@ma.com	12332232323	f	$2b$10$XkXVzzFYRl6xCJsvBo.MUeQczGt/niY4tAg9/J4SuV6I6Bta3QNUa	2	2024-10-01 12:42:03.349627	2024-10-01 12:42:03.36155	\N	C814	2024-10-01 12:42:03.348	\N	Google		AM	\N	87	\N	f	\N	\N	\N	0	\N	\N
4	qweqw@mail.com	12342443243	f	$2b$10$l9zYctmSI4tslj2tf4cS1.drW5qq94Pu6zrYasfChCDqUkFoDfwv.	2	2024-10-01 12:45:50.194599	2024-10-01 12:45:50.20438	\N	C475	2024-10-01 12:45:50.193	\N	Jeio		AM	\N	87	\N	f	\N	\N	\N	0	\N	\N
23	test@msp.com	13323423424	f	$2b$10$Q/muM7.xlvgC5cnW9/1vGuSFxEVH8BZ4Khsy50zU92kdrMHieIImy	6	2024-10-18 10:14:19.085557	2024-10-18 10:14:19.102199	\N	578A	2024-10-18 10:14:19.083	\N	test	test	AF	\N	34	\N	f	\N	\N	\N	0	\N	\N
40	testfsd23423423f@gmail.com	+73434534534	f	$2b$10$EY8FhMzlc0i5JpQR2kpAWOI5yYqKOBvLYyD4U.IGXRaw5cqg2WE.G	4	2025-01-20 08:23:36.461616	2025-03-14 16:01:33.817066	2025-03-14 16:01:33.815	2785	2025-01-20 08:23:36.459	\N	Lev	Tolstoy	AF	\N	\N	\N	t	\N	\N	\N	0	\N	\N
11	buvarzoli79@gmail.com	11234567888	f	$2b$10$D9NdC1jtor5gWTx0D/CnCepHW7mNaKkGE8k8J5Tm9FFsFj/AiNwKq	2	2024-10-03 11:26:07.570775	2024-12-13 10:02:12.577871	\N	FBBC	2024-10-03 11:26:07.568	\N	Zoltan Test Client		HU	\N	25919	\N	f	\N	\N	\N	0	\N	\N
29	sdfsd@mail.com	12323123123	f	$2b$10$9jhhynFXuw0szOecJty/j.Ung1WlEwP4zHtdQFF5bpM1.9M9QS5qi	2	2024-12-18 08:20:25.224295	2024-12-18 08:20:25.252529	\N	65CD	2024-12-18 08:20:25.22	\N	qwqweqw		JO	\N	30587	\N	f	\N	\N	\N	0	\N	\N
21	dmitry.alpatkin4@sneakerbox.ru	79591175672	f	$2b$10$5fjz8JhQYhfhDaij7CNGSu9wsZupFSf4m8pVpEz3vwEoWo3tlnrPu	4	2024-10-17 15:38:32.325829	2024-12-24 08:24:23.339268	\N	\N	\N	\N	Dmitry	\N	RU	Moscow City	36557	\N	t	\N	\N	\N	0	\N	\N
20	ksenia.ivanova2@sneakerbox.ru	79591175673	f	$2b$10$a2XGZ3hpKd7SGut0YX3vzOLDvtUr1dtwlSMA/Lmfp8xwNRQoRlHCa	4	2024-10-17 15:38:32.161018	2024-12-24 08:24:23.540104	\N	\N	\N	\N	Ksenia	\N	RU	Moscow City	36557	\N	t	\N	\N	\N	0	\N	\N
19	lyubov.domanova1@sneakerbox.ru	79591175671	f	$2b$10$DdEIgu9FU.46SNjPBYCHEO/BiGokliNvX5dCvIffoHi79gvXuBGbS	4	2024-10-17 15:38:31.924529	2024-12-24 08:24:23.818737	\N	\N	\N	\N	Lyubov	\N	RU	Moscow City	36557	\N	t	\N	\N	\N	0	\N	\N
37	test@gmail.com	14352345345	f	$2b$10$6WGEJ..S0lcvd5xy0oBNyONLdyPrVnh67WTc2JeP3sOmP1bqt52ie	6	2025-01-15 13:27:40.344304	2025-01-16 08:31:54.540161	\N	53B6	2025-01-15 13:27:40.337	\N	new test	new test	RU	\N	36557	\N	f	\N	\N	\N	0	\N	\N
12	upd@worker.wr	3232141234	f	$2b$10$4Y953aPLSkWtMAaD29Q9X./TNoQm/DjLEkePYzapMCX3Y0mclcOru	4	2024-10-03 11:52:55.85628	2024-12-24 08:24:24.057652	\N	\N	\N	\N	New worker	\N	HU	\N	\N	\N	t	\N	\N	\N	0	\N	\N
33	fdsf@gmail.com	17863287647	f	$2b$10$V9uImD7CUkxNcgX5ThiEteRTVGiZi5G.KeztT0/bzITfqgWirqBam	2	2024-12-20 12:16:09.861659	2025-01-08 07:56:01.158318	\N	433B	2024-12-20 12:16:09.853	\N	fd	\N	AF	\N	35	\N	f	\N	\N	\N	0	\N	\N
30	o.solovieva444@servizoria.ru	79591175676	f	$2b$10$MJ.6zgiK081X/J8NJtuAKec0hlrXmYw71mVfT1wXvhO7dXqLH.r0G	2	2024-12-18 08:23:38.22751	2024-12-18 12:49:25.053616	\N	1231	2024-12-18 08:23:38.221	\N	Борн		RU	\N	36557	\N	f	\N	\N	\N	0	\N	\N
28	wqeqw@mail.com	11231231212	f	$2b$10$oEom96bP1H9VUhdRpr96W.JGsY0cJFTaCfGY7kYZC03YN/9.ucSvq	2	2024-11-12 10:14:36.461051	2024-12-17 14:19:16.439821	\N	3424	2024-11-12 10:14:36.459	\N	qwewqeqw		AF	\N	34	\N	f	\N	\N	\N	0	\N	\N
1	herczegz@yahoo.com	2222232	t	$2b$10$/Hdc396PXZLNML4mJlEJX.dFpjxqyLThFqs8tHCQ04IwyXk1tDp.u	7	2024-09-30 13:36:23.632273	2025-03-14 15:56:39.602084	2025-03-14 15:56:39.6	560C	2024-09-30 13:36:23.629	\N	Admin	Admin	UA	\N	12	\N	f	\N	\N	\N	0	\N	6
31	werew@mailc.com	13232323232	f	$2b$10$1uZ/zNQTi1Vo7KdoAvS4muv7roxWpzdAP/McwJisTxhAu5WBiofjO	2	2024-12-18 12:54:40.45647	2024-12-18 12:54:40.518585	\N	12F7	2024-12-18 12:54:40.45	\N	wqe		AF	\N	40	\N	f	\N	\N	\N	0	\N	\N
35	test@test.ru	+	f	$2b$10$t1OxqqywaUvT1LkGTdTM..j9UbrQWciANFj/rKH6Hmh1Jj2NprfQm	4	2025-01-08 13:01:43.435856	2025-01-08 14:49:16.694765	\N	195E	2025-01-08 13:01:43.434	\N	test	test	RU	\N	\N	\N	t	\N	\N	\N	0	\N	\N
24	test2@gmail.com	14353453453	f	$2b$10$VN1yUgQYXYrNnRHrPSoRLOnOdLaYs6eJ6TBYnKoJ0zJI/UIXT0wQO	6	2024-10-18 10:14:42.2771	2025-01-10 10:17:29.822061	\N	1AE7	2024-10-18 10:14:42.275	\N	test2	test2	AF	\N	34	\N	f	\N	\N	\N	0	\N	\N
26	fmdostoevsky@yandex.ru	79119879876	f	$2b$10$AAToRU/kVIQaSTm2LxemcO8Tly1nDfrfxr23VlynVc24vWjD0Q.Uq	4	2024-10-30 08:46:35.497459	2025-01-08 12:49:35.787741	\N	6C9B	2024-10-30 08:46:35.493	\N	Фёдор	Достоевский	RU	\N	\N	\N	t	\N	\N	\N	0	\N	\N
36	Test1dsa@test.ru	+12348728389	f	$2b$10$Lve0GF1kNO2Fq7qBeuczYu4hMN3JSDlyr1RuiYOs.O9mmLBEnCY0S	4	2025-01-08 15:35:33.74078	2025-01-09 11:14:17.279624	\N	FE5E	2025-01-08 15:35:33.736	\N	Test	Test	RU	\N	\N	\N	t	\N	\N	\N	0	\N	\N
39	jfdskhf@gmial.com	18236472364	f	$2b$10$yOSKsdVKlgNO1y3HSy36W.yHJunFep2sWBQvGGZddkp1otWV0xONq	6	2025-01-17 09:29:19.740405	2025-01-17 09:29:29.506704	\N	255A	2025-01-17 09:29:19.737	\N	d	f	AX	\N	4572	\N	f	\N	2025-01-17 09:29:29.506704	\N	3	\N	\N
22	valeria.erkhov5a@sneakerbox.ru	79889450028	f	$2b$10$xDceK4ni5y3XSxBGFeBSSOyPWCOSLFrPU.0pN3rBfFzy9prJza/ga	4	2024-10-17 15:38:32.506699	2025-01-09 11:17:43.160738	\N	\N	\N	\N	Valeria	\N	RU	Moscow City	36557	\N	t	\N	\N	\N	0	\N	\N
42	gog@mail.com	13242342342	f	$2b$10$ODLNvwpTlsRcqVNFDz1jW.ulg9dZQ59foP13mYX45uPrcXzKI1K1a	4	2025-02-07 12:37:08.224441	2025-02-10 16:16:20.168183	\N	2201	2025-02-07 12:37:08.221	\N	Google	\N	AS	\N	534	\N	f	\N	\N	\N	0	\N	\N
13	famss2209@gmail.com	3669962222	f	$2b$10$oFgEyr0zFHbHfs4PQQKKzeD83TuxTHHJq/xdp25xeIwZrQa4IAQjS	1	2024-10-08 07:49:32.048378	2025-03-11 21:04:53.417896	\N	81FD	2024-10-08 07:49:32.041	\N	dimo	ligenko	AF	AF-03	34	\N	f	\N	\N	\N	0	\N	\N
38	testfdsff2@gmail.com	17632874627	f	$2b$10$JoQ/ISCCfUkRwaKsAGDBPuzdPcPmmwkQTJzc7kwEpsGDqAftoLe1q	6	2025-01-15 13:52:39.846128	2025-02-20 11:02:03.541443	\N	688C	2025-01-15 13:52:39.842	\N	TEst 2	Test 2	RU	\N	36555	\N	f	\N	\N	\N	0	\N	\N
45	ovsaynkao1@gmail.com	79590000102	f	$2b$10$5ERoFQnAv6x6Bv46zd3ZleZ/fPZKqUiUgUQFj5QDEM8t9CL/7/fz2	2	2025-02-12 13:35:28.742015	2025-02-18 11:07:47.363842	\N	C42A	2025-02-12 13:35:28.733	\N	ВТБ тест	\N	RU	\N	36557	\N	f	\N	\N	\N	0	\N	\N
41	fdsfsdfs2@gmail.com	14324332468	t	$2b$10$RGU/zI0X2CPwkoiFuALf9OTtludNjKa9ufxlUvD7JqDfntgKwGUTy	4	2025-02-03 08:14:49.122196	2025-03-14 16:25:06.173809	2025-03-14 16:19:06.113	74A2	2025-02-03 08:14:49.116	\N	Alexander	Pushkin	AS	\N	534	\N	t	\N	\N	\N	0	\N	\N
10	dev2studio2018@gmail.com	13333333333	f	$2b$10$Yvh0cupdYIFqIXXEk3y5MOT/9v33z9I7FnJn5uiD4t1RjrLlbohLO	2	2024-10-02 16:11:38.830464	2025-02-10 16:21:29.78606	2024-10-08 07:51:11.94	68889F	2024-10-08 07:51:11.94	\N	qwswq		AM	\N	87	\N	f	\N	\N	\N	0	\N	\N
44	vic@phantomshopping.hu	36704304237	f	$2b$10$4vBnDHe5tBmWUdXhqPExeOzWB/qJlXhZMCE3IvyUFXY1x2DSiTFVW	2	2025-02-10 16:45:47.561987	2025-02-10 16:47:05.993174	\N	27D8	2025-02-10 16:45:47.534	\N	Vivi's Client	\N	HU	\N	25919	\N	f	\N	\N	\N	0	\N	\N
46	ovsaynkao1@gmail.com	+79590000102	f	$2b$10$uE3SQaoYrDX6o6YZ5XnGteGLVu7Cv7JCoJPBdjamdFGGLeEq6WK7W	4	2025-02-12 13:40:09.93423	2025-02-12 13:40:10.016711	\N	4870	2025-02-12 13:40:09.931	\N	Соловьева	Оксана	RU	\N	\N	\N	t	\N	\N	\N	0	\N	\N
2	zoltan.herczeg@activate.hu	0036309063718	t	$2b$10$2W0kc6vu3ZIycbJIck5.tOgLdPbFJCmV6tbpHwuq1.eNOytDcGQSe	1	2024-10-01 11:56:14.348373	2025-03-11 21:04:53.417896	\N	D896	2024-10-01 11:56:14.345	\N	Zoltan	Herczeg	HU	HU-05	25919	\N	f	\N	\N	\N	0	\N	\N
47	vic@phantomshopping.hu	+36704304234	f	$2b$10$q9lPRxtK0hu0nRnQNuR9QeLmge.7pKS1ypfL/Cm50dWsdb6R/e2I.	4	2025-02-12 15:54:07.181202	2025-02-12 16:04:40.115111	\N	2AA3	2025-02-12 15:54:07.178	\N	Vivien	Czakó	HU	\N	\N	\N	t	\N	\N	\N	0	\N	\N
43	gog@mail.com	+13333333333	t	$2b$10$0uMKtOJrsdsxblcD3TCCz.Zk.GVVbxXaTUn3dQHv6.UdkxzCcSvpW	4	2025-02-07 12:42:02.384173	2025-02-12 16:47:05.59542	2025-02-12 16:47:05.589	3131	2025-02-07 12:42:02.382	\N	Google	worker	AL	\N	\N	\N	t	\N	\N	\N	0	\N	\N
48	dl@phantomshopping.hu	+36704325656	f	$2b$10$JppYIHAwPAG8YIKofiOWW.CsaxC940cHOrnp7P4tOnN.Ar6qW9YpS	4	2025-02-12 15:57:57.627886	2025-02-12 16:06:11.895172	\N	3A20	2025-02-12 15:57:57.626	\N	Dorka	Lajkó	HU	\N	\N	\N	t	\N	\N	\N	0	\N	\N
49	competitor2348B741739435343267@competitor_competitor2341739435343267.com	\N	f	$2b$10$0aJU/7phlae.urx1aujJNODcVah.jwif.uZ0y9Pf2Q9TW.VQud1aS	5	2025-02-13 09:29:03.376901	2025-02-13 09:29:03.376901	\N	\N	\N	\N	Competitor234	Competitor234	\N	\N	\N	\N	f	\N	\N	\N	0	\N	\N
50	dimatwst@mail.ua	380639114457	f	$2b$10$airJNsP8zY55kRYIEC4sJuMmkSsQSNOFnhb6sKNti2rkxkyxF7tiq	4	2025-02-13 10:42:34.907701	2025-02-13 10:42:34.907701	\N	\N	\N	\N	Dima	\N	\N	\N	\N	\N	f	\N	\N	\N	0	\N	\N
51	2dimatwst@mail.ua	3806391142457	f	$2b$10$JsW3zWeQ8U0SKMkfo9W9KeO5cCyEHxC2Ikq1j8slVlP/K45z5anf6	4	2025-02-13 10:45:42.623334	2025-02-13 10:45:42.623334	\N	\N	\N	\N	Dima	\N	\N	\N	\N	\N	f	\N	\N	\N	0	\N	\N
52	33423rdew@mailc.com	38031142457	f	$2b$10$6KL5298GmCQnNBvBUsmi.uD6yOf2lK2mXYjwu5rVwMKuLqmaNp8RG	4	2025-02-13 10:50:54.497467	2025-02-13 10:50:54.497467	\N	\N	\N	\N	Dima	\N	\N	\N	\N	\N	t	\N	\N	\N	0	\N	\N
54	nike160D1739520404819@competitor_nike1739520404819.com	\N	f	$2b$10$DGvhiYr2D4h8VzBuH4EjQOhOvzGsdch78Ccf25Wk.Hz0DjJZeCTlW	5	2025-02-14 09:06:44.828788	2025-02-14 09:06:44.828788	\N	\N	\N	\N	Nike	Nike	\N	\N	\N	\N	f	\N	\N	\N	0	\N	\N
55	adidas6D891739520510814@competitor_adidas1739520510814.com	\N	f	$2b$10$jVXOZH2MNLVOjERs/nOZEOwZIeHLVkRAUMmeDXNrWlriquBbgIDSm	5	2025-02-14 09:08:30.834036	2025-02-14 09:08:30.834036	\N	\N	\N	\N	Adidas	Adidas	\N	\N	\N	\N	f	\N	\N	\N	0	\N	\N
56	zaraDAA41739520639621@competitor_zara1739520639621.com	\N	f	$2b$10$RaJ4jpW1DIL3mY0p4oP1e.9Bp7BZBJD58Ui2rfJQ.CJw9ZuuVkRXm	5	2025-02-14 09:10:39.622726	2025-02-14 09:10:39.622726	\N	\N	\N	\N	Zara	Zara	\N	\N	\N	\N	f	\N	\N	\N	0	\N	\N
65	systemnew@gmail.com	+13242323423	f	$2b$10$u22.beHn90wk4kpgkHXcOeAUyeGRElx7V7cG5GB.DvTFW0Mgx2QT.	4	2025-02-28 17:30:19.723098	2025-02-28 17:30:42.213431	2025-02-28 17:30:42.21	3757	2025-02-28 17:30:19.719	\N	Dima	Lde	HU	\N	\N	\N	t	\N	\N	\N	0	\N	\N
58	famss09999@gmail.com	123123122	f	$2b$10$tyq/F/vrZIiUuRCme02sqe71O0c8mYS51AuSr87lHXcUnbgqK.X3y	1	2025-02-21 16:23:51.280242	2025-03-11 21:04:53.417896	\N	D870	2025-02-21 16:23:51.274	\N	rwew	werew	AF	AF-03	34	\N	f	\N	\N	\N	0	\N	\N
59	vivien.czako67@gmail.com	36703923238	f	$2b$10$sHMnUrOSU8ImjyC5vXFSLeF/2ImEZ2LT5A1AqEg7PZak8qD7DD2Vi	1	2025-02-21 16:25:01.863798	2025-03-11 21:04:53.417896	2025-02-21 16:25:22.505	01C7	2025-02-21 16:25:01.862	\N	Vivien	Czakó	HU	HU-05	25919	\N	f	\N	\N	\N	0	\N	6
60	person@gmail.com	75435334534	f	$2b$10$qflMlFXOOVZFa2ryYdTzbuYtmzuJ.aPKrggmBhbrDC.mGFLJvxnAq	2	2025-02-28 07:59:09.577643	2025-02-28 08:00:05.96722	\N	450D	2025-02-28 07:59:09.576	\N	Test client	\N	RU	\N	36557	\N	f	\N	2025-02-28 08:00:05.96722	\N	3	\N	\N
61	выафвыафыа@gmail.com	15345345345	f	$2b$10$1QZuDWT2i.IKwT7msLPG/.7IiXQbN2vPW7NUggASQf8WFWku2lmje	2	2025-02-28 08:02:39.348366	2025-02-28 08:02:39.408778	\N	5D46	2025-02-28 08:02:39.347	\N	впваыва		AO	\N	129	\N	f	\N	\N	\N	0	\N	\N
62	vakonols@mail.com	380234234234	f	$2b$10$H.2qduN1GjHa4ct7XeXL2uRr7KYMgZ02cbqXY1bMTxf3ARiYx9C1e	2	2025-02-28 09:32:52.780377	2025-02-28 09:32:52.816213	\N	4223	2025-02-28 09:32:52.772	\N	NewCompany		UA	\N	39440	\N	f	\N	\N	\N	0	\N	\N
57	compet@gmail.com	73276428736	f	$2b$10$bEgVylMM.faP.piKgu1eAuwqueUI8ak9UknoNaxObaWxnZL49X4wS	2	2025-02-14 13:33:34.85973	2025-02-18 11:06:51.488181	\N	EBDA	2025-02-14 13:33:34.848	\N	Test competitors	\N	AL	\N	57	\N	f	\N	\N	\N	0	\N	\N
63	cilent22@mail.com	+32332323232	f	$2b$10$BXDSEFkRapUt0DBm5WcP5e.b4CTwbT.vDHSuHD2v35lQe5DXDqoFm	4	2025-02-28 10:20:36.14357	2025-02-28 10:20:51.225224	2025-02-28 10:20:51.222	774F	2025-02-28 10:20:36.14	\N	Clienrt	Clienrtwe	UA	\N	\N	\N	t	\N	\N	\N	0	\N	\N
64	valenco@mail.com	34434324233	f	$2b$10$jTv.l8EyrOqRQbaapyZCXOCif86sCBFR0RPkIn30aGTFbVoEtBBZi	2	2025-02-28 16:11:58.303375	2025-03-08 09:28:29.484305	\N	09CF	2025-02-28 16:11:58.297	\N	SystemNewV2	\N	HU	\N	25671	\N	f	\N	\N	\N	0	\N	\N
66	client2@mail.com	+13232323323	f	$2b$10$78JLc0w4qXII.1wzoUm86e5cyz5eg4ltnUYIXYxIKPmibClv3rDLu	4	2025-03-14 15:52:56.149729	2025-03-14 15:54:29.604661	2025-03-14 15:53:14.402	1289	2025-03-14 15:52:56.147	\N	Dima	Lider	UA	\N	\N	\N	t	\N	\N	\N	0	\N	\N
27	shopper@mail.com	2222222132121	t	$2b$10$7/.6u4dMrHQKBfCoQyUmjOy0646ALwdNCIDC6kEsjPEXIIO6YDylq	1	2024-10-31 15:25:20.247763	2025-03-14 16:08:37.082336	2025-03-14 16:08:37.077	1850	2024-10-31 15:25:20.245	\N	Shopper	Maks	UA	UA-01	39470	\N	f	Female	\N	\N	0	\N	3.3
53	333423rdew@mailc.com	380431142457	f	$2b$10$GBcVQPff2QdF87Ata9UkpOmfmfoePulHoNVLJrPq25BloNgIeOM6K	4	2025-02-13 11:03:14.383363	2025-03-14 16:23:41.172769	\N	\N	\N	\N	Dima	Test2	AD	\N	\N	\N	t	\N	\N	\N	0	\N	\N
\.


--
-- Data for Name: waves; Type: TABLE DATA; Schema: public; Owner: pma
--

COPY public.waves (id, name, client_id) FROM stdin;
\.


--
-- Name: actions_id_seq; Type: SEQUENCE SET; Schema: public; Owner: pma
--

SELECT pg_catalog.setval('public.actions_id_seq', 12, true);


--
-- Name: appeals_id_seq; Type: SEQUENCE SET; Schema: public; Owner: pma
--

SELECT pg_catalog.setval('public.appeals_id_seq', 29, true);


--
-- Name: appeals_setting_id_seq; Type: SEQUENCE SET; Schema: public; Owner: pma
--

SELECT pg_catalog.setval('public.appeals_setting_id_seq', 8, true);


--
-- Name: bonus_system_id_seq; Type: SEQUENCE SET; Schema: public; Owner: pma
--

SELECT pg_catalog.setval('public.bonus_system_id_seq', 1, false);


--
-- Name: bonus_system_location_link_id_seq; Type: SEQUENCE SET; Schema: public; Owner: pma
--

SELECT pg_catalog.setval('public.bonus_system_location_link_id_seq', 1, false);


--
-- Name: cities_id_seq; Type: SEQUENCE SET; Schema: public; Owner: pma
--

SELECT pg_catalog.setval('public.cities_id_seq', 1, false);


--
-- Name: client_competitors_id_seq; Type: SEQUENCE SET; Schema: public; Owner: pma
--

SELECT pg_catalog.setval('public.client_competitors_id_seq', 4, true);


--
-- Name: client_subdivisions_id_seq; Type: SEQUENCE SET; Schema: public; Owner: pma
--

SELECT pg_catalog.setval('public.client_subdivisions_id_seq', 6, true);


--
-- Name: communication_action_group_id_seq; Type: SEQUENCE SET; Schema: public; Owner: pma
--

SELECT pg_catalog.setval('public.communication_action_group_id_seq', 1, false);


--
-- Name: communication_action_role_id_seq; Type: SEQUENCE SET; Schema: public; Owner: pma
--

SELECT pg_catalog.setval('public.communication_action_role_id_seq', 2, true);


--
-- Name: communication_action_users_id_seq; Type: SEQUENCE SET; Schema: public; Owner: pma
--

SELECT pg_catalog.setval('public.communication_action_users_id_seq', 3, true);


--
-- Name: communication_chanel_users_id_seq; Type: SEQUENCE SET; Schema: public; Owner: pma
--

SELECT pg_catalog.setval('public.communication_chanel_users_id_seq', 1, false);


--
-- Name: communication_templates_id_seq; Type: SEQUENCE SET; Schema: public; Owner: pma
--

SELECT pg_catalog.setval('public.communication_templates_id_seq', 10, true);


--
-- Name: communications_id_seq; Type: SEQUENCE SET; Schema: public; Owner: pma
--

SELECT pg_catalog.setval('public.communications_id_seq', 4, true);


--
-- Name: competitor_link_id_seq; Type: SEQUENCE SET; Schema: public; Owner: pma
--

SELECT pg_catalog.setval('public.competitor_link_id_seq', 37, true);


--
-- Name: competitors_id_seq; Type: SEQUENCE SET; Schema: public; Owner: pma
--

SELECT pg_catalog.setval('public.competitors_id_seq', 10, true);


--
-- Name: countries_id_seq; Type: SEQUENCE SET; Schema: public; Owner: pma
--

SELECT pg_catalog.setval('public.countries_id_seq', 246, true);


--
-- Name: country_payment_link_id_seq; Type: SEQUENCE SET; Schema: public; Owner: pma
--

SELECT pg_catalog.setval('public.country_payment_link_id_seq', 1, false);


--
-- Name: file_manager_access_id_seq; Type: SEQUENCE SET; Schema: public; Owner: pma
--

SELECT pg_catalog.setval('public.file_manager_access_id_seq', 623, true);


--
-- Name: file_manager_folder_links_id_seq; Type: SEQUENCE SET; Schema: public; Owner: pma
--

SELECT pg_catalog.setval('public.file_manager_folder_links_id_seq', 1, false);


--
-- Name: file_manager_folders_id_seq; Type: SEQUENCE SET; Schema: public; Owner: pma
--

SELECT pg_catalog.setval('public.file_manager_folders_id_seq', 1, false);


--
-- Name: file_manager_id_seq; Type: SEQUENCE SET; Schema: public; Owner: pma
--

SELECT pg_catalog.setval('public.file_manager_id_seq', 639, true);


--
-- Name: file_manager_provider_id_seq; Type: SEQUENCE SET; Schema: public; Owner: pma
--

SELECT pg_catalog.setval('public.file_manager_provider_id_seq', 1, false);


--
-- Name: file_manager_public_link_id_seq; Type: SEQUENCE SET; Schema: public; Owner: pma
--

SELECT pg_catalog.setval('public.file_manager_public_link_id_seq', 1, false);


--
-- Name: file_manager_user_provider_id_seq; Type: SEQUENCE SET; Schema: public; Owner: pma
--

SELECT pg_catalog.setval('public.file_manager_user_provider_id_seq', 1, false);


--
-- Name: group_user_link_id_seq; Type: SEQUENCE SET; Schema: public; Owner: pma
--

SELECT pg_catalog.setval('public.group_user_link_id_seq', 60, true);


--
-- Name: groups_id_seq; Type: SEQUENCE SET; Schema: public; Owner: pma
--

SELECT pg_catalog.setval('public.groups_id_seq', 7, true);


--
-- Name: imports_id_seq; Type: SEQUENCE SET; Schema: public; Owner: pma
--

SELECT pg_catalog.setval('public.imports_id_seq', 76, true);


--
-- Name: location_categories_id_seq; Type: SEQUENCE SET; Schema: public; Owner: pma
--

SELECT pg_catalog.setval('public.location_categories_id_seq', 14, true);


--
-- Name: location_category_filling_id_seq; Type: SEQUENCE SET; Schema: public; Owner: pma
--

SELECT pg_catalog.setval('public.location_category_filling_id_seq', 239, true);


--
-- Name: location_category_options_id_seq; Type: SEQUENCE SET; Schema: public; Owner: pma
--

SELECT pg_catalog.setval('public.location_category_options_id_seq', 23, true);


--
-- Name: location_category_relations_id_seq; Type: SEQUENCE SET; Schema: public; Owner: pma
--

SELECT pg_catalog.setval('public.location_category_relations_id_seq', 1, false);


--
-- Name: location_category_values_id_seq; Type: SEQUENCE SET; Schema: public; Owner: pma
--

SELECT pg_catalog.setval('public.location_category_values_id_seq', 43, true);


--
-- Name: location_execution_access_id_seq; Type: SEQUENCE SET; Schema: public; Owner: pma
--

SELECT pg_catalog.setval('public.location_execution_access_id_seq', 3, true);


--
-- Name: location_execution_assessment_link_id_seq; Type: SEQUENCE SET; Schema: public; Owner: pma
--

SELECT pg_catalog.setval('public.location_execution_assessment_link_id_seq', 96, true);


--
-- Name: location_execution_bonus_links_id_seq; Type: SEQUENCE SET; Schema: public; Owner: pma
--

SELECT pg_catalog.setval('public.location_execution_bonus_links_id_seq', 1, false);


--
-- Name: location_execution_id_seq; Type: SEQUENCE SET; Schema: public; Owner: pma
--

SELECT pg_catalog.setval('public.location_execution_id_seq', 33, true);


--
-- Name: location_execution_instructions_id_seq; Type: SEQUENCE SET; Schema: public; Owner: pma
--

SELECT pg_catalog.setval('public.location_execution_instructions_id_seq', 237, true);


--
-- Name: location_execution_location_link_id_seq; Type: SEQUENCE SET; Schema: public; Owner: pma
--

SELECT pg_catalog.setval('public.location_execution_location_link_id_seq', 123, true);


--
-- Name: location_execution_questionnaire_link_id_seq; Type: SEQUENCE SET; Schema: public; Owner: pma
--

SELECT pg_catalog.setval('public.location_execution_questionnaire_link_id_seq', 182, true);


--
-- Name: location_execution_type_id_seq; Type: SEQUENCE SET; Schema: public; Owner: pma
--

SELECT pg_catalog.setval('public.location_execution_type_id_seq', 25, true);


--
-- Name: location_execution_type_link_id_seq; Type: SEQUENCE SET; Schema: public; Owner: pma
--

SELECT pg_catalog.setval('public.location_execution_type_link_id_seq', 44, true);


--
-- Name: location_execution_user_group_link_id_seq; Type: SEQUENCE SET; Schema: public; Owner: pma
--

SELECT pg_catalog.setval('public.location_execution_user_group_link_id_seq', 1, false);


--
-- Name: location_execution_validator_link_id_seq; Type: SEQUENCE SET; Schema: public; Owner: pma
--

SELECT pg_catalog.setval('public.location_execution_validator_link_id_seq', 111, true);


--
-- Name: location_group_links_id_seq; Type: SEQUENCE SET; Schema: public; Owner: pma
--

SELECT pg_catalog.setval('public.location_group_links_id_seq', 24, true);


--
-- Name: location_group_parent_link_id_seq; Type: SEQUENCE SET; Schema: public; Owner: pma
--

SELECT pg_catalog.setval('public.location_group_parent_link_id_seq', 28, true);


--
-- Name: location_group_user_link_id_seq; Type: SEQUENCE SET; Schema: public; Owner: pma
--

SELECT pg_catalog.setval('public.location_group_user_link_id_seq', 16, true);


--
-- Name: location_groups_id_seq; Type: SEQUENCE SET; Schema: public; Owner: pma
--

SELECT pg_catalog.setval('public.location_groups_id_seq', 15, true);


--
-- Name: location_status_id_seq; Type: SEQUENCE SET; Schema: public; Owner: pma
--

SELECT pg_catalog.setval('public.location_status_id_seq', 1, false);


--
-- Name: location_user_id_seq; Type: SEQUENCE SET; Schema: public; Owner: pma
--

SELECT pg_catalog.setval('public.location_user_id_seq', 1, false);


--
-- Name: locations_id_seq; Type: SEQUENCE SET; Schema: public; Owner: pma
--

SELECT pg_catalog.setval('public.locations_id_seq', 54, true);


--
-- Name: migrations_id_seq; Type: SEQUENCE SET; Schema: public; Owner: pma
--

SELECT pg_catalog.setval('public.migrations_id_seq', 216, true);


--
-- Name: mystery_shopper_visit_id_seq; Type: SEQUENCE SET; Schema: public; Owner: pma
--

SELECT pg_catalog.setval('public.mystery_shopper_visit_id_seq', 2, true);


--
-- Name: program_type_access_id_seq; Type: SEQUENCE SET; Schema: public; Owner: pma
--

SELECT pg_catalog.setval('public.program_type_access_id_seq', 16, true);


--
-- Name: program_type_id_seq; Type: SEQUENCE SET; Schema: public; Owner: pma
--

SELECT pg_catalog.setval('public.program_type_id_seq', 25, true);


--
-- Name: program_type_intensive_id_seq; Type: SEQUENCE SET; Schema: public; Owner: pma
--

SELECT pg_catalog.setval('public.program_type_intensive_id_seq', 30, true);


--
-- Name: program_type_questionnaire_links_id_seq; Type: SEQUENCE SET; Schema: public; Owner: pma
--

SELECT pg_catalog.setval('public.program_type_questionnaire_links_id_seq', 183, true);


--
-- Name: questionnaire_answer_histories_id_seq; Type: SEQUENCE SET; Schema: public; Owner: pma
--

SELECT pg_catalog.setval('public.questionnaire_answer_histories_id_seq', 86, true);


--
-- Name: questionnaire_answer_links_id_seq; Type: SEQUENCE SET; Schema: public; Owner: pma
--

SELECT pg_catalog.setval('public.questionnaire_answer_links_id_seq', 36, true);


--
-- Name: questionnaire_answer_statistics_id_seq; Type: SEQUENCE SET; Schema: public; Owner: pma
--

SELECT pg_catalog.setval('public.questionnaire_answer_statistics_id_seq', 133, true);


--
-- Name: questionnaire_answer_validator_comment_id_seq; Type: SEQUENCE SET; Schema: public; Owner: pma
--

SELECT pg_catalog.setval('public.questionnaire_answer_validator_comment_id_seq', 30, true);


--
-- Name: questionnaire_answers_id_seq; Type: SEQUENCE SET; Schema: public; Owner: pma
--

SELECT pg_catalog.setval('public.questionnaire_answers_id_seq', 265, true);


--
-- Name: questionnaire_mistakes_id_seq; Type: SEQUENCE SET; Schema: public; Owner: pma
--

SELECT pg_catalog.setval('public.questionnaire_mistakes_id_seq', 57, true);


--
-- Name: questionnaire_mistakes_links_id_seq; Type: SEQUENCE SET; Schema: public; Owner: pma
--

SELECT pg_catalog.setval('public.questionnaire_mistakes_links_id_seq', 670, true);


--
-- Name: questionnaire_question_options_id_seq; Type: SEQUENCE SET; Schema: public; Owner: pma
--

SELECT pg_catalog.setval('public.questionnaire_question_options_id_seq', 210, true);


--
-- Name: questionnaire_questions_id_seq; Type: SEQUENCE SET; Schema: public; Owner: pma
--

SELECT pg_catalog.setval('public.questionnaire_questions_id_seq', 163, true);


--
-- Name: questionnaire_sections_id_seq; Type: SEQUENCE SET; Schema: public; Owner: pma
--

SELECT pg_catalog.setval('public.questionnaire_sections_id_seq', 36, true);


--
-- Name: questionnaires_id_seq; Type: SEQUENCE SET; Schema: public; Owner: pma
--

SELECT pg_catalog.setval('public.questionnaires_id_seq', 123, true);


--
-- Name: regions_id_seq; Type: SEQUENCE SET; Schema: public; Owner: pma
--

SELECT pg_catalog.setval('public.regions_id_seq', 1, false);


--
-- Name: role_action_link_id_seq; Type: SEQUENCE SET; Schema: public; Owner: pma
--

SELECT pg_catalog.setval('public.role_action_link_id_seq', 1, false);


--
-- Name: role_actions_id_seq; Type: SEQUENCE SET; Schema: public; Owner: pma
--

SELECT pg_catalog.setval('public.role_actions_id_seq', 1, false);


--
-- Name: role_rules_id_seq; Type: SEQUENCE SET; Schema: public; Owner: pma
--

SELECT pg_catalog.setval('public.role_rules_id_seq', 13178, true);


--
-- Name: role_user_link_id_seq; Type: SEQUENCE SET; Schema: public; Owner: pma
--

SELECT pg_catalog.setval('public.role_user_link_id_seq', 63, true);


--
-- Name: roles_id_seq; Type: SEQUENCE SET; Schema: public; Owner: pma
--

SELECT pg_catalog.setval('public.roles_id_seq', 8, true);


--
-- Name: scheduling_shops_id_seq; Type: SEQUENCE SET; Schema: public; Owner: pma
--

SELECT pg_catalog.setval('public.scheduling_shops_id_seq', 184, true);


--
-- Name: shop_applications_id_seq; Type: SEQUENCE SET; Schema: public; Owner: pma
--

SELECT pg_catalog.setval('public.shop_applications_id_seq', 15, true);


--
-- Name: status_changes_id_seq; Type: SEQUENCE SET; Schema: public; Owner: pma
--

SELECT pg_catalog.setval('public.status_changes_id_seq', 18, true);


--
-- Name: user_client_access_id_seq; Type: SEQUENCE SET; Schema: public; Owner: pma
--

SELECT pg_catalog.setval('public.user_client_access_id_seq', 25, true);


--
-- Name: user_clients_id_seq; Type: SEQUENCE SET; Schema: public; Owner: pma
--

SELECT pg_catalog.setval('public.user_clients_id_seq', 25, true);


--
-- Name: user_comments_id_seq; Type: SEQUENCE SET; Schema: public; Owner: pma
--

SELECT pg_catalog.setval('public.user_comments_id_seq', 9, true);


--
-- Name: user_handbook_filling_id_seq; Type: SEQUENCE SET; Schema: public; Owner: pma
--

SELECT pg_catalog.setval('public.user_handbook_filling_id_seq', 213, true);


--
-- Name: user_handbook_group_id_seq; Type: SEQUENCE SET; Schema: public; Owner: pma
--

SELECT pg_catalog.setval('public.user_handbook_group_id_seq', 7, true);


--
-- Name: user_handbook_id_seq; Type: SEQUENCE SET; Schema: public; Owner: pma
--

SELECT pg_catalog.setval('public.user_handbook_id_seq', 41, true);


--
-- Name: user_handbook_link_id_seq; Type: SEQUENCE SET; Schema: public; Owner: pma
--

SELECT pg_catalog.setval('public.user_handbook_link_id_seq', 39, true);


--
-- Name: user_handbook_value_id_seq; Type: SEQUENCE SET; Schema: public; Owner: pma
--

SELECT pg_catalog.setval('public.user_handbook_value_id_seq', 701, true);


--
-- Name: user_integrations_id_seq; Type: SEQUENCE SET; Schema: public; Owner: pma
--

SELECT pg_catalog.setval('public.user_integrations_id_seq', 1, false);


--
-- Name: user_notes_id_seq; Type: SEQUENCE SET; Schema: public; Owner: pma
--

SELECT pg_catalog.setval('public.user_notes_id_seq', 1, false);


--
-- Name: user_notifications_id_seq; Type: SEQUENCE SET; Schema: public; Owner: pma
--

SELECT pg_catalog.setval('public.user_notifications_id_seq', 141, true);


--
-- Name: user_payment_methods_id_seq; Type: SEQUENCE SET; Schema: public; Owner: pma
--

SELECT pg_catalog.setval('public.user_payment_methods_id_seq', 1, false);


--
-- Name: user_settings_id_seq; Type: SEQUENCE SET; Schema: public; Owner: pma
--

SELECT pg_catalog.setval('public.user_settings_id_seq', 16, true);


--
-- Name: user_worker_feedback_id_seq; Type: SEQUENCE SET; Schema: public; Owner: pma
--

SELECT pg_catalog.setval('public.user_worker_feedback_id_seq', 12, true);


--
-- Name: user_worker_group_cities_id_seq; Type: SEQUENCE SET; Schema: public; Owner: pma
--

SELECT pg_catalog.setval('public.user_worker_group_cities_id_seq', 55, true);


--
-- Name: user_worker_group_countries_id_seq; Type: SEQUENCE SET; Schema: public; Owner: pma
--

SELECT pg_catalog.setval('public.user_worker_group_countries_id_seq', 71, true);


--
-- Name: user_worker_group_locations_id_seq; Type: SEQUENCE SET; Schema: public; Owner: pma
--

SELECT pg_catalog.setval('public.user_worker_group_locations_id_seq', 47, true);


--
-- Name: user_worker_group_regions_id_seq; Type: SEQUENCE SET; Schema: public; Owner: pma
--

SELECT pg_catalog.setval('public.user_worker_group_regions_id_seq', 59, true);


--
-- Name: user_worker_groups_id_seq; Type: SEQUENCE SET; Schema: public; Owner: pma
--

SELECT pg_catalog.setval('public.user_worker_groups_id_seq', 11, true);


--
-- Name: user_worker_task_id_seq; Type: SEQUENCE SET; Schema: public; Owner: pma
--

SELECT pg_catalog.setval('public.user_worker_task_id_seq', 10, true);


--
-- Name: user_workers_id_seq; Type: SEQUENCE SET; Schema: public; Owner: pma
--

SELECT pg_catalog.setval('public.user_workers_id_seq', 21, true);


--
-- Name: users_id_seq; Type: SEQUENCE SET; Schema: public; Owner: pma
--

SELECT pg_catalog.setval('public.users_id_seq', 66, true);


--
-- Name: waves_id_seq; Type: SEQUENCE SET; Schema: public; Owner: pma
--

SELECT pg_catalog.setval('public.waves_id_seq', 1, false);


--
-- Name: user_settings PK_00f004f5922a0744d174530d639; Type: CONSTRAINT; Schema: public; Owner: pma
--

ALTER TABLE ONLY public.user_settings
    ADD CONSTRAINT "PK_00f004f5922a0744d174530d639" PRIMARY KEY (id);


--
-- Name: location_category_values PK_01ea9b5ecddaf9453f92897437a; Type: CONSTRAINT; Schema: public; Owner: pma
--

ALTER TABLE ONLY public.location_category_values
    ADD CONSTRAINT "PK_01ea9b5ecddaf9453f92897437a" PRIMARY KEY (id);


--
-- Name: location_execution_validator_link PK_02578a8d361603059b3650521a3; Type: CONSTRAINT; Schema: public; Owner: pma
--

ALTER TABLE ONLY public.location_execution_validator_link
    ADD CONSTRAINT "PK_02578a8d361603059b3650521a3" PRIMARY KEY (id);


--
-- Name: location_execution_access PK_06421e9620d318a16cf764ff268; Type: CONSTRAINT; Schema: public; Owner: pma
--

ALTER TABLE ONLY public.location_execution_access
    ADD CONSTRAINT "PK_06421e9620d318a16cf764ff268" PRIMARY KEY (id);


--
-- Name: location_category_relations PK_109a0d19770187f0c2b3f52ee3d; Type: CONSTRAINT; Schema: public; Owner: pma
--

ALTER TABLE ONLY public.location_category_relations
    ADD CONSTRAINT "PK_109a0d19770187f0c2b3f52ee3d" PRIMARY KEY (id);


--
-- Name: location_execution_user_group_link PK_17a539acebc5e4e2e78ea51ab45; Type: CONSTRAINT; Schema: public; Owner: pma
--

ALTER TABLE ONLY public.location_execution_user_group_link
    ADD CONSTRAINT "PK_17a539acebc5e4e2e78ea51ab45" PRIMARY KEY (id);


--
-- Name: user_handbook_group PK_1c6f944f7b1dfe0b6d290917f69; Type: CONSTRAINT; Schema: public; Owner: pma
--

ALTER TABLE ONLY public.user_handbook_group
    ADD CONSTRAINT "PK_1c6f944f7b1dfe0b6d290917f69" PRIMARY KEY (id);


--
-- Name: questionnaire_answer_validator_comment PK_1d4e7f9e79de253af2c9cf590d9; Type: CONSTRAINT; Schema: public; Owner: pma
--

ALTER TABLE ONLY public.questionnaire_answer_validator_comment
    ADD CONSTRAINT "PK_1d4e7f9e79de253af2c9cf590d9" PRIMARY KEY (id);


--
-- Name: file_manager_folders PK_229c742f236b237353ee3d9adc8; Type: CONSTRAINT; Schema: public; Owner: pma
--

ALTER TABLE ONLY public.file_manager_folders
    ADD CONSTRAINT "PK_229c742f236b237353ee3d9adc8" PRIMARY KEY (id);


--
-- Name: location_groups PK_28b724510af407838c620b6b9fc; Type: CONSTRAINT; Schema: public; Owner: pma
--

ALTER TABLE ONLY public.location_groups
    ADD CONSTRAINT "PK_28b724510af407838c620b6b9fc" PRIMARY KEY (id);


--
-- Name: communications PK_29ec793018d5d5ca19d40149e87; Type: CONSTRAINT; Schema: public; Owner: pma
--

ALTER TABLE ONLY public.communications
    ADD CONSTRAINT "PK_29ec793018d5d5ca19d40149e87" PRIMARY KEY (id);


--
-- Name: shop_applications PK_2b1ee1c5f1089c0fe397731eb66; Type: CONSTRAINT; Schema: public; Owner: pma
--

ALTER TABLE ONLY public.shop_applications
    ADD CONSTRAINT "PK_2b1ee1c5f1089c0fe397731eb66" PRIMARY KEY (id);


--
-- Name: user_comments PK_2d1437dfa86fd64a7a784cd95a8; Type: CONSTRAINT; Schema: public; Owner: pma
--

ALTER TABLE ONLY public.user_comments
    ADD CONSTRAINT "PK_2d1437dfa86fd64a7a784cd95a8" PRIMARY KEY (id);


--
-- Name: appeals_setting PK_315358882c59623fa0812502655; Type: CONSTRAINT; Schema: public; Owner: pma
--

ALTER TABLE ONLY public.appeals_setting
    ADD CONSTRAINT "PK_315358882c59623fa0812502655" PRIMARY KEY (id);


--
-- Name: questionnaire_answers PK_353fef8e031908634816fa91fd2; Type: CONSTRAINT; Schema: public; Owner: pma
--

ALTER TABLE ONLY public.questionnaire_answers
    ADD CONSTRAINT "PK_353fef8e031908634816fa91fd2" PRIMARY KEY (id);


--
-- Name: client_subdivisions PK_3ba25e44debfad2162263195716; Type: CONSTRAINT; Schema: public; Owner: pma
--

ALTER TABLE ONLY public.client_subdivisions
    ADD CONSTRAINT "PK_3ba25e44debfad2162263195716" PRIMARY KEY (id);


--
-- Name: user_payment_methods PK_3baaffbd29bfd03e2c9e9a1fd24; Type: CONSTRAINT; Schema: public; Owner: pma
--

ALTER TABLE ONLY public.user_payment_methods
    ADD CONSTRAINT "PK_3baaffbd29bfd03e2c9e9a1fd24" PRIMARY KEY (id);


--
-- Name: questionnaire_sections PK_3be4de6403d5f62f5f011923cb7; Type: CONSTRAINT; Schema: public; Owner: pma
--

ALTER TABLE ONLY public.questionnaire_sections
    ADD CONSTRAINT "PK_3be4de6403d5f62f5f011923cb7" PRIMARY KEY (id);


--
-- Name: file_manager_provider PK_3efc546e67f55a37fbf9adc4faa; Type: CONSTRAINT; Schema: public; Owner: pma
--

ALTER TABLE ONLY public.file_manager_provider
    ADD CONSTRAINT "PK_3efc546e67f55a37fbf9adc4faa" PRIMARY KEY (id);


--
-- Name: program_type_access PK_41ffbe61abd198237d0957dfe3d; Type: CONSTRAINT; Schema: public; Owner: pma
--

ALTER TABLE ONLY public.program_type_access
    ADD CONSTRAINT "PK_41ffbe61abd198237d0957dfe3d" PRIMARY KEY (id);


--
-- Name: location_execution_instructions PK_436ff69465af4fd9a55b3b4f5e4; Type: CONSTRAINT; Schema: public; Owner: pma
--

ALTER TABLE ONLY public.location_execution_instructions
    ADD CONSTRAINT "PK_436ff69465af4fd9a55b3b4f5e4" PRIMARY KEY (id);


--
-- Name: location_execution PK_442b50b56f3d06ce658e5ffe22d; Type: CONSTRAINT; Schema: public; Owner: pma
--

ALTER TABLE ONLY public.location_execution
    ADD CONSTRAINT "PK_442b50b56f3d06ce658e5ffe22d" PRIMARY KEY (id);


--
-- Name: program_type_questionnaire_links PK_467b4879b632e5cfbefb42c77ff; Type: CONSTRAINT; Schema: public; Owner: pma
--

ALTER TABLE ONLY public.program_type_questionnaire_links
    ADD CONSTRAINT "PK_467b4879b632e5cfbefb42c77ff" PRIMARY KEY (id);


--
-- Name: user_handbook_link PK_46b05c7f3a46203a08e0f97abf0; Type: CONSTRAINT; Schema: public; Owner: pma
--

ALTER TABLE ONLY public.user_handbook_link
    ADD CONSTRAINT "PK_46b05c7f3a46203a08e0f97abf0" PRIMARY KEY (id);


--
-- Name: program_type_intensive PK_4a106a053fe2b2b6d392daa3dcd; Type: CONSTRAINT; Schema: public; Owner: pma
--

ALTER TABLE ONLY public.program_type_intensive
    ADD CONSTRAINT "PK_4a106a053fe2b2b6d392daa3dcd" PRIMARY KEY (id);


--
-- Name: role_rules PK_4a1d1980852b67db5b8dcbc8e6e; Type: CONSTRAINT; Schema: public; Owner: pma
--

ALTER TABLE ONLY public.role_rules
    ADD CONSTRAINT "PK_4a1d1980852b67db5b8dcbc8e6e" PRIMARY KEY (id);


--
-- Name: location_categories PK_4e48dc4790629f70bbc060c46be; Type: CONSTRAINT; Schema: public; Owner: pma
--

ALTER TABLE ONLY public.location_categories
    ADD CONSTRAINT "PK_4e48dc4790629f70bbc060c46be" PRIMARY KEY (id);


--
-- Name: competitor_link PK_4ebfc1e74c1d5a1c4348a51c800; Type: CONSTRAINT; Schema: public; Owner: pma
--

ALTER TABLE ONLY public.competitor_link
    ADD CONSTRAINT "PK_4ebfc1e74c1d5a1c4348a51c800" PRIMARY KEY (id);


--
-- Name: user_worker_group_cities PK_4f392ed9fa38f5e339500bd249f; Type: CONSTRAINT; Schema: public; Owner: pma
--

ALTER TABLE ONLY public.user_worker_group_cities
    ADD CONSTRAINT "PK_4f392ed9fa38f5e339500bd249f" PRIMARY KEY (id);


--
-- Name: user_worker_group_regions PK_4ff434dd12ee2a9b4169b637908; Type: CONSTRAINT; Schema: public; Owner: pma
--

ALTER TABLE ONLY public.user_worker_group_regions
    ADD CONSTRAINT "PK_4ff434dd12ee2a9b4169b637908" PRIMARY KEY (id);


--
-- Name: questionnaire_questions PK_522868371a7e3e08cbd044d71b5; Type: CONSTRAINT; Schema: public; Owner: pma
--

ALTER TABLE ONLY public.questionnaire_questions
    ADD CONSTRAINT "PK_522868371a7e3e08cbd044d71b5" PRIMARY KEY (id);


--
-- Name: client_competitors PK_5553c4d1d6e2085d6c1a779b019; Type: CONSTRAINT; Schema: public; Owner: pma
--

ALTER TABLE ONLY public.client_competitors
    ADD CONSTRAINT "PK_5553c4d1d6e2085d6c1a779b019" PRIMARY KEY (id);


--
-- Name: user_notifications PK_569622b0fd6e6ab3661de985a2b; Type: CONSTRAINT; Schema: public; Owner: pma
--

ALTER TABLE ONLY public.user_notifications
    ADD CONSTRAINT "PK_569622b0fd6e6ab3661de985a2b" PRIMARY KEY (id);


--
-- Name: user_handbook_filling PK_5744e44b1c265c5cbbc95b7b2a5; Type: CONSTRAINT; Schema: public; Owner: pma
--

ALTER TABLE ONLY public.user_handbook_filling
    ADD CONSTRAINT "PK_5744e44b1c265c5cbbc95b7b2a5" PRIMARY KEY (id);


--
-- Name: questionnaire_answer_histories PK_5a2d2c52eaf9ab19af1a0705b96; Type: CONSTRAINT; Schema: public; Owner: pma
--

ALTER TABLE ONLY public.questionnaire_answer_histories
    ADD CONSTRAINT "PK_5a2d2c52eaf9ab19af1a0705b96" PRIMARY KEY (id);


--
-- Name: role_user_link PK_5a40e2449b87daa0c25fe814672; Type: CONSTRAINT; Schema: public; Owner: pma
--

ALTER TABLE ONLY public.role_user_link
    ADD CONSTRAINT "PK_5a40e2449b87daa0c25fe814672" PRIMARY KEY (id);


--
-- Name: role_actions PK_5ee58f1e3c6236c691f190e0781; Type: CONSTRAINT; Schema: public; Owner: pma
--

ALTER TABLE ONLY public.role_actions
    ADD CONSTRAINT "PK_5ee58f1e3c6236c691f190e0781" PRIMARY KEY (id);


--
-- Name: questionnaire_answer_links PK_60e93cdb40c8336ed3b177aa56c; Type: CONSTRAINT; Schema: public; Owner: pma
--

ALTER TABLE ONLY public.questionnaire_answer_links
    ADD CONSTRAINT "PK_60e93cdb40c8336ed3b177aa56c" PRIMARY KEY (id);


--
-- Name: groups PK_659d1483316afb28afd3a90646e; Type: CONSTRAINT; Schema: public; Owner: pma
--

ALTER TABLE ONLY public.groups
    ADD CONSTRAINT "PK_659d1483316afb28afd3a90646e" PRIMARY KEY (id);


--
-- Name: communication_action_role PK_65c9dfb287d7dc82e83cc79756a; Type: CONSTRAINT; Schema: public; Owner: pma
--

ALTER TABLE ONLY public.communication_action_role
    ADD CONSTRAINT "PK_65c9dfb287d7dc82e83cc79756a" PRIMARY KEY (id);


--
-- Name: questionnaire_mistakes_links PK_67f38d8e2f5e6980418f39325ec; Type: CONSTRAINT; Schema: public; Owner: pma
--

ALTER TABLE ONLY public.questionnaire_mistakes_links
    ADD CONSTRAINT "PK_67f38d8e2f5e6980418f39325ec" PRIMARY KEY (id);


--
-- Name: communication_action_users PK_68781403ba22399bdb935fdc7f7; Type: CONSTRAINT; Schema: public; Owner: pma
--

ALTER TABLE ONLY public.communication_action_users
    ADD CONSTRAINT "PK_68781403ba22399bdb935fdc7f7" PRIMARY KEY (id);


--
-- Name: user_client_access PK_6ad0a954ee6226c50c14f089945; Type: CONSTRAINT; Schema: public; Owner: pma
--

ALTER TABLE ONLY public.user_client_access
    ADD CONSTRAINT "PK_6ad0a954ee6226c50c14f089945" PRIMARY KEY (id);


--
-- Name: file_manager_folder_links PK_6df630f7588a4a0bccc45470611; Type: CONSTRAINT; Schema: public; Owner: pma
--

ALTER TABLE ONLY public.file_manager_folder_links
    ADD CONSTRAINT "PK_6df630f7588a4a0bccc45470611" PRIMARY KEY (id);


--
-- Name: user_worker_group_locations PK_6ec8f8e02cba502ae1322b9dea0; Type: CONSTRAINT; Schema: public; Owner: pma
--

ALTER TABLE ONLY public.user_worker_group_locations
    ADD CONSTRAINT "PK_6ec8f8e02cba502ae1322b9dea0" PRIMARY KEY (id);


--
-- Name: communication_action_group PK_7000e05b7f6c80db35eaaa1dd24; Type: CONSTRAINT; Schema: public; Owner: pma
--

ALTER TABLE ONLY public.communication_action_group
    ADD CONSTRAINT "PK_7000e05b7f6c80db35eaaa1dd24" PRIMARY KEY (id);


--
-- Name: location_execution_type PK_717e41929e4f68a8630e8ed8214; Type: CONSTRAINT; Schema: public; Owner: pma
--

ALTER TABLE ONLY public.location_execution_type
    ADD CONSTRAINT "PK_717e41929e4f68a8630e8ed8214" PRIMARY KEY (id);


--
-- Name: scheduling_shops PK_7226202681563692024de8c7024; Type: CONSTRAINT; Schema: public; Owner: pma
--

ALTER TABLE ONLY public.scheduling_shops
    ADD CONSTRAINT "PK_7226202681563692024de8c7024" PRIMARY KEY (id);


--
-- Name: file_manager PK_737201044e826a80ade8f858d81; Type: CONSTRAINT; Schema: public; Owner: pma
--

ALTER TABLE ONLY public.file_manager
    ADD CONSTRAINT "PK_737201044e826a80ade8f858d81" PRIMARY KEY (id);


--
-- Name: competitors PK_76a451dd0c8a51a0e0fb6284389; Type: CONSTRAINT; Schema: public; Owner: pma
--

ALTER TABLE ONLY public.competitors
    ADD CONSTRAINT "PK_76a451dd0c8a51a0e0fb6284389" PRIMARY KEY (id);


--
-- Name: location_category_filling PK_78c22dbe24fe94537dd1cb1d2c6; Type: CONSTRAINT; Schema: public; Owner: pma
--

ALTER TABLE ONLY public.location_category_filling
    ADD CONSTRAINT "PK_78c22dbe24fe94537dd1cb1d2c6" PRIMARY KEY (id);


--
-- Name: location_group_links PK_798e18d70fb56bfd81ca890024d; Type: CONSTRAINT; Schema: public; Owner: pma
--

ALTER TABLE ONLY public.location_group_links
    ADD CONSTRAINT "PK_798e18d70fb56bfd81ca890024d" PRIMARY KEY (id);


--
-- Name: group_user_link PK_7a64f6c4d4725362a2cc17dfa80; Type: CONSTRAINT; Schema: public; Owner: pma
--

ALTER TABLE ONLY public.group_user_link
    ADD CONSTRAINT "PK_7a64f6c4d4725362a2cc17dfa80" PRIMARY KEY (id);


--
-- Name: actions PK_7bfb822f56be449c0b8adbf83cf; Type: CONSTRAINT; Schema: public; Owner: pma
--

ALTER TABLE ONLY public.actions
    ADD CONSTRAINT "PK_7bfb822f56be449c0b8adbf83cf" PRIMARY KEY (id);


--
-- Name: locations PK_7cc1c9e3853b94816c094825e74; Type: CONSTRAINT; Schema: public; Owner: pma
--

ALTER TABLE ONLY public.locations
    ADD CONSTRAINT "PK_7cc1c9e3853b94816c094825e74" PRIMARY KEY (id);


--
-- Name: user_worker_task PK_7effee13456fd42d843163f1e1d; Type: CONSTRAINT; Schema: public; Owner: pma
--

ALTER TABLE ONLY public.user_worker_task
    ADD CONSTRAINT "PK_7effee13456fd42d843163f1e1d" PRIMARY KEY (id);


--
-- Name: location_execution_location_link PK_8280508dd420a4d343bb68cf8d1; Type: CONSTRAINT; Schema: public; Owner: pma
--

ALTER TABLE ONLY public.location_execution_location_link
    ADD CONSTRAINT "PK_8280508dd420a4d343bb68cf8d1" PRIMARY KEY (id);


--
-- Name: user_workers PK_84da0f3ecea7da07b1700480d37; Type: CONSTRAINT; Schema: public; Owner: pma
--

ALTER TABLE ONLY public.user_workers
    ADD CONSTRAINT "PK_84da0f3ecea7da07b1700480d37" PRIMARY KEY (id);


--
-- Name: program_type PK_87763b5dc03ea0905b390bc5f9f; Type: CONSTRAINT; Schema: public; Owner: pma
--

ALTER TABLE ONLY public.program_type
    ADD CONSTRAINT "PK_87763b5dc03ea0905b390bc5f9f" PRIMARY KEY (id);


--
-- Name: location_status PK_8aaa0643a11576d67d6a29defc3; Type: CONSTRAINT; Schema: public; Owner: pma
--

ALTER TABLE ONLY public.location_status
    ADD CONSTRAINT "PK_8aaa0643a11576d67d6a29defc3" PRIMARY KEY (id);


--
-- Name: migrations PK_8c82d7f526340ab734260ea46be; Type: CONSTRAINT; Schema: public; Owner: pma
--

ALTER TABLE ONLY public.migrations
    ADD CONSTRAINT "PK_8c82d7f526340ab734260ea46be" PRIMARY KEY (id);


--
-- Name: location_group_parent_link PK_8d16e1360c527edecd5d2a39fc0; Type: CONSTRAINT; Schema: public; Owner: pma
--

ALTER TABLE ONLY public.location_group_parent_link
    ADD CONSTRAINT "PK_8d16e1360c527edecd5d2a39fc0" PRIMARY KEY (id);


--
-- Name: user_clients PK_93fa1b9251af32ddc852b9eb787; Type: CONSTRAINT; Schema: public; Owner: pma
--

ALTER TABLE ONLY public.user_clients
    ADD CONSTRAINT "PK_93fa1b9251af32ddc852b9eb787" PRIMARY KEY (id);


--
-- Name: location_execution_bonus_links PK_94a99afd7a2bce565924e6233dd; Type: CONSTRAINT; Schema: public; Owner: pma
--

ALTER TABLE ONLY public.location_execution_bonus_links
    ADD CONSTRAINT "PK_94a99afd7a2bce565924e6233dd" PRIMARY KEY (id);


--
-- Name: user_worker_group_countries PK_94b85ddbd021f663413d69dccf0; Type: CONSTRAINT; Schema: public; Owner: pma
--

ALTER TABLE ONLY public.user_worker_group_countries
    ADD CONSTRAINT "PK_94b85ddbd021f663413d69dccf0" PRIMARY KEY (id);


--
-- Name: file_manager_user_provider PK_9ac44109307f6c44149bcc73c19; Type: CONSTRAINT; Schema: public; Owner: pma
--

ALTER TABLE ONLY public.file_manager_user_provider
    ADD CONSTRAINT "PK_9ac44109307f6c44149bcc73c19" PRIMARY KEY (id);


--
-- Name: location_group_user_link PK_9c7864b4d9eea42760f6222016e; Type: CONSTRAINT; Schema: public; Owner: pma
--

ALTER TABLE ONLY public.location_group_user_link
    ADD CONSTRAINT "PK_9c7864b4d9eea42760f6222016e" PRIMARY KEY (id);


--
-- Name: role_action_link PK_9d3c0e7b7f8543fdd45cd661b26; Type: CONSTRAINT; Schema: public; Owner: pma
--

ALTER TABLE ONLY public.role_action_link
    ADD CONSTRAINT "PK_9d3c0e7b7f8543fdd45cd661b26" PRIMARY KEY (id);


--
-- Name: user_worker_groups PK_9d4cd9416026d37a0b3b0581685; Type: CONSTRAINT; Schema: public; Owner: pma
--

ALTER TABLE ONLY public.user_worker_groups
    ADD CONSTRAINT "PK_9d4cd9416026d37a0b3b0581685" PRIMARY KEY (id);


--
-- Name: mystery_shopper_visit PK_9dfc395172cbf3dd7032a547ac4; Type: CONSTRAINT; Schema: public; Owner: pma
--

ALTER TABLE ONLY public.mystery_shopper_visit
    ADD CONSTRAINT "PK_9dfc395172cbf3dd7032a547ac4" PRIMARY KEY (id);


--
-- Name: user_handbook_value PK_9fa969bd09add83f46b158ed019; Type: CONSTRAINT; Schema: public; Owner: pma
--

ALTER TABLE ONLY public.user_handbook_value
    ADD CONSTRAINT "PK_9fa969bd09add83f46b158ed019" PRIMARY KEY (id);


--
-- Name: questionnaires PK_a01d7cdea895ed9796b29233610; Type: CONSTRAINT; Schema: public; Owner: pma
--

ALTER TABLE ONLY public.questionnaires
    ADD CONSTRAINT "PK_a01d7cdea895ed9796b29233610" PRIMARY KEY (id);


--
-- Name: location_execution_scheduler_link PK_a1d2385a66c529571e763a6a32e; Type: CONSTRAINT; Schema: public; Owner: pma
--

ALTER TABLE ONLY public.location_execution_scheduler_link
    ADD CONSTRAINT "PK_a1d2385a66c529571e763a6a32e" PRIMARY KEY (id);


--
-- Name: file_manager_access PK_a2b1f887d9dacb5690b01b8cbba; Type: CONSTRAINT; Schema: public; Owner: pma
--

ALTER TABLE ONLY public.file_manager_access
    ADD CONSTRAINT "PK_a2b1f887d9dacb5690b01b8cbba" PRIMARY KEY (id);


--
-- Name: users PK_a3ffb1c0c8416b9fc6f907b7433; Type: CONSTRAINT; Schema: public; Owner: pma
--

ALTER TABLE ONLY public.users
    ADD CONSTRAINT "PK_a3ffb1c0c8416b9fc6f907b7433" PRIMARY KEY (id);


--
-- Name: location_execution_questionnaire_link PK_aec04266b9e952afd0970eb15be; Type: CONSTRAINT; Schema: public; Owner: pma
--

ALTER TABLE ONLY public.location_execution_questionnaire_link
    ADD CONSTRAINT "PK_aec04266b9e952afd0970eb15be" PRIMARY KEY (id);


--
-- Name: questionnaire_answer_statistics PK_af9b8472710414ede3d92ada96e; Type: CONSTRAINT; Schema: public; Owner: pma
--

ALTER TABLE ONLY public.questionnaire_answer_statistics
    ADD CONSTRAINT "PK_af9b8472710414ede3d92ada96e" PRIMARY KEY (id);


--
-- Name: status_changes PK_b09386c7bfe17fbe0b6d24e719e; Type: CONSTRAINT; Schema: public; Owner: pma
--

ALTER TABLE ONLY public.status_changes
    ADD CONSTRAINT "PK_b09386c7bfe17fbe0b6d24e719e" PRIMARY KEY (id);


--
-- Name: bonus_system_location_link PK_b3ec40b7ffd8d5d127b34b63aaf; Type: CONSTRAINT; Schema: public; Owner: pma
--

ALTER TABLE ONLY public.bonus_system_location_link
    ADD CONSTRAINT "PK_b3ec40b7ffd8d5d127b34b63aaf" PRIMARY KEY (id);


--
-- Name: user_worker_feedback PK_b441049fb11b43a70b4cd827498; Type: CONSTRAINT; Schema: public; Owner: pma
--

ALTER TABLE ONLY public.user_worker_feedback
    ADD CONSTRAINT "PK_b441049fb11b43a70b4cd827498" PRIMARY KEY (id);


--
-- Name: user_handbook PK_b5f08c27bc4d6ee8743905433c4; Type: CONSTRAINT; Schema: public; Owner: pma
--

ALTER TABLE ONLY public.user_handbook
    ADD CONSTRAINT "PK_b5f08c27bc4d6ee8743905433c4" PRIMARY KEY (id);


--
-- Name: location_execution_type_link PK_b853e136068c470fd65279ef4b4; Type: CONSTRAINT; Schema: public; Owner: pma
--

ALTER TABLE ONLY public.location_execution_type_link
    ADD CONSTRAINT "PK_b853e136068c470fd65279ef4b4" PRIMARY KEY (id);


--
-- Name: waves PK_b9a2d49cb544011314ff8ce0fd6; Type: CONSTRAINT; Schema: public; Owner: pma
--

ALTER TABLE ONLY public.waves
    ADD CONSTRAINT "PK_b9a2d49cb544011314ff8ce0fd6" PRIMARY KEY (id);


--
-- Name: location_user PK_ba3b695bc9d4bd35cc12839507f; Type: CONSTRAINT; Schema: public; Owner: pma
--

ALTER TABLE ONLY public.location_user
    ADD CONSTRAINT "PK_ba3b695bc9d4bd35cc12839507f" PRIMARY KEY (id);


--
-- Name: communication_chanel_users PK_bea01a86781f912ba64569c43df; Type: CONSTRAINT; Schema: public; Owner: pma
--

ALTER TABLE ONLY public.communication_chanel_users
    ADD CONSTRAINT "PK_bea01a86781f912ba64569c43df" PRIMARY KEY (id);


--
-- Name: roles PK_c1433d71a4838793a49dcad46ab; Type: CONSTRAINT; Schema: public; Owner: pma
--

ALTER TABLE ONLY public.roles
    ADD CONSTRAINT "PK_c1433d71a4838793a49dcad46ab" PRIMARY KEY (id);


--
-- Name: user_integrations PK_c3de1a91ed82f698dbb15248eb0; Type: CONSTRAINT; Schema: public; Owner: pma
--

ALTER TABLE ONLY public.user_integrations
    ADD CONSTRAINT "PK_c3de1a91ed82f698dbb15248eb0" PRIMARY KEY (id);


--
-- Name: country_payment_link PK_c73c376684ade79baca4b83e0d6; Type: CONSTRAINT; Schema: public; Owner: pma
--

ALTER TABLE ONLY public.country_payment_link
    ADD CONSTRAINT "PK_c73c376684ade79baca4b83e0d6" PRIMARY KEY (id);


--
-- Name: communication_templates PK_ca5cd6c5ee3127e345e9d30a719; Type: CONSTRAINT; Schema: public; Owner: pma
--

ALTER TABLE ONLY public.communication_templates
    ADD CONSTRAINT "PK_ca5cd6c5ee3127e345e9d30a719" PRIMARY KEY (id);


--
-- Name: location_category_options PK_d7009dcbadef4810efd8204ab57; Type: CONSTRAINT; Schema: public; Owner: pma
--

ALTER TABLE ONLY public.location_category_options
    ADD CONSTRAINT "PK_d7009dcbadef4810efd8204ab57" PRIMARY KEY (id);


--
-- Name: location_questionnaire PK_dd79662de1c8daa137817723f98; Type: CONSTRAINT; Schema: public; Owner: pma
--

ALTER TABLE ONLY public.location_questionnaire
    ADD CONSTRAINT "PK_dd79662de1c8daa137817723f98" PRIMARY KEY (location_id, questionnaire_id);


--
-- Name: file_manager_public_link PK_dff253d2ff322eabba153031787; Type: CONSTRAINT; Schema: public; Owner: pma
--

ALTER TABLE ONLY public.file_manager_public_link
    ADD CONSTRAINT "PK_dff253d2ff322eabba153031787" PRIMARY KEY (id);


--
-- Name: user_notes PK_e6cd579b582af97475256da96fb; Type: CONSTRAINT; Schema: public; Owner: pma
--

ALTER TABLE ONLY public.user_notes
    ADD CONSTRAINT "PK_e6cd579b582af97475256da96fb" PRIMARY KEY (id);


--
-- Name: imports PK_ea10c62f5eb1d75e83d8b5225db; Type: CONSTRAINT; Schema: public; Owner: pma
--

ALTER TABLE ONLY public.imports
    ADD CONSTRAINT "PK_ea10c62f5eb1d75e83d8b5225db" PRIMARY KEY (id);


--
-- Name: appeals PK_ebd2050a02aa78081b5346152bc; Type: CONSTRAINT; Schema: public; Owner: pma
--

ALTER TABLE ONLY public.appeals
    ADD CONSTRAINT "PK_ebd2050a02aa78081b5346152bc" PRIMARY KEY (id);


--
-- Name: questionnaire_question_options PK_f1267de7b2b23d2d659b48a5abf; Type: CONSTRAINT; Schema: public; Owner: pma
--

ALTER TABLE ONLY public.questionnaire_question_options
    ADD CONSTRAINT "PK_f1267de7b2b23d2d659b48a5abf" PRIMARY KEY (id);


--
-- Name: questionnaire_mistakes PK_f4aee02975f2a35dcd6630995dc; Type: CONSTRAINT; Schema: public; Owner: pma
--

ALTER TABLE ONLY public.questionnaire_mistakes
    ADD CONSTRAINT "PK_f4aee02975f2a35dcd6630995dc" PRIMARY KEY (id);


--
-- Name: bonus_system PK_ff0dfde69a957452abfdc62a745; Type: CONSTRAINT; Schema: public; Owner: pma
--

ALTER TABLE ONLY public.bonus_system
    ADD CONSTRAINT "PK_ff0dfde69a957452abfdc62a745" PRIMARY KEY (id);


--
-- Name: location_execution_type_link UQ_execution_type_link; Type: CONSTRAINT; Schema: public; Owner: pma
--

ALTER TABLE ONLY public.location_execution_type_link
    ADD CONSTRAINT "UQ_execution_type_link" UNIQUE (execution_type_id, execution_id);


--
-- Name: cities cities_pkey; Type: CONSTRAINT; Schema: public; Owner: pma
--

ALTER TABLE ONLY public.cities
    ADD CONSTRAINT cities_pkey PRIMARY KEY (id);


--
-- Name: countries countries_pkey; Type: CONSTRAINT; Schema: public; Owner: pma
--

ALTER TABLE ONLY public.countries
    ADD CONSTRAINT countries_pkey PRIMARY KEY (id);


--
-- Name: regions regions_pkey; Type: CONSTRAINT; Schema: public; Owner: pma
--

ALTER TABLE ONLY public.regions
    ADD CONSTRAINT regions_pkey PRIMARY KEY (id);


--
-- Name: IDX_ANSWER_STATISTIC_LINK_ID; Type: INDEX; Schema: public; Owner: pma
--

CREATE INDEX "IDX_ANSWER_STATISTIC_LINK_ID" ON public.questionnaire_answer_statistics USING btree (answer_link_id);


--
-- Name: IDX_APPEALS_SETTING_EXECUTION_ID; Type: INDEX; Schema: public; Owner: pma
--

CREATE INDEX "IDX_APPEALS_SETTING_EXECUTION_ID" ON public.appeals_setting USING btree (execution_id);


--
-- Name: IDX_BONUS_SYSTEM_CLIENT_ID; Type: INDEX; Schema: public; Owner: pma
--

CREATE INDEX "IDX_BONUS_SYSTEM_CLIENT_ID" ON public.bonus_system USING btree (client_id);


--
-- Name: IDX_BONUS_SYSTEM_LOCATION_GROUP_BONUS_SYSTEM_ID; Type: INDEX; Schema: public; Owner: pma
--

CREATE INDEX "IDX_BONUS_SYSTEM_LOCATION_GROUP_BONUS_SYSTEM_ID" ON public.bonus_system_location_link USING btree (bonus_system_id);


--
-- Name: IDX_BONUS_SYSTEM_TYPE; Type: INDEX; Schema: public; Owner: pma
--

CREATE INDEX "IDX_BONUS_SYSTEM_TYPE" ON public.bonus_system USING btree (type);


--
-- Name: IDX_BONUS_SYSTEM_WHO_CREATE; Type: INDEX; Schema: public; Owner: pma
--

CREATE INDEX "IDX_BONUS_SYSTEM_WHO_CREATE" ON public.bonus_system USING btree (who_create);


--
-- Name: IDX_CLIENT_COMPETITORS_CLIENT_ID; Type: INDEX; Schema: public; Owner: pma
--

CREATE INDEX "IDX_CLIENT_COMPETITORS_CLIENT_ID" ON public.client_competitors USING btree (client_id);


--
-- Name: IDX_CLIENT_COMPETITORS_COMPETITOR_ID; Type: INDEX; Schema: public; Owner: pma
--

CREATE INDEX "IDX_CLIENT_COMPETITORS_COMPETITOR_ID" ON public.client_competitors USING btree (competitor_id);


--
-- Name: IDX_CLIENT_SUBDIVISIONS_CLIENT_ID; Type: INDEX; Schema: public; Owner: pma
--

CREATE INDEX "IDX_CLIENT_SUBDIVISIONS_CLIENT_ID" ON public.client_subdivisions USING btree (client_id);


--
-- Name: IDX_COMMUNICATION_ACTION_GROUP_ACTION_ID; Type: INDEX; Schema: public; Owner: pma
--

CREATE INDEX "IDX_COMMUNICATION_ACTION_GROUP_ACTION_ID" ON public.communication_action_group USING btree (action_id);


--
-- Name: IDX_COMMUNICATION_ACTION_ROLE_ACTION_ID; Type: INDEX; Schema: public; Owner: pma
--

CREATE INDEX "IDX_COMMUNICATION_ACTION_ROLE_ACTION_ID" ON public.communication_action_role USING btree (action_id);


--
-- Name: IDX_COMPETITOR_LINK; Type: INDEX; Schema: public; Owner: pma
--

CREATE INDEX "IDX_COMPETITOR_LINK" ON public.competitor_link USING btree (competitor_id, client_id);


--
-- Name: IDX_HANDBOOK_GROUP_ID; Type: INDEX; Schema: public; Owner: pma
--

CREATE INDEX "IDX_HANDBOOK_GROUP_ID" ON public.user_handbook USING btree (handbook_group_id);


--
-- Name: IDX_IS_REQUIRED; Type: INDEX; Schema: public; Owner: pma
--

CREATE INDEX "IDX_IS_REQUIRED" ON public.questionnaire_questions USING btree (is_required);


--
-- Name: IDX_LOCATION_CATEGORY_FILLING_CATEGORY_ID; Type: INDEX; Schema: public; Owner: pma
--

CREATE INDEX "IDX_LOCATION_CATEGORY_FILLING_CATEGORY_ID" ON public.location_category_filling USING btree (category_id);


--
-- Name: IDX_LOCATION_CATEGORY_FILLING_LOCATION_ID; Type: INDEX; Schema: public; Owner: pma
--

CREATE INDEX "IDX_LOCATION_CATEGORY_FILLING_LOCATION_ID" ON public.location_category_filling USING btree (location_id);


--
-- Name: IDX_LOCATION_CATEGORY_FILLING_VALUE_ID; Type: INDEX; Schema: public; Owner: pma
--

CREATE INDEX "IDX_LOCATION_CATEGORY_FILLING_VALUE_ID" ON public.location_category_filling USING btree (value_id);


--
-- Name: IDX_LOCATION_CATEGORY_OPTIONS_CATEGORY_VALUE_ID; Type: INDEX; Schema: public; Owner: pma
--

CREATE INDEX "IDX_LOCATION_CATEGORY_OPTIONS_CATEGORY_VALUE_ID" ON public.location_category_options USING btree (category_value_id);


--
-- Name: IDX_LOCATION_CITY_ID; Type: INDEX; Schema: public; Owner: pma
--

CREATE INDEX "IDX_LOCATION_CITY_ID" ON public.locations USING btree (city_id);


--
-- Name: IDX_LOCATION_COUNTRY_ID; Type: INDEX; Schema: public; Owner: pma
--

CREATE INDEX "IDX_LOCATION_COUNTRY_ID" ON public.locations USING btree (country_id);


--
-- Name: IDX_LOCATION_EXECUTION_ACCESS_CLIENT_ID; Type: INDEX; Schema: public; Owner: pma
--

CREATE INDEX "IDX_LOCATION_EXECUTION_ACCESS_CLIENT_ID" ON public.location_execution_access USING btree (user_id);


--
-- Name: IDX_LOCATION_EXECUTION_ACCESS_EXECUTION_ID; Type: INDEX; Schema: public; Owner: pma
--

CREATE INDEX "IDX_LOCATION_EXECUTION_ACCESS_EXECUTION_ID" ON public.location_execution_access USING btree (execution_id);


--
-- Name: IDX_LOCATION_EXECUTION_DATE_END; Type: INDEX; Schema: public; Owner: pma
--

CREATE INDEX "IDX_LOCATION_EXECUTION_DATE_END" ON public.location_execution USING btree (data_end);


--
-- Name: IDX_LOCATION_EXECUTION_DATE_START; Type: INDEX; Schema: public; Owner: pma
--

CREATE INDEX "IDX_LOCATION_EXECUTION_DATE_START" ON public.location_execution USING btree (data_start);


--
-- Name: IDX_LOCATION_EXECUTION_LOCATION_LOCATION_EXECUTION_ID; Type: INDEX; Schema: public; Owner: pma
--

CREATE INDEX "IDX_LOCATION_EXECUTION_LOCATION_LOCATION_EXECUTION_ID" ON public.location_execution_location_link USING btree (location_execution_id);


--
-- Name: IDX_LOCATION_EXECUTION_LOCATION_LOCATION_ID; Type: INDEX; Schema: public; Owner: pma
--

CREATE INDEX "IDX_LOCATION_EXECUTION_LOCATION_LOCATION_ID" ON public.location_execution_location_link USING btree (location_id);


--
-- Name: IDX_LOCATION_EXECUTION_PAYMENT_METHOD; Type: INDEX; Schema: public; Owner: pma
--

CREATE INDEX "IDX_LOCATION_EXECUTION_PAYMENT_METHOD" ON public.location_execution USING btree (payment_method);


--
-- Name: IDX_LOCATION_EXECUTION_QUESTIONNAIRE_ID; Type: INDEX; Schema: public; Owner: pma
--

CREATE INDEX "IDX_LOCATION_EXECUTION_QUESTIONNAIRE_ID" ON public.location_execution USING btree (questionnaire_id);


--
-- Name: IDX_LOCATION_EXECUTION_STATUS; Type: INDEX; Schema: public; Owner: pma
--

CREATE INDEX "IDX_LOCATION_EXECUTION_STATUS" ON public.location_execution USING btree (status);


--
-- Name: IDX_LOCATION_EXECUTION_USER_GROUP_LINK_GROUP_ID; Type: INDEX; Schema: public; Owner: pma
--

CREATE INDEX "IDX_LOCATION_EXECUTION_USER_GROUP_LINK_GROUP_ID" ON public.location_execution_user_group_link USING btree (group_id);


--
-- Name: IDX_LOCATION_EXECUTION_USER_GROUP_LINK_LOCATION_EXECUTION_ID; Type: INDEX; Schema: public; Owner: pma
--

CREATE INDEX "IDX_LOCATION_EXECUTION_USER_GROUP_LINK_LOCATION_EXECUTION_ID" ON public.location_execution_user_group_link USING btree (location_execution_id);


--
-- Name: IDX_LOCATION_EXECUTION_USER_GROUP_USER_ID; Type: INDEX; Schema: public; Owner: pma
--

CREATE INDEX "IDX_LOCATION_EXECUTION_USER_GROUP_USER_ID" ON public.location_execution_user_group_link USING btree (user_id);


--
-- Name: IDX_LOCATION_EXECUTION_WHO_CREATED; Type: INDEX; Schema: public; Owner: pma
--

CREATE INDEX "IDX_LOCATION_EXECUTION_WHO_CREATED" ON public.location_execution USING btree (who_created);


--
-- Name: IDX_LOCATION_GROUP_PARENT_LINK_GROUP_ID; Type: INDEX; Schema: public; Owner: pma
--

CREATE INDEX "IDX_LOCATION_GROUP_PARENT_LINK_GROUP_ID" ON public.location_group_parent_link USING btree (group_id);


--
-- Name: IDX_LOCATION_GROUP_PARENT_LINK_PARENT_ID; Type: INDEX; Schema: public; Owner: pma
--

CREATE INDEX "IDX_LOCATION_GROUP_PARENT_LINK_PARENT_ID" ON public.location_group_parent_link USING btree (parent_id);


--
-- Name: IDX_LOCATION_GROUP_USER_LINK; Type: INDEX; Schema: public; Owner: pma
--

CREATE INDEX "IDX_LOCATION_GROUP_USER_LINK" ON public.location_group_user_link USING btree (client_id, group_id);


--
-- Name: IDX_LOCATION_GROUP_UUID; Type: INDEX; Schema: public; Owner: pma
--

CREATE INDEX "IDX_LOCATION_GROUP_UUID" ON public.location_groups USING btree (uuid);


--
-- Name: IDX_LOCATION_REGION_ID; Type: INDEX; Schema: public; Owner: pma
--

CREATE INDEX "IDX_LOCATION_REGION_ID" ON public.locations USING btree (region_id);


--
-- Name: IDX_LOCATION_STATUS; Type: INDEX; Schema: public; Owner: pma
--

CREATE INDEX "IDX_LOCATION_STATUS" ON public.locations USING btree (status);


--
-- Name: IDX_LOCATION_UNIQUE_ID; Type: INDEX; Schema: public; Owner: pma
--

CREATE INDEX "IDX_LOCATION_UNIQUE_ID" ON public.locations USING btree (unique_id);


--
-- Name: IDX_LOCATION_WHO_CREATE; Type: INDEX; Schema: public; Owner: pma
--

CREATE INDEX "IDX_LOCATION_WHO_CREATE" ON public.locations USING btree (who_create);


--
-- Name: IDX_MYSTERY_SHOPPER_VISIT_LOCATION_EXECUTION_ID; Type: INDEX; Schema: public; Owner: pma
--

CREATE INDEX "IDX_MYSTERY_SHOPPER_VISIT_LOCATION_EXECUTION_ID" ON public.mystery_shopper_visit USING btree (location_execution_id);


--
-- Name: IDX_MYSTERY_SHOPPER_VISIT_LOCATION_ID; Type: INDEX; Schema: public; Owner: pma
--

CREATE INDEX "IDX_MYSTERY_SHOPPER_VISIT_LOCATION_ID" ON public.mystery_shopper_visit USING btree (location_id);


--
-- Name: IDX_MYSTERY_SHOPPER_VISIT_STATUS; Type: INDEX; Schema: public; Owner: pma
--

CREATE INDEX "IDX_MYSTERY_SHOPPER_VISIT_STATUS" ON public.mystery_shopper_visit USING btree (status);


--
-- Name: IDX_MYSTERY_SHOPPER_VISIT_USER_ID; Type: INDEX; Schema: public; Owner: pma
--

CREATE INDEX "IDX_MYSTERY_SHOPPER_VISIT_USER_ID" ON public.mystery_shopper_visit USING btree (user_id);


--
-- Name: IDX_PROGRAM_TYPE_ACCESS_PROGRAM_ID; Type: INDEX; Schema: public; Owner: pma
--

CREATE INDEX "IDX_PROGRAM_TYPE_ACCESS_PROGRAM_ID" ON public.program_type_access USING btree (program_id);


--
-- Name: IDX_PROGRAM_TYPE_ACCESS_USER_ID; Type: INDEX; Schema: public; Owner: pma
--

CREATE INDEX "IDX_PROGRAM_TYPE_ACCESS_USER_ID" ON public.program_type_access USING btree (user_id);


--
-- Name: IDX_PROGRAM_TYPE_CLIENT_ID; Type: INDEX; Schema: public; Owner: pma
--

CREATE INDEX "IDX_PROGRAM_TYPE_CLIENT_ID" ON public.program_type USING btree (client_id);


--
-- Name: IDX_PROGRAM_TYPE_INTENSIVE; Type: INDEX; Schema: public; Owner: pma
--

CREATE INDEX "IDX_PROGRAM_TYPE_INTENSIVE" ON public.program_type_intensive USING btree (id);


--
-- Name: IDX_PROGRAM_TYPE_INTENSIVE_BONUS; Type: INDEX; Schema: public; Owner: pma
--

CREATE INDEX "IDX_PROGRAM_TYPE_INTENSIVE_BONUS" ON public.program_type_intensive USING btree (bonus_type);


--
-- Name: IDX_PROGRAM_TYPE_INTENSIVE_TYPE; Type: INDEX; Schema: public; Owner: pma
--

CREATE INDEX "IDX_PROGRAM_TYPE_INTENSIVE_TYPE" ON public.program_type_intensive USING btree (type);


--
-- Name: IDX_PROGRAM_TYPE_PROGRAM_TYPE; Type: INDEX; Schema: public; Owner: pma
--

CREATE INDEX "IDX_PROGRAM_TYPE_PROGRAM_TYPE" ON public.program_type USING btree (program_type);


--
-- Name: IDX_PROGRAM_TYPE_QUESTIONNAIRE_LINKS; Type: INDEX; Schema: public; Owner: pma
--

CREATE INDEX "IDX_PROGRAM_TYPE_QUESTIONNAIRE_LINKS" ON public.program_type_questionnaire_links USING btree (questionnaire_id, program_type_id);


--
-- Name: IDX_PROJECT_CODE; Type: INDEX; Schema: public; Owner: pma
--

CREATE INDEX "IDX_PROJECT_CODE" ON public.location_execution USING btree (project_code);


--
-- Name: IDX_PROJECT_TYPE; Type: INDEX; Schema: public; Owner: pma
--

CREATE INDEX "IDX_PROJECT_TYPE" ON public.location_execution USING btree (project_type);


--
-- Name: IDX_PUBLIC_LINK_HASH; Type: INDEX; Schema: public; Owner: pma
--

CREATE UNIQUE INDEX "IDX_PUBLIC_LINK_HASH" ON public.file_manager_public_link USING btree (hash);


--
-- Name: IDX_QUESTIONNAIRE_ANSWER_ANSWER_LINK; Type: INDEX; Schema: public; Owner: pma
--

CREATE INDEX "IDX_QUESTIONNAIRE_ANSWER_ANSWER_LINK" ON public.questionnaire_answers USING btree (questionnaire_answer_link);


--
-- Name: IDX_QUESTIONNAIRE_ANSWER_ID_HISTORIES; Type: INDEX; Schema: public; Owner: pma
--

CREATE INDEX "IDX_QUESTIONNAIRE_ANSWER_ID_HISTORIES" ON public.questionnaire_answer_histories USING btree (answer_id);


--
-- Name: IDX_QUESTIONNAIRE_ANSWER_LINKS_SHOP_ID; Type: INDEX; Schema: public; Owner: pma
--

CREATE INDEX "IDX_QUESTIONNAIRE_ANSWER_LINKS_SHOP_ID" ON public.questionnaire_answer_links USING btree (shop_id);


--
-- Name: IDX_QUESTIONNAIRE_ANSWER_LINK_CITY_ID; Type: INDEX; Schema: public; Owner: pma
--

CREATE INDEX "IDX_QUESTIONNAIRE_ANSWER_LINK_CITY_ID" ON public.questionnaire_answer_links USING btree (city_id);


--
-- Name: IDX_QUESTIONNAIRE_ANSWER_LINK_CUSTOM_NAME; Type: INDEX; Schema: public; Owner: pma
--

CREATE INDEX "IDX_QUESTIONNAIRE_ANSWER_LINK_CUSTOM_NAME" ON public.questionnaire_answer_links USING btree (custom_name);


--
-- Name: IDX_QUESTIONNAIRE_ANSWER_LINK_ID; Type: INDEX; Schema: public; Owner: pma
--

CREATE INDEX "IDX_QUESTIONNAIRE_ANSWER_LINK_ID" ON public.questionnaire_answers USING btree (link_id);


--
-- Name: IDX_QUESTIONNAIRE_ANSWER_LINK_LOCATION_ID; Type: INDEX; Schema: public; Owner: pma
--

CREATE INDEX "IDX_QUESTIONNAIRE_ANSWER_LINK_LOCATION_ID" ON public.questionnaire_answer_links USING btree (location_id);


--
-- Name: IDX_QUESTIONNAIRE_ANSWER_LINK_QUESTIONNAIRE_ID; Type: INDEX; Schema: public; Owner: pma
--

CREATE INDEX "IDX_QUESTIONNAIRE_ANSWER_LINK_QUESTIONNAIRE_ID" ON public.questionnaire_answer_links USING btree (questionnaire_id);


--
-- Name: IDX_QUESTIONNAIRE_ANSWER_LINK_STATUS; Type: INDEX; Schema: public; Owner: pma
--

CREATE INDEX "IDX_QUESTIONNAIRE_ANSWER_LINK_STATUS" ON public.questionnaire_answer_links USING btree (status);


--
-- Name: IDX_QUESTIONNAIRE_ANSWER_LINK_WHO_CREATED; Type: INDEX; Schema: public; Owner: pma
--

CREATE INDEX "IDX_QUESTIONNAIRE_ANSWER_LINK_WHO_CREATED" ON public.questionnaire_answer_links USING btree (who_created);


--
-- Name: IDX_QUESTIONNAIRE_ANSWER_QUESTIONNAIRE_ID; Type: INDEX; Schema: public; Owner: pma
--

CREATE INDEX "IDX_QUESTIONNAIRE_ANSWER_QUESTIONNAIRE_ID" ON public.questionnaire_answers USING btree (questionnaire_id);


--
-- Name: IDX_QUESTIONNAIRE_ANSWER_QUESTIONNAIRE_QUESTION_ID; Type: INDEX; Schema: public; Owner: pma
--

CREATE INDEX "IDX_QUESTIONNAIRE_ANSWER_QUESTIONNAIRE_QUESTION_ID" ON public.questionnaire_answers USING btree (questionnaire_question_id);


--
-- Name: IDX_QUESTIONNAIRE_ANSWER_QUESTIONNAIRE_SECTION_ID; Type: INDEX; Schema: public; Owner: pma
--

CREATE INDEX "IDX_QUESTIONNAIRE_ANSWER_QUESTIONNAIRE_SECTION_ID" ON public.questionnaire_questions USING btree (questionnaire_section_id);


--
-- Name: IDX_QUESTIONNAIRE_ANSWER_STATISTICS_IDENTIFICATION; Type: INDEX; Schema: public; Owner: pma
--

CREATE INDEX "IDX_QUESTIONNAIRE_ANSWER_STATISTICS_IDENTIFICATION" ON public.questionnaire_answer_statistics USING btree (identification);


--
-- Name: IDX_QUESTIONNAIRE_ANSWER_STATISTICS_QUESTIONNAIRE_ID; Type: INDEX; Schema: public; Owner: pma
--

CREATE INDEX "IDX_QUESTIONNAIRE_ANSWER_STATISTICS_QUESTIONNAIRE_ID" ON public.questionnaire_answer_statistics USING btree (questionnaire_id);


--
-- Name: IDX_QUESTIONNAIRE_ANSWER_STATISTICS_TYPE; Type: INDEX; Schema: public; Owner: pma
--

CREATE INDEX "IDX_QUESTIONNAIRE_ANSWER_STATISTICS_TYPE" ON public.questionnaire_answer_statistics USING btree (type);


--
-- Name: IDX_QUESTIONNAIRE_ANSWER_VALIDATOR_COMMENT_ANSWER_LINK_ID; Type: INDEX; Schema: public; Owner: pma
--

CREATE INDEX "IDX_QUESTIONNAIRE_ANSWER_VALIDATOR_COMMENT_ANSWER_LINK_ID" ON public.questionnaire_answer_validator_comment USING btree (answer_link_id);


--
-- Name: IDX_QUESTIONNAIRE_ANSWER_VALIDATOR_COMMENT_SHOPPER_ID; Type: INDEX; Schema: public; Owner: pma
--

CREATE INDEX "IDX_QUESTIONNAIRE_ANSWER_VALIDATOR_COMMENT_SHOPPER_ID" ON public.questionnaire_answer_validator_comment USING btree (shopper_id);


--
-- Name: IDX_QUESTIONNAIRE_ANSWER_VALIDATOR_COMMENT_TYPE; Type: INDEX; Schema: public; Owner: pma
--

CREATE INDEX "IDX_QUESTIONNAIRE_ANSWER_VALIDATOR_COMMENT_TYPE" ON public.questionnaire_answer_validator_comment USING btree (type);


--
-- Name: IDX_QUESTIONNAIRE_ANSWER_VALIDATOR_COMMENT_VALIDATOR_ID; Type: INDEX; Schema: public; Owner: pma
--

CREATE INDEX "IDX_QUESTIONNAIRE_ANSWER_VALIDATOR_COMMENT_VALIDATOR_ID" ON public.questionnaire_answer_validator_comment USING btree (validator_id);


--
-- Name: IDX_QUESTIONNAIRE_CLIENT_ID; Type: INDEX; Schema: public; Owner: pma
--

CREATE INDEX "IDX_QUESTIONNAIRE_CLIENT_ID" ON public.questionnaires USING btree (client_id);


--
-- Name: IDX_QUESTIONNAIRE_IDENTIFICATION; Type: INDEX; Schema: public; Owner: pma
--

CREATE INDEX "IDX_QUESTIONNAIRE_IDENTIFICATION" ON public.questionnaires USING btree (identification);


--
-- Name: IDX_QUESTIONNAIRE_QUESTIONS_IDENTIFICATION; Type: INDEX; Schema: public; Owner: pma
--

CREATE INDEX "IDX_QUESTIONNAIRE_QUESTIONS_IDENTIFICATION" ON public.questionnaire_questions USING btree (identification);


--
-- Name: IDX_QUESTIONNAIRE_QUESTION_QUESTIONNAIRE_ID; Type: INDEX; Schema: public; Owner: pma
--

CREATE INDEX "IDX_QUESTIONNAIRE_QUESTION_QUESTIONNAIRE_ID" ON public.questionnaire_questions USING btree (questionnaire_id);


--
-- Name: IDX_QUESTIONNAIRE_SECTIONS_IDENTIFICATION; Type: INDEX; Schema: public; Owner: pma
--

CREATE INDEX "IDX_QUESTIONNAIRE_SECTIONS_IDENTIFICATION" ON public.questionnaire_sections USING btree (identification);


--
-- Name: IDX_QUESTIONNAIRE_SECTION_QUESTIONNAIRE_ID; Type: INDEX; Schema: public; Owner: pma
--

CREATE INDEX "IDX_QUESTIONNAIRE_SECTION_QUESTIONNAIRE_ID" ON public.questionnaire_sections USING btree (questionnaire_id);


--
-- Name: IDX_QUESTIONNAIRE_USER_ID; Type: INDEX; Schema: public; Owner: pma
--

CREATE INDEX "IDX_QUESTIONNAIRE_USER_ID" ON public.questionnaires USING btree (user_id);


--
-- Name: IDX_QUESTION_TYPE; Type: INDEX; Schema: public; Owner: pma
--

CREATE INDEX "IDX_QUESTION_TYPE" ON public.questionnaire_questions USING btree (question_type);


--
-- Name: IDX_ROLES_NAME; Type: INDEX; Schema: public; Owner: pma
--

CREATE UNIQUE INDEX "IDX_ROLES_NAME" ON public.roles USING btree (name);


--
-- Name: IDX_ROLE_ACTIONS_ROLE_ID; Type: INDEX; Schema: public; Owner: pma
--

CREATE INDEX "IDX_ROLE_ACTIONS_ROLE_ID" ON public.role_actions USING btree (role_id);


--
-- Name: IDX_ROLE_RULES_ROLE_ID; Type: INDEX; Schema: public; Owner: pma
--

CREATE INDEX "IDX_ROLE_RULES_ROLE_ID" ON public.role_rules USING btree (role_id);


--
-- Name: IDX_SCHEDULING_SHOPS_LOCATION_ID; Type: INDEX; Schema: public; Owner: pma
--

CREATE INDEX "IDX_SCHEDULING_SHOPS_LOCATION_ID" ON public.scheduling_shops USING btree (location_id);


--
-- Name: IDX_SCHEDULING_SHOPS_PROJECT_ID; Type: INDEX; Schema: public; Owner: pma
--

CREATE INDEX "IDX_SCHEDULING_SHOPS_PROJECT_ID" ON public.scheduling_shops USING btree (project_id);


--
-- Name: IDX_SCHEDULING_SHOPS_RESPONDENT_ID; Type: INDEX; Schema: public; Owner: pma
--

CREATE INDEX "IDX_SCHEDULING_SHOPS_RESPONDENT_ID" ON public.scheduling_shops USING btree (respondent_id);


--
-- Name: IDX_SCHEDULING_SHOPS_SCHEDULER_ID; Type: INDEX; Schema: public; Owner: pma
--

CREATE INDEX "IDX_SCHEDULING_SHOPS_SCHEDULER_ID" ON public.scheduling_shops USING btree (scheduler_id);


--
-- Name: IDX_SHOP_ID; Type: INDEX; Schema: public; Owner: pma
--

CREATE INDEX "IDX_SHOP_ID" ON public.mystery_shopper_visit USING btree (shop_id);


--
-- Name: IDX_STATUS_CHANGES_CHANGED_AT; Type: INDEX; Schema: public; Owner: pma
--

CREATE INDEX "IDX_STATUS_CHANGES_CHANGED_AT" ON public.status_changes USING btree (changed_at);


--
-- Name: IDX_STATUS_CHANGES_ENTITY_ID; Type: INDEX; Schema: public; Owner: pma
--

CREATE INDEX "IDX_STATUS_CHANGES_ENTITY_ID" ON public.status_changes USING btree (entity_id);


--
-- Name: IDX_STATUS_CHANGES_ENTITY_TYPE; Type: INDEX; Schema: public; Owner: pma
--

CREATE INDEX "IDX_STATUS_CHANGES_ENTITY_TYPE" ON public.status_changes USING btree (entity_type);


--
-- Name: IDX_STATUS_CHANGES_USER_ID; Type: INDEX; Schema: public; Owner: pma
--

CREATE INDEX "IDX_STATUS_CHANGES_USER_ID" ON public.status_changes USING btree (user_id);


--
-- Name: IDX_USERS_EMAIL; Type: INDEX; Schema: public; Owner: pma
--

CREATE INDEX "IDX_USERS_EMAIL" ON public.users USING btree (email);


--
-- Name: IDX_USERS_PHONE; Type: INDEX; Schema: public; Owner: pma
--

CREATE INDEX "IDX_USERS_PHONE" ON public.users USING btree (phone);


--
-- Name: IDX_USER_CLIENTS_CREATED_AT; Type: INDEX; Schema: public; Owner: pma
--

CREATE INDEX "IDX_USER_CLIENTS_CREATED_AT" ON public.user_clients USING btree (created_at);


--
-- Name: IDX_USER_CLIENTS_UPDATED_AT; Type: INDEX; Schema: public; Owner: pma
--

CREATE INDEX "IDX_USER_CLIENTS_UPDATED_AT" ON public.user_clients USING btree (updated_at);


--
-- Name: IDX_USER_CLIENTS_USER_ID; Type: INDEX; Schema: public; Owner: pma
--

CREATE INDEX "IDX_USER_CLIENTS_USER_ID" ON public.user_clients USING btree (user_id);


--
-- Name: IDX_USER_CLIENT_ACCESS_CLIENT_ID; Type: INDEX; Schema: public; Owner: pma
--

CREATE INDEX "IDX_USER_CLIENT_ACCESS_CLIENT_ID" ON public.user_client_access USING btree (client_id);


--
-- Name: IDX_USER_CLIENT_ACCESS_USER_ID; Type: INDEX; Schema: public; Owner: pma
--

CREATE INDEX "IDX_USER_CLIENT_ACCESS_USER_ID" ON public.user_client_access USING btree (user_id);


--
-- Name: IDX_USER_COMMENTS_USER_ID; Type: INDEX; Schema: public; Owner: pma
--

CREATE INDEX "IDX_USER_COMMENTS_USER_ID" ON public.user_comments USING btree (user_id);


--
-- Name: IDX_USER_COMMENTS_WHO_CREATED; Type: INDEX; Schema: public; Owner: pma
--

CREATE INDEX "IDX_USER_COMMENTS_WHO_CREATED" ON public.user_comments USING btree (who_created);


--
-- Name: IDX_USER_HANDBOOK_CODE; Type: INDEX; Schema: public; Owner: pma
--

CREATE INDEX "IDX_USER_HANDBOOK_CODE" ON public.user_handbook USING btree (code);


--
-- Name: IDX_USER_HANDBOOK_LINK_HANDBOOK_ID; Type: INDEX; Schema: public; Owner: pma
--

CREATE INDEX "IDX_USER_HANDBOOK_LINK_HANDBOOK_ID" ON public.user_handbook_link USING btree (handbook_id);


--
-- Name: IDX_USER_HANDBOOK_LINK_ROLE_ID; Type: INDEX; Schema: public; Owner: pma
--

CREATE INDEX "IDX_USER_HANDBOOK_LINK_ROLE_ID" ON public.user_handbook_link USING btree (role_id);


--
-- Name: IDX_USER_HANDBOOK_NAME; Type: INDEX; Schema: public; Owner: pma
--

CREATE INDEX "IDX_USER_HANDBOOK_NAME" ON public.user_handbook USING btree (name);


--
-- Name: IDX_USER_INTEGRATIONS_SERVICE; Type: INDEX; Schema: public; Owner: pma
--

CREATE INDEX "IDX_USER_INTEGRATIONS_SERVICE" ON public.user_integrations USING btree (service);


--
-- Name: IDX_USER_INTEGRATIONS_USER_ID; Type: INDEX; Schema: public; Owner: pma
--

CREATE INDEX "IDX_USER_INTEGRATIONS_USER_ID" ON public.user_integrations USING btree (user_id);


--
-- Name: IDX_USER_NOTIFICATIONS_USER_ID; Type: INDEX; Schema: public; Owner: pma
--

CREATE INDEX "IDX_USER_NOTIFICATIONS_USER_ID" ON public.user_notifications USING btree (user_id);


--
-- Name: IDX_USER_SETTINGS_CODE; Type: INDEX; Schema: public; Owner: pma
--

CREATE INDEX "IDX_USER_SETTINGS_CODE" ON public.user_settings USING btree (code);


--
-- Name: IDX_USER_WORKERS_CLIENT_ID; Type: INDEX; Schema: public; Owner: pma
--

CREATE INDEX "IDX_USER_WORKERS_CLIENT_ID" ON public.user_workers USING btree (client_id);


--
-- Name: IDX_USER_WORKERS_USER_ID; Type: INDEX; Schema: public; Owner: pma
--

CREATE INDEX "IDX_USER_WORKERS_USER_ID" ON public.user_workers USING btree (user_id);


--
-- Name: IDX_USER_WORKER_FEEDBACK_ANSWER_ID; Type: INDEX; Schema: public; Owner: pma
--

CREATE INDEX "IDX_USER_WORKER_FEEDBACK_ANSWER_ID" ON public.user_worker_feedback USING btree (answer_id);


--
-- Name: IDX_USER_WORKER_FEEDBACK_CLIENT_ID; Type: INDEX; Schema: public; Owner: pma
--

CREATE INDEX "IDX_USER_WORKER_FEEDBACK_CLIENT_ID" ON public.user_worker_feedback USING btree (client_id);


--
-- Name: IDX_USER_WORKER_FEEDBACK_STATUS; Type: INDEX; Schema: public; Owner: pma
--

CREATE INDEX "IDX_USER_WORKER_FEEDBACK_STATUS" ON public.user_worker_feedback USING btree (status);


--
-- Name: IDX_USER_WORKER_TASK_ANSWER_ID; Type: INDEX; Schema: public; Owner: pma
--

CREATE INDEX "IDX_USER_WORKER_TASK_ANSWER_ID" ON public.user_worker_task USING btree (answer_id);


--
-- Name: IDX_USER_WORKER_TASK_STATUS; Type: INDEX; Schema: public; Owner: pma
--

CREATE INDEX "IDX_USER_WORKER_TASK_STATUS" ON public.user_worker_task USING btree (status);


--
-- Name: IDX_USER_WORKER_TASK_WORKER_ID; Type: INDEX; Schema: public; Owner: pma
--

CREATE INDEX "IDX_USER_WORKER_TASK_WORKER_ID" ON public.user_worker_task USING btree (worker_id);


--
-- Name: IDX_U_NOTES_THEME; Type: INDEX; Schema: public; Owner: pma
--

CREATE INDEX "IDX_U_NOTES_THEME" ON public.user_notes USING btree (theme);


--
-- Name: IDX_user_worker_group_cities_group_id_city_id; Type: INDEX; Schema: public; Owner: pma
--

CREATE UNIQUE INDEX "IDX_user_worker_group_cities_group_id_city_id" ON public.user_worker_group_cities USING btree (group_id, city_id);


--
-- Name: IDX_user_worker_group_countries_group_id_country_id; Type: INDEX; Schema: public; Owner: pma
--

CREATE UNIQUE INDEX "IDX_user_worker_group_countries_group_id_country_id" ON public.user_worker_group_countries USING btree (group_id, country_id);


--
-- Name: IDX_user_worker_group_locations_group_id_location_id; Type: INDEX; Schema: public; Owner: pma
--

CREATE UNIQUE INDEX "IDX_user_worker_group_locations_group_id_location_id" ON public.user_worker_group_locations USING btree (group_id, location_id);


--
-- Name: IDX_user_worker_group_regions_group_id_region_id; Type: INDEX; Schema: public; Owner: pma
--

CREATE UNIQUE INDEX "IDX_user_worker_group_regions_group_id_region_id" ON public.user_worker_group_regions USING btree (group_id, region_id);


--
-- Name: SCHEDULING_SHOPS_HASH_INDEX; Type: INDEX; Schema: public; Owner: pma
--

CREATE INDEX "SCHEDULING_SHOPS_HASH_INDEX" ON public.scheduling_shops USING btree (hash);


--
-- Name: actions_code_index; Type: INDEX; Schema: public; Owner: pma
--

CREATE INDEX actions_code_index ON public.actions USING btree (code);


--
-- Name: communication_action_users_index; Type: INDEX; Schema: public; Owner: pma
--

CREATE INDEX communication_action_users_index ON public.communication_action_users USING btree (action_id);


--
-- Name: communication_action_users_user_index; Type: INDEX; Schema: public; Owner: pma
--

CREATE INDEX communication_action_users_user_index ON public.communication_action_users USING btree (user_id);


--
-- Name: communication_chanel_users_index; Type: INDEX; Schema: public; Owner: pma
--

CREATE INDEX communication_chanel_users_index ON public.communication_chanel_users USING btree (communication_id);


--
-- Name: communication_chanel_users_user_index; Type: INDEX; Schema: public; Owner: pma
--

CREATE INDEX communication_chanel_users_user_index ON public.communication_chanel_users USING btree (user_id);


--
-- Name: communication_index; Type: INDEX; Schema: public; Owner: pma
--

CREATE INDEX communication_index ON public.communications USING btree (provider);


--
-- Name: communication_templates_action_index; Type: INDEX; Schema: public; Owner: pma
--

CREATE INDEX communication_templates_action_index ON public.communication_templates USING btree (action_id);


--
-- Name: communication_templates_index; Type: INDEX; Schema: public; Owner: pma
--

CREATE INDEX communication_templates_index ON public.communication_templates USING btree (communication_id);


--
-- Name: group_user_link_group_id; Type: INDEX; Schema: public; Owner: pma
--

CREATE INDEX group_user_link_group_id ON public.group_user_link USING btree (group_id);


--
-- Name: group_user_link_user_id; Type: INDEX; Schema: public; Owner: pma
--

CREATE INDEX group_user_link_user_id ON public.group_user_link USING btree (user_id);


--
-- Name: idx_execution_type_link_execution_id; Type: INDEX; Schema: public; Owner: pma
--

CREATE INDEX idx_execution_type_link_execution_id ON public.location_execution_type_link USING btree (execution_id);


--
-- Name: idx_execution_type_link_type_id; Type: INDEX; Schema: public; Owner: pma
--

CREATE INDEX idx_execution_type_link_type_id ON public.location_execution_type_link USING btree (execution_type_id);


--
-- Name: idx_user_worker_group_cities_user_id; Type: INDEX; Schema: public; Owner: pma
--

CREATE INDEX idx_user_worker_group_cities_user_id ON public.user_worker_group_cities USING btree (user_id);


--
-- Name: idx_user_worker_group_countries_user_id; Type: INDEX; Schema: public; Owner: pma
--

CREATE INDEX idx_user_worker_group_countries_user_id ON public.user_worker_group_countries USING btree (user_id);


--
-- Name: idx_user_worker_group_locations_user_id; Type: INDEX; Schema: public; Owner: pma
--

CREATE INDEX idx_user_worker_group_locations_user_id ON public.user_worker_group_locations USING btree (user_id);


--
-- Name: idx_user_worker_group_regions_user_id; Type: INDEX; Schema: public; Owner: pma
--

CREATE INDEX idx_user_worker_group_regions_user_id ON public.user_worker_group_regions USING btree (user_id);


--
-- Name: role_action_link_index; Type: INDEX; Schema: public; Owner: pma
--

CREATE INDEX role_action_link_index ON public.role_action_link USING btree (role_id, action_id);


--
-- Name: role_user_link_role_id; Type: INDEX; Schema: public; Owner: pma
--

CREATE INDEX role_user_link_role_id ON public.role_user_link USING btree (role_id);


--
-- Name: role_user_link_role_user_id; Type: INDEX; Schema: public; Owner: pma
--

CREATE INDEX role_user_link_role_user_id ON public.role_user_link USING btree (user_id);


--
-- Name: user_handbook_filling_handbook_id; Type: INDEX; Schema: public; Owner: pma
--

CREATE INDEX user_handbook_filling_handbook_id ON public.user_handbook_filling USING btree (handbook_id);


--
-- Name: user_handbook_filling_user_id; Type: INDEX; Schema: public; Owner: pma
--

CREATE INDEX user_handbook_filling_user_id ON public.user_handbook_filling USING btree (user_id);


--
-- Name: user_handbook_value_handbook_id; Type: INDEX; Schema: public; Owner: pma
--

CREATE INDEX user_handbook_value_handbook_id ON public.user_handbook_value USING btree (handbook_id);


--
-- Name: file_manager_public_link FK_1e44e2588e21361fc7b9fe9385a; Type: FK CONSTRAINT; Schema: public; Owner: pma
--

ALTER TABLE ONLY public.file_manager_public_link
    ADD CONSTRAINT "FK_1e44e2588e21361fc7b9fe9385a" FOREIGN KEY (file_id) REFERENCES public.file_manager(id) ON DELETE CASCADE;


--
-- Name: file_manager_public_link FK_23b3e5b35974cbb18d46c8184a4; Type: FK CONSTRAINT; Schema: public; Owner: pma
--

ALTER TABLE ONLY public.file_manager_public_link
    ADD CONSTRAINT "FK_23b3e5b35974cbb18d46c8184a4" FOREIGN KEY (provider_id) REFERENCES public.file_manager_provider(id) ON DELETE CASCADE;


--
-- Name: file_manager_folder_links FK_23c4cf479bf726a73866c1b15c5; Type: FK CONSTRAINT; Schema: public; Owner: pma
--

ALTER TABLE ONLY public.file_manager_folder_links
    ADD CONSTRAINT "FK_23c4cf479bf726a73866c1b15c5" FOREIGN KEY ("fileId") REFERENCES public.file_manager(id);


--
-- Name: location_execution_type_link FK_25a0fa55ddcc0de10c3eed7888e; Type: FK CONSTRAINT; Schema: public; Owner: pma
--

ALTER TABLE ONLY public.location_execution_type_link
    ADD CONSTRAINT "FK_25a0fa55ddcc0de10c3eed7888e" FOREIGN KEY (execution_id) REFERENCES public.location_execution(id);


--
-- Name: location_user FK_2a187ea153b876cca3b5d82190b; Type: FK CONSTRAINT; Schema: public; Owner: pma
--

ALTER TABLE ONLY public.location_user
    ADD CONSTRAINT "FK_2a187ea153b876cca3b5d82190b" FOREIGN KEY (user_id) REFERENCES public.users(id) ON DELETE CASCADE;


--
-- Name: role_actions FK_2ed4344d4ad234b70b11e3014ed; Type: FK CONSTRAINT; Schema: public; Owner: pma
--

ALTER TABLE ONLY public.role_actions
    ADD CONSTRAINT "FK_2ed4344d4ad234b70b11e3014ed" FOREIGN KEY (role_id) REFERENCES public.roles(id) ON DELETE CASCADE;


--
-- Name: location_execution_type_link FK_3b1f2b93914dfe58e7bb518a537; Type: FK CONSTRAINT; Schema: public; Owner: pma
--

ALTER TABLE ONLY public.location_execution_type_link
    ADD CONSTRAINT "FK_3b1f2b93914dfe58e7bb518a537" FOREIGN KEY (execution_type_id) REFERENCES public.location_execution_type(id);


--
-- Name: location_category_relations FK_414f8740b1a1145f616560d203a; Type: FK CONSTRAINT; Schema: public; Owner: pma
--

ALTER TABLE ONLY public.location_category_relations
    ADD CONSTRAINT "FK_414f8740b1a1145f616560d203a" FOREIGN KEY (location_category_value_id) REFERENCES public.location_category_values(id) ON DELETE CASCADE;


--
-- Name: location_category_relations FK_56f7202b0920aa8d86c48e4073b; Type: FK CONSTRAINT; Schema: public; Owner: pma
--

ALTER TABLE ONLY public.location_category_relations
    ADD CONSTRAINT "FK_56f7202b0920aa8d86c48e4073b" FOREIGN KEY (location_category_id) REFERENCES public.location_categories(id) ON DELETE CASCADE;


--
-- Name: bonus_system_location_link FK_56fe776f8012e10da66ec66a5ea; Type: FK CONSTRAINT; Schema: public; Owner: pma
--

ALTER TABLE ONLY public.bonus_system_location_link
    ADD CONSTRAINT "FK_56fe776f8012e10da66ec66a5ea" FOREIGN KEY (bonus_system_id) REFERENCES public.bonus_system(id) ON DELETE CASCADE;


--
-- Name: file_manager_folder_links FK_5c76f9a5dda6fb1e54bf705743c; Type: FK CONSTRAINT; Schema: public; Owner: pma
--

ALTER TABLE ONLY public.file_manager_folder_links
    ADD CONSTRAINT "FK_5c76f9a5dda6fb1e54bf705743c" FOREIGN KEY ("folderId") REFERENCES public.file_manager_folders(id);


--
-- Name: file_manager_public_link FK_5cb50204074ba724d29efd3228c; Type: FK CONSTRAINT; Schema: public; Owner: pma
--

ALTER TABLE ONLY public.file_manager_public_link
    ADD CONSTRAINT "FK_5cb50204074ba724d29efd3228c" FOREIGN KEY (who_created) REFERENCES public.users(id) ON DELETE SET NULL;


--
-- Name: country_payment_link FK_6eacc6086559082beb6ac2c3244; Type: FK CONSTRAINT; Schema: public; Owner: pma
--

ALTER TABLE ONLY public.country_payment_link
    ADD CONSTRAINT "FK_6eacc6086559082beb6ac2c3244" FOREIGN KEY (payment_method_id) REFERENCES public.user_payment_methods(id) ON DELETE CASCADE;


--
-- Name: appeals_setting FK_712d084ba7c4e719fef784e507d; Type: FK CONSTRAINT; Schema: public; Owner: pma
--

ALTER TABLE ONLY public.appeals_setting
    ADD CONSTRAINT "FK_712d084ba7c4e719fef784e507d" FOREIGN KEY (execution_id) REFERENCES public.location_execution(id) ON DELETE CASCADE;


--
-- Name: file_manager_folders FK_7c82e3daaf80678ef0a7880bd15; Type: FK CONSTRAINT; Schema: public; Owner: pma
--

ALTER TABLE ONLY public.file_manager_folders
    ADD CONSTRAINT "FK_7c82e3daaf80678ef0a7880bd15" FOREIGN KEY ("parentsId") REFERENCES public.file_manager_folders(id);


--
-- Name: shop_applications FK_87ed66ce28d6b49865f42815a28; Type: FK CONSTRAINT; Schema: public; Owner: pma
--

ALTER TABLE ONLY public.shop_applications
    ADD CONSTRAINT "FK_87ed66ce28d6b49865f42815a28" FOREIGN KEY (shop_id) REFERENCES public.scheduling_shops(id) ON DELETE CASCADE;


--
-- Name: questionnaire_question_options FK_b03cbbfbdd6c16281fefce7e27b; Type: FK CONSTRAINT; Schema: public; Owner: pma
--

ALTER TABLE ONLY public.questionnaire_question_options
    ADD CONSTRAINT "FK_b03cbbfbdd6c16281fefce7e27b" FOREIGN KEY (questionnaire_id) REFERENCES public.questionnaires(id) ON DELETE CASCADE;


--
-- Name: groups FK_b5ec4f59d8703473034ee7d89b2; Type: FK CONSTRAINT; Schema: public; Owner: pma
--

ALTER TABLE ONLY public.groups
    ADD CONSTRAINT "FK_b5ec4f59d8703473034ee7d89b2" FOREIGN KEY (role_id) REFERENCES public.roles(id) ON DELETE CASCADE;


--
-- Name: location_category_values FK_b98e7c028e855f230ace1f7588e; Type: FK CONSTRAINT; Schema: public; Owner: pma
--

ALTER TABLE ONLY public.location_category_values
    ADD CONSTRAINT "FK_b98e7c028e855f230ace1f7588e" FOREIGN KEY (location_category_id) REFERENCES public.location_categories(id) ON DELETE CASCADE;


--
-- Name: role_rules FK_e7d47723580483911e488ac65ba; Type: FK CONSTRAINT; Schema: public; Owner: pma
--

ALTER TABLE ONLY public.role_rules
    ADD CONSTRAINT "FK_e7d47723580483911e488ac65ba" FOREIGN KEY (role_id) REFERENCES public.roles(id) ON DELETE CASCADE;


--
-- Name: questionnaire_answer_validator_comment FK_e961589e2100ef4a3dc232456b1; Type: FK CONSTRAINT; Schema: public; Owner: pma
--

ALTER TABLE ONLY public.questionnaire_answer_validator_comment
    ADD CONSTRAINT "FK_e961589e2100ef4a3dc232456b1" FOREIGN KEY (answer_link_id) REFERENCES public.questionnaire_answer_links(id) ON DELETE SET NULL;


--
-- Name: questionnaire_question_options FK_eddae6045305349006dc10f4fbe; Type: FK CONSTRAINT; Schema: public; Owner: pma
--

ALTER TABLE ONLY public.questionnaire_question_options
    ADD CONSTRAINT "FK_eddae6045305349006dc10f4fbe" FOREIGN KEY (question_id) REFERENCES public.questionnaire_questions(id) ON DELETE CASCADE;


--
-- Name: shop_applications FK_eeb65c8481493b6836633077cfe; Type: FK CONSTRAINT; Schema: public; Owner: pma
--

ALTER TABLE ONLY public.shop_applications
    ADD CONSTRAINT "FK_eeb65c8481493b6836633077cfe" FOREIGN KEY (shopper_id) REFERENCES public.users(id) ON DELETE CASCADE;


--
-- Name: location_questionnaire FK_ef5722a445e5a9fdd1c01f0dc2f; Type: FK CONSTRAINT; Schema: public; Owner: pma
--

ALTER TABLE ONLY public.location_questionnaire
    ADD CONSTRAINT "FK_ef5722a445e5a9fdd1c01f0dc2f" FOREIGN KEY (location_id) REFERENCES public.locations(id);


--
-- Name: location_user FK_fe9d703fffbdc0d46e648e59ba3; Type: FK CONSTRAINT; Schema: public; Owner: pma
--

ALTER TABLE ONLY public.location_user
    ADD CONSTRAINT "FK_fe9d703fffbdc0d46e648e59ba3" FOREIGN KEY (location_id) REFERENCES public.locations(id) ON DELETE CASCADE;


--
-- Name: scheduling_shops FK_shop_wave; Type: FK CONSTRAINT; Schema: public; Owner: pma
--

ALTER TABLE ONLY public.scheduling_shops
    ADD CONSTRAINT "FK_shop_wave" FOREIGN KEY (wave_id) REFERENCES public.waves(id) ON DELETE SET NULL;


--
-- Name: waves FK_wave_client; Type: FK CONSTRAINT; Schema: public; Owner: pma
--

ALTER TABLE ONLY public.waves
    ADD CONSTRAINT "FK_wave_client" FOREIGN KEY (client_id) REFERENCES public.users(id) ON DELETE CASCADE;


--
--

